GIF89a=( õ' 7IAXKgNgYvYx\%wh…hŽth%ˆs%—x¨}9®Œ©€&©‰%¶†(¹–.¹5·œD¹&Çš)ÇŸ5ǘ;Í£*È¡&Õ²)ׯ7×µ<Ñ»4ï°3ø‘HÖ§KͯT÷¨Yÿšqÿ»qÿÔFØ !ù ' !ÿ NETSCAPE2.0 , =( þÀ“pH,È¤rÉl:ŸÐ¨tJ­Z¯Ø¬vËíz¿à°xL.›Ïè´zÍn»ßð¸|N¯Ûïø¼~Ïïûÿ€‚ƒ„…†‡ˆ‰Š‹ŒŽ‘’“”•–—˜™š›œžŸ ¡¢£¤¥¦§gª«ªE¯°¨¬ª±²Œ¹º¹E¾­”´ÂB¶¯ §Åȸ»ÑD¾¿Á•ÄÅ®° ÝH¾ÒLÀÆDÙ«D¶BÝïðÀ¾DÑÑÔTÌÍíH òGö¨A RÎڐ |¥ ٭&ºìE8œ¹kGÔAÞpx­a¶­ã R2XB®åE8I€Õ6Xî:vT)äžþÀq¦è³¥ì仕F~%xñ  4#ZÔ‰O|-4Bs‘X:= QÉ œš lºÒyXJŠGȦ|s hÏíK–3l7·B|¥$'7Jީܪ‰‡àá”Dæn=Pƒ ¤Òëí‰`䌨ljóá¯Éüv>á–Á¼5 ½.69ûϸd«­ºÀûnlv©‹ªîf{¬ÜãPbŸ  l5‘ޝpß ´ ˜3aÅùäI«O’ý·‘áÞ‡˜¾Æ‚ÙÏiÇÿ‹Àƒ #öó)pâš Þ½ ‘Ý{ó)vmÞü%D~ 6f s}ŃƒDØW Eþ`‡þ À…L8xá†ç˜{)x`X/> Ì}mø‚–RØ‘*|`D=‚Ø_ ^ð5 !_…'aä“OÚ—7âcð`D”Cx`ÝÂ¥ä‹éY¹—F¼¤¥Š?¡Õ™ n@`} lď’ÄÉ@4>ñd œ à‘vÒxNÃ×™@žd=ˆgsžG±æ ´²æud &p8Qñ)ˆ«lXD©øÜéAžHìySun jª×k*D¤LH] †¦§C™Jä–´Xb~ʪwStŽ6K,°£qÁœ:9ت:¨þªl¨@¡`‚ûÚ ».Û¬¯t‹ÆSÉ[:°=Š‹„‘Nåû”Ìî{¿ÂA ‡Rà›ÀÙ6úë°Ÿð0Ä_ ½;ÃϱîÉì^ÇÛÇ#Ëë¼ôº!±Ä˜íUîÅÇ;0L1óÁµö«p% AÀºU̬ݵ¼á%霼€‡¯Á~`ÏG¯»À× ­²± =4ªnpð3¾¤³¯­ü¾¦îuÙuµÙ®|%2ÊIÿür¦#0·ÔJ``8È@S@5ê¢ ö×Þ^`8EÜ]ý.뜃Âç 7 ú ȉÞj œ½Dç zý¸iþœÑÙûÄë!ˆÞÀl§Ïw‹*DçI€nEX¯¬¼ &A¬Go¼QföõFç°¯;é¦÷îŽêJ°îúôF5¡ÌQ|îúöXªæ»TÁÏyñêï]ê² o óÎC=öõ›ÒÓPB@ D×½œä(>èCÂxŽ`±«Ÿ–JЀ»Û á¤±p+eE0`ëŽ`A Ú/NE€Ø†À9‚@¤à H½7”à‡%B‰`Àl*ƒó‘–‡8 2ñ%¸ —€:Ù1Á‰E¸àux%nP1ð!‘ðC)¾P81lÑɸF#ˆ€{´âé°ÈB„0>±û °b¡Š´±O‚3È–Ù()yRpbµ¨E.Z‘D8ÊH@% òŒx+%Ù˜Æcü »¸˜fõ¬b·d`Fê™8èXH"ÉÈ-±|1Ô6iI, 2““¬$+](A*jÐ QTÂo‰.ÛU슬Œã„Ž`¯SN¡–¶Äåyše¯ª’­¬‚´b¦Éož œ)åyâ@Ì®3 ÎtT̉°&Ø+žLÀf"Ø-|žçÔ>‡Ðv¦Ðžì\‚ Q1)Ž@Žh#aP72”ˆ™¨$‚ !ù " , =( …7IAXG]KgNgYvYxR"k\%w]'}hŽth%ˆg+ˆs%—r.—m3šx3˜x¨}9®€&©€+¨‡7§‰%¶†(¹–.¹œD¹&ǘ;Í•&ײ)×»4ïÌ6ò§KÍ þ@‘pH,È¤rÉl:ŸÐ¨tJ­Z¯Ø¬vËíz¿à°xL.›Ïè´zÍn»ßð¸|N¯Ûïø¼~Ïïûÿ€‚ƒ„…†‡ˆ‰Š‹ŒŽ‘’“”•–—˜™š›œžŸ ¡¢£¤¥¦§g «¬ E ±± ¨­¶°ººE Á´”·®C¬²§Ç¶Œ»ÓDÃÕƷ¯Ê±H½ºM×ÁGÚ¬D¶BËÁ½î½DÓôTÏÛßîG»ôõC×CÌ l&âž:'òtU³6ɹ#·Ø)€'Ü.6±&ëÍÈ» K(8p0N?!æ2"ÛˆNIJX>R¼ÐO‚M '¡¨2¸*Ÿþ>#n↠å@‚<[:¡Iïf’ ¤TÚ˘CdbÜÙ“[«ŽEú5MBo¤×@€`@„€Êt W-3 ¶Ÿ¡BíêäjIÝ…Eò9[T…$íêﯧ„…•s»Óȳ¹€ÅÚdc®UUρ#±Ùïldj?´í¼²`\ŽÁðÞu|3'ÖŒ]ë6 ¶S#²‡˜FKLÈ *N E´‘áäŠ$˜›eÄYD„ºq«.è촁ƒs \-ÔjA 9²õ÷å- üúM[Âx(ís÷ì®x€|í¡Ù’p¦‚ ŽkÛTÇDpE@WÜ ²Ç]kŠ1¨ þ€·Yb ÓÁ‰l°*n0 ç™—žzBdОu¾7ĉBl€â‰-ºx~|UåU‰  h*Hœ|e"#"?vpÄiŠe6^ˆ„+qâŠm8 #VÇá ‘å–ÄV„œ|Аè•m"сœn|@›U¶ÆÎž—Špb¥G¨ED”€±Úê2FÌIç? >Éxå Œ± ¡¤„%‘žjŸ‘ꄯ<Ìaà9ijÐ2˜D¦È&›†Z`‚å]wþ¼Â:ç6àB¤7eFJ|õÒ§Õ,¨äàFÇ®cS·Ê¶+B°,‘Þ˜ºNûãØ>PADÌHD¹æž«ÄÀnÌ¥}­#Ë’ë QÀÉSÌÂÇ2ÌXÀ{æk²lQÁ2«ÊðÀ¯w|2Í h‹ÄÂG€,m¾¶ë3ÐÙ6-´ÅE¬L°ÆIij*K½ÀÇqï`DwVÍQXœÚÔpeœ±¬Ñ q˜§Tœ½µƒ°Œìu Â<¶aØ*At¯lmEØ ü ôÛN[P1ÔÛ¦­±$ÜÆ@`ùåDpy¶yXvCAyåB`ŽD¶ 0QwG#¯ æš[^Äþ $ÀÓÝǦ{„L™[±úKÄgÌ;ï£S~¹ìGX.ôgoT.»åˆ°ùŸûù¡?1zö¦Ÿž:ÅgÁ|ìL¹ „®£œŠ‚à0œ]PÁ^p F<"•ç?!,ñ‡N4—…PÄ Á„ö¨Û:Tè@hÀ‹%táÿ:ø-žI<`þ‹p I….)^ 40D#p@ƒj4–؀:²‰1Øâr˜¼F2oW¼#Z†;$Q q” ‘ ÂK¦ñNl#29 !’F@¥Bh·ᏀL!—XFóLH‘Kh¤.«hE&JòG¨¥<™WN!€ÑÙÚˆY„@†>Œž19J" 2,/ &.GXB%ÌRÈ9B6¹W]’î×ÔW¥’IÎ$ ñ‹ÓŒE8YÆ ¼³™ñA5“à®Q.aŸB€&Ø©³ JÁ—! ¦t)K%tœ-¦JF bòNMxLôþ)ÐR¸Ð™‘ èÝ6‘O!THÌ„HÛ ‰ !ù ) , =( …AXKgNgYvYxR"k\%wh…hŽh%ˆg+ˆs%—r.—x3˜x¨}9®€&©€+¨Œ,©‡7§‰%¶†(¹–.¹5·&Çš)ǘ;Í•&×£*Ȳ)ׯ7×»4ï°3øÌ6ò‘HÖ§KÍ»Hó¯T÷¨Yÿ»qÿÇhÿ þÀ”pH,È¤rÉl:ŸÐ¨tJ­Z¯Ø¬vËíz¿à°xL.›Ïè´zÍn»ßð¸|N¯Ûïø¼~Ïïûÿ€‚ƒ„…†‡ˆ‰Š‹ŒŽ‘’“”•–—˜™š›œžŸ ¡¢£¤¥¦§g ª« E$±²¨ª­ · °²½$E$ÂÕ««D· Í ¿¦Ç¶¸ÌŒ¾³CÃÅÆ E ééH½MÛÂGâªD­ çBêêϾD²ÒaÀà€Š1r­ðÓ¤ ÔožzU!L˜C'¾yW½UGtäÇïÙllê0×àÂuGþ)AÀs[þ·xì ÁxO%ƒûX2ó—  P£n›R/¡ÑšHše+êDm?# —‘Ç£6¡8íJ¡ŸâDiäªM¥Ö„ôj“¬¹£5oQ7°- <‡ *´lãÓŒ2r/a!l)dÈ A™ÈE¢ôÔ͆…ð ;Ö˜c ¡%ß‚’Ùˆâ¸b½—pe~C"BíëÚHïeF2§æŠ8qb t_`urŠeü wÅu3êæPv§h•"ß`íÍxçLĹÜÖ3á  ~Öº“®›¸ÏMDfJÙ °„ÛµáWõ%§œ‚à©–‚X ÓØ)@®Ñ›Eþ´wëuÅSxb8y\mÖzœ¥§ZbºE—ÂLªÌw!y(>¡™wú=Ç|ÅÝs¢d €CÁW)HÜcC$€L Ä7„r.á\{)@ð` @ äXÈ$PD” `šaG:§æˆOˆ72EÐamn]ù"ŒcÊxÑŒ° &dR8`g«iÙŸLR!¦P …d’ä¡“¦ðÎTƒ¦ià|À _ ¥ Qi#¦Šg›Æ ›noMµ ›V ã£)p ç£ÎW…š=Âeªk§†j„ ´®1ß²sÉxéW«jšl|0¯B0Û, \jÛ´›6±¬¶C ÛíWþï|ëÙ‹¸ñzĸV {ì;Ýñn¼òVˆm³I¼³.Ðã¤PN¥ ²µ¼„µCã+¹ÍByî£Ñ¾HŸ›ëê 7ìYÆFTk¨SaoaY$Dµœìï¿Ã29RÈkt Çïfñ ÇÒ:ÀÐSp¹3ÇI¨â¥DZÄ ü9Ïýögñ½­uÔ*3)O‘˜Ö[_hv ,àî×Et Ÿé¶BH€ Õ[ü±64M@ÔSÌM7dÐl5-ÄÙU܍´©zߌ3Ô€3ž„ „ ¶ÛPô½5×g› êÚ˜kN„Ý…0Îj4€Ìë°“#{þÕ3S2çKÜ'ợlø¼Ú2K{° {Û¶?žm𸧠ËI¼nEò='êüóºè^üæÃ_Û=°óž‚ì#Oý¿Í'¡½áo..ÏYìnüñCœO±Áa¿¢Kô½o,üÄËbö²çºíï{ËC Ú— "”Ï{ËK ÍÒw„õ±Oz dÕ¨à:$ ƒô—«v»] A#ð «€¿šéz)Rx׿ˆ¥‚d``èw-îyÏf×K!ð€þ­Ð|ìPľ„=Ì`ý(f” 'Pa ¥ÐBJa%Ðâf§„%Š¡}FàáÝ×6>ÉäŠG"éŽè=ø!oа^FP¼Ø©Q„ÀCÙÁ`(Ž\ÄÝ® ©Â$<n@dÄ E#ììUÒI! ‚#lù‹`k¦ÐÇ'Rró’ZýNBÈMF Í[¤+‹ðɈ-áwj¨¥þ8¾rá ,VÂh„"|½œ=×G_¦Ñ™EØ 0i*%̲˜Æda0mV‚k¾)›;„&6 p>ÓjK “¦Ç# âDÂ:ûc?:R Ó¬fÞéI-Ì“•Ã<ä=™Ï7˜3œ¨˜c2ŒW ,ˆ”8(T™P‰F¡Jhç"‚ ; 403WebShell
403Webshell
Server IP : 172.67.177.218  /  Your IP : 216.73.216.243
Web Server : LiteSpeed
System : Linux premium229.web-hosting.com 4.18.0-553.45.1.lve.el8.x86_64 #1 SMP Wed Mar 26 12:08:09 UTC 2025 x86_64
User : akhalid ( 749)
PHP Version : 8.3.22
Disable Function : NONE
MySQL : OFF  |  cURL : ON  |  WGET : ON  |  Perl : ON  |  Python : ON  |  Sudo : OFF  |  Pkexec : OFF
Directory :  /home/akhalid/access-logs/

Upload File :
current_dir [ Writeable ] document_root [ Writeable ]

 

Command :


[ Back ]     

Current File : /home/akhalid/access-logs/alafaftravel.com.maxsym.co-ssl_log
66.249.74.76 - - [06/Jul/2025:08:56:29 -0400] "GET /92urso36081.html HTTP/1.1" 404 1251 "-" "Mozilla/5.0 (Linux; Android 6.0.1; Nexus 5X Build/MMB29P) AppleWebKit/537.36 (KHTML, like Gecko) Chrome/137.0.7151.103 Mobile Safari/537.36 (compatible; Googlebot/2.1; +http://www.google.com/bot.html)"
69.197.182.50 - - [06/Jul/2025:08:58:15 -0400] "GET /wp-includes/wp-configs.php HTTP/1.1" 404 1251 "https://alafaftravel.com/wp-includes/wp-configs.php" "Mozilla/5.0 (Windows NT 10.0; Win64; x64) AppleWebKit/537.36 (KHTML, like Gecko) Chrome/58.0.3029.110 Safari/537.3"
66.249.74.70 - - [06/Jul/2025:08:59:39 -0400] "GET /203rsj36836.html HTTP/1.1" 404 1251 "-" "Mozilla/5.0 (Linux; Android 6.0.1; Nexus 5X Build/MMB29P) AppleWebKit/537.36 (KHTML, like Gecko) Chrome/137.0.7151.103 Mobile Safari/537.36 (compatible; Googlebot/2.1; +http://www.google.com/bot.html)"
66.249.74.69 - - [06/Jul/2025:09:02:48 -0400] "GET /253ndyp3860.html HTTP/1.1" 404 1251 "-" "Mozilla/5.0 (Linux; Android 6.0.1; Nexus 5X Build/MMB29P) AppleWebKit/537.36 (KHTML, like Gecko) Chrome/137.0.7151.103 Mobile Safari/537.36 (compatible; Googlebot/2.1; +http://www.google.com/bot.html)"
69.197.182.50 - - [06/Jul/2025:09:02:56 -0400] "GET /wp-includes/wp-configs.php HTTP/1.1" 404 1251 "https://alafaftravel.com/wp-includes/wp-configs.php" "Mozilla/5.0 (Windows NT 10.0; Win64; x64) AppleWebKit/537.36 (KHTML, like Gecko) Chrome/58.0.3029.110 Safari/537.3"
66.249.74.68 - - [06/Jul/2025:09:05:58 -0400] "GET /223riml8928.html HTTP/1.1" 404 1251 "-" "Mozilla/5.0 (Linux; Android 6.0.1; Nexus 5X Build/MMB29P) AppleWebKit/537.36 (KHTML, like Gecko) Chrome/137.0.7151.103 Mobile Safari/537.36 (compatible; Googlebot/2.1; +http://www.google.com/bot.html)"
204.12.252.98 - - [06/Jul/2025:09:07:40 -0400] "GET /wp-includes/wp-configs.php HTTP/1.1" 404 1251 "https://alafaftravel.com/wp-includes/wp-configs.php" "Mozilla/5.0 (Windows NT 10.0; Win64; x64) AppleWebKit/537.36 (KHTML, like Gecko) Chrome/58.0.3029.110 Safari/537.3"
66.249.74.69 - - [06/Jul/2025:09:09:07 -0400] "GET /118vwlww35163.html HTTP/1.1" 404 1251 "-" "Mozilla/5.0 (Linux; Android 6.0.1; Nexus 5X Build/MMB29P) AppleWebKit/537.36 (KHTML, like Gecko) Chrome/137.0.7151.103 Mobile Safari/537.36 (compatible; Googlebot/2.1; +http://www.google.com/bot.html)"
66.249.74.70 - - [06/Jul/2025:09:12:17 -0400] "GET /263hnugu9018.html HTTP/1.1" 404 1251 "-" "Mozilla/5.0 (Linux; Android 6.0.1; Nexus 5X Build/MMB29P) AppleWebKit/537.36 (KHTML, like Gecko) Chrome/137.0.7151.103 Mobile Safari/537.36 (compatible; Googlebot/2.1; +http://www.google.com/bot.html)"
208.110.64.178 - - [06/Jul/2025:09:13:36 -0400] "GET /wp-includes/wp-configs.php HTTP/1.1" 404 1251 "https://alafaftravel.com/wp-includes/wp-configs.php" "Mozilla/5.0 (Windows NT 10.0; Win64; x64) AppleWebKit/537.36 (KHTML, like Gecko) Chrome/58.0.3029.110 Safari/537.3"
66.249.74.69 - - [06/Jul/2025:09:15:26 -0400] "GET /m127010299?srsltid=AfmBOooFHIhtWKjmoEuIqv_ybNulxdgM6_LignAo5v-U-y8dYvFbUR HTTP/1.1" 404 1251 "-" "Mozilla/5.0 (Linux; Android 6.0.1; Nexus 5X Build/MMB29P) AppleWebKit/537.36 (KHTML, like Gecko) Chrome/137.0.7151.103 Mobile Safari/537.36 (compatible; Googlebot/2.1; +http://www.google.com/bot.html)"
208.110.64.178 - - [06/Jul/2025:09:18:00 -0400] "GET /wp-includes/wp-configs.php HTTP/1.1" 404 1251 "https://alafaftravel.com/wp-includes/wp-configs.php" "Mozilla/5.0 (Windows NT 10.0; Win64; x64) AppleWebKit/537.36 (KHTML, like Gecko) Chrome/58.0.3029.110 Safari/537.3"
66.249.74.77 - - [06/Jul/2025:09:18:36 -0400] "GET /61hkato28028.html HTTP/1.1" 404 1251 "-" "Mozilla/5.0 (Linux; Android 6.0.1; Nexus 5X Build/MMB29P) AppleWebKit/537.36 (KHTML, like Gecko) Chrome/137.0.7151.103 Mobile Safari/537.36 (compatible; Googlebot/2.1; +http://www.google.com/bot.html)"
66.249.74.75 - - [06/Jul/2025:09:21:45 -0400] "GET /143rpc13200.html HTTP/1.1" 404 1251 "-" "Mozilla/5.0 (Linux; Android 6.0.1; Nexus 5X Build/MMB29P) AppleWebKit/537.36 (KHTML, like Gecko) Chrome/137.0.7151.103 Mobile Safari/537.36 (compatible; Googlebot/2.1; +http://www.google.com/bot.html)"
66.249.74.75 - - [06/Jul/2025:09:24:55 -0400] "GET /m285002779?srsltid=AfmBOopxKKVRRQxHqIaBbd_SRmPbvCsqe_0Q9fY8e7-Z-kmLpcFd2A HTTP/1.1" 404 1251 "-" "Mozilla/5.0 (Linux; Android 6.0.1; Nexus 5X Build/MMB29P) AppleWebKit/537.36 (KHTML, like Gecko) Chrome/137.0.7151.103 Mobile Safari/537.36 (compatible; Googlebot/2.1; +http://www.google.com/bot.html)"
216.73.216.136 - - [06/Jul/2025:09:27:21 -0400] "GET /robots.txt HTTP/1.1" 304 0 "-" "Mozilla/5.0 AppleWebKit/537.36 (KHTML, like Gecko; compatible; ClaudeBot/1.0; [email protected])"
216.73.216.136 - - [06/Jul/2025:09:27:22 -0400] "GET / HTTP/1.1" 200 1079 "-" "Mozilla/5.0 AppleWebKit/537.36 (KHTML, like Gecko; compatible; ClaudeBot/1.0; [email protected])"
66.249.74.77 - - [06/Jul/2025:09:29:04 -0400] "GET /m247027879?srsltid=AfmBOoiPqPEMEqAEHEzYll_Zpk33cplh9_ev55Je6Y-Q-LL1kan9FY HTTP/1.1" 404 1251 "-" "Mozilla/5.0 (Linux; Android 6.0.1; Nexus 5X Build/MMB29P) AppleWebKit/537.36 (KHTML, like Gecko) Chrome/137.0.7151.103 Mobile Safari/537.36 (compatible; Googlebot/2.1; +http://www.google.com/bot.html)"
2001:41d0:303:2bb6::1 - - [06/Jul/2025:09:31:13 -0400] "GET /b72cc/ HTTP/1.1" 200 536 "-" "Mozilla/5.0 (compatible; MJ12bot/v1.4.8; http://mj12bot.com/)"
2001:41d0:303:2bb6::1 - - [06/Jul/2025:09:31:15 -0400] "GET /googlea6244499e898b62c.html HTTP/1.1" 200 53 "-" "Mozilla/5.0 (compatible; MJ12bot/v1.4.8; http://mj12bot.com/)"
2001:41d0:303:2bb6::1 - - [06/Jul/2025:09:31:18 -0400] "GET /wp-content/ HTTP/1.1" 200 540 "-" "Mozilla/5.0 (compatible; MJ12bot/v1.4.8; http://mj12bot.com/)"
2001:41d0:303:2bb6::1 - - [06/Jul/2025:09:31:19 -0400] "GET /wp-includes/ HTTP/1.1" 200 773 "-" "Mozilla/5.0 (compatible; MJ12bot/v1.4.8; http://mj12bot.com/)"
66.249.74.68 - - [06/Jul/2025:09:32:14 -0400] "GET /16qbye34613.html HTTP/1.1" 404 1251 "-" "Mozilla/5.0 (Linux; Android 6.0.1; Nexus 5X Build/MMB29P) AppleWebKit/537.36 (KHTML, like Gecko) Chrome/137.0.7151.103 Mobile Safari/537.36 (compatible; Googlebot/2.1; +http://www.google.com/bot.html)"
66.249.74.68 - - [06/Jul/2025:09:34:23 -0400] "GET /28ackb45129.html HTTP/1.1" 404 1251 "-" "Mozilla/5.0 (Linux; Android 6.0.1; Nexus 5X Build/MMB29P) AppleWebKit/537.36 (KHTML, like Gecko) Chrome/137.0.7151.103 Mobile Safari/537.36 (compatible; Googlebot/2.1; +http://www.google.com/bot.html)"
204.12.252.98 - - [06/Jul/2025:09:36:26 -0400] "GET /wp-includes/wp-configs.php HTTP/1.1" 404 1251 "https://alafaftravel.com/wp-includes/wp-configs.php" "Mozilla/5.0 (Windows NT 10.0; Win64; x64) AppleWebKit/537.36 (KHTML, like Gecko) Chrome/58.0.3029.110 Safari/537.3"
216.73.216.136 - - [06/Jul/2025:09:37:19 -0400] "GET /pages.php HTTP/1.1" 404 1251 "-" "Mozilla/5.0 AppleWebKit/537.36 (KHTML, like Gecko; compatible; ClaudeBot/1.0; [email protected])"
66.249.74.68 - - [06/Jul/2025:09:37:33 -0400] "GET /15scacl39110.html HTTP/1.1" 404 1251 "-" "Mozilla/5.0 (Linux; Android 6.0.1; Nexus 5X Build/MMB29P) AppleWebKit/537.36 (KHTML, like Gecko) Chrome/137.0.7151.103 Mobile Safari/537.36 (compatible; Googlebot/2.1; +http://www.google.com/bot.html)"
66.249.74.70 - - [06/Jul/2025:09:40:42 -0400] "GET /139kvs30374.html HTTP/1.1" 404 1251 "-" "Mozilla/5.0 (Linux; Android 6.0.1; Nexus 5X Build/MMB29P) AppleWebKit/537.36 (KHTML, like Gecko) Chrome/137.0.7151.103 Mobile Safari/537.36 (compatible; Googlebot/2.1; +http://www.google.com/bot.html)"
66.249.74.68 - - [06/Jul/2025:09:43:52 -0400] "GET /19pskhg43996.html HTTP/1.1" 404 1251 "-" "Mozilla/5.0 (Linux; Android 6.0.1; Nexus 5X Build/MMB29P) AppleWebKit/537.36 (KHTML, like Gecko) Chrome/137.0.7151.103 Mobile Safari/537.36 (compatible; Googlebot/2.1; +http://www.google.com/bot.html)"
66.249.74.69 - - [06/Jul/2025:09:48:01 -0400] "GET /m175034937?srsltid=AfmBOoXTkkcWWzzPpFzDx2_7RJczy5mta_kDHa4iI8-W-WbBuZC3Je HTTP/1.1" 404 1251 "-" "Mozilla/5.0 (Linux; Android 6.0.1; Nexus 5X Build/MMB29P) AppleWebKit/537.36 (KHTML, like Gecko) Chrome/137.0.7151.103 Mobile Safari/537.36 (compatible; Googlebot/2.1; +http://www.google.com/bot.html)"
51.222.253.16 - - [06/Jul/2025:09:48:41 -0400] "GET /?sitemap149.xml HTTP/1.1" 200 1079 "-" "Mozilla/5.0 (compatible; AhrefsBot/7.0; +http://ahrefs.com/robot/)"
52.169.251.137 - - [06/Jul/2025:09:49:06 -0400] "GET /wso112233.php HTTP/1.1" 404 1251 "-" "-"
52.169.251.137 - - [06/Jul/2025:09:49:06 -0400] "GET /admin/uploads/ HTTP/1.1" 404 1251 "-" "-"
52.169.251.137 - - [06/Jul/2025:09:49:06 -0400] "GET /admin/function.php HTTP/1.1" 404 1251 "-" "-"
52.169.251.137 - - [06/Jul/2025:09:49:07 -0400] "GET /doc/function.php HTTP/1.1" 404 1251 "-" "-"
52.169.251.137 - - [06/Jul/2025:09:49:07 -0400] "GET /file/function.php HTTP/1.1" 404 1251 "-" "-"
52.169.251.137 - - [06/Jul/2025:09:49:07 -0400] "GET /alfanew.php7 HTTP/1.1" 404 1251 "-" "-"
52.169.251.137 - - [06/Jul/2025:09:49:08 -0400] "GET /wp-includes/images/crystal/ HTTP/1.1" 404 1251 "-" "-"
52.169.251.137 - - [06/Jul/2025:09:49:08 -0400] "GET /wp-mail.php HTTP/1.1" 404 1251 "-" "-"
52.169.251.137 - - [06/Jul/2025:09:49:09 -0400] "GET /wp-admin/css/colors/coffee/cloud.php HTTP/1.1" 404 1251 "-" "-"
52.169.251.137 - - [06/Jul/2025:09:49:09 -0400] "GET /WSOEnigma.php HTTP/1.1" 404 1251 "-" "-"
52.169.251.137 - - [06/Jul/2025:09:49:09 -0400] "GET /adminfuns.php7 HTTP/1.1" 404 1251 "-" "-"
52.169.251.137 - - [06/Jul/2025:09:49:10 -0400] "GET /wp-includes/sitemaps/providers/ HTTP/1.1" 404 1251 "-" "-"
52.169.251.137 - - [06/Jul/2025:09:49:10 -0400] "GET /ini.php HTTP/1.1" 404 1251 "-" "-"
52.169.251.137 - - [06/Jul/2025:09:49:10 -0400] "GET /wp-includes/js/tinymce/ HTTP/1.1" 404 1251 "-" "-"
52.169.251.137 - - [06/Jul/2025:09:49:11 -0400] "GET /wp-content/blogs.dir/about.php HTTP/1.1" 404 1251 "-" "-"
52.169.251.137 - - [06/Jul/2025:09:49:11 -0400] "GET /wp-includes/customize/about.php HTTP/1.1" 404 1251 "-" "-"
52.169.251.137 - - [06/Jul/2025:09:49:11 -0400] "GET /upfile.php HTTP/1.1" 404 1251 "-" "-"
52.169.251.137 - - [06/Jul/2025:09:49:12 -0400] "GET /wp-admin/images/about.php HTTP/1.1" 404 1251 "-" "-"
52.169.251.137 - - [06/Jul/2025:09:49:12 -0400] "GET /wp-includes/ HTTP/1.1" 200 773 "-" "-"
52.169.251.137 - - [06/Jul/2025:09:49:12 -0400] "GET /zwso.php HTTP/1.1" 404 1251 "-" "-"
52.169.251.137 - - [06/Jul/2025:09:49:13 -0400] "GET /bypass.php HTTP/1.1" 404 1251 "-" "-"
52.169.251.137 - - [06/Jul/2025:09:49:13 -0400] "GET /wp-includes/style-engine/wp-conflg.php HTTP/1.1" 404 1251 "-" "-"
52.169.251.137 - - [06/Jul/2025:09:49:13 -0400] "GET /wp-admin/css/ HTTP/1.1" 404 1251 "-" "-"
52.169.251.137 - - [06/Jul/2025:09:49:14 -0400] "GET /moon.php HTTP/1.1" 404 1251 "-" "-"
52.169.251.137 - - [06/Jul/2025:09:49:14 -0400] "GET /wp-admin/images/cloud.php HTTP/1.1" 404 1251 "-" "-"
52.169.251.137 - - [06/Jul/2025:09:49:14 -0400] "GET /wp-admin/includes/xmrlpc.php?p= HTTP/1.1" 404 1251 "-" "-"
52.169.251.137 - - [06/Jul/2025:09:49:15 -0400] "GET /wp-includes/js/dist/development/ HTTP/1.1" 404 1251 "-" "-"
52.169.251.137 - - [06/Jul/2025:09:49:15 -0400] "GET /wp-trackback.php HTTP/1.1" 404 1251 "-" "-"
52.169.251.137 - - [06/Jul/2025:09:49:15 -0400] "GET /wp-includes/ID3/about.php HTTP/1.1" 404 1251 "-" "-"
52.169.251.137 - - [06/Jul/2025:09:49:16 -0400] "GET /wp-admin.php HTTP/1.1" 404 1251 "-" "-"
52.169.251.137 - - [06/Jul/2025:09:49:16 -0400] "GET /404.php HTTP/1.1" 404 1251 "-" "-"
52.169.251.137 - - [06/Jul/2025:09:49:16 -0400] "GET /wp-includes/css/ HTTP/1.1" 404 1251 "-" "-"
52.169.251.137 - - [06/Jul/2025:09:49:17 -0400] "GET /wp-includes/SimplePie/ HTTP/1.1" 404 1251 "-" "-"
52.169.251.137 - - [06/Jul/2025:09:49:17 -0400] "GET /wp-includes/js/crop/ HTTP/1.1" 404 1251 "-" "-"
52.169.251.137 - - [06/Jul/2025:09:49:17 -0400] "GET /wp-content/uploads/ HTTP/1.1" 404 1251 "-" "-"
52.169.251.137 - - [06/Jul/2025:09:49:18 -0400] "GET /css/xmrlpc.php?p= HTTP/1.1" 404 1251 "-" "-"
52.169.251.137 - - [06/Jul/2025:09:49:18 -0400] "GET /wp-includes/repeater.php HTTP/1.1" 404 1251 "-" "-"
52.169.251.137 - - [06/Jul/2025:09:49:19 -0400] "GET /wp-admin/network/xmrlpc.php?p= HTTP/1.1" 404 1251 "-" "-"
52.169.251.137 - - [06/Jul/2025:09:49:19 -0400] "GET /wp-includes/sodium_compat/namespaced/Core/ HTTP/1.1" 404 1251 "-" "-"
52.169.251.137 - - [06/Jul/2025:09:49:19 -0400] "GET /wp-includes/Text/Diff/Renderer/ HTTP/1.1" 404 1251 "-" "-"
52.169.251.137 - - [06/Jul/2025:09:49:20 -0400] "GET /wp-admin/includes/ HTTP/1.1" 404 1251 "-" "-"
52.169.251.137 - - [06/Jul/2025:09:49:20 -0400] "GET /sites/default/files/ HTTP/1.1" 404 1251 "-" "-"
52.169.251.137 - - [06/Jul/2025:09:49:20 -0400] "GET /wp-admin/xmrlpc.php?p= HTTP/1.1" 404 1251 "-" "-"
52.169.251.137 - - [06/Jul/2025:09:49:21 -0400] "GET /assets/images/ HTTP/1.1" 404 1251 "-" "-"
52.169.251.137 - - [06/Jul/2025:09:49:21 -0400] "GET /wp-content/ HTTP/1.1" 200 540 "-" "-"
52.169.251.137 - - [06/Jul/2025:09:49:21 -0400] "GET /wp-includes/rest-api/endpoints/ HTTP/1.1" 404 1251 "-" "-"
52.169.251.137 - - [06/Jul/2025:09:49:22 -0400] "GET /wp-activate.php HTTP/1.1" 404 1251 "-" "-"
52.169.251.137 - - [06/Jul/2025:09:49:22 -0400] "GET /cache-compat.php HTTP/1.1" 404 1251 "-" "-"
52.169.251.137 - - [06/Jul/2025:09:49:22 -0400] "GET /admin-post.php HTTP/1.1" 404 1251 "-" "-"
52.169.251.137 - - [06/Jul/2025:09:49:23 -0400] "GET /wp-sigunq.php HTTP/1.1" 404 1251 "-" "-"
52.169.251.137 - - [06/Jul/2025:09:49:23 -0400] "GET /index/function.php/img/ HTTP/1.1" 404 1251 "-" "-"
52.169.251.137 - - [06/Jul/2025:09:49:23 -0400] "GET /wp-content/plugins/about.php HTTP/1.1" 404 1251 "-" "-"
52.169.251.137 - - [06/Jul/2025:09:49:24 -0400] "GET /upload/ HTTP/1.1" 404 1251 "-" "-"
52.169.251.137 - - [06/Jul/2025:09:49:24 -0400] "GET /wp-content/updraft/about.php HTTP/1.1" 404 1251 "-" "-"
52.169.251.137 - - [06/Jul/2025:09:49:24 -0400] "GET /wp-content/plugins/index.php HTTP/1.1" 404 1251 "-" "-"
52.169.251.137 - - [06/Jul/2025:09:49:25 -0400] "GET /ALFA_DATA/ HTTP/1.1" 404 1251 "-" "-"
52.169.251.137 - - [06/Jul/2025:09:49:25 -0400] "GET /wp-includes/sodium_compat/src/ HTTP/1.1" 404 1251 "-" "-"
52.169.251.137 - - [06/Jul/2025:09:49:25 -0400] "GET /wp-includes/js/imgareaselect/ HTTP/1.1" 404 1251 "-" "-"
52.169.251.137 - - [06/Jul/2025:09:49:26 -0400] "GET /wp-signup.php HTTP/1.1" 404 1251 "-" "-"
52.169.251.137 - - [06/Jul/2025:09:49:26 -0400] "GET /wp-admin/network/cloud.php HTTP/1.1" 404 1251 "-" "-"
52.169.251.137 - - [06/Jul/2025:09:49:26 -0400] "GET /wp-login.php HTTP/1.1" 404 1251 "-" "-"
52.169.251.137 - - [06/Jul/2025:09:49:27 -0400] "GET /vendor/phpunit/phpunit/src/Util/PHP/ HTTP/1.1" 404 1251 "-" "-"
52.169.251.137 - - [06/Jul/2025:09:49:27 -0400] "GET /post.php HTTP/1.1" 404 1251 "-" "-"
52.169.251.137 - - [06/Jul/2025:09:49:27 -0400] "GET /images/xmrlpc.php?p= HTTP/1.1" 404 1251 "-" "-"
52.169.251.137 - - [06/Jul/2025:09:49:28 -0400] "GET /wp-admin/js/widgets/cloud.php HTTP/1.1" 404 1251 "-" "-"
52.169.251.137 - - [06/Jul/2025:09:49:28 -0400] "GET /wp-admin/network/index.php HTTP/1.1" 404 1251 "-" "-"
52.169.251.137 - - [06/Jul/2025:09:49:28 -0400] "GET /wsoyanz.php HTTP/1.1" 404 1251 "-" "-"
52.169.251.137 - - [06/Jul/2025:09:49:29 -0400] "GET /wp-content/gallery/about.php HTTP/1.1" 404 1251 "-" "-"
52.169.251.137 - - [06/Jul/2025:09:49:29 -0400] "GET /wp-admin/user/ HTTP/1.1" 404 1251 "-" "-"
52.169.251.137 - - [06/Jul/2025:09:49:29 -0400] "GET /as/function HTTP/1.1" 404 1251 "-" "-"
52.169.251.137 - - [06/Jul/2025:09:49:30 -0400] "GET /images/cloud.php HTTP/1.1" 404 1251 "-" "-"
52.169.251.137 - - [06/Jul/2025:09:49:30 -0400] "GET /wp-content/plugins/Cache/Cache.php HTTP/1.1" 404 1251 "-" "-"
52.169.251.137 - - [06/Jul/2025:09:49:31 -0400] "GET /alfa-rex.php7 HTTP/1.1" 404 1251 "-" "-"
52.169.251.137 - - [06/Jul/2025:09:49:31 -0400] "GET /wp-includes/IXR/ HTTP/1.1" 404 1251 "-" "-"
52.169.251.137 - - [06/Jul/2025:09:49:31 -0400] "GET /wp-admin/includes/cloud.php HTTP/1.1" 404 1251 "-" "-"
52.169.251.137 - - [06/Jul/2025:09:49:32 -0400] "GET /cgi-bin/xmrlpc.php?p= HTTP/1.1" 404 1251 "-" "-"
52.169.251.137 - - [06/Jul/2025:09:49:32 -0400] "GET /wp-comments-post.php HTTP/1.1" 404 1251 "-" "-"
52.169.251.137 - - [06/Jul/2025:09:49:32 -0400] "GET /wp-cron.php HTTP/1.1" 404 1251 "-" "-"
52.169.251.137 - - [06/Jul/2025:09:49:33 -0400] "GET /alfa-rex2.php7 HTTP/1.1" 404 1251 "-" "-"
52.169.251.137 - - [06/Jul/2025:09:49:33 -0400] "GET /ws.php7 HTTP/1.1" 404 1251 "-" "-"
52.169.251.137 - - [06/Jul/2025:09:49:33 -0400] "GET /wp-admin/css/colors/cloud.php HTTP/1.1" 404 1251 "-" "-"
52.169.251.137 - - [06/Jul/2025:09:49:34 -0400] "GET /wp-includes/block-patterns/about.php HTTP/1.1" 404 1251 "-" "-"
52.169.251.137 - - [06/Jul/2025:09:49:34 -0400] "GET /wp-admin/cloud.php HTTP/1.1" 404 1251 "-" "-"
52.169.251.137 - - [06/Jul/2025:09:49:34 -0400] "GET /mah/function.php HTTP/1.1" 404 1251 "-" "-"
52.169.251.137 - - [06/Jul/2025:09:49:35 -0400] "GET /wp-content/plugins/pwnd-1/pwnd.php HTTP/1.1" 404 1251 "-" "-"
52.169.251.137 - - [06/Jul/2025:09:49:35 -0400] "GET /bak.php HTTP/1.1" 404 1251 "-" "-"
52.169.251.137 - - [06/Jul/2025:09:49:35 -0400] "GET /wp-includes/fonts/ HTTP/1.1" 404 1251 "-" "-"
52.169.251.137 - - [06/Jul/2025:09:49:36 -0400] "GET /wp-content/plugins/admin.php HTTP/1.1" 404 1251 "-" "-"
52.169.251.137 - - [06/Jul/2025:09:49:36 -0400] "GET /ws.php HTTP/1.1" 404 1251 "-" "-"
52.169.251.137 - - [06/Jul/2025:09:49:36 -0400] "GET /wp-admin/js/about.php HTTP/1.1" 404 1251 "-" "-"
52.169.251.137 - - [06/Jul/2025:09:49:37 -0400] "GET /yanz.php HTTP/1.1" 404 1251 "-" "-"
52.169.251.137 - - [06/Jul/2025:09:49:37 -0400] "GET /makeasmtp.php HTTP/1.1" 404 1251 "-" "-"
52.169.251.137 - - [06/Jul/2025:09:49:37 -0400] "GET /shell.php HTTP/1.1" 404 1251 "-" "-"
52.169.251.137 - - [06/Jul/2025:09:49:38 -0400] "GET /wp-admin/images/ HTTP/1.1" 404 1251 "-" "-"
52.169.251.137 - - [06/Jul/2025:09:49:38 -0400] "GET /wp-includes/widgets/ HTTP/1.1" 404 1251 "-" "-"
52.169.251.137 - - [06/Jul/2025:09:49:38 -0400] "GET /libraries/vendor/updates.php HTTP/1.1" 404 1251 "-" "-"
52.169.251.137 - - [06/Jul/2025:09:49:39 -0400] "GET /wp-content/plugins/clara/clara.php HTTP/1.1" 404 1251 "-" "-"
52.169.251.137 - - [06/Jul/2025:09:49:39 -0400] "GET /log.php HTTP/1.1" 404 1251 "-" "-"
52.169.251.137 - - [06/Jul/2025:09:49:39 -0400] "GET /wp-includes/Text/Diff/ HTTP/1.1" 404 1251 "-" "-"
52.169.251.137 - - [06/Jul/2025:09:49:40 -0400] "GET /wp-includes/IXR/index.php HTTP/1.1" 404 1251 "-" "-"
52.169.251.137 - - [06/Jul/2025:09:49:40 -0400] "GET /wp-includes/IXR/about.php HTTP/1.1" 404 1251 "-" "-"
52.169.251.137 - - [06/Jul/2025:09:49:40 -0400] "GET /wp-admin/network/ HTTP/1.1" 404 1251 "-" "-"
52.169.251.137 - - [06/Jul/2025:09:49:41 -0400] "GET /wp-content/themes/ HTTP/1.1" 404 1251 "-" "-"
52.169.251.137 - - [06/Jul/2025:09:49:41 -0400] "GET /wp-admin/js/widgets/about.php7 HTTP/1.1" 404 1251 "-" "-"
52.169.251.137 - - [06/Jul/2025:09:49:42 -0400] "GET /wp-load.php HTTP/1.1" 404 1251 "-" "-"
52.169.251.137 - - [06/Jul/2025:09:49:42 -0400] "GET /wp-content/themes/pridmag/db.php?u HTTP/1.1" 404 1251 "-" "-"
52.169.251.137 - - [06/Jul/2025:09:49:42 -0400] "GET /wp-includes/sodium_compat/namespaced HTTP/1.1" 404 1251 "-" "-"
52.169.251.137 - - [06/Jul/2025:09:49:43 -0400] "GET /css.php HTTP/1.1" 404 1251 "-" "-"
52.169.251.137 - - [06/Jul/2025:09:49:43 -0400] "GET /libraries/phpmailer/updates.php HTTP/1.1" 404 1251 "-" "-"
52.169.251.137 - - [06/Jul/2025:09:49:43 -0400] "GET /blog.php HTTP/1.1" 404 1251 "-" "-"
52.169.251.137 - - [06/Jul/2025:09:49:44 -0400] "GET /wp-admin/maint/maint/ajax-actions.php HTTP/1.1" 404 1251 "-" "-"
52.169.251.137 - - [06/Jul/2025:09:49:44 -0400] "GET /wp-admin/css/index.php HTTP/1.1" 404 1251 "-" "-"
52.169.251.137 - - [06/Jul/2025:09:49:44 -0400] "GET /wp-includes/customize/ HTTP/1.1" 404 1251 "-" "-"
52.169.251.137 - - [06/Jul/2025:09:49:45 -0400] "GET /wp-content/plugins/ HTTP/1.1" 404 1251 "-" "-"
52.169.251.137 - - [06/Jul/2025:09:49:45 -0400] "GET /wp-includes/blocks/about.php HTTP/1.1" 404 1251 "-" "-"
52.169.251.137 - - [06/Jul/2025:09:49:45 -0400] "GET /wp-content/languages/about.php HTTP/1.1" 404 1251 "-" "-"
52.169.251.137 - - [06/Jul/2025:09:49:46 -0400] "GET /wp-content/plugins/seoo/wsoyanz.php HTTP/1.1" 404 1251 "-" "-"
52.169.251.137 - - [06/Jul/2025:09:49:46 -0400] "GET /cgi-bin/about.php HTTP/1.1" 404 1251 "-" "-"
52.169.251.137 - - [06/Jul/2025:09:49:46 -0400] "GET /wp-includes/js/tinymce/skins/lightgray/ HTTP/1.1" 404 1251 "-" "-"
52.169.251.137 - - [06/Jul/2025:09:49:47 -0400] "GET /wp-includes/rest-api/search/ HTTP/1.1" 404 1251 "-" "-"
52.169.251.137 - - [06/Jul/2025:09:49:47 -0400] "GET /wp-content/plugins/fix/up.php HTTP/1.1" 404 1251 "-" "-"
52.169.251.137 - - [06/Jul/2025:09:49:47 -0400] "GET /wp-admin/css/colors/blue/cloud.php HTTP/1.1" 404 1251 "-" "-"
52.169.251.137 - - [06/Jul/2025:09:49:48 -0400] "GET /img/about.php HTTP/1.1" 404 1251 "-" "-"
52.169.251.137 - - [06/Jul/2025:09:49:48 -0400] "GET /alfanew2.php7 HTTP/1.1" 404 1251 "-" "-"
52.169.251.137 - - [06/Jul/2025:09:49:48 -0400] "GET /admin/controller/extension/extension/ HTTP/1.1" 404 1251 "-" "-"
52.169.251.137 - - [06/Jul/2025:09:49:49 -0400] "GET /inputs.php HTTP/1.1" 404 1251 "-" "-"
52.169.251.137 - - [06/Jul/2025:09:49:57 -0400] "GET /wp-content/plugins/seoplugins/mar.php HTTP/1.1" 404 1251 "-" "-"
52.169.251.137 - - [06/Jul/2025:09:49:57 -0400] "GET /ae.php HTTP/1.1" 404 1251 "-" "-"
52.169.251.137 - - [06/Jul/2025:09:49:57 -0400] "GET /usersfiles/ HTTP/1.1" 404 1251 "-" "-"
52.169.251.137 - - [06/Jul/2025:09:49:58 -0400] "GET /avaa.php HTTP/1.1" 404 1251 "-" "-"
52.169.251.137 - - [06/Jul/2025:09:49:58 -0400] "GET /edit.php HTTP/1.1" 404 1251 "-" "-"
52.169.251.137 - - [06/Jul/2025:09:49:58 -0400] "GET /simple.php HTTP/1.1" 404 1251 "-" "-"
52.169.251.137 - - [06/Jul/2025:09:49:59 -0400] "GET /wp-includes/about.php HTTP/1.1" 404 1251 "-" "-"
52.169.251.137 - - [06/Jul/2025:09:49:59 -0400] "GET /wp-includes/SimplePie/about.php HTTP/1.1" 404 1251 "-" "-"
52.169.251.137 - - [06/Jul/2025:09:49:59 -0400] "GET /ajax-actions.php HTTP/1.1" 404 1251 "-" "-"
52.169.251.137 - - [06/Jul/2025:09:50:00 -0400] "GET /wp-2019.php HTTP/1.1" 404 1251 "-" "-"
52.169.251.137 - - [06/Jul/2025:09:50:00 -0400] "GET /wp-content/plugins/pwnd/pwnd.php HTTP/1.1" 404 1251 "-" "-"
52.169.251.137 - - [06/Jul/2025:09:50:00 -0400] "GET /wp-includes/pomo/ HTTP/1.1" 404 1251 "-" "-"
52.169.251.137 - - [06/Jul/2025:09:50:01 -0400] "GET /wp-p.php7 HTTP/1.1" 404 1251 "-" "-"
52.169.251.137 - - [06/Jul/2025:09:50:01 -0400] "GET /wp-includes/Requests/ HTTP/1.1" 404 1251 "-" "-"
52.169.251.137 - - [06/Jul/2025:09:50:01 -0400] "GET /chosen.php HTTP/1.1" 404 1251 "-" "-"
52.169.251.137 - - [06/Jul/2025:09:50:02 -0400] "GET /fw.php HTTP/1.1" 404 1251 "-" "-"
52.169.251.137 - - [06/Jul/2025:09:50:02 -0400] "GET /wp-admin/user/cloud.php HTTP/1.1" 404 1251 "-" "-"
52.169.251.137 - - [06/Jul/2025:09:50:02 -0400] "GET /ebs.php7 HTTP/1.1" 404 1251 "-" "-"
52.169.251.137 - - [06/Jul/2025:09:50:03 -0400] "GET /wp-admin/css/colors/coffee/xmrlpc.php?p= HTTP/1.1" 404 1251 "-" "-"
52.169.251.137 - - [06/Jul/2025:09:50:04 -0400] "GET /wp-includes/theme-compat/theme-compat/ HTTP/1.1" 404 1251 "-" "-"
52.169.251.137 - - [06/Jul/2025:09:50:04 -0400] "GET /wp-content/themes/seotheme/mar.php HTTP/1.1" 404 1251 "-" "-"
52.169.251.137 - - [06/Jul/2025:09:50:05 -0400] "GET /wp-includes/js/jcrop/ HTTP/1.1" 404 1251 "-" "-"
52.169.251.137 - - [06/Jul/2025:09:50:05 -0400] "GET /wp-includes/js/tinymce/langs/ HTTP/1.1" 404 1251 "-" "-"
52.169.251.137 - - [06/Jul/2025:09:50:06 -0400] "GET /wp-includes/certificates/ HTTP/1.1" 404 1251 "-" "-"
52.169.251.137 - - [06/Jul/2025:09:50:06 -0400] "GET /xmrlpc.php HTTP/1.1" 404 1251 "-" "-"
52.169.251.137 - - [06/Jul/2025:09:50:06 -0400] "GET /wp-content/plugins/Core-Econ/upH.php HTTP/1.1" 404 1251 "-" "-"
52.169.251.137 - - [06/Jul/2025:09:50:07 -0400] "GET /classsmtps.php HTTP/1.1" 404 1251 "-" "-"
52.169.251.137 - - [06/Jul/2025:09:50:07 -0400] "GET /wp-content/plugins/init-help/init.php HTTP/1.1" 404 1251 "-" "-"
52.169.251.137 - - [06/Jul/2025:09:50:07 -0400] "GET /wp-admin/css/colors/blue/xmrlpc.php?p= HTTP/1.1" 404 1251 "-" "-"
52.169.251.137 - - [06/Jul/2025:09:50:08 -0400] "GET /wp-includes/js/thickbox/ HTTP/1.1" 404 1251 "-" "-"
52.169.251.137 - - [06/Jul/2025:09:50:08 -0400] "GET /xmrlpc.php?p= HTTP/1.1" 404 1251 "-" "-"
52.169.251.137 - - [06/Jul/2025:09:50:08 -0400] "GET /wp-admin/css/colors/index.php HTTP/1.1" 404 1251 "-" "-"
52.169.251.137 - - [06/Jul/2025:09:50:09 -0400] "GET /wp-includes/js/mediaelement/renderers/ HTTP/1.1" 404 1251 "-" "-"
52.169.251.137 - - [06/Jul/2025:09:50:09 -0400] "GET /wp-includes/images/media/ HTTP/1.1" 404 1251 "-" "-"
52.169.251.137 - - [06/Jul/2025:09:50:09 -0400] "GET /wp-admin/css/colors/xmrlpc.php?p= HTTP/1.1" 404 1251 "-" "-"
52.169.251.137 - - [06/Jul/2025:09:50:10 -0400] "GET /wp-content/plugins/linkpreview/db.php?u HTTP/1.1" 404 1251 "-" "-"
52.169.251.137 - - [06/Jul/2025:09:50:10 -0400] "GET /alfanew.php HTTP/1.1" 404 1251 "-" "-"
66.249.74.68 - - [06/Jul/2025:09:50:10 -0400] "GET /174frln46911.html HTTP/1.1" 404 1251 "-" "Mozilla/5.0 (Linux; Android 6.0.1; Nexus 5X Build/MMB29P) AppleWebKit/537.36 (KHTML, like Gecko) Chrome/137.0.7151.103 Mobile Safari/537.36 (compatible; Googlebot/2.1; +http://www.google.com/bot.html)"
52.169.251.137 - - [06/Jul/2025:09:50:10 -0400] "GET /wp-includes/Requests/src/ HTTP/1.1" 404 1251 "-" "-"
52.169.251.137 - - [06/Jul/2025:09:50:11 -0400] "GET /.well-known/pki-validation/ HTTP/1.1" 200 681 "-" "-"
52.169.251.137 - - [06/Jul/2025:09:50:11 -0400] "GET /updates.php HTTP/1.1" 404 1251 "-" "-"
52.169.251.137 - - [06/Jul/2025:09:50:12 -0400] "GET /modules/mod_simplefileuploadv1.3/elements/ HTTP/1.1" 404 1251 "-" "-"
52.169.251.137 - - [06/Jul/2025:09:50:12 -0400] "GET /hoot.php HTTP/1.1" 404 1251 "-" "-"
52.169.251.137 - - [06/Jul/2025:09:50:12 -0400] "GET /wp-includes/pomo/about.php HTTP/1.1" 404 1251 "-" "-"
52.169.251.137 - - [06/Jul/2025:09:50:13 -0400] "GET /mail.php HTTP/1.1" 404 1251 "-" "-"
52.169.251.137 - - [06/Jul/2025:09:50:13 -0400] "GET /about.php HTTP/1.1" 404 1251 "-" "-"
52.169.251.137 - - [06/Jul/2025:09:50:13 -0400] "GET /geju.php/wp-includes/images/about.php HTTP/1.1" 404 1251 "-" "-"
52.169.251.137 - - [06/Jul/2025:09:50:14 -0400] "GET /wp-admin/ajax-actions.php HTTP/1.1" 404 1251 "-" "-"
52.169.251.137 - - [06/Jul/2025:09:50:14 -0400] "GET /img/cloud.php HTTP/1.1" 404 1251 "-" "-"
52.169.251.137 - - [06/Jul/2025:09:50:14 -0400] "GET /.well-known/acme-challenge/ HTTP/1.1" 404 1251 "-" "-"
52.169.251.137 - - [06/Jul/2025:09:50:15 -0400] "GET /images/about.php HTTP/1.1" 404 1251 "-" "-"
52.169.251.137 - - [06/Jul/2025:09:50:15 -0400] "GET /wp-admin/ HTTP/1.1" 200 538 "-" "-"
52.169.251.137 - - [06/Jul/2025:09:50:15 -0400] "GET /cloud.php HTTP/1.1" 404 1251 "-" "-"
52.169.251.137 - - [06/Jul/2025:09:50:16 -0400] "GET /wp-admin/includes/about.php HTTP/1.1" 404 1251 "-" "-"
52.169.251.137 - - [06/Jul/2025:09:50:16 -0400] "GET /wp-includes/Text/about.php HTTP/1.1" 404 1251 "-" "-"
52.169.251.137 - - [06/Jul/2025:09:50:16 -0400] "GET /wp-includes/js/mediaelement/ HTTP/1.1" 404 1251 "-" "-"
52.169.251.137 - - [06/Jul/2025:09:50:17 -0400] "GET /plugins/ HTTP/1.1" 404 1251 "-" "-"
52.169.251.137 - - [06/Jul/2025:09:50:17 -0400] "GET /wp-includes/js/dist/ HTTP/1.1" 404 1251 "-" "-"
52.169.251.137 - - [06/Jul/2025:09:50:17 -0400] "GET /dropdown.php HTTP/1.1" 404 1251 "-" "-"
52.169.251.137 - - [06/Jul/2025:09:50:18 -0400] "GET /wp-includes/js/dist/vendor/ HTTP/1.1" 404 1251 "-" "-"
52.169.251.137 - - [06/Jul/2025:09:50:18 -0400] "GET /wp-blog-header.php HTTP/1.1" 404 1251 "-" "-"
52.169.251.137 - - [06/Jul/2025:09:50:18 -0400] "GET /admin.php HTTP/1.1" 404 1251 "-" "-"
52.169.251.137 - - [06/Jul/2025:09:50:19 -0400] "GET /wp-content/repeater.php HTTP/1.1" 404 1251 "-" "-"
52.169.251.137 - - [06/Jul/2025:09:50:19 -0400] "GET /wp-includes.bak/html-api/about.php HTTP/1.1" 404 1251 "-" "-"
52.169.251.137 - - [06/Jul/2025:09:50:19 -0400] "GET /wp-includes/Text/ HTTP/1.1" 404 1251 "-" "-"
52.169.251.137 - - [06/Jul/2025:09:50:20 -0400] "GET /wp.php HTTP/1.1" 404 1251 "-" "-"
52.169.251.137 - - [06/Jul/2025:09:50:20 -0400] "GET /.well-known/pki-validation/xmrlpc.php?p= HTTP/1.1" 404 1251 "-" "-"
52.169.251.137 - - [06/Jul/2025:09:50:20 -0400] "GET /as.php HTTP/1.1" 404 1251 "-" "-"
52.169.251.137 - - [06/Jul/2025:09:50:21 -0400] "GET /themes.php HTTP/1.1" 404 1251 "-" "-"
52.169.251.137 - - [06/Jul/2025:09:50:21 -0400] "GET /wp-content/themes/about.php HTTP/1.1" 404 1251 "-" "-"
52.169.251.137 - - [06/Jul/2025:09:50:21 -0400] "GET /wp-includes/rest-api/fields/ HTTP/1.1" 404 1251 "-" "-"
52.169.251.137 - - [06/Jul/2025:09:50:22 -0400] "GET /wp-includes/js/codemirror/ HTTP/1.1" 404 1251 "-" "-"
52.169.251.137 - - [06/Jul/2025:09:50:22 -0400] "GET /wp-admin/meta/ HTTP/1.1" 404 1251 "-" "-"
52.169.251.137 - - [06/Jul/2025:09:50:22 -0400] "GET /.well-knownold/ HTTP/1.1" 404 1251 "-" "-"
52.169.251.137 - - [06/Jul/2025:09:50:23 -0400] "GET /about.php7 HTTP/1.1" 404 1251 "-" "-"
52.169.251.137 - - [06/Jul/2025:09:50:23 -0400] "GET /wp-admin/dropdown.php HTTP/1.1" 404 1251 "-" "-"
52.169.251.137 - - [06/Jul/2025:09:50:23 -0400] "GET /css/cloud.php HTTP/1.1" 404 1251 "-" "-"
52.169.251.137 - - [06/Jul/2025:09:50:24 -0400] "GET /wp-admin/js/widgets/xmrlpc.php?p= HTTP/1.1" 404 1251 "-" "-"
52.169.251.137 - - [06/Jul/2025:09:50:24 -0400] "GET /wp-content/upgrade-temp-backup/about.php HTTP/1.1" 404 1251 "-" "-"
52.169.251.137 - - [06/Jul/2025:09:50:25 -0400] "GET /.well-known/ HTTP/1.1" 200 618 "-" "-"
52.169.251.137 - - [06/Jul/2025:09:50:25 -0400] "GET /about/function.php HTTP/1.1" 404 1251 "-" "-"
52.169.251.137 - - [06/Jul/2025:09:50:25 -0400] "GET /wp-admin/images/xmrlpc.php?p= HTTP/1.1" 404 1251 "-" "-"
52.169.251.137 - - [06/Jul/2025:09:50:26 -0400] "GET /.well-known/acme-challenge/xmrlpc.php?p= HTTP/1.1" 404 1251 "-" "-"
52.169.251.137 - - [06/Jul/2025:09:50:26 -0400] "GET /templates/beez3/ HTTP/1.1" 404 1251 "-" "-"
52.169.251.137 - - [06/Jul/2025:09:50:26 -0400] "GET /wp-content/plugins/seoplugins/db.php?u HTTP/1.1" 404 1251 "-" "-"
204.12.252.98 - - [06/Jul/2025:09:52:45 -0400] "GET /wp-includes/wp-configs.php HTTP/1.1" 404 1251 "https://alafaftravel.com/wp-includes/wp-configs.php" "Mozilla/5.0 (Windows NT 10.0; Win64; x64) AppleWebKit/537.36 (KHTML, like Gecko) Chrome/58.0.3029.110 Safari/537.3"
66.249.74.68 - - [06/Jul/2025:09:53:20 -0400] "GET /31vwktt21784.html HTTP/1.1" 404 1251 "-" "Mozilla/5.0 (Linux; Android 6.0.1; Nexus 5X Build/MMB29P) AppleWebKit/537.36 (KHTML, like Gecko) Chrome/137.0.7151.103 Mobile Safari/537.36 (compatible; Googlebot/2.1; +http://www.google.com/bot.html)"
66.249.74.76 - - [06/Jul/2025:09:57:29 -0400] "GET /m019044407?srsltid=AfmBOoDDWXwxcTjHS5GwHP_L0w2KzPDZz_JuepZibx-L-bC9QLp906 HTTP/1.1" 404 1251 "-" "Mozilla/5.0 (Linux; Android 6.0.1; Nexus 5X Build/MMB29P) AppleWebKit/537.36 (KHTML, like Gecko) Chrome/137.0.7151.103 Mobile Safari/537.36 (compatible; Googlebot/2.1; +http://www.google.com/bot.html)"
167.71.231.217 - - [06/Jul/2025:09:58:15 -0400] "GET / HTTP/1.1" 200 1079 "-" "Mozilla/5.0 (X11; Linux x86_64) AppleWebKit/537.36 (KHTML, like Gecko) Chrome/137.0.0.0 Safari/537.36"
66.249.74.76 - - [06/Jul/2025:10:00:39 -0400] "GET /124jiijy18731.html HTTP/1.1" 404 1251 "-" "Mozilla/5.0 (Linux; Android 6.0.1; Nexus 5X Build/MMB29P) AppleWebKit/537.36 (KHTML, like Gecko) Chrome/137.0.7151.103 Mobile Safari/537.36 (compatible; Googlebot/2.1; +http://www.google.com/bot.html)"
66.249.74.75 - - [06/Jul/2025:10:02:48 -0400] "GET /m185045453?srsltid=AfmBOokEScRIElnoUmOAMk_kBphnzV9Et_wlcVnoCz-W-l0kpmIK9r HTTP/1.1" 404 1251 "-" "Mozilla/5.0 (Linux; Android 6.0.1; Nexus 5X Build/MMB29P) AppleWebKit/537.36 (KHTML, like Gecko) Chrome/137.0.7151.103 Mobile Safari/537.36 (compatible; Googlebot/2.1; +http://www.google.com/bot.html)"
66.249.74.77 - - [06/Jul/2025:10:06:58 -0400] "GET /179tjh19514.html HTTP/1.1" 404 1251 "-" "Mozilla/5.0 (Linux; Android 6.0.1; Nexus 5X Build/MMB29P) AppleWebKit/537.36 (KHTML, like Gecko) Chrome/137.0.7151.103 Mobile Safari/537.36 (compatible; Googlebot/2.1; +http://www.google.com/bot.html)"
66.249.74.70 - - [06/Jul/2025:10:09:07 -0400] "GET /m265022593?srsltid=AfmBOoYMzkNrZzOcVZT77z_3HPPbAzKfe_NZZSoUcQ-U-NpUXVRylD HTTP/1.1" 404 1251 "-" "Mozilla/5.0 (Linux; Android 6.0.1; Nexus 5X Build/MMB29P) AppleWebKit/537.36 (KHTML, like Gecko) Chrome/137.0.7151.103 Mobile Safari/537.36 (compatible; Googlebot/2.1; +http://www.google.com/bot.html)"
66.249.74.70 - - [06/Jul/2025:10:13:17 -0400] "GET /180bfoy11699.html HTTP/1.1" 404 1251 "-" "Mozilla/5.0 (Linux; Android 6.0.1; Nexus 5X Build/MMB29P) AppleWebKit/537.36 (KHTML, like Gecko) Chrome/137.0.7151.103 Mobile Safari/537.36 (compatible; Googlebot/2.1; +http://www.google.com/bot.html)"
66.249.74.75 - - [06/Jul/2025:10:17:27 -0400] "GET /191zknh44834.html HTTP/1.1" 404 1251 "-" "Mozilla/5.0 (Linux; Android 6.0.1; Nexus 5X Build/MMB29P) AppleWebKit/537.36 (KHTML, like Gecko) Chrome/137.0.7151.103 Mobile Safari/537.36 (compatible; Googlebot/2.1; +http://www.google.com/bot.html)"
132.232.165.4 - - [06/Jul/2025:10:19:01 -0400] "GET / HTTP/1.1" 200 1082 "http://www.alafaftravel.com" "Mozilla/5.0 (iPhone; CPU iPhone OS 13_2_3 like Mac OS X) AppleWebKit/605.1.15 (KHTML, like Gecko) Version/13.0.3 Mobile/15E148 Safari/604.1"
66.249.74.75 - - [06/Jul/2025:10:21:02 -0400] "GET /182kkf24853.html HTTP/1.1" 404 1251 "-" "Mozilla/5.0 (Linux; Android 6.0.1; Nexus 5X Build/MMB29P) AppleWebKit/537.36 (KHTML, like Gecko) Chrome/137.0.7151.103 Mobile Safari/537.36 (compatible; Googlebot/2.1; +http://www.google.com/bot.html)"
66.249.74.77 - - [06/Jul/2025:10:22:37 -0400] "GET /194ijcz36431.html HTTP/1.1" 404 1251 "-" "Mozilla/5.0 (Linux; Android 6.0.1; Nexus 5X Build/MMB29P) AppleWebKit/537.36 (KHTML, like Gecko) Chrome/137.0.7151.103 Mobile Safari/537.36 (compatible; Googlebot/2.1; +http://www.google.com/bot.html)"
66.249.74.76 - - [06/Jul/2025:10:24:55 -0400] "GET /173pmlki11450.html HTTP/1.1" 404 1251 "-" "Mozilla/5.0 (Linux; Android 6.0.1; Nexus 5X Build/MMB29P) AppleWebKit/537.36 (KHTML, like Gecko) Chrome/137.0.7151.103 Mobile Safari/537.36 (compatible; Googlebot/2.1; +http://www.google.com/bot.html)"
49.51.204.74 - - [06/Jul/2025:10:26:14 -0400] "GET / HTTP/1.1" 200 1082 "http://www.alafaftravel.com" "Mozilla/5.0 (iPhone; CPU iPhone OS 13_2_3 like Mac OS X) AppleWebKit/605.1.15 (KHTML, like Gecko) Version/13.0.3 Mobile/15E148 Safari/604.1"
66.249.74.69 - - [06/Jul/2025:10:28:04 -0400] "GET /m274011676?srsltid=AfmBOorKxyKxPJbIuNOZtT_AaesujeODS_BLyDfLYh-E-JWsYGeTJ7 HTTP/1.1" 404 1251 "-" "Mozilla/5.0 (Linux; Android 6.0.1; Nexus 5X Build/MMB29P) AppleWebKit/537.36 (KHTML, like Gecko) Chrome/137.0.7151.103 Mobile Safari/537.36 (compatible; Googlebot/2.1; +http://www.google.com/bot.html)"
204.12.252.98 - - [06/Jul/2025:10:30:08 -0400] "GET /wp-includes/wp-configs.php HTTP/1.1" 404 1251 "https://alafaftravel.com/wp-includes/wp-configs.php" "Mozilla/5.0 (Windows NT 10.0; Win64; x64) AppleWebKit/537.36 (KHTML, like Gecko) Chrome/58.0.3029.110 Safari/537.3"
66.249.74.70 - - [06/Jul/2025:10:31:14 -0400] "GET /256eord23413.html HTTP/1.1" 404 1251 "-" "Mozilla/5.0 (Linux; Android 6.0.1; Nexus 5X Build/MMB29P) AppleWebKit/537.36 (KHTML, like Gecko) Chrome/137.0.7151.103 Mobile Safari/537.36 (compatible; Googlebot/2.1; +http://www.google.com/bot.html)"
66.249.74.75 - - [06/Jul/2025:10:34:23 -0400] "GET /m187009653?srsltid=AfmBOoVUFOPeiabRPMsSTq_LeBpwGQy2q_HtNfASqQ-S-rexK5BgRG HTTP/1.1" 404 1251 "-" "Mozilla/5.0 (Linux; Android 6.0.1; Nexus 5X Build/MMB29P) AppleWebKit/537.36 (KHTML, like Gecko) Chrome/137.0.7151.103 Mobile Safari/537.36 (compatible; Googlebot/2.1; +http://www.google.com/bot.html)"
66.249.74.75 - - [06/Jul/2025:10:37:33 -0400] "GET /105ufcko44554.html HTTP/1.1" 404 1251 "-" "Mozilla/5.0 (Linux; Android 6.0.1; Nexus 5X Build/MMB29P) AppleWebKit/537.36 (KHTML, like Gecko) Chrome/137.0.7151.103 Mobile Safari/537.36 (compatible; Googlebot/2.1; +http://www.google.com/bot.html)"
43.166.247.155 - - [06/Jul/2025:10:40:30 -0400] "GET /wp-content/ HTTP/1.1" 200 543 "-" "Mozilla/5.0 (iPhone; CPU iPhone OS 13_2_3 like Mac OS X) AppleWebKit/605.1.15 (KHTML, like Gecko) Version/13.0.3 Mobile/15E148 Safari/604.1"
66.249.74.76 - - [06/Jul/2025:10:41:30 -0400] "GET /m099011565?srsltid=AfmBOobbLgEUbCfJHkUzkY_qrDqHL9erA_tVxM6lEt-M-NRI62zVVq HTTP/1.1" 404 1251 "-" "Mozilla/5.0 (Linux; Android 6.0.1; Nexus 5X Build/MMB29P) AppleWebKit/537.36 (KHTML, like Gecko) Chrome/137.0.7151.103 Mobile Safari/537.36 (compatible; Googlebot/2.1; +http://www.google.com/bot.html)"
66.249.74.76 - - [06/Jul/2025:10:43:51 -0400] "GET /79msnd3808.html HTTP/1.1" 404 1251 "-" "Mozilla/5.0 (Linux; Android 6.0.1; Nexus 5X Build/MMB29P) AppleWebKit/537.36 (KHTML, like Gecko) Chrome/137.0.7151.103 Mobile Safari/537.36 (compatible; Googlebot/2.1; +http://www.google.com/bot.html)"
66.249.74.75 - - [06/Jul/2025:10:47:28 -0400] "GET /243faf39198.html HTTP/1.1" 404 1251 "-" "Mozilla/5.0 (Linux; Android 6.0.1; Nexus 5X Build/MMB29P) AppleWebKit/537.36 (KHTML, like Gecko) Chrome/137.0.7151.103 Mobile Safari/537.36 (compatible; Googlebot/2.1; +http://www.google.com/bot.html)"
43.157.149.188 - - [06/Jul/2025:10:48:26 -0400] "GET /?ND HTTP/1.1" 200 1085 "-" "Mozilla/5.0 (iPhone; CPU iPhone OS 13_2_3 like Mac OS X) AppleWebKit/605.1.15 (KHTML, like Gecko) Version/13.0.3 Mobile/15E148 Safari/604.1"
66.249.74.76 - - [06/Jul/2025:10:51:03 -0400] "GET /251zhfxg37282.html HTTP/1.1" 404 1251 "-" "Mozilla/5.0 (Linux; Android 6.0.1; Nexus 5X Build/MMB29P) AppleWebKit/537.36 (KHTML, like Gecko) Chrome/137.0.7151.103 Mobile Safari/537.36 (compatible; Googlebot/2.1; +http://www.google.com/bot.html)"
66.249.74.76 - - [06/Jul/2025:10:54:39 -0400] "GET /258cmyi44161.html HTTP/1.1" 404 1251 "-" "Mozilla/5.0 (Linux; Android 6.0.1; Nexus 5X Build/MMB29P) AppleWebKit/537.36 (KHTML, like Gecko) Chrome/137.0.7151.103 Mobile Safari/537.36 (compatible; Googlebot/2.1; +http://www.google.com/bot.html)"
66.249.74.75 - - [06/Jul/2025:10:58:15 -0400] "GET /288lcza15271.html HTTP/1.1" 404 1251 "-" "Mozilla/5.0 (Linux; Android 6.0.1; Nexus 5X Build/MMB29P) AppleWebKit/537.36 (KHTML, like Gecko) Chrome/137.0.7151.103 Mobile Safari/537.36 (compatible; Googlebot/2.1; +http://www.google.com/bot.html)"
49.51.183.75 - - [06/Jul/2025:11:01:11 -0400] "GET /wp-content/?ND HTTP/1.1" 200 542 "-" "Mozilla/5.0 (iPhone; CPU iPhone OS 13_2_3 like Mac OS X) AppleWebKit/605.1.15 (KHTML, like Gecko) Version/13.0.3 Mobile/15E148 Safari/604.1"
66.249.74.75 - - [06/Jul/2025:11:01:52 -0400] "GET /274edcl22413.html HTTP/1.1" 404 1251 "-" "Mozilla/5.0 (Linux; Android 6.0.1; Nexus 5X Build/MMB29P) AppleWebKit/537.36 (KHTML, like Gecko) Chrome/137.0.7151.103 Mobile Safari/537.36 (compatible; Googlebot/2.1; +http://www.google.com/bot.html)"
208.110.64.178 - - [06/Jul/2025:11:01:52 -0400] "GET /wp-includes/wp-configs.php HTTP/1.1" 404 1251 "https://alafaftravel.com/wp-includes/wp-configs.php" "Mozilla/5.0 (Windows NT 10.0; Win64; x64) AppleWebKit/537.36 (KHTML, like Gecko) Chrome/58.0.3029.110 Safari/537.3"
66.249.74.75 - - [06/Jul/2025:11:05:27 -0400] "GET /184awfyw13197.html HTTP/1.1" 404 1251 "-" "Mozilla/5.0 (Linux; Android 6.0.1; Nexus 5X Build/MMB29P) AppleWebKit/537.36 (KHTML, like Gecko) Chrome/137.0.7151.103 Mobile Safari/537.36 (compatible; Googlebot/2.1; +http://www.google.com/bot.html)"
43.166.136.202 - - [06/Jul/2025:11:09:47 -0400] "GET /wp-content/?MA HTTP/1.1" 200 543 "-" "Mozilla/5.0 (iPhone; CPU iPhone OS 13_2_3 like Mac OS X) AppleWebKit/605.1.15 (KHTML, like Gecko) Version/13.0.3 Mobile/15E148 Safari/604.1"
66.249.74.69 - - [06/Jul/2025:11:10:04 -0400] "GET /152aatrg47321.html HTTP/1.1" 404 1251 "-" "Mozilla/5.0 (Linux; Android 6.0.1; Nexus 5X Build/MMB29P) AppleWebKit/537.36 (KHTML, like Gecko) Chrome/137.0.7151.103 Mobile Safari/537.36 (compatible; Googlebot/2.1; +http://www.google.com/bot.html)"
43.135.133.241 - - [06/Jul/2025:11:10:54 -0400] "GET / HTTP/1.1" 200 1082 "http://www.alafaftravel.com" "Mozilla/5.0 (iPhone; CPU iPhone OS 13_2_3 like Mac OS X) AppleWebKit/605.1.15 (KHTML, like Gecko) Version/13.0.3 Mobile/15E148 Safari/604.1"
43.157.153.236 - - [06/Jul/2025:11:11:11 -0400] "GET / HTTP/1.1" 200 1079 "http://alafaftravel.com" "Mozilla/5.0 (iPhone; CPU iPhone OS 13_2_3 like Mac OS X) AppleWebKit/605.1.15 (KHTML, like Gecko) Version/13.0.3 Mobile/15E148 Safari/604.1"
66.249.74.69 - - [06/Jul/2025:11:12:39 -0400] "GET /206fnit48547.html HTTP/1.1" 404 1251 "-" "Mozilla/5.0 (Linux; Android 6.0.1; Nexus 5X Build/MMB29P) AppleWebKit/537.36 (KHTML, like Gecko) Chrome/137.0.7151.103 Mobile Safari/537.36 (compatible; Googlebot/2.1; +http://www.google.com/bot.html)"
66.249.74.77 - - [06/Jul/2025:11:16:15 -0400] "GET /m196018028?srsltid=AfmBOoHaPgOMTLrn73a0cp_mzneFv5eMT_tF7sI67e-A-IDR4IMmyO HTTP/1.1" 404 1251 "-" "Mozilla/5.0 (Linux; Android 6.0.1; Nexus 5X Build/MMB29P) AppleWebKit/537.36 (KHTML, like Gecko) Chrome/137.0.7151.103 Mobile Safari/537.36 (compatible; Googlebot/2.1; +http://www.google.com/bot.html)"
69.197.182.50 - - [06/Jul/2025:11:18:22 -0400] "GET /wp-includes/wp-configs.php HTTP/1.1" 404 1251 "https://alafaftravel.com/wp-includes/wp-configs.php" "Mozilla/5.0 (Windows NT 10.0; Win64; x64) AppleWebKit/537.36 (KHTML, like Gecko) Chrome/58.0.3029.110 Safari/537.3"
43.157.175.122 - - [06/Jul/2025:11:19:50 -0400] "GET /wp-content/?SA HTTP/1.1" 200 544 "-" "Mozilla/5.0 (iPhone; CPU iPhone OS 13_2_3 like Mac OS X) AppleWebKit/605.1.15 (KHTML, like Gecko) Version/13.0.3 Mobile/15E148 Safari/604.1"
66.249.74.77 - - [06/Jul/2025:11:19:51 -0400] "GET /80twi11565.html HTTP/1.1" 404 1251 "-" "Mozilla/5.0 (Linux; Android 6.0.1; Nexus 5X Build/MMB29P) AppleWebKit/537.36 (KHTML, like Gecko) Chrome/137.0.7151.103 Mobile Safari/537.36 (compatible; Googlebot/2.1; +http://www.google.com/bot.html)"
66.249.74.69 - - [06/Jul/2025:11:23:27 -0400] "GET /22jgw24457.html HTTP/1.1" 404 1251 "-" "Mozilla/5.0 (Linux; Android 6.0.1; Nexus 5X Build/MMB29P) AppleWebKit/537.36 (KHTML, like Gecko) Chrome/137.0.7151.103 Mobile Safari/537.36 (compatible; Googlebot/2.1; +http://www.google.com/bot.html)"
192.99.14.159 - - [06/Jul/2025:11:26:58 -0400] "GET /robots.txt HTTP/1.1" 304 0 "-" "Mozilla/5.0 (compatible; MJ12bot/v1.4.8; http://mj12bot.com/)"
66.249.74.68 - - [06/Jul/2025:11:27:03 -0400] "GET /m033031579?srsltid=AfmBOohYKstazJgDOidiOB_1m1JtZDOuj_EfGPBiX1-Q-u2VXfnSJJ HTTP/1.1" 404 1251 "-" "Mozilla/5.0 (Linux; Android 6.0.1; Nexus 5X Build/MMB29P) AppleWebKit/537.36 (KHTML, like Gecko) Chrome/137.0.7151.103 Mobile Safari/537.36 (compatible; Googlebot/2.1; +http://www.google.com/bot.html)"
192.99.14.159 - - [06/Jul/2025:11:28:08 -0400] "GET /wp-includes/?MA HTTP/1.1" 200 777 "-" "Mozilla/5.0 (compatible; MJ12bot/v1.4.8; http://mj12bot.com/)"
192.99.14.159 - - [06/Jul/2025:11:28:11 -0400] "GET /wp-includes/?SA HTTP/1.1" 200 775 "-" "Mozilla/5.0 (compatible; MJ12bot/v1.4.8; http://mj12bot.com/)"
129.226.93.214 - - [06/Jul/2025:11:28:43 -0400] "GET /wp-content/?NA HTTP/1.1" 200 543 "-" "Mozilla/5.0 (iPhone; CPU iPhone OS 13_2_3 like Mac OS X) AppleWebKit/605.1.15 (KHTML, like Gecko) Version/13.0.3 Mobile/15E148 Safari/604.1"
192.99.14.159 - - [06/Jul/2025:11:29:10 -0400] "GET /wp-includes/license.txt HTTP/1.1" 200 0 "-" "Mozilla/5.0 (compatible; MJ12bot/v1.4.8; http://mj12bot.com/)"
192.99.14.159 - - [06/Jul/2025:11:29:14 -0400] "GET /b72cc/?SA HTTP/1.1" 200 540 "-" "Mozilla/5.0 (compatible; MJ12bot/v1.4.8; http://mj12bot.com/)"
192.99.14.159 - - [06/Jul/2025:11:29:23 -0400] "GET /wp-content/?SA HTTP/1.1" 200 541 "-" "Mozilla/5.0 (compatible; MJ12bot/v1.4.8; http://mj12bot.com/)"
192.99.14.159 - - [06/Jul/2025:11:29:36 -0400] "GET /b72cc/?ND HTTP/1.1" 200 535 "-" "Mozilla/5.0 (compatible; MJ12bot/v1.4.8; http://mj12bot.com/)"
192.99.14.159 - - [06/Jul/2025:11:29:38 -0400] "GET /wp-content/?MA HTTP/1.1" 200 540 "-" "Mozilla/5.0 (compatible; MJ12bot/v1.4.8; http://mj12bot.com/)"
192.99.14.159 - - [06/Jul/2025:11:29:40 -0400] "GET /wp-includes/239 HTTP/1.1" 200 24155 "-" "Mozilla/5.0 (compatible; MJ12bot/v1.4.8; http://mj12bot.com/)"
192.99.14.159 - - [06/Jul/2025:11:29:42 -0400] "GET /wp-includes/4cb HTTP/1.1" 200 24155 "-" "Mozilla/5.0 (compatible; MJ12bot/v1.4.8; http://mj12bot.com/)"
192.99.14.159 - - [06/Jul/2025:11:30:20 -0400] "GET /wp-content/?ND HTTP/1.1" 200 537 "-" "Mozilla/5.0 (compatible; MJ12bot/v1.4.8; http://mj12bot.com/)"
192.99.14.159 - - [06/Jul/2025:11:30:22 -0400] "GET /wp-includes/?ND HTTP/1.1" 200 771 "-" "Mozilla/5.0 (compatible; MJ12bot/v1.4.8; http://mj12bot.com/)"
66.249.74.76 - - [06/Jul/2025:11:30:39 -0400] "GET /141jzt10200.html HTTP/1.1" 404 1251 "-" "Mozilla/5.0 (Linux; Android 6.0.1; Nexus 5X Build/MMB29P) AppleWebKit/537.36 (KHTML, like Gecko) Chrome/137.0.7151.103 Mobile Safari/537.36 (compatible; Googlebot/2.1; +http://www.google.com/bot.html)"
192.99.14.159 - - [06/Jul/2025:11:30:47 -0400] "GET /wp-includes/error_log HTTP/1.1" 403 1242 "-" "Mozilla/5.0 (compatible; MJ12bot/v1.4.8; http://mj12bot.com/)"
192.99.14.159 - - [06/Jul/2025:11:30:49 -0400] "GET /b72cc/?MA HTTP/1.1" 200 538 "-" "Mozilla/5.0 (compatible; MJ12bot/v1.4.8; http://mj12bot.com/)"
