66.249.74.75 - - [06/Jul/2025:11:34:15 -0400] "GET /m182031090?srsltid=AfmBOoLibnrmbKJYYhbjOp_lGeL4NyqUz_DtoO1QUx-J-L0ROvg4id HTTP/1.1" 404 1251 "-" "Mozilla/5.0 (Linux; Android 6.0.1; Nexus 5X Build/MMB29P) AppleWebKit/537.36 (KHTML, like Gecko) Chrome/137.0.7151.103 Mobile Safari/537.36 (compatible; Googlebot/2.1; +http://www.google.com/bot.html)"
66.249.74.75 - - [06/Jul/2025:11:37:51 -0400] "GET /37btv48804.html HTTP/1.1" 404 1251 "-" "Mozilla/5.0 (Linux; Android 6.0.1; Nexus 5X Build/MMB29P) AppleWebKit/537.36 (KHTML, like Gecko) Chrome/137.0.7151.103 Mobile Safari/537.36 (compatible; Googlebot/2.1; +http://www.google.com/bot.html)"
170.106.180.153 - - [06/Jul/2025:11:38:36 -0400] "GET /wp-content/?MD HTTP/1.1" 200 545 "-" "Mozilla/5.0 (iPhone; CPU iPhone OS 13_2_3 like Mac OS X) AppleWebKit/605.1.15 (KHTML, like Gecko) Version/13.0.3 Mobile/15E148 Safari/604.1"
66.249.74.76 - - [06/Jul/2025:11:41:27 -0400] "GET /119zxz15152.html HTTP/1.1" 404 1251 "-" "Mozilla/5.0 (Linux; Android 6.0.1; Nexus 5X Build/MMB29P) AppleWebKit/537.36 (KHTML, like Gecko) Chrome/137.0.7151.103 Mobile Safari/537.36 (compatible; Googlebot/2.1; +http://www.google.com/bot.html)"
66.249.74.77 - - [06/Jul/2025:11:45:03 -0400] "GET /m049043269?srsltid=AfmBOowJWoLoWoHP67kb5x_PdtR41QwQq_n1mRPEpE-O-XtldZdf0b HTTP/1.1" 404 1251 "-" "Mozilla/5.0 (Linux; Android 6.0.1; Nexus 5X Build/MMB29P) AppleWebKit/537.36 (KHTML, like Gecko) Chrome/137.0.7151.103 Mobile Safari/537.36 (compatible; Googlebot/2.1; +http://www.google.com/bot.html)"
216.73.216.136 - - [06/Jul/2025:11:47:20 -0400] "GET /robots.txt HTTP/1.1" 304 0 "-" "Mozilla/5.0 AppleWebKit/537.36 (KHTML, like Gecko; compatible; ClaudeBot/1.0; [email protected])"
216.73.216.136 - - [06/Jul/2025:11:47:21 -0400] "GET / HTTP/1.1" 200 1079 "-" "Mozilla/5.0 AppleWebKit/537.36 (KHTML, like Gecko; compatible; ClaudeBot/1.0; [email protected])"
66.249.74.75 - - [06/Jul/2025:11:48:39 -0400] "GET /m265038493?srsltid=AfmBOoMHCAoCRbosRkwbOZ_MCqSKbWfFi_zDIElfdH-B-BP9t2qXUZ HTTP/1.1" 404 1251 "-" "Mozilla/5.0 (Linux; Android 6.0.1; Nexus 5X Build/MMB29P) AppleWebKit/537.36 (KHTML, like Gecko) Chrome/137.0.7151.103 Mobile Safari/537.36 (compatible; Googlebot/2.1; +http://www.google.com/bot.html)"
43.153.204.189 - - [06/Jul/2025:11:50:36 -0400] "GET /wp-admin/ HTTP/1.1" 200 538 "-" "Mozilla/5.0 (iPhone; CPU iPhone OS 13_2_3 like Mac OS X) AppleWebKit/605.1.15 (KHTML, like Gecko) Version/13.0.3 Mobile/15E148 Safari/604.1"
66.249.74.76 - - [06/Jul/2025:11:52:15 -0400] "GET /48are42499.html HTTP/1.1" 404 1251 "-" "Mozilla/5.0 (Linux; Android 6.0.1; Nexus 5X Build/MMB29P) AppleWebKit/537.36 (KHTML, like Gecko) Chrome/137.0.7151.103 Mobile Safari/537.36 (compatible; Googlebot/2.1; +http://www.google.com/bot.html)"
66.249.74.76 - - [06/Jul/2025:11:55:51 -0400] "GET /210ekz23525.html HTTP/1.1" 404 1251 "-" "Mozilla/5.0 (Linux; Android 6.0.1; Nexus 5X Build/MMB29P) AppleWebKit/537.36 (KHTML, like Gecko) Chrome/137.0.7151.103 Mobile Safari/537.36 (compatible; Googlebot/2.1; +http://www.google.com/bot.html)"
43.156.228.27 - - [06/Jul/2025:11:58:35 -0400] "GET /?ND HTTP/1.1" 200 1081 "-" "Mozilla/5.0 (iPhone; CPU iPhone OS 13_2_3 like Mac OS X) AppleWebKit/605.1.15 (KHTML, like Gecko) Version/13.0.3 Mobile/15E148 Safari/604.1"
66.249.74.68 - - [06/Jul/2025:11:59:27 -0400] "GET /251tphe21410.html HTTP/1.1" 404 1251 "-" "Mozilla/5.0 (Linux; Android 6.0.1; Nexus 5X Build/MMB29P) AppleWebKit/537.36 (KHTML, like Gecko) Chrome/137.0.7151.103 Mobile Safari/537.36 (compatible; Googlebot/2.1; +http://www.google.com/bot.html)"
66.249.74.69 - - [06/Jul/2025:11:59:27 -0400] "GET /robots.txt HTTP/1.1" 304 0 "-" "Mozilla/5.0 (compatible; Googlebot/2.1; +http://www.google.com/bot.html)"
66.249.74.69 - - [06/Jul/2025:12:03:03 -0400] "GET /m169046487?srsltid=AfmBOoSknuCPyoBql5f7sx_Z2s5480IV7_P1OBSmL4-A-1L26qrVs0 HTTP/1.1" 404 1251 "-" "Mozilla/5.0 (Linux; Android 6.0.1; Nexus 5X Build/MMB29P) AppleWebKit/537.36 (KHTML, like Gecko) Chrome/137.0.7151.103 Mobile Safari/537.36 (compatible; Googlebot/2.1; +http://www.google.com/bot.html)"
66.249.74.69 - - [06/Jul/2025:12:06:39 -0400] "GET /27ctq8816.html HTTP/1.1" 404 1251 "-" "Mozilla/5.0 (Linux; Android 6.0.1; Nexus 5X Build/MMB29P) AppleWebKit/537.36 (KHTML, like Gecko) Chrome/137.0.7151.103 Mobile Safari/537.36 (compatible; Googlebot/2.1; +http://www.google.com/bot.html)"
43.157.175.122 - - [06/Jul/2025:12:09:24 -0400] "GET /?SA HTTP/1.1" 200 1076 "-" "Mozilla/5.0 (iPhone; CPU iPhone OS 13_2_3 like Mac OS X) AppleWebKit/605.1.15 (KHTML, like Gecko) Version/13.0.3 Mobile/15E148 Safari/604.1"
66.249.74.69 - - [06/Jul/2025:12:10:15 -0400] "GET /m117022275?srsltid=AfmBOoOIPZzPfhGo1I9BC3_Dc7ZQwT3ZS_IyvodbCv-W-eB73Ue1Gd HTTP/1.1" 404 1251 "-" "Mozilla/5.0 (Linux; Android 6.0.1; Nexus 5X Build/MMB29P) AppleWebKit/537.36 (KHTML, like Gecko) Chrome/137.0.7151.103 Mobile Safari/537.36 (compatible; Googlebot/2.1; +http://www.google.com/bot.html)"
66.249.74.68 - - [06/Jul/2025:12:13:51 -0400] "GET /59tdf34820.html HTTP/1.1" 404 1251 "-" "Mozilla/5.0 (Linux; Android 6.0.1; Nexus 5X Build/MMB29P) AppleWebKit/537.36 (KHTML, like Gecko) Chrome/137.0.7151.103 Mobile Safari/537.36 (compatible; Googlebot/2.1; +http://www.google.com/bot.html)"
66.249.74.68 - - [06/Jul/2025:12:17:27 -0400] "GET /277yjpfo49352.html HTTP/1.1" 404 1251 "-" "Mozilla/5.0 (Linux; Android 6.0.1; Nexus 5X Build/MMB29P) AppleWebKit/537.36 (KHTML, like Gecko) Chrome/137.0.7151.103 Mobile Safari/537.36 (compatible; Googlebot/2.1; +http://www.google.com/bot.html)"
57.141.0.20 - - [06/Jul/2025:12:18:53 -0400] "GET /?sitemapindex.xml HTTP/1.1" 200 1079 "-" "meta-externalagent/1.1 (+https://developers.facebook.com/docs/sharing/webmasters/crawler)"
43.157.95.131 - - [06/Jul/2025:12:20:09 -0400] "GET /wp-content/?SD HTTP/1.1" 200 545 "-" "Mozilla/5.0 (iPhone; CPU iPhone OS 13_2_3 like Mac OS X) AppleWebKit/605.1.15 (KHTML, like Gecko) Version/13.0.3 Mobile/15E148 Safari/604.1"
69.197.182.50 - - [06/Jul/2025:12:21:22 -0400] "GET /wp-includes/wp-configs.php HTTP/1.1" 404 1251 "https://alafaftravel.com/wp-includes/wp-configs.php" "Mozilla/5.0 (Windows NT 10.0; Win64; x64) AppleWebKit/537.36 (KHTML, like Gecko) Chrome/58.0.3029.110 Safari/537.3"
66.249.74.68 - - [06/Jul/2025:12:22:03 -0400] "GET /72ancpg4109.html HTTP/1.1" 404 1251 "-" "Mozilla/5.0 (Linux; Android 6.0.1; Nexus 5X Build/MMB29P) AppleWebKit/537.36 (KHTML, like Gecko) Chrome/137.0.7151.103 Mobile Safari/537.36 (compatible; Googlebot/2.1; +http://www.google.com/bot.html)"
66.249.74.70 - - [06/Jul/2025:12:24:39 -0400] "GET /11cuoq34436.html HTTP/1.1" 404 1251 "-" "Mozilla/5.0 (Linux; Android 6.0.1; Nexus 5X Build/MMB29P) AppleWebKit/537.36 (KHTML, like Gecko) Chrome/137.0.7151.103 Mobile Safari/537.36 (compatible; Googlebot/2.1; +http://www.google.com/bot.html)"
43.130.39.254 - - [06/Jul/2025:12:28:09 -0400] "GET /wp-admin/?MA HTTP/1.1" 200 540 "-" "Mozilla/5.0 (iPhone; CPU iPhone OS 13_2_3 like Mac OS X) AppleWebKit/605.1.15 (KHTML, like Gecko) Version/13.0.3 Mobile/15E148 Safari/604.1"
66.249.74.70 - - [06/Jul/2025:12:28:16 -0400] "GET /113jliax11234.html HTTP/1.1" 404 1251 "-" "Mozilla/5.0 (Linux; Android 6.0.1; Nexus 5X Build/MMB29P) AppleWebKit/537.36 (KHTML, like Gecko) Chrome/137.0.7151.103 Mobile Safari/537.36 (compatible; Googlebot/2.1; +http://www.google.com/bot.html)"
66.249.74.70 - - [06/Jul/2025:12:31:51 -0400] "GET /94fri26719.html HTTP/1.1" 404 1251 "-" "Mozilla/5.0 (Linux; Android 6.0.1; Nexus 5X Build/MMB29P) AppleWebKit/537.36 (KHTML, like Gecko) Chrome/137.0.7151.103 Mobile Safari/537.36 (compatible; Googlebot/2.1; +http://www.google.com/bot.html)"
66.249.74.70 - - [06/Jul/2025:12:35:19 -0400] "GET /214fpk20623.html HTTP/1.1" 404 1251 "-" "Mozilla/5.0 (Linux; Android 6.0.1; Nexus 5X Build/MMB29P) AppleWebKit/537.36 (KHTML, like Gecko) Chrome/137.0.7151.103 Mobile Safari/537.36 (compatible; Googlebot/2.1; +http://www.google.com/bot.html)"
66.249.74.70 - - [06/Jul/2025:12:38:47 -0400] "GET /59iult37252.html HTTP/1.1" 404 1251 "-" "Mozilla/5.0 (Linux; Android 6.0.1; Nexus 5X Build/MMB29P) AppleWebKit/537.36 (KHTML, like Gecko) Chrome/137.0.7151.103 Mobile Safari/537.36 (compatible; Googlebot/2.1; +http://www.google.com/bot.html)"
43.133.187.11 - - [06/Jul/2025:12:40:22 -0400] "GET /wp-admin/?SA HTTP/1.1" 200 541 "-" "Mozilla/5.0 (iPhone; CPU iPhone OS 13_2_3 like Mac OS X) AppleWebKit/605.1.15 (KHTML, like Gecko) Version/13.0.3 Mobile/15E148 Safari/604.1"
216.73.216.136 - - [06/Jul/2025:12:42:08 -0400] "GET /pages.php HTTP/1.1" 404 1251 "-" "Mozilla/5.0 AppleWebKit/537.36 (KHTML, like Gecko; compatible; ClaudeBot/1.0; [email protected])"
66.249.74.68 - - [06/Jul/2025:12:42:15 -0400] "GET /219cxf36184.html HTTP/1.1" 404 1251 "-" "Mozilla/5.0 (Linux; Android 6.0.1; Nexus 5X Build/MMB29P) AppleWebKit/537.36 (KHTML, like Gecko) Chrome/137.0.7151.103 Mobile Safari/537.36 (compatible; Googlebot/2.1; +http://www.google.com/bot.html)"
66.249.74.69 - - [06/Jul/2025:12:45:42 -0400] "GET /m281003349?srsltid=AfmBOoeGTurvtLkWYjAEQ3_Tv56dD0Z58_Ivrk7V9v-M-8Bu3cKDkw HTTP/1.1" 404 1251 "-" "Mozilla/5.0 (Linux; Android 6.0.1; Nexus 5X Build/MMB29P) AppleWebKit/537.36 (KHTML, like Gecko) Chrome/137.0.7151.103 Mobile Safari/537.36 (compatible; Googlebot/2.1; +http://www.google.com/bot.html)"
66.249.74.70 - - [06/Jul/2025:12:49:10 -0400] "GET /53xlyd12448.html HTTP/1.1" 404 1251 "-" "Mozilla/5.0 (Linux; Android 6.0.1; Nexus 5X Build/MMB29P) AppleWebKit/537.36 (KHTML, like Gecko) Chrome/137.0.7151.103 Mobile Safari/537.36 (compatible; Googlebot/2.1; +http://www.google.com/bot.html)"
198.235.24.146 - - [06/Jul/2025:12:49:48 -0400] "GET / HTTP/1.1" 200 1079 "-" "-"
43.156.168.214 - - [06/Jul/2025:12:51:33 -0400] "GET /wp-admin/?ND HTTP/1.1" 200 537 "-" "Mozilla/5.0 (iPhone; CPU iPhone OS 13_2_3 like Mac OS X) AppleWebKit/605.1.15 (KHTML, like Gecko) Version/13.0.3 Mobile/15E148 Safari/604.1"
66.249.74.68 - - [06/Jul/2025:12:52:39 -0400] "GET /252jdev46849.html HTTP/1.1" 404 1251 "-" "Mozilla/5.0 (Linux; Android 6.0.1; Nexus 5X Build/MMB29P) AppleWebKit/537.36 (KHTML, like Gecko) Chrome/137.0.7151.103 Mobile Safari/537.36 (compatible; Googlebot/2.1; +http://www.google.com/bot.html)"
44.252.103.6 - - [06/Jul/2025:12:54:35 -0400] "GET / HTTP/1.1" 200 1079 "-" "Mozilla/5.0 (Windows NT 10.0; Win64; x64)AppleWebKit/537.36 (KHTML, like Gecko) Chrome/66.0.3359.181 Safari/537.36"
44.252.103.6 - - [06/Jul/2025:12:54:37 -0400] "GET / HTTP/1.1" 200 1079 "-" "Mozilla/5.0 (Windows NT 10.0; Win64; x64)AppleWebKit/537.36 (KHTML, like Gecko) Chrome/66.0.3359.181 Safari/537.36"
66.249.74.77 - - [06/Jul/2025:12:56:05 -0400] "GET /157pihbi1578.html HTTP/1.1" 404 1251 "-" "Mozilla/5.0 (Linux; Android 6.0.1; Nexus 5X Build/MMB29P) AppleWebKit/537.36 (KHTML, like Gecko) Chrome/137.0.7151.103 Mobile Safari/537.36 (compatible; Googlebot/2.1; +http://www.google.com/bot.html)"
66.249.74.77 - - [06/Jul/2025:12:59:33 -0400] "GET /135evkjg15492.html HTTP/1.1" 404 1251 "-" "Mozilla/5.0 (Linux; Android 6.0.1; Nexus 5X Build/MMB29P) AppleWebKit/537.36 (KHTML, like Gecko) Chrome/137.0.7151.103 Mobile Safari/537.36 (compatible; Googlebot/2.1; +http://www.google.com/bot.html)"
43.133.91.48 - - [06/Jul/2025:13:00:06 -0400] "GET /?MA HTTP/1.1" 200 1081 "-" "Mozilla/5.0 (iPhone; CPU iPhone OS 13_2_3 like Mac OS X) AppleWebKit/605.1.15 (KHTML, like Gecko) Version/13.0.3 Mobile/15E148 Safari/604.1"
66.249.74.76 - - [06/Jul/2025:13:03:01 -0400] "GET /140cae35085.html HTTP/1.1" 404 1251 "-" "Mozilla/5.0 (Linux; Android 6.0.1; Nexus 5X Build/MMB29P) AppleWebKit/537.36 (KHTML, like Gecko) Chrome/137.0.7151.103 Mobile Safari/537.36 (compatible; Googlebot/2.1; +http://www.google.com/bot.html)"
66.249.74.76 - - [06/Jul/2025:13:06:28 -0400] "GET /137dfib41098.html HTTP/1.1" 404 1251 "-" "Mozilla/5.0 (Linux; Android 6.0.1; Nexus 5X Build/MMB29P) AppleWebKit/537.36 (KHTML, like Gecko) Chrome/137.0.7151.103 Mobile Safari/537.36 (compatible; Googlebot/2.1; +http://www.google.com/bot.html)"
43.157.170.13 - - [06/Jul/2025:13:09:55 -0400] "GET /?SD HTTP/1.1" 200 1085 "-" "Mozilla/5.0 (iPhone; CPU iPhone OS 13_2_3 like Mac OS X) AppleWebKit/605.1.15 (KHTML, like Gecko) Version/13.0.3 Mobile/15E148 Safari/604.1"
66.249.74.75 - - [06/Jul/2025:13:10:56 -0400] "GET /48heb48017.html HTTP/1.1" 404 1251 "-" "Mozilla/5.0 (Linux; Android 6.0.1; Nexus 5X Build/MMB29P) AppleWebKit/537.36 (KHTML, like Gecko) Chrome/137.0.7151.103 Mobile Safari/537.36 (compatible; Googlebot/2.1; +http://www.google.com/bot.html)"
66.249.74.75 - - [06/Jul/2025:13:13:24 -0400] "GET /m132044432?srsltid=AfmBOomMfqYoHdYYiLrLhS_ALAEBvHibx_mF9viGoJ-W-vYL5bQZWu HTTP/1.1" 404 1251 "-" "Mozilla/5.0 (Linux; Android 6.0.1; Nexus 5X Build/MMB29P) AppleWebKit/537.36 (KHTML, like Gecko) Chrome/137.0.7151.103 Mobile Safari/537.36 (compatible; Googlebot/2.1; +http://www.google.com/bot.html)"
2001:41d0:303:98bf::1 - - [06/Jul/2025:13:13:55 -0400] "GET /robots.txt HTTP/1.1" 304 0 "-" "Mozilla/5.0 (compatible; MJ12bot/v1.4.8; http://mj12bot.com/)"
2001:41d0:303:98bf::1 - - [06/Jul/2025:13:13:57 -0400] "GET /b72cc/?MD HTTP/1.1" 200 539 "-" "Mozilla/5.0 (compatible; MJ12bot/v1.4.8; http://mj12bot.com/)"
2001:41d0:303:98bf::1 - - [06/Jul/2025:13:13:59 -0400] "GET /b72cc/?NA HTTP/1.1" 200 536 "-" "Mozilla/5.0 (compatible; MJ12bot/v1.4.8; http://mj12bot.com/)"
2001:41d0:303:98bf::1 - - [06/Jul/2025:13:14:01 -0400] "GET /b72cc/?SD HTTP/1.1" 200 540 "-" "Mozilla/5.0 (compatible; MJ12bot/v1.4.8; http://mj12bot.com/)"
2001:41d0:303:98bf::1 - - [06/Jul/2025:13:14:02 -0400] "GET /wp-content/?MD HTTP/1.1" 200 541 "-" "Mozilla/5.0 (compatible; MJ12bot/v1.4.8; http://mj12bot.com/)"
2001:41d0:303:98bf::1 - - [06/Jul/2025:13:14:04 -0400] "GET /wp-content/?NA HTTP/1.1" 200 540 "-" "Mozilla/5.0 (compatible; MJ12bot/v1.4.8; http://mj12bot.com/)"
2001:41d0:303:98bf::1 - - [06/Jul/2025:13:14:06 -0400] "GET /wp-content/?SD HTTP/1.1" 200 541 "-" "Mozilla/5.0 (compatible; MJ12bot/v1.4.8; http://mj12bot.com/)"
2001:41d0:303:98bf::1 - - [06/Jul/2025:13:14:07 -0400] "GET /wp-includes/?MD HTTP/1.1" 200 777 "-" "Mozilla/5.0 (compatible; MJ12bot/v1.4.8; http://mj12bot.com/)"
2001:41d0:303:98bf::1 - - [06/Jul/2025:13:14:09 -0400] "GET /wp-includes/?NA HTTP/1.1" 200 773 "-" "Mozilla/5.0 (compatible; MJ12bot/v1.4.8; http://mj12bot.com/)"
2001:41d0:303:98bf::1 - - [06/Jul/2025:13:14:11 -0400] "GET /wp-includes/?SD HTTP/1.1" 200 780 "-" "Mozilla/5.0 (compatible; MJ12bot/v1.4.8; http://mj12bot.com/)"
66.249.74.68 - - [06/Jul/2025:13:17:51 -0400] "GET /261lcpd21152.html HTTP/1.1" 404 1251 "-" "Mozilla/5.0 (Linux; Android 6.0.1; Nexus 5X Build/MMB29P) AppleWebKit/537.36 (KHTML, like Gecko) Chrome/137.0.7151.103 Mobile Safari/537.36 (compatible; Googlebot/2.1; +http://www.google.com/bot.html)"
66.249.74.70 - - [06/Jul/2025:13:20:19 -0400] "GET /97awzd31510.html HTTP/1.1" 404 1251 "-" "Mozilla/5.0 (Linux; Android 6.0.1; Nexus 5X Build/MMB29P) AppleWebKit/537.36 (KHTML, like Gecko) Chrome/137.0.7151.103 Mobile Safari/537.36 (compatible; Googlebot/2.1; +http://www.google.com/bot.html)"
222.79.103.59 - - [06/Jul/2025:13:20:46 -0400] "GET / HTTP/1.1" 200 1079 "http://alafaftravel.com" "Mozilla/5.0 (iPhone; CPU iPhone OS 13_2_3 like Mac OS X) AppleWebKit/605.1.15 (KHTML, like Gecko) Version/13.0.3 Mobile/15E148 Safari/604.1"
43.153.15.51 - - [06/Jul/2025:13:21:05 -0400] "GET /wp-admin/?MD HTTP/1.1" 200 540 "-" "Mozilla/5.0 (iPhone; CPU iPhone OS 13_2_3 like Mac OS X) AppleWebKit/605.1.15 (KHTML, like Gecko) Version/13.0.3 Mobile/15E148 Safari/604.1"
66.249.74.76 - - [06/Jul/2025:13:23:47 -0400] "GET /m032005692?srsltid=AfmBOoUoEqWctIHirV0XQH_s86tkRXDLM_BKlXOgNn-U-f1HxrSD0H HTTP/1.1" 404 1251 "-" "Mozilla/5.0 (Linux; Android 6.0.1; Nexus 5X Build/MMB29P) AppleWebKit/537.36 (KHTML, like Gecko) Chrome/137.0.7151.103 Mobile Safari/537.36 (compatible; Googlebot/2.1; +http://www.google.com/bot.html)"
66.249.74.76 - - [06/Jul/2025:13:27:15 -0400] "GET /m105021419?srsltid=AfmBOoaCzbOtKYokNgvGNO_NjWZwdepg0_W0MEzZiK-P-2hWLqvs0H HTTP/1.1" 404 1251 "-" "Mozilla/5.0 (Linux; Android 6.0.1; Nexus 5X Build/MMB29P) AppleWebKit/537.36 (KHTML, like Gecko) Chrome/137.0.7151.103 Mobile Safari/537.36 (compatible; Googlebot/2.1; +http://www.google.com/bot.html)"
51.222.253.10 - - [06/Jul/2025:13:28:38 -0400] "GET /?sitemap610.xml HTTP/1.1" 200 1079 "-" "Mozilla/5.0 (compatible; AhrefsBot/7.0; +http://ahrefs.com/robot/)"
208.110.64.178 - - [06/Jul/2025:13:30:40 -0400] "GET /wp-includes/wp-configs.php HTTP/1.1" 404 1251 "https://alafaftravel.com/wp-includes/wp-configs.php" "Mozilla/5.0 (Windows NT 10.0; Win64; x64) AppleWebKit/537.36 (KHTML, like Gecko) Chrome/58.0.3029.110 Safari/537.3"
66.249.74.70 - - [06/Jul/2025:13:30:42 -0400] "GET /?_gl=1*4s0ppmp*_ga*RAlzqzZOTAMexXMgEgkYaqsdgiZc*_ga_CARFGDGOI*AgIkzmohuBXi40HvzfCuDdiOADqgDRkFh3Lwie51mTmnQqa5t0CvXLV.*_gcl_au=1.1.194511120.179091103*_gcl_aw=PJL.177267233.bwMiQz43vzB5dsZxhOY41QsqASgOWrXR42OeIkrKtScxVHmBEwnSwt4kyv8hLHJotgCjgI0uGlGGZ3zgJSBMl4kJuM..&_gz=2.199854720.192246984.176420308-860381144.169581522&_bdsid=p7jqux.n~XVQTZ.178076164.170610900&_bd_prev_page=https://alafaftravel.com/remote.xhtml?m138024408?srsltid=AfmBOozEvjHSYUGFC0YBfO_5Yd3vPes8G_PjGmhH1U-V-YAoclGsMH HTTP/1.1" 403 1242 "-" "Mozilla/5.0 (Linux; Android 6.0.1; Nexus 5X Build/MMB29P) AppleWebKit/537.36 (KHTML, like Gecko) Chrome/137.0.7151.103 Mobile Safari/537.36 (compatible; Googlebot/2.1; +http://www.google.com/bot.html)"
40.77.167.27 - - [06/Jul/2025:13:31:30 -0400] "GET /?sitemap610.xml HTTP/1.1" 200 1079 "-" "Mozilla/5.0 AppleWebKit/537.36 (KHTML, like Gecko; compatible; bingbot/2.0; +http://www.bing.com/bingbot.htm) Chrome/116.0.1938.76 Safari/537.36"
43.153.10.83 - - [06/Jul/2025:13:32:36 -0400] "GET /wp-admin/?NA HTTP/1.1" 200 538 "-" "Mozilla/5.0 (iPhone; CPU iPhone OS 13_2_3 like Mac OS X) AppleWebKit/605.1.15 (KHTML, like Gecko) Version/13.0.3 Mobile/15E148 Safari/604.1"
66.249.74.70 - - [06/Jul/2025:13:34:31 -0400] "GET /pages.php?sitemap964.xml HTTP/1.1" 404 1251 "-" "Mozilla/5.0 (compatible; Googlebot/2.1; +http://www.google.com/bot.html)"
66.249.74.75 - - [06/Jul/2025:13:41:31 -0400] "GET /190rniw16711.html HTTP/1.1" 404 1251 "-" "Mozilla/5.0 (Linux; Android 6.0.1; Nexus 5X Build/MMB29P) AppleWebKit/537.36 (KHTML, like Gecko) Chrome/137.0.7151.103 Mobile Safari/537.36 (compatible; Googlebot/2.1; +http://www.google.com/bot.html)"
43.166.253.94 - - [06/Jul/2025:13:42:52 -0400] "GET /wp-admin/?SD HTTP/1.1" 200 541 "-" "Mozilla/5.0 (iPhone; CPU iPhone OS 13_2_3 like Mac OS X) AppleWebKit/605.1.15 (KHTML, like Gecko) Version/13.0.3 Mobile/15E148 Safari/604.1"
66.249.74.77 - - [06/Jul/2025:13:43:15 -0400] "GET /243iqk14978.html HTTP/1.1" 404 1251 "-" "Mozilla/5.0 (Linux; Android 6.0.1; Nexus 5X Build/MMB29P) AppleWebKit/537.36 (KHTML, like Gecko) Chrome/137.0.7151.103 Mobile Safari/537.36 (compatible; Googlebot/2.1; +http://www.google.com/bot.html)"
66.249.74.75 - - [06/Jul/2025:13:44:59 -0400] "GET /m060032144?srsltid=AfmBOoctJROjdmaVjpOLtk_xR0r8rhOiz_fZCuCgpw-G-h2hikEqT2 HTTP/1.1" 404 1251 "-" "Mozilla/5.0 (Linux; Android 6.0.1; Nexus 5X Build/MMB29P) AppleWebKit/537.36 (KHTML, like Gecko) Chrome/137.0.7151.103 Mobile Safari/537.36 (compatible; Googlebot/2.1; +http://www.google.com/bot.html)"
66.249.74.76 - - [06/Jul/2025:13:46:43 -0400] "GET /181avjo26394.html HTTP/1.1" 404 1251 "-" "Mozilla/5.0 (Linux; Android 6.0.1; Nexus 5X Build/MMB29P) AppleWebKit/537.36 (KHTML, like Gecko) Chrome/137.0.7151.103 Mobile Safari/537.36 (compatible; Googlebot/2.1; +http://www.google.com/bot.html)"
66.249.74.75 - - [06/Jul/2025:13:48:26 -0400] "GET /283jpxp34206.html HTTP/1.1" 404 1251 "-" "Mozilla/5.0 (Linux; Android 6.0.1; Nexus 5X Build/MMB29P) AppleWebKit/537.36 (KHTML, like Gecko) Chrome/137.0.7151.103 Mobile Safari/537.36 (compatible; Googlebot/2.1; +http://www.google.com/bot.html)"
66.249.74.76 - - [06/Jul/2025:13:51:28 -0400] "GET /m056044710?srsltid=AfmBOoRSWLxXavDnqEGV1R_PzbhK5KgfW_hCgqrqsi-U-XuJu9FYH9 HTTP/1.1" 404 1251 "-" "Mozilla/5.0 (Linux; Android 6.0.1; Nexus 5X Build/MMB29P) AppleWebKit/537.36 (KHTML, like Gecko) Chrome/137.0.7151.103 Mobile Safari/537.36 (compatible; Googlebot/2.1; +http://www.google.com/bot.html)"
43.153.36.110 - - [06/Jul/2025:13:52:39 -0400] "GET /?NA HTTP/1.1" 200 1079 "-" "Mozilla/5.0 (iPhone; CPU iPhone OS 13_2_3 like Mac OS X) AppleWebKit/605.1.15 (KHTML, like Gecko) Version/13.0.3 Mobile/15E148 Safari/604.1"
66.249.74.75 - - [06/Jul/2025:13:54:56 -0400] "GET /16wxtpc35997.html HTTP/1.1" 404 1251 "-" "Mozilla/5.0 (Linux; Android 6.0.1; Nexus 5X Build/MMB29P) AppleWebKit/537.36 (KHTML, like Gecko) Chrome/137.0.7151.103 Mobile Safari/537.36 (compatible; Googlebot/2.1; +http://www.google.com/bot.html)"
66.249.74.77 - - [06/Jul/2025:13:59:24 -0400] "GET /104hve7265.html HTTP/1.1" 404 1251 "-" "Mozilla/5.0 (Linux; Android 6.0.1; Nexus 5X Build/MMB29P) AppleWebKit/537.36 (KHTML, like Gecko) Chrome/137.0.7151.103 Mobile Safari/537.36 (compatible; Googlebot/2.1; +http://www.google.com/bot.html)"
66.249.74.75 - - [06/Jul/2025:14:01:51 -0400] "GET /41dbycz27888.html HTTP/1.1" 404 1251 "-" "Mozilla/5.0 (Linux; Android 6.0.1; Nexus 5X Build/MMB29P) AppleWebKit/537.36 (KHTML, like Gecko) Chrome/137.0.7151.103 Mobile Safari/537.36 (compatible; Googlebot/2.1; +http://www.google.com/bot.html)"
66.249.74.75 - - [06/Jul/2025:14:05:19 -0400] "GET /34wbp35229.html HTTP/1.1" 404 1251 "-" "Mozilla/5.0 (Linux; Android 6.0.1; Nexus 5X Build/MMB29P) AppleWebKit/537.36 (KHTML, like Gecko) Chrome/137.0.7151.103 Mobile Safari/537.36 (compatible; Googlebot/2.1; +http://www.google.com/bot.html)"
49.51.204.74 - - [06/Jul/2025:14:05:29 -0400] "GET /b72cc/ HTTP/1.1" 200 536 "-" "Mozilla/5.0 (iPhone; CPU iPhone OS 13_2_3 like Mac OS X) AppleWebKit/605.1.15 (KHTML, like Gecko) Version/13.0.3 Mobile/15E148 Safari/604.1"
66.249.74.70 - - [06/Jul/2025:14:08:47 -0400] "GET /m031017743?srsltid=AfmBOoUXwxUorXkErgUTFT_vDleldueXV_rjwjFiwD-Q-HlDMH2oHe HTTP/1.1" 404 1251 "-" "Mozilla/5.0 (Linux; Android 6.0.1; Nexus 5X Build/MMB29P) AppleWebKit/537.36 (KHTML, like Gecko) Chrome/137.0.7151.103 Mobile Safari/537.36 (compatible; Googlebot/2.1; +http://www.google.com/bot.html)"
43.165.65.180 - - [06/Jul/2025:14:10:33 -0400] "GET /wp-includes/ HTTP/1.1" 200 773 "-" "Mozilla/5.0 (iPhone; CPU iPhone OS 13_2_3 like Mac OS X) AppleWebKit/605.1.15 (KHTML, like Gecko) Version/13.0.3 Mobile/15E148 Safari/604.1"
49.51.253.26 - - [06/Jul/2025:14:10:36 -0400] "GET / HTTP/1.1" 200 1079 "http://alafaftravel.com" "Mozilla/5.0 (iPhone; CPU iPhone OS 13_2_3 like Mac OS X) AppleWebKit/605.1.15 (KHTML, like Gecko) Version/13.0.3 Mobile/15E148 Safari/604.1"
204.12.252.98 - - [06/Jul/2025:14:11:39 -0400] "GET /wp-includes/wp-configs.php HTTP/1.1" 404 1251 "https://alafaftravel.com/wp-includes/wp-configs.php" "Mozilla/5.0 (Windows NT 10.0; Win64; x64) AppleWebKit/537.36 (KHTML, like Gecko) Chrome/58.0.3029.110 Safari/537.3"
66.249.74.70 - - [06/Jul/2025:14:12:14 -0400] "GET /m238005172?srsltid=AfmBOogcgnShkIkNW3jGTd_uQXOfKmHaW_m9l2qJsW-L-xCuZeRN19 HTTP/1.1" 404 1251 "-" "Mozilla/5.0 (Linux; Android 6.0.1; Nexus 5X Build/MMB29P) AppleWebKit/537.36 (KHTML, like Gecko) Chrome/137.0.7151.103 Mobile Safari/537.36 (compatible; Googlebot/2.1; +http://www.google.com/bot.html)"
208.110.64.178 - - [06/Jul/2025:14:17:23 -0400] "GET /wp-includes/wp-configs.php HTTP/1.1" 404 1251 "https://alafaftravel.com/wp-includes/wp-configs.php" "Mozilla/5.0 (Windows NT 10.0; Win64; x64) AppleWebKit/537.36 (KHTML, like Gecko) Chrome/58.0.3029.110 Safari/537.3"
66.249.74.70 - - [06/Jul/2025:14:17:42 -0400] "GET /m300028588?srsltid=AfmBOoBtVVTooXmnF9Z3CF_xlpcfmi0U5_yQZIYnRx-F-esgTmyVg6 HTTP/1.1" 404 1251 "-" "Mozilla/5.0 (Linux; Android 6.0.1; Nexus 5X Build/MMB29P) AppleWebKit/537.36 (KHTML, like Gecko) Chrome/137.0.7151.103 Mobile Safari/537.36 (compatible; Googlebot/2.1; +http://www.google.com/bot.html)"
66.249.74.68 - - [06/Jul/2025:14:19:26 -0400] "GET /m112014218?srsltid=AfmBOohWkszdXAKFHfVbpx_cwrmlSt2tX_uiWospjp-W-n02k6kJ8h HTTP/1.1" 404 1251 "-" "Mozilla/5.0 (Linux; Android 6.0.1; Nexus 5X Build/MMB29P) AppleWebKit/537.36 (KHTML, like Gecko) Chrome/137.0.7151.103 Mobile Safari/537.36 (compatible; Googlebot/2.1; +http://www.google.com/bot.html)"
2a03:2880:f800:c:: - - [06/Jul/2025:14:20:09 -0400] "GET /?sitemap149.xml HTTP/1.1" 200 1079 "-" "meta-externalagent/1.1 (+https://developers.facebook.com/docs/sharing/webmasters/crawler)"
66.249.74.68 - - [06/Jul/2025:14:22:38 -0400] "GET /m233037257?srsltid=AfmBOoNNzNtjtnNAP7Bqbq_wKzqzFglKj_SoUotGWS-J-tz7y2RsAW HTTP/1.1" 404 1251 "-" "Mozilla/5.0 (Linux; Android 6.0.1; Nexus 5X Build/MMB29P) AppleWebKit/537.36 (KHTML, like Gecko) Chrome/137.0.7151.103 Mobile Safari/537.36 (compatible; Googlebot/2.1; +http://www.google.com/bot.html)"
204.12.252.98 - - [06/Jul/2025:14:25:37 -0400] "GET /wp-includes/wp-configs.php HTTP/1.1" 404 1251 "https://alafaftravel.com/wp-includes/wp-configs.php" "Mozilla/5.0 (Windows NT 10.0; Win64; x64) AppleWebKit/537.36 (KHTML, like Gecko) Chrome/58.0.3029.110 Safari/537.3"
66.249.74.70 - - [06/Jul/2025:14:26:05 -0400] "GET /254oawf39369.html HTTP/1.1" 404 1251 "-" "Mozilla/5.0 (Linux; Android 6.0.1; Nexus 5X Build/MMB29P) AppleWebKit/537.36 (KHTML, like Gecko) Chrome/137.0.7151.103 Mobile Safari/537.36 (compatible; Googlebot/2.1; +http://www.google.com/bot.html)"
69.197.182.50 - - [06/Jul/2025:14:28:35 -0400] "GET /wp-includes/wp-configs.php HTTP/1.1" 404 1251 "https://alafaftravel.com/wp-includes/wp-configs.php" "Mozilla/5.0 (Windows NT 10.0; Win64; x64) AppleWebKit/537.36 (KHTML, like Gecko) Chrome/58.0.3029.110 Safari/537.3"
66.249.74.70 - - [06/Jul/2025:14:29:33 -0400] "GET /201mvl7900.html HTTP/1.1" 404 1251 "-" "Mozilla/5.0 (Linux; Android 6.0.1; Nexus 5X Build/MMB29P) AppleWebKit/537.36 (KHTML, like Gecko) Chrome/137.0.7151.103 Mobile Safari/537.36 (compatible; Googlebot/2.1; +http://www.google.com/bot.html)"
66.249.74.76 - - [06/Jul/2025:14:35:59 -0400] "GET /204nkucq7357.html HTTP/1.1" 404 1251 "-" "Mozilla/5.0 (Linux; Android 6.0.1; Nexus 5X Build/MMB29P) AppleWebKit/537.36 (KHTML, like Gecko) Chrome/137.0.7151.103 Mobile Safari/537.36 (compatible; Googlebot/2.1; +http://www.google.com/bot.html)"
69.197.182.50 - - [06/Jul/2025:14:38:28 -0400] "GET /wp-includes/wp-configs.php HTTP/1.1" 404 1251 "https://alafaftravel.com/wp-includes/wp-configs.php" "Mozilla/5.0 (Windows NT 10.0; Win64; x64) AppleWebKit/537.36 (KHTML, like Gecko) Chrome/58.0.3029.110 Safari/537.3"
216.73.216.136 - - [06/Jul/2025:14:41:25 -0400] "GET /robots.txt HTTP/1.1" 304 0 "-" "Mozilla/5.0 AppleWebKit/537.36 (KHTML, like Gecko; compatible; ClaudeBot/1.0; [email protected])"
216.73.216.136 - - [06/Jul/2025:14:41:26 -0400] "GET /pages.php HTTP/1.1" 404 1251 "-" "Mozilla/5.0 AppleWebKit/537.36 (KHTML, like Gecko; compatible; ClaudeBot/1.0; [email protected])"
66.249.74.68 - - [06/Jul/2025:14:44:25 -0400] "GET /122aiyce1351.html HTTP/1.1" 404 1251 "-" "Mozilla/5.0 (Linux; Android 6.0.1; Nexus 5X Build/MMB29P) AppleWebKit/537.36 (KHTML, like Gecko) Chrome/137.0.7151.103 Mobile Safari/537.36 (compatible; Googlebot/2.1; +http://www.google.com/bot.html)"
66.249.74.70 - - [06/Jul/2025:14:48:50 -0400] "GET /140woqzn35931.html HTTP/1.1" 404 1251 "-" "Mozilla/5.0 (Linux; Android 6.0.1; Nexus 5X Build/MMB29P) AppleWebKit/537.36 (KHTML, like Gecko) Chrome/137.0.7151.103 Mobile Safari/537.36 (compatible; Googlebot/2.1; +http://www.google.com/bot.html)"
66.249.74.70 - - [06/Jul/2025:14:55:16 -0400] "GET /98sbow46819.html HTTP/1.1" 404 1251 "-" "Mozilla/5.0 (Linux; Android 6.0.1; Nexus 5X Build/MMB29P) AppleWebKit/537.36 (KHTML, like Gecko) Chrome/137.0.7151.103 Mobile Safari/537.36 (compatible; Googlebot/2.1; +http://www.google.com/bot.html)"
57.141.0.30 - - [06/Jul/2025:14:57:38 -0400] "GET /index.html HTTP/1.1" 404 1251 "-" "meta-externalagent/1.1 (+https://developers.facebook.com/docs/sharing/webmasters/crawler)"
208.110.64.178 - - [06/Jul/2025:14:59:04 -0400] "GET /wp-includes/wp-configs.php HTTP/1.1" 404 1251 "https://alafaftravel.com/wp-includes/wp-configs.php" "Mozilla/5.0 (Windows NT 10.0; Win64; x64) AppleWebKit/537.36 (KHTML, like Gecko) Chrome/58.0.3029.110 Safari/537.3"
66.249.74.75 - - [06/Jul/2025:15:01:42 -0400] "GET /127tam40266.html HTTP/1.1" 404 1251 "-" "Mozilla/5.0 (Linux; Android 6.0.1; Nexus 5X Build/MMB29P) AppleWebKit/537.36 (KHTML, like Gecko) Chrome/137.0.7151.103 Mobile Safari/537.36 (compatible; Googlebot/2.1; +http://www.google.com/bot.html)"
66.249.74.77 - - [06/Jul/2025:15:08:07 -0400] "GET /m251027447?srsltid=AfmBOouRDUZSdbLbCdUv84_Fi6UZ9zudg_6kdQU1G4-W-0fwxvtsDR HTTP/1.1" 404 1251 "-" "Mozilla/5.0 (Linux; Android 6.0.1; Nexus 5X Build/MMB29P) AppleWebKit/537.36 (KHTML, like Gecko) Chrome/137.0.7151.103 Mobile Safari/537.36 (compatible; Googlebot/2.1; +http://www.google.com/bot.html)"
208.110.64.178 - - [06/Jul/2025:15:11:40 -0400] "GET /wp-includes/wp-configs.php HTTP/1.1" 404 1251 "https://alafaftravel.com/wp-includes/wp-configs.php" "Mozilla/5.0 (Windows NT 10.0; Win64; x64) AppleWebKit/537.36 (KHTML, like Gecko) Chrome/58.0.3029.110 Safari/537.3"
66.249.74.75 - - [06/Jul/2025:15:14:33 -0400] "GET /211bjor39700.html HTTP/1.1" 404 1251 "-" "Mozilla/5.0 (Linux; Android 6.0.1; Nexus 5X Build/MMB29P) AppleWebKit/537.36 (KHTML, like Gecko) Chrome/137.0.7151.103 Mobile Safari/537.36 (compatible; Googlebot/2.1; +http://www.google.com/bot.html)"
69.197.182.50 - - [06/Jul/2025:15:27:49 -0400] "GET /wp-includes/wp-configs.php HTTP/1.1" 404 1251 "https://alafaftravel.com/wp-includes/wp-configs.php" "Mozilla/5.0 (Windows NT 10.0; Win64; x64) AppleWebKit/537.36 (KHTML, like Gecko) Chrome/58.0.3029.110 Safari/537.3"
216.73.216.136 - - [06/Jul/2025:15:28:08 -0400] "GET / HTTP/1.1" 200 1079 "-" "Mozilla/5.0 AppleWebKit/537.36 (KHTML, like Gecko; compatible; ClaudeBot/1.0; [email protected])"
66.249.74.69 - - [06/Jul/2025:15:41:31 -0400] "GET /10fex26995.html HTTP/1.1" 404 1251 "-" "Mozilla/5.0 (Linux; Android 6.0.1; Nexus 5X Build/MMB29P) AppleWebKit/537.36 (KHTML, like Gecko) Chrome/137.0.7151.103 Mobile Safari/537.36 (compatible; Googlebot/2.1; +http://www.google.com/bot.html)"
2a03:2880:3ff:71:: - - [06/Jul/2025:15:43:01 -0400] "GET /robots.txt HTTP/1.1" 200 109 "-" "facebookexternalhit/1.1 (+http://www.facebook.com/externalhit_uatext.php)"
2a03:2880:f800:16:: - - [06/Jul/2025:15:43:02 -0400] "GET / HTTP/1.1" 200 1082 "-" "meta-externalagent/1.1 (+https://developers.facebook.com/docs/sharing/webmasters/crawler)"
57.141.0.15 - - [06/Jul/2025:15:43:44 -0400] "GET / HTTP/1.1" 200 1079 "-" "meta-externalagent/1.1 (+https://developers.facebook.com/docs/sharing/webmasters/crawler)"
204.12.252.98 - - [06/Jul/2025:15:44:39 -0400] "GET /wp-includes/wp-configs.php HTTP/1.1" 404 1251 "https://alafaftravel.com/wp-includes/wp-configs.php" "Mozilla/5.0 (Windows NT 10.0; Win64; x64) AppleWebKit/537.36 (KHTML, like Gecko) Chrome/58.0.3029.110 Safari/537.3"
66.249.74.68 - - [06/Jul/2025:15:44:44 -0400] "GET /m173042817?srsltid=AfmBOoXgUzZyhHQmXKgq1q_1uLILs3eJ5_m2J28ZOL-J-NLd9GzMkJ HTTP/1.1" 404 1251 "-" "Mozilla/5.0 (Linux; Android 6.0.1; Nexus 5X Build/MMB29P) AppleWebKit/537.36 (KHTML, like Gecko) Chrome/137.0.7151.103 Mobile Safari/537.36 (compatible; Googlebot/2.1; +http://www.google.com/bot.html)"
66.249.74.77 - - [06/Jul/2025:15:47:57 -0400] "GET /91ekuty48730.html HTTP/1.1" 404 1251 "-" "Mozilla/5.0 (Linux; Android 6.0.1; Nexus 5X Build/MMB29P) AppleWebKit/537.36 (KHTML, like Gecko) Chrome/137.0.7151.103 Mobile Safari/537.36 (compatible; Googlebot/2.1; +http://www.google.com/bot.html)"
66.249.74.76 - - [06/Jul/2025:15:51:10 -0400] "GET /147rgysb42580.html HTTP/1.1" 404 1251 "-" "Mozilla/5.0 (Linux; Android 6.0.1; Nexus 5X Build/MMB29P) AppleWebKit/537.36 (KHTML, like Gecko) Chrome/137.0.7151.103 Mobile Safari/537.36 (compatible; Googlebot/2.1; +http://www.google.com/bot.html)"
66.249.74.76 - - [06/Jul/2025:15:54:23 -0400] "GET /89iot3398.html HTTP/1.1" 404 1251 "-" "Mozilla/5.0 (Linux; Android 6.0.1; Nexus 5X Build/MMB29P) AppleWebKit/537.36 (KHTML, like Gecko) Chrome/137.0.7151.103 Mobile Safari/537.36 (compatible; Googlebot/2.1; +http://www.google.com/bot.html)"
2a03:2880:3ff:73:: - - [06/Jul/2025:15:56:53 -0400] "GET /robots.txt HTTP/1.1" 200 109 "-" "facebookexternalhit/1.1 (+http://www.facebook.com/externalhit_uatext.php)"
208.110.64.178 - - [06/Jul/2025:15:57:06 -0400] "GET /wp-includes/wp-configs.php HTTP/1.1" 404 1251 "https://alafaftravel.com/wp-includes/wp-configs.php" "Mozilla/5.0 (Windows NT 10.0; Win64; x64) AppleWebKit/537.36 (KHTML, like Gecko) Chrome/58.0.3029.110 Safari/537.3"
2a03:2880:f800:6:: - - [06/Jul/2025:15:57:06 -0400] "GET /index.html HTTP/1.1" 404 1251 "-" "meta-externalagent/1.1 (+https://developers.facebook.com/docs/sharing/webmasters/crawler)"
66.249.74.77 - - [06/Jul/2025:15:57:36 -0400] "GET /28cfo26247.html HTTP/1.1" 404 1251 "-" "Mozilla/5.0 (Linux; Android 6.0.1; Nexus 5X Build/MMB29P) AppleWebKit/537.36 (KHTML, like Gecko) Chrome/137.0.7151.103 Mobile Safari/537.36 (compatible; Googlebot/2.1; +http://www.google.com/bot.html)"
66.249.74.75 - - [06/Jul/2025:16:00:50 -0400] "GET /217yyqq41914.html HTTP/1.1" 404 1251 "-" "Mozilla/5.0 (Linux; Android 6.0.1; Nexus 5X Build/MMB29P) AppleWebKit/537.36 (KHTML, like Gecko) Chrome/137.0.7151.103 Mobile Safari/537.36 (compatible; Googlebot/2.1; +http://www.google.com/bot.html)"
69.197.135.226 - - [06/Jul/2025:16:03:11 -0400] "GET /wp-includes/wp-configs.php HTTP/1.1" 404 1251 "https://alafaftravel.com/wp-includes/wp-configs.php" "Mozilla/5.0 (Windows NT 10.0; Win64; x64) AppleWebKit/537.36 (KHTML, like Gecko) Chrome/58.0.3029.110 Safari/537.3"
208.110.64.178 - - [06/Jul/2025:16:07:24 -0400] "GET /wp-includes/wp-configs.php HTTP/1.1" 404 1251 "https://alafaftravel.com/wp-includes/wp-configs.php" "Mozilla/5.0 (Windows NT 10.0; Win64; x64) AppleWebKit/537.36 (KHTML, like Gecko) Chrome/58.0.3029.110 Safari/537.3"
66.249.74.76 - - [06/Jul/2025:16:09:14 -0400] "GET /248gaej38279.html HTTP/1.1" 404 1251 "-" "Mozilla/5.0 (Linux; Android 6.0.1; Nexus 5X Build/MMB29P) AppleWebKit/537.36 (KHTML, like Gecko) Chrome/137.0.7151.103 Mobile Safari/537.36 (compatible; Googlebot/2.1; +http://www.google.com/bot.html)"
66.249.74.75 - - [06/Jul/2025:16:09:14 -0400] "GET /robots.txt HTTP/1.1" 304 0 "-" "Mozilla/5.0 (compatible; Googlebot/2.1; +http://www.google.com/bot.html)"
69.197.135.226 - - [06/Jul/2025:16:11:12 -0400] "GET /wp-includes/wp-configs.php HTTP/1.1" 404 1251 "https://alafaftravel.com/wp-includes/wp-configs.php" "Mozilla/5.0 (Windows NT 10.0; Win64; x64) AppleWebKit/537.36 (KHTML, like Gecko) Chrome/58.0.3029.110 Safari/537.3"
66.249.74.75 - - [06/Jul/2025:16:13:40 -0400] "GET /m120031164?srsltid=AfmBOoqatJYrRfqLfxnHqp_6fGdxZdAlT_BOpICpjn-Q-LyxLiUQjg HTTP/1.1" 404 1251 "-" "Mozilla/5.0 (Linux; Android 6.0.1; Nexus 5X Build/MMB29P) AppleWebKit/537.36 (KHTML, like Gecko) Chrome/137.0.7151.103 Mobile Safari/537.36 (compatible; Googlebot/2.1; +http://www.google.com/bot.html)"
69.197.182.50 - - [06/Jul/2025:16:14:20 -0400] "GET /wp-includes/wp-configs.php HTTP/1.1" 404 1251 "https://alafaftravel.com/wp-includes/wp-configs.php" "Mozilla/5.0 (Windows NT 10.0; Win64; x64) AppleWebKit/537.36 (KHTML, like Gecko) Chrome/58.0.3029.110 Safari/537.3"
208.110.64.178 - - [06/Jul/2025:16:18:56 -0400] "GET /wp-includes/wp-configs.php HTTP/1.1" 404 1251 "https://alafaftravel.com/wp-includes/wp-configs.php" "Mozilla/5.0 (Windows NT 10.0; Win64; x64) AppleWebKit/537.36 (KHTML, like Gecko) Chrome/58.0.3029.110 Safari/537.3"
66.249.74.75 - - [06/Jul/2025:16:21:06 -0400] "GET /146xhl28591.html HTTP/1.1" 404 1251 "-" "Mozilla/5.0 (Linux; Android 6.0.1; Nexus 5X Build/MMB29P) AppleWebKit/537.36 (KHTML, like Gecko) Chrome/137.0.7151.103 Mobile Safari/537.36 (compatible; Googlebot/2.1; +http://www.google.com/bot.html)"
204.12.252.98 - - [06/Jul/2025:16:22:21 -0400] "GET /wp-includes/wp-configs.php HTTP/1.1" 404 1251 "https://alafaftravel.com/wp-includes/wp-configs.php" "Mozilla/5.0 (Windows NT 10.0; Win64; x64) AppleWebKit/537.36 (KHTML, like Gecko) Chrome/58.0.3029.110 Safari/537.3"
66.249.74.68 - - [06/Jul/2025:16:26:31 -0400] "GET /111ccvf1100.html HTTP/1.1" 404 1251 "-" "Mozilla/5.0 (Linux; Android 6.0.1; Nexus 5X Build/MMB29P) AppleWebKit/537.36 (KHTML, like Gecko) Chrome/137.0.7151.103 Mobile Safari/537.36 (compatible; Googlebot/2.1; +http://www.google.com/bot.html)"
208.110.64.178 - - [06/Jul/2025:16:27:34 -0400] "GET /wp-includes/wp-configs.php HTTP/1.1" 404 1251 "https://alafaftravel.com/wp-includes/wp-configs.php" "Mozilla/5.0 (Windows NT 10.0; Win64; x64) AppleWebKit/537.36 (KHTML, like Gecko) Chrome/58.0.3029.110 Safari/537.3"
208.110.64.178 - - [06/Jul/2025:16:30:48 -0400] "GET /wp-includes/wp-configs.php HTTP/1.1" 404 1251 "https://alafaftravel.com/wp-includes/wp-configs.php" "Mozilla/5.0 (Windows NT 10.0; Win64; x64) AppleWebKit/537.36 (KHTML, like Gecko) Chrome/58.0.3029.110 Safari/537.3"
204.12.252.98 - - [06/Jul/2025:16:37:27 -0400] "GET /wp-includes/wp-configs.php HTTP/1.1" 404 1251 "https://alafaftravel.com/wp-includes/wp-configs.php" "Mozilla/5.0 (Windows NT 10.0; Win64; x64) AppleWebKit/537.36 (KHTML, like Gecko) Chrome/58.0.3029.110 Safari/537.3"
208.110.64.178 - - [06/Jul/2025:16:41:14 -0400] "GET /wp-includes/wp-configs.php HTTP/1.1" 404 1251 "https://alafaftravel.com/wp-includes/wp-configs.php" "Mozilla/5.0 (Windows NT 10.0; Win64; x64) AppleWebKit/537.36 (KHTML, like Gecko) Chrome/58.0.3029.110 Safari/537.3"
204.12.252.98 - - [06/Jul/2025:16:44:06 -0400] "GET /wp-includes/wp-configs.php HTTP/1.1" 404 1251 "https://alafaftravel.com/wp-includes/wp-configs.php" "Mozilla/5.0 (Windows NT 10.0; Win64; x64) AppleWebKit/537.36 (KHTML, like Gecko) Chrome/58.0.3029.110 Safari/537.3"
208.110.64.178 - - [06/Jul/2025:16:47:20 -0400] "GET /wp-includes/wp-configs.php HTTP/1.1" 404 1251 "https://alafaftravel.com/wp-includes/wp-configs.php" "Mozilla/5.0 (Windows NT 10.0; Win64; x64) AppleWebKit/537.36 (KHTML, like Gecko) Chrome/58.0.3029.110 Safari/537.3"
69.197.135.226 - - [06/Jul/2025:16:54:09 -0400] "GET /wp-includes/wp-configs.php HTTP/1.1" 404 1251 "https://alafaftravel.com/wp-includes/wp-configs.php" "Mozilla/5.0 (Windows NT 10.0; Win64; x64) AppleWebKit/537.36 (KHTML, like Gecko) Chrome/58.0.3029.110 Safari/537.3"
69.197.182.50 - - [06/Jul/2025:16:58:47 -0400] "GET /wp-includes/wp-configs.php HTTP/1.1" 404 1251 "https://alafaftravel.com/wp-includes/wp-configs.php" "Mozilla/5.0 (Windows NT 10.0; Win64; x64) AppleWebKit/537.36 (KHTML, like Gecko) Chrome/58.0.3029.110 Safari/537.3"
216.73.216.136 - - [06/Jul/2025:17:02:14 -0400] "GET /robots.txt HTTP/1.1" 304 0 "-" "Mozilla/5.0 AppleWebKit/537.36 (KHTML, like Gecko; compatible; ClaudeBot/1.0; [email protected])"
216.73.216.136 - - [06/Jul/2025:17:02:14 -0400] "GET /pages.php HTTP/1.1" 404 1251 "-" "Mozilla/5.0 AppleWebKit/537.36 (KHTML, like Gecko; compatible; ClaudeBot/1.0; [email protected])"
216.73.216.136 - - [06/Jul/2025:17:02:14 -0400] "GET / HTTP/1.1" 200 1079 "-" "Mozilla/5.0 AppleWebKit/537.36 (KHTML, like Gecko; compatible; ClaudeBot/1.0; [email protected])"
69.197.182.50 - - [06/Jul/2025:17:04:19 -0400] "GET /wp-includes/wp-configs.php HTTP/1.1" 404 1251 "https://alafaftravel.com/wp-includes/wp-configs.php" "Mozilla/5.0 (Windows NT 10.0; Win64; x64) AppleWebKit/537.36 (KHTML, like Gecko) Chrome/58.0.3029.110 Safari/537.3"
69.197.135.226 - - [06/Jul/2025:17:05:11 -0400] "GET /wp-includes/wp-configs.php HTTP/1.1" 404 1251 "https://alafaftravel.com/wp-includes/wp-configs.php" "Mozilla/5.0 (Windows NT 10.0; Win64; x64) AppleWebKit/537.36 (KHTML, like Gecko) Chrome/58.0.3029.110 Safari/537.3"
208.110.64.178 - - [06/Jul/2025:17:15:36 -0400] "GET /wp-includes/wp-configs.php HTTP/1.1" 404 1251 "https://alafaftravel.com/wp-includes/wp-configs.php" "Mozilla/5.0 (Windows NT 10.0; Win64; x64) AppleWebKit/537.36 (KHTML, like Gecko) Chrome/58.0.3029.110 Safari/537.3"
69.197.135.226 - - [06/Jul/2025:17:19:35 -0400] "GET /wp-includes/wp-configs.php HTTP/1.1" 404 1251 "https://alafaftravel.com/wp-includes/wp-configs.php" "Mozilla/5.0 (Windows NT 10.0; Win64; x64) AppleWebKit/537.36 (KHTML, like Gecko) Chrome/58.0.3029.110 Safari/537.3"
205.210.31.51 - - [06/Jul/2025:17:20:06 -0400] "GET / HTTP/1.1" 200 1079 "-" "-"
208.110.64.178 - - [06/Jul/2025:17:31:14 -0400] "GET /wp-includes/wp-configs.php HTTP/1.1" 404 1251 "https://alafaftravel.com/wp-includes/wp-configs.php" "Mozilla/5.0 (Windows NT 10.0; Win64; x64) AppleWebKit/537.36 (KHTML, like Gecko) Chrome/58.0.3029.110 Safari/537.3"
69.197.135.226 - - [06/Jul/2025:17:40:00 -0400] "GET /wp-includes/wp-configs.php HTTP/1.1" 404 1251 "https://alafaftravel.com/wp-includes/wp-configs.php" "Mozilla/5.0 (Windows NT 10.0; Win64; x64) AppleWebKit/537.36 (KHTML, like Gecko) Chrome/58.0.3029.110 Safari/537.3"
66.249.74.70 - - [06/Jul/2025:17:41:32 -0400] "GET /m075002345?srsltid=AfmBOokmDdXtIPnPyp27pP_15V1B6rAKN_OzERiHmw-B-CFqkAbj8J HTTP/1.1" 404 1251 "-" "Mozilla/5.0 (Linux; Android 6.0.1; Nexus 5X Build/MMB29P) AppleWebKit/537.36 (KHTML, like Gecko) Chrome/137.0.7151.103 Mobile Safari/537.36 (compatible; Googlebot/2.1; +http://www.google.com/bot.html)"
66.249.74.69 - - [06/Jul/2025:17:56:32 -0400] "GET /120xufzf33559.html HTTP/1.1" 404 1251 "-" "Mozilla/5.0 (Linux; Android 6.0.1; Nexus 5X Build/MMB29P) AppleWebKit/537.36 (KHTML, like Gecko) Chrome/137.0.7151.103 Mobile Safari/537.36 (compatible; Googlebot/2.1; +http://www.google.com/bot.html)"
204.12.252.98 - - [06/Jul/2025:18:09:08 -0400] "GET /wp-includes/wp-configs.php HTTP/1.1" 404 1251 "https://alafaftravel.com/wp-includes/wp-configs.php" "Mozilla/5.0 (Windows NT 10.0; Win64; x64) AppleWebKit/537.36 (KHTML, like Gecko) Chrome/58.0.3029.110 Safari/537.3"
66.249.74.75 - - [06/Jul/2025:18:11:32 -0400] "GET /149gim10112.html HTTP/1.1" 404 1251 "-" "Mozilla/5.0 (Linux; Android 6.0.1; Nexus 5X Build/MMB29P) AppleWebKit/537.36 (KHTML, like Gecko) Chrome/137.0.7151.103 Mobile Safari/537.36 (compatible; Googlebot/2.1; +http://www.google.com/bot.html)"
66.249.74.75 - - [06/Jul/2025:18:26:32 -0400] "GET /m058015846?srsltid=AfmBOoxpblqVBWfCRMT20h_veVyLhq7Pp_AqPjFksC-Z-LVZ5UrKNx HTTP/1.1" 404 1251 "-" "Mozilla/5.0 (Linux; Android 6.0.1; Nexus 5X Build/MMB29P) AppleWebKit/537.36 (KHTML, like Gecko) Chrome/137.0.7151.103 Mobile Safari/537.36 (compatible; Googlebot/2.1; +http://www.google.com/bot.html)"
204.12.252.98 - - [06/Jul/2025:19:08:47 -0400] "GET /wp-includes/wp-configs.php HTTP/1.1" 404 1251 "https://alafaftravel.com/wp-includes/wp-configs.php" "Mozilla/5.0 (Windows NT 10.0; Win64; x64) AppleWebKit/537.36 (KHTML, like Gecko) Chrome/58.0.3029.110 Safari/537.3"
195.72.145.228 - - [06/Jul/2025:19:20:06 -0400] "POST /xmlrpc.php HTTP/1.1" 404 1251 "-" "Mozilla/5.0 (Windows NT 10.0; Win64; x64) AppleWebKit/537.36 (KHTML, like Gecko) Chrome/91.0.4472.124 Safari/537.36"
197.184.112.6 - - [06/Jul/2025:19:20:29 -0400] "POST /xmlrpc.php HTTP/1.1" 404 1251 "-" "Mozilla/5.0 (Windows NT 10.0; Win64; x64) AppleWebKit/537.36 (KHTML, like Gecko) Chrome/91.0.4472.124 Safari/537.36"
66.249.74.75 - - [06/Jul/2025:19:26:31 -0400] "GET /287qtr35950.html HTTP/1.1" 404 1251 "-" "Mozilla/5.0 (Linux; Android 6.0.1; Nexus 5X Build/MMB29P) AppleWebKit/537.36 (KHTML, like Gecko) Chrome/137.0.7151.103 Mobile Safari/537.36 (compatible; Googlebot/2.1; +http://www.google.com/bot.html)"
69.197.135.226 - - [06/Jul/2025:19:53:26 -0400] "GET /wp-includes/wp-configs.php HTTP/1.1" 404 1251 "https://alafaftravel.com/wp-includes/wp-configs.php" "Mozilla/5.0 (Windows NT 10.0; Win64; x64) AppleWebKit/537.36 (KHTML, like Gecko) Chrome/58.0.3029.110 Safari/537.3"
43.167.241.46 - - [06/Jul/2025:19:59:33 -0400] "GET / HTTP/1.1" 200 1082 "http://www.alafaftravel.com" "Mozilla/5.0 (iPhone; CPU iPhone OS 13_2_3 like Mac OS X) AppleWebKit/605.1.15 (KHTML, like Gecko) Version/13.0.3 Mobile/15E148 Safari/604.1"
49.51.38.193 - - [06/Jul/2025:20:15:28 -0400] "GET / HTTP/1.1" 200 1079 "http://alafaftravel.com" "Mozilla/5.0 (iPhone; CPU iPhone OS 13_2_3 like Mac OS X) AppleWebKit/605.1.15 (KHTML, like Gecko) Version/13.0.3 Mobile/15E148 Safari/604.1"
34.162.213.199 - - [06/Jul/2025:20:22:10 -0400] "GET /.git/config HTTP/1.1" 403 1242 "-" "ct\xe2\x80\x91git\xe2\x80\x91scanner/0.4"
34.162.213.199 - - [06/Jul/2025:20:22:10 -0400] "GET /.git/HEAD HTTP/1.1" 403 1242 "-" "ct\xe2\x80\x91git\xe2\x80\x91scanner/0.4"
66.249.74.75 - - [06/Jul/2025:20:26:31 -0400] "GET /robots.txt HTTP/1.1" 304 0 "-" "Mozilla/5.0 (compatible; Googlebot/2.1; +http://www.google.com/bot.html)"
66.249.74.77 - - [06/Jul/2025:20:26:31 -0400] "GET /249udi33586.html HTTP/1.1" 404 1251 "-" "Mozilla/5.0 (Linux; Android 6.0.1; Nexus 5X Build/MMB29P) AppleWebKit/537.36 (KHTML, like Gecko) Chrome/137.0.7151.103 Mobile Safari/537.36 (compatible; Googlebot/2.1; +http://www.google.com/bot.html)"
2a03:2880:f800:16:: - - [06/Jul/2025:20:46:01 -0400] "GET /cgi-bin/ HTTP/1.1" 403 1242 "-" "meta-externalagent/1.1 (+https://developers.facebook.com/docs/sharing/webmasters/crawler)"
69.197.135.226 - - [06/Jul/2025:20:54:19 -0400] "GET /wp-includes/wp-configs.php HTTP/1.1" 404 1251 "https://alafaftravel.com/wp-includes/wp-configs.php" "Mozilla/5.0 (Windows NT 10.0; Win64; x64) AppleWebKit/537.36 (KHTML, like Gecko) Chrome/58.0.3029.110 Safari/537.3"
216.73.216.136 - - [06/Jul/2025:21:03:55 -0400] "GET /robots.txt HTTP/1.1" 304 0 "-" "Mozilla/5.0 AppleWebKit/537.36 (KHTML, like Gecko; compatible; ClaudeBot/1.0; [email protected])"
216.73.216.136 - - [06/Jul/2025:21:03:55 -0400] "GET /pages.php HTTP/1.1" 404 1251 "-" "Mozilla/5.0 AppleWebKit/537.36 (KHTML, like Gecko; compatible; ClaudeBot/1.0; [email protected])"
66.249.74.77 - - [06/Jul/2025:21:07:36 -0400] "GET /127dwg718.html HTTP/1.1" 404 1251 "-" "Mozilla/5.0 (Linux; Android 6.0.1; Nexus 5X Build/MMB29P) AppleWebKit/537.36 (KHTML, like Gecko) Chrome/137.0.7151.103 Mobile Safari/537.36 (compatible; Googlebot/2.1; +http://www.google.com/bot.html)"
34.162.170.77 - - [06/Jul/2025:21:15:50 -0400] "GET /.git/config HTTP/1.1" 403 1242 "-" "ct\xe2\x80\x91git\xe2\x80\x91scanner/0.4"
34.162.170.77 - - [06/Jul/2025:21:15:50 -0400] "GET /.git/HEAD HTTP/1.1" 403 1242 "-" "ct\xe2\x80\x91git\xe2\x80\x91scanner/0.4"
43.130.106.18 - - [06/Jul/2025:21:35:02 -0400] "GET / HTTP/1.1" 200 1079 "http://alafaftravel.com" "Mozilla/5.0 (iPhone; CPU iPhone OS 13_2_3 like Mac OS X) AppleWebKit/605.1.15 (KHTML, like Gecko) Version/13.0.3 Mobile/15E148 Safari/604.1"
54.36.148.31 - - [06/Jul/2025:21:46:39 -0400] "GET /robots.txt HTTP/1.1" 304 0 "-" "Mozilla/5.0 (compatible; AhrefsBot/7.0; +http://ahrefs.com/robot/)"
51.222.253.18 - - [06/Jul/2025:21:46:40 -0400] "GET /?sitemap149.xml HTTP/1.1" 200 1079 "-" "Mozilla/5.0 (compatible; AhrefsBot/7.0; +http://ahrefs.com/robot/)"
66.249.74.68 - - [06/Jul/2025:21:46:55 -0400] "GET /m135037527?srsltid=AfmBOoasFQekZPQn0gfyX1_OaY8mGP1cr_9k6y4Is7-P-TCBFugcIb HTTP/1.1" 404 1251 "-" "Mozilla/5.0 (Linux; Android 6.0.1; Nexus 5X Build/MMB29P) AppleWebKit/537.36 (KHTML, like Gecko) Chrome/137.0.7151.103 Mobile Safari/537.36 (compatible; Googlebot/2.1; +http://www.google.com/bot.html)"
45.135.232.178 - - [06/Jul/2025:21:47:03 -0400] "GET / HTTP/1.1" 200 1079 "https://google.com/" "Mozilla/5.0 (Windows NT 10.0; Win64; x64) AppleWebKit/537.36 (KHTML, like Gecko) Chrome/133.0.0.0 Safari/537.36"
45.135.232.178 - - [06/Jul/2025:21:47:07 -0400] "GET / HTTP/1.1" 200 1079 "-" "Mozilla/5.0 (Windows NT 10.0; Win64; x64; rv:134.0) Gecko/20100101 Firefox/135.0"
45.135.232.178 - - [06/Jul/2025:21:47:11 -0400] "GET /admin HTTP/1.1" 404 1251 "-" "Mozilla/5.0 (Windows NT 10.0; Win64; x64; rv:134.0) Gecko/20100101 Firefox/135.0"
43.166.131.228 - - [06/Jul/2025:21:50:56 -0400] "GET /googlea6244499e898b62c.html HTTP/1.1" 200 53 "-" "Mozilla/5.0 (iPhone; CPU iPhone OS 13_2_3 like Mac OS X) AppleWebKit/605.1.15 (KHTML, like Gecko) Version/13.0.3 Mobile/15E148 Safari/604.1"
216.73.216.136 - - [06/Jul/2025:21:52:54 -0400] "GET / HTTP/1.1" 200 1079 "-" "Mozilla/5.0 AppleWebKit/537.36 (KHTML, like Gecko; compatible; ClaudeBot/1.0; [email protected])"
43.153.73.200 - - [06/Jul/2025:22:00:06 -0400] "GET /robots.txt HTTP/1.1" 200 109 "-" "Mozilla/5.0 (iPhone; CPU iPhone OS 13_2_3 like Mac OS X) AppleWebKit/605.1.15 (KHTML, like Gecko) Version/13.0.3 Mobile/15E148 Safari/604.1"
43.153.87.54 - - [06/Jul/2025:22:06:23 -0400] "GET / HTTP/1.1" 200 1082 "http://www.alafaftravel.com" "Mozilla/5.0 (iPhone; CPU iPhone OS 13_2_3 like Mac OS X) AppleWebKit/605.1.15 (KHTML, like Gecko) Version/13.0.3 Mobile/15E148 Safari/604.1"
162.14.210.15 - - [06/Jul/2025:22:08:17 -0400] "GET / HTTP/1.1" 200 1082 "http://www.alafaftravel.com" "Mozilla/5.0 (iPhone; CPU iPhone OS 13_2_3 like Mac OS X) AppleWebKit/605.1.15 (KHTML, like Gecko) Version/13.0.3 Mobile/15E148 Safari/604.1"
204.12.252.98 - - [06/Jul/2025:22:13:33 -0400] "GET /wp-includes/wp-configs.php HTTP/1.1" 404 1251 "https://alafaftravel.com/wp-includes/wp-configs.php" "Mozilla/5.0 (Windows NT 10.0; Win64; x64) AppleWebKit/537.36 (KHTML, like Gecko) Chrome/58.0.3029.110 Safari/537.3"
170.106.160.90 - - [06/Jul/2025:22:14:20 -0400] "GET /?sitemap75.xml HTTP/1.1" 200 1079 "-" "Mozilla/5.0 (iPhone; CPU iPhone OS 13_2_3 like Mac OS X) AppleWebKit/605.1.15 (KHTML, like Gecko) Version/13.0.3 Mobile/15E148 Safari/604.1"
43.130.78.203 - - [06/Jul/2025:22:21:06 -0400] "GET /?sitemap385.xml HTTP/1.1" 200 1079 "-" "Mozilla/5.0 (iPhone; CPU iPhone OS 13_2_3 like Mac OS X) AppleWebKit/605.1.15 (KHTML, like Gecko) Version/13.0.3 Mobile/15E148 Safari/604.1"
66.249.74.76 - - [06/Jul/2025:22:21:14 -0400] "GET /98jcv17637.html HTTP/1.1" 404 1251 "-" "Mozilla/5.0 (Linux; Android 6.0.1; Nexus 5X Build/MMB29P) AppleWebKit/537.36 (KHTML, like Gecko) Chrome/137.0.7151.103 Mobile Safari/537.36 (compatible; Googlebot/2.1; +http://www.google.com/bot.html)"
