66.249.74.78 - - [06/Jul/2025:11:25:47 -0400] "GET /q-~277OOPB7tEthmYoW26cTlgi9oXf5weLLH31472/ HTTP/1.1" 404 1251 "-" "Mozilla/5.0 (Linux; Android 6.0.1; Nexus 5X Build/MMB29P) AppleWebKit/537.36 (KHTML, like Gecko) Chrome/137.0.7151.103 Mobile Safari/537.36 (compatible; Googlebot/2.1; +http://www.google.com/bot.html)"
47.82.60.18 - - [06/Jul/2025:11:25:52 -0400] "GET /wp-includes/class-wp-paused-extensions-storage.php HTTP/1.1" 403 1242 "https://www.nas-yemen.org/wp-includes/class-wp-paused-extensions-storage.php" "Mozilla/5.0 (Windows NT 10.0; Win64; x64) AppleWebKit/537.36 (KHTML, like Gecko) Chrome/114.0.0.0 Safari/537.36 Edg/114.0.1823.43"
47.82.60.36 - - [06/Jul/2025:11:26:05 -0400] "GET /wp-includes/template-loader.php HTTP/1.1" 403 1242 "https://nas-yemen.org/wp-includes/template-loader.php" "Mozilla/5.0 (Windows NT 10.0; Win64; x64) AppleWebKit/537.36 (KHTML, like Gecko) Chrome/114.0.0.0 Safari/537.36 Edg/114.0.1823.43"
66.249.74.65 - - [06/Jul/2025:11:26:30 -0400] "GET /q-~203ZN8GGL4rt4gMNT1zKEZtMF14hzphVG5406/ HTTP/1.1" 404 1251 "-" "Mozilla/5.0 (compatible; Googlebot/2.1; +http://www.google.com/bot.html)"
66.249.74.78 - - [06/Jul/2025:11:26:31 -0400] "GET /q-~203ZN8GGL4rt4gMNT1zKEZtMF14hzphVG5406/ HTTP/1.1" 404 1251 "-" "Mozilla/5.0 (compatible; Googlebot/2.1; +http://www.google.com/bot.html)"
47.82.60.27 - - [06/Jul/2025:11:26:34 -0400] "GET /wp-includes/class-wp-term-query.php HTTP/1.1" 403 1242 "https://nas-yemen.org/wp-includes/class-wp-term-query.php" "Mozilla/5.0 (Windows NT 10.0; Win64; x64) AppleWebKit/537.36 (KHTML, like Gecko) Chrome/114.0.0.0 Safari/537.36 Edg/114.0.1823.43"
66.249.74.78 - - [06/Jul/2025:11:26:38 -0400] "GET /items/fzbwp16/34828?key=spouse HTTP/1.1" 404 1251 "-" "Mozilla/5.0 (Linux; Android 6.0.1; Nexus 5X Build/MMB29P) AppleWebKit/537.36 (KHTML, like Gecko) Chrome/137.0.7151.103 Mobile Safari/537.36 (compatible; Googlebot/2.1; +http://www.google.com/bot.html)"
47.82.60.45 - - [06/Jul/2025:11:26:40 -0400] "GET /items/sttwz206/14488?key=mud HTTP/1.1" 404 1251 "https://nas-yemen.org/items/sttwz206/14488?key=mud" "Mozilla/5.0 (Windows NT 10.0; Win64; x64) AppleWebKit/537.36 (KHTML, like Gecko) Chrome/114.0.0.0 Safari/537.36 Edg/114.0.1823.43"
47.82.60.11 - - [06/Jul/2025:11:26:40 -0400] "GET /q-~115ShLBmjzrug6PwBHTyz0GdGnAW246uc5380/ HTTP/1.1" 404 1251 "https://nas-yemen.org/q-~115ShLBmjzrug6PwBHTyz0GdGnAW246uc5380/" "Mozilla/5.0 (Windows NT 10.0; Win64; x64) AppleWebKit/537.36 (KHTML, like Gecko) Chrome/114.0.0.0 Safari/537.36 Edg/114.0.1823.43"
47.82.60.24 - - [06/Jul/2025:11:26:44 -0400] "GET /wp-includes/ms-load.php HTTP/1.1" 403 1242 "https://www.nas-yemen.org/wp-includes/ms-load.php" "Mozilla/5.0 (Windows NT 10.0; Win64; x64) AppleWebKit/537.36 (KHTML, like Gecko) Chrome/114.0.0.0 Safari/537.36 Edg/114.0.1823.43"
47.82.60.41 - - [06/Jul/2025:11:26:51 -0400] "GET /wp-includes/ms-network.php HTTP/1.1" 403 1242 "https://www.nas-yemen.org/wp-includes/ms-network.php" "Mozilla/5.0 (Windows NT 10.0; Win64; x64) AppleWebKit/537.36 (KHTML, like Gecko) Chrome/114.0.0.0 Safari/537.36 Edg/114.0.1823.43"
66.249.74.78 - - [06/Jul/2025:11:26:54 -0400] "GET /q-~129iF6LLWtcZ1p3EffX9zYAUZXHEzzC9w36044/ HTTP/1.1" 404 1251 "-" "Mozilla/5.0 (Linux; Android 6.0.1; Nexus 5X Build/MMB29P) AppleWebKit/537.36 (KHTML, like Gecko) Chrome/137.0.7151.103 Mobile Safari/537.36 (compatible; GoogleOther)"
47.82.60.25 - - [06/Jul/2025:11:26:58 -0400] "GET /wp-includes/html-api HTTP/1.1" 301 795 "https://nas-yemen.org/wp-includes/html-api" "Mozilla/5.0 (Windows NT 10.0; Win64; x64) AppleWebKit/537.36 (KHTML, like Gecko) Chrome/114.0.0.0 Safari/537.36 Edg/114.0.1823.43"
47.82.60.25 - - [06/Jul/2025:11:26:59 -0400] "GET /wp-includes/html-api/ HTTP/1.1" 200 1273 "https://nas-yemen.org/wp-includes/html-api" "Mozilla/5.0 (Windows NT 10.0; Win64; x64) AppleWebKit/537.36 (KHTML, like Gecko) Chrome/114.0.0.0 Safari/537.36 Edg/114.0.1823.43"
47.82.60.39 - - [06/Jul/2025:11:27:05 -0400] "GET /wp-includes/class-wp-customize-widgets.php HTTP/1.1" 403 1242 "https://nas-yemen.org/wp-includes/class-wp-customize-widgets.php" "Mozilla/5.0 (Windows NT 10.0; Win64; x64) AppleWebKit/537.36 (KHTML, like Gecko) Chrome/114.0.0.0 Safari/537.36 Edg/114.0.1823.43"
66.249.74.64 - - [06/Jul/2025:11:27:14 -0400] "GET /q-~42jzbCFE2q9fkEWv21DjvVL4misu7hmZ33835/ HTTP/1.1" 404 1251 "-" "Mozilla/5.0 (compatible; Googlebot/2.1; +http://www.google.com/bot.html)"
66.249.74.64 - - [06/Jul/2025:11:27:25 -0400] "GET /q-~242btu0yYrGMKiQLwCtqgVLH3Bc4TTbnz44981/ HTTP/1.1" 404 1251 "-" "Mozilla/5.0 (Linux; Android 6.0.1; Nexus 5X Build/MMB29P) AppleWebKit/537.36 (KHTML, like Gecko) Chrome/137.0.7151.103 Mobile Safari/537.36 (compatible; Googlebot/2.1; +http://www.google.com/bot.html)"
20.171.207.96 - - [06/Jul/2025:11:27:39 -0400] "GET /pages.php?sitemap240.xml HTTP/1.1" 404 1251 "-" "Mozilla/5.0 AppleWebKit/537.36 (KHTML, like Gecko; compatible; GPTBot/1.2; +https://openai.com/gptbot)"
66.249.74.78 - - [06/Jul/2025:11:27:59 -0400] "GET /q-~232C6UKbKk4lsrC7Y6d5tmEWXiSjGuDIm48855/ HTTP/1.1" 404 1251 "-" "Mozilla/5.0 (compatible; Googlebot/2.1; +http://www.google.com/bot.html)"
47.82.60.47 - - [06/Jul/2025:11:28:02 -0400] "GET /wp-includes/class-phpass.php HTTP/1.1" 403 1242 "https://nas-yemen.org/wp-includes/class-phpass.php" "Mozilla/5.0 (Windows NT 10.0; Win64; x64) AppleWebKit/537.36 (KHTML, like Gecko) Chrome/114.0.0.0 Safari/537.36 Edg/114.0.1823.43"
47.82.60.10 - - [06/Jul/2025:11:28:07 -0400] "GET /wp-includes/class-wp-http-streams.php HTTP/1.1" 403 1242 "https://www.nas-yemen.org/wp-includes/class-wp-http-streams.php" "Mozilla/5.0 (Windows NT 10.0; Win64; x64) AppleWebKit/537.36 (KHTML, like Gecko) Chrome/114.0.0.0 Safari/537.36 Edg/114.0.1823.43"
47.82.60.27 - - [06/Jul/2025:11:28:17 -0400] "GET /wp-includes/update.php HTTP/1.1" 403 1242 "https://nas-yemen.org/wp-includes/update.php" "Mozilla/5.0 (Windows NT 10.0; Win64; x64) AppleWebKit/537.36 (KHTML, like Gecko) Chrome/114.0.0.0 Safari/537.36 Edg/114.0.1823.43"
47.82.60.26 - - [06/Jul/2025:11:28:18 -0400] "GET /wp-includes/class-wp-tax-query.php HTTP/1.1" 403 1242 "https://www.nas-yemen.org/wp-includes/class-wp-tax-query.php" "Mozilla/5.0 (Windows NT 10.0; Win64; x64) AppleWebKit/537.36 (KHTML, like Gecko) Chrome/114.0.0.0 Safari/537.36 Edg/114.0.1823.43"
66.249.74.64 - - [06/Jul/2025:11:28:21 -0400] "GET /q-~1ebE4bG6KoZgIA4JQCbokOXsVBnqdRn34152/ HTTP/1.1" 404 1251 "-" "Mozilla/5.0 (Linux; Android 6.0.1; Nexus 5X Build/MMB29P) AppleWebKit/537.36 (KHTML, like Gecko) Chrome/137.0.7151.103 Mobile Safari/537.36 (compatible; GoogleOther)"
47.82.60.27 - - [06/Jul/2025:11:28:22 -0400] "GET /wp-includes/revision.php HTTP/1.1" 403 1242 "https://nas-yemen.org/wp-includes/revision.php" "Mozilla/5.0 (Windows NT 10.0; Win64; x64) AppleWebKit/537.36 (KHTML, like Gecko) Chrome/114.0.0.0 Safari/537.36 Edg/114.0.1823.43"
66.249.74.78 - - [06/Jul/2025:11:28:29 -0400] "GET /q-~275dAAQbgdpE431gnzFtDU6I2Ai03gM5D6788/ HTTP/1.1" 404 1251 "-" "Mozilla/5.0 (compatible; Googlebot/2.1; +http://www.google.com/bot.html)"
47.82.60.44 - - [06/Jul/2025:11:28:36 -0400] "GET /wp-includes/feed.php HTTP/1.1" 403 1242 "https://nas-yemen.org/wp-includes/feed.php" "Mozilla/5.0 (Windows NT 10.0; Win64; x64) AppleWebKit/537.36 (KHTML, like Gecko) Chrome/114.0.0.0 Safari/537.36 Edg/114.0.1823.43"
47.82.60.10 - - [06/Jul/2025:11:28:36 -0400] "GET /wp-includes/class-wp-block-type-registry.php HTTP/1.1" 403 1242 "https://www.nas-yemen.org/wp-includes/class-wp-block-type-registry.php" "Mozilla/5.0 (Windows NT 10.0; Win64; x64) AppleWebKit/537.36 (KHTML, like Gecko) Chrome/114.0.0.0 Safari/537.36 Edg/114.0.1823.43"
66.249.74.78 - - [06/Jul/2025:11:28:36 -0400] "GET /q-~1zZE69H1hrH0Y9GbDxEL8ItYLkiaCIk25642/ HTTP/1.1" 404 1251 "-" "Mozilla/5.0 (compatible; Googlebot/2.1; +http://www.google.com/bot.html)"
20.171.207.96 - - [06/Jul/2025:11:28:42 -0400] "GET /?sitemap853.xml HTTP/1.1" 200 1470 "-" "Mozilla/5.0 AppleWebKit/537.36 (KHTML, like Gecko; compatible; GPTBot/1.2; +https://openai.com/gptbot)"
20.171.207.96 - - [06/Jul/2025:11:28:44 -0400] "GET /?sitemap853.xml HTTP/1.1" 200 1470 "-" "Mozilla/5.0 AppleWebKit/537.36 (KHTML, like Gecko; compatible; GPTBot/1.2; +https://openai.com/gptbot)"
66.249.74.78 - - [06/Jul/2025:11:28:45 -0400] "GET /q-~298J9bGmEs0BDQqW3waj4aAYc6YFezJaE29367/ HTTP/1.1" 404 1251 "-" "Mozilla/5.0 (compatible; Googlebot/2.1; +http://www.google.com/bot.html)"
47.82.60.49 - - [06/Jul/2025:11:28:54 -0400] "GET /wp-includes/class-wp-customize-setting.php HTTP/1.1" 403 1242 "https://www.nas-yemen.org/wp-includes/class-wp-customize-setting.php" "Mozilla/5.0 (Windows NT 10.0; Win64; x64) AppleWebKit/537.36 (KHTML, like Gecko) Chrome/114.0.0.0 Safari/537.36 Edg/114.0.1823.43"
66.249.74.65 - - [06/Jul/2025:11:29:01 -0400] "GET /q-~3FmkYvBTxKMHadAvQQxECSqMJ54zJqp49520/ HTTP/1.1" 404 1251 "-" "Mozilla/5.0 (Linux; Android 6.0.1; Nexus 5X Build/MMB29P) AppleWebKit/537.36 (KHTML, like Gecko) Chrome/137.0.7151.103 Mobile Safari/537.36 (compatible; Googlebot/2.1; +http://www.google.com/bot.html)"
66.249.74.64 - - [06/Jul/2025:11:29:02 -0400] "GET /q-~260SWk6P9w9pTpr3ae0NQQLdDgltsfwwc40235/ HTTP/1.1" 404 1251 "-" "Mozilla/5.0 (Linux; Android 6.0.1; Nexus 5X Build/MMB29P) AppleWebKit/537.36 (KHTML, like Gecko) Chrome/137.0.7151.103 Mobile Safari/537.36 (compatible; Googlebot/2.1; +http://www.google.com/bot.html)"
66.249.74.64 - - [06/Jul/2025:11:29:25 -0400] "GET /q-~147hr5JCdVm6wQcqQ0CnKLuWnuORHLAHS20840/ HTTP/1.1" 404 1251 "-" "Mozilla/5.0 (Linux; Android 6.0.1; Nexus 5X Build/MMB29P) AppleWebKit/537.36 (KHTML, like Gecko) Chrome/137.0.7151.103 Mobile Safari/537.36 (compatible; Googlebot/2.1; +http://www.google.com/bot.html)"
66.249.74.64 - - [06/Jul/2025:11:29:27 -0400] "GET /q-~99khT3puZuhHh8odummYIvIohcK1tLUi7888/ HTTP/1.1" 404 1251 "-" "Mozilla/5.0 (compatible; Googlebot/2.1; +http://www.google.com/bot.html)"
66.249.74.78 - - [06/Jul/2025:11:29:35 -0400] "GET /q-~116fPqHX2muUFlax8ylDtNVeoJlyyNerx9915/ HTTP/1.1" 404 1251 "-" "Mozilla/5.0 (Linux; Android 6.0.1; Nexus 5X Build/MMB29P) AppleWebKit/537.36 (KHTML, like Gecko) Chrome/137.0.7151.103 Mobile Safari/537.36 (compatible; GoogleOther)"
66.249.74.65 - - [06/Jul/2025:11:30:30 -0400] "GET /q-~279d80MzQ9ONu9v0AEISyJevzAoCH4who3046/ HTTP/1.1" 404 1251 "-" "Mozilla/5.0 (Linux; Android 6.0.1; Nexus 5X Build/MMB29P) AppleWebKit/537.36 (KHTML, like Gecko) Chrome/137.0.7151.103 Mobile Safari/537.36 (compatible; GoogleOther)"
47.82.60.14 - - [06/Jul/2025:11:30:31 -0400] "GET /wp-includes/sitemaps.php HTTP/1.1" 403 1242 "https://nas-yemen.org/wp-includes/sitemaps.php" "Mozilla/5.0 (Windows NT 10.0; Win64; x64) AppleWebKit/537.36 (KHTML, like Gecko) Chrome/114.0.0.0 Safari/537.36 Edg/114.0.1823.43"
66.249.74.78 - - [06/Jul/2025:11:30:41 -0400] "GET /items/xopxy109/27767?key=divide HTTP/1.1" 404 1251 "-" "Mozilla/5.0 (Linux; Android 6.0.1; Nexus 5X Build/MMB29P) AppleWebKit/537.36 (KHTML, like Gecko) Chrome/137.0.7151.103 Mobile Safari/537.36 (compatible; Googlebot/2.1; +http://www.google.com/bot.html)"
66.249.74.78 - - [06/Jul/2025:11:31:13 -0400] "GET /items/rquwg9/12059?key=talent HTTP/1.1" 404 1251 "-" "Mozilla/5.0 (Linux; Android 6.0.1; Nexus 5X Build/MMB29P) AppleWebKit/537.36 (KHTML, like Gecko) Chrome/137.0.7151.103 Mobile Safari/537.36 (compatible; Googlebot/2.1; +http://www.google.com/bot.html)"
66.249.74.78 - - [06/Jul/2025:11:31:22 -0400] "GET /q-~49D9yJhNsZOJ5aopHYZ5uX1dP1aP7srZ37098/ HTTP/1.1" 404 1251 "-" "Mozilla/5.0 (Linux; Android 6.0.1; Nexus 5X Build/MMB29P) AppleWebKit/537.36 (KHTML, like Gecko) Chrome/137.0.7151.103 Mobile Safari/537.36 (compatible; Googlebot/2.1; +http://www.google.com/bot.html)"
66.249.74.78 - - [06/Jul/2025:11:31:39 -0400] "GET /items/kzpxm11/29571?key=medal HTTP/1.1" 404 1251 "-" "Mozilla/5.0 (Linux; Android 6.0.1; Nexus 5X Build/MMB29P) AppleWebKit/537.36 (KHTML, like Gecko) Chrome/137.0.7151.103 Mobile Safari/537.36 (compatible; Googlebot/2.1; +http://www.google.com/bot.html)"
66.249.74.78 - - [06/Jul/2025:11:31:41 -0400] "GET /q-~95oLXHiq8ftkVHhk7OlvGbXJl5blMYrm8496/ HTTP/1.1" 404 1251 "-" "Mozilla/5.0 (compatible; Googlebot/2.1; +http://www.google.com/bot.html)"
20.171.207.96 - - [06/Jul/2025:11:32:20 -0400] "GET /?sitemap265.xml HTTP/1.1" 200 1470 "-" "Mozilla/5.0 AppleWebKit/537.36 (KHTML, like Gecko; compatible; GPTBot/1.2; +https://openai.com/gptbot)"
20.171.207.96 - - [06/Jul/2025:11:32:56 -0400] "GET /?sitemapindex.xml HTTP/1.1" 200 1470 "-" "Mozilla/5.0 AppleWebKit/537.36 (KHTML, like Gecko; compatible; GPTBot/1.2; +https://openai.com/gptbot)"
66.249.74.78 - - [06/Jul/2025:11:32:56 -0400] "GET /items/rftol186/41566?key=merchant HTTP/1.1" 404 1251 "-" "Mozilla/5.0 (Linux; Android 6.0.1; Nexus 5X Build/MMB29P) AppleWebKit/537.36 (KHTML, like Gecko) Chrome/137.0.7151.103 Mobile Safari/537.36 (compatible; Googlebot/2.1; +http://www.google.com/bot.html)"
66.249.74.64 - - [06/Jul/2025:11:33:04 -0400] "GET /q-~258vKcUSDLq4NZ8uMbiEvya8PpKFx9URy10661/ HTTP/1.1" 404 1251 "-" "Mozilla/5.0 (Linux; Android 6.0.1; Nexus 5X Build/MMB29P) AppleWebKit/537.36 (KHTML, like Gecko) Chrome/137.0.7151.103 Mobile Safari/537.36 (compatible; Googlebot/2.1; +http://www.google.com/bot.html)"
66.249.74.78 - - [06/Jul/2025:11:33:39 -0400] "GET /q-~152Jl4WyWCWnHwM0gzRJngmwbpeSrXZbU20477/ HTTP/1.1" 404 1251 "-" "Mozilla/5.0 (Linux; Android 6.0.1; Nexus 5X Build/MMB29P) AppleWebKit/537.36 (KHTML, like Gecko) Chrome/137.0.7151.103 Mobile Safari/537.36 (compatible; GoogleOther)"
66.249.74.65 - - [06/Jul/2025:11:34:02 -0400] "GET /q-~220QJE9ofaseNc8ymjMe9IONa3oIDGiTi46279/ HTTP/1.1" 404 1251 "-" "Mozilla/5.0 (Linux; Android 6.0.1; Nexus 5X Build/MMB29P) AppleWebKit/537.36 (KHTML, like Gecko) Chrome/137.0.7151.103 Mobile Safari/537.36 (compatible; Googlebot/2.1; +http://www.google.com/bot.html)"
66.249.74.78 - - [06/Jul/2025:11:34:32 -0400] "GET /q-~230rgwbqL9Ogtov4X9yk3Baonngbi2XMG48149/ HTTP/1.1" 404 1251 "-" "Mozilla/5.0 (Linux; Android 6.0.1; Nexus 5X Build/MMB29P) AppleWebKit/537.36 (KHTML, like Gecko) Chrome/137.0.7151.103 Mobile Safari/537.36 (compatible; Googlebot/2.1; +http://www.google.com/bot.html)"
66.249.74.64 - - [06/Jul/2025:11:34:34 -0400] "GET /q-~125FF8hJvCTrQBPbnFofJtautEbN0KEvR48132/ HTTP/1.1" 404 1251 "-" "Mozilla/5.0 (Linux; Android 6.0.1; Nexus 5X Build/MMB29P) AppleWebKit/537.36 (KHTML, like Gecko) Chrome/137.0.7151.103 Mobile Safari/537.36 (compatible; GoogleOther)"
66.249.74.78 - - [06/Jul/2025:11:34:41 -0400] "GET /q-~169DC4J4c2hzZ2bBaqccRGuTGbBiAYlJt12150/ HTTP/1.1" 404 1251 "-" "Mozilla/5.0 (Linux; Android 6.0.1; Nexus 5X Build/MMB29P) AppleWebKit/537.36 (KHTML, like Gecko) Chrome/137.0.7151.103 Mobile Safari/537.36 (compatible; Googlebot/2.1; +http://www.google.com/bot.html)"
66.249.74.78 - - [06/Jul/2025:11:34:42 -0400] "GET /q-~209GPBytJo0QdWo1GlITT1Q1XqUBo1c7D48118/ HTTP/1.1" 404 1251 "-" "Mozilla/5.0 (Linux; Android 6.0.1; Nexus 5X Build/MMB29P) AppleWebKit/537.36 (KHTML, like Gecko) Chrome/137.0.7151.103 Mobile Safari/537.36 (compatible; Googlebot/2.1; +http://www.google.com/bot.html)"
66.249.74.71 - - [06/Jul/2025:11:34:54 -0400] "GET /q-~157S4FVOOHSh7ocdWrf3w9JVrm5bvny5w33294/ HTTP/1.1" 404 1251 "-" "Mozilla/5.0 (compatible; Googlebot/2.1; +http://www.google.com/bot.html)"
66.249.74.72 - - [06/Jul/2025:11:35:13 -0400] "GET /items/faprl72/25772?key=east HTTP/1.1" 404 1251 "-" "Mozilla/5.0 (Linux; Android 6.0.1; Nexus 5X Build/MMB29P) AppleWebKit/537.36 (KHTML, like Gecko) Chrome/137.0.7151.103 Mobile Safari/537.36 (compatible; GoogleOther)"
66.249.74.72 - - [06/Jul/2025:11:35:32 -0400] "GET /items/wsndz286/23878?key=win HTTP/1.1" 404 1251 "-" "Mozilla/5.0 (compatible; Googlebot/2.1; +http://www.google.com/bot.html)"
66.249.74.72 - - [06/Jul/2025:11:36:05 -0400] "GET /items/cyvou217/24141?key=yard HTTP/1.1" 404 1251 "-" "Mozilla/5.0 (compatible; Googlebot/2.1; +http://www.google.com/bot.html)"
66.249.74.72 - - [06/Jul/2025:11:36:14 -0400] "GET /q-~22yfxBwtN6ddhDRU4X2WVl5hM4qwYq9i14081/ HTTP/1.1" 404 1251 "-" "Mozilla/5.0 (Linux; Android 6.0.1; Nexus 5X Build/MMB29P) AppleWebKit/537.36 (KHTML, like Gecko) Chrome/137.0.7151.103 Mobile Safari/537.36 (compatible; Googlebot/2.1; +http://www.google.com/bot.html)"
114.119.133.253 - - [06/Jul/2025:11:36:22 -0400] "GET /en/under-the-slogan-yes-to-protect-children-in-difficult-circumstances/attachment/14 HTTP/1.1" 404 1251 "https://nas-yemen.org/en/under-the-slogan-yes-to-protect-children-in-difficult-circumstances" "Mozilla/5.0 (Linux; Android 7.0;) AppleWebKit/537.36 (KHTML, like Gecko) Mobile Safari/537.36 (compatible; PetalBot;+https://webmaster.petalsearch.com/site/petalbot)"
66.249.74.71 - - [06/Jul/2025:11:36:30 -0400] "GET /q-~291m7BBcO3iZb3mfR5xSIT69QD9AcMCaq19914/ HTTP/1.1" 404 1251 "-" "Mozilla/5.0 (Linux; Android 6.0.1; Nexus 5X Build/MMB29P) AppleWebKit/537.36 (KHTML, like Gecko) Chrome/137.0.7151.103 Mobile Safari/537.36 (compatible; Googlebot/2.1; +http://www.google.com/bot.html)"
66.249.74.71 - - [06/Jul/2025:11:36:44 -0400] "GET /q-~237SHK3yR6x8zhQ9gp6n76rBKbID1MWZV35888/ HTTP/1.1" 404 1251 "-" "Mozilla/5.0 (compatible; Googlebot/2.1; +http://www.google.com/bot.html)"
66.249.74.71 - - [06/Jul/2025:11:36:45 -0400] "GET /q-~224fNsgfGzJDQFc6xPtiBpNI1p37wwL5J10653/ HTTP/1.1" 404 1251 "-" "Mozilla/5.0 (compatible; Googlebot/2.1; +http://www.google.com/bot.html)"
66.249.74.71 - - [06/Jul/2025:11:36:55 -0400] "GET /q-~266UDGFzw0ogUlrpixz7viCMnFkceq4hJ42779/ HTTP/1.1" 404 1251 "-" "Mozilla/5.0 (Linux; Android 6.0.1; Nexus 5X Build/MMB29P) AppleWebKit/537.36 (KHTML, like Gecko) Chrome/137.0.7151.103 Mobile Safari/537.36 (compatible; Googlebot/2.1; +http://www.google.com/bot.html)"
66.249.74.71 - - [06/Jul/2025:11:36:56 -0400] "GET /q-~53rVzCfc07XX63MYMtsTx0ziyoXTQf4h46928/ HTTP/1.1" 404 1251 "-" "Mozilla/5.0 (Linux; Android 6.0.1; Nexus 5X Build/MMB29P) AppleWebKit/537.36 (KHTML, like Gecko) Chrome/137.0.7151.103 Mobile Safari/537.36 (compatible; GoogleOther)"
66.249.74.73 - - [06/Jul/2025:11:37:11 -0400] "GET /q-~12lHyBhYgW4B2yuEnAWOZgPwHCV2IiNB8613/ HTTP/1.1" 404 1251 "-" "Mozilla/5.0 (Linux; Android 6.0.1; Nexus 5X Build/MMB29P) AppleWebKit/537.36 (KHTML, like Gecko) Chrome/137.0.7151.103 Mobile Safari/537.36 (compatible; Googlebot/2.1; +http://www.google.com/bot.html)"
66.249.74.72 - - [06/Jul/2025:11:37:15 -0400] "GET /items/ifscb259/16145?key=something HTTP/1.1" 404 1251 "-" "Mozilla/5.0 (compatible; Googlebot/2.1; +http://www.google.com/bot.html)"
66.249.74.71 - - [06/Jul/2025:11:37:35 -0400] "GET /q-~119fhGq7tHgmEXmA9HOuuEXjenn1aMucb19490/ HTTP/1.1" 404 1251 "-" "Mozilla/5.0 (Linux; Android 6.0.1; Nexus 5X Build/MMB29P) AppleWebKit/537.36 (KHTML, like Gecko) Chrome/137.0.7151.103 Mobile Safari/537.36 (compatible; Googlebot/2.1; +http://www.google.com/bot.html)"
66.249.74.71 - - [06/Jul/2025:11:37:37 -0400] "GET /q-~209sPaAifuktsA5YYnm5R3Z3s8yBfS4yG18560/ HTTP/1.1" 404 1251 "-" "Mozilla/5.0 (compatible; Googlebot/2.1; +http://www.google.com/bot.html)"
66.249.74.71 - - [06/Jul/2025:11:37:43 -0400] "GET /q-~166JYxkTFhAL3h844wjKDsV3eFvoRJ5OA22947/ HTTP/1.1" 404 1251 "-" "Mozilla/5.0 (Linux; Android 6.0.1; Nexus 5X Build/MMB29P) AppleWebKit/537.36 (KHTML, like Gecko) Chrome/137.0.7151.103 Mobile Safari/537.36 (compatible; GoogleOther)"
114.119.133.126 - - [06/Jul/2025:11:37:46 -0400] "GET /index.php/olericulture/Lx5sociv.shtml HTTP/1.1" 404 1251 "-" "Mozilla/5.0 (Linux; Android 7.0;) AppleWebKit/537.36 (KHTML, like Gecko) Mobile Safari/537.36 (compatible; PetalBot;+https://webmaster.petalsearch.com/site/petalbot)"
66.249.74.71 - - [06/Jul/2025:11:37:49 -0400] "GET /items/lwrjv167/11769?key=deem HTTP/1.1" 404 1251 "-" "Mozilla/5.0 (compatible; Googlebot/2.1; +http://www.google.com/bot.html)"
66.249.74.71 - - [06/Jul/2025:11:38:05 -0400] "GET /items/zukei87/20097?key=skirt HTTP/1.1" 404 1251 "-" "Mozilla/5.0 (Linux; Android 6.0.1; Nexus 5X Build/MMB29P) AppleWebKit/537.36 (KHTML, like Gecko) Chrome/137.0.7151.103 Mobile Safari/537.36 (compatible; Googlebot/2.1; +http://www.google.com/bot.html)"
51.222.253.10 - - [06/Jul/2025:11:38:36 -0400] "GET /robots.txt HTTP/1.1" 304 0 "-" "Mozilla/5.0 (compatible; AhrefsBot/7.0; +http://ahrefs.com/robot/)"
51.222.253.10 - - [06/Jul/2025:11:38:37 -0400] "GET /?sitemap946.xml HTTP/1.1" 200 1470 "-" "Mozilla/5.0 (compatible; AhrefsBot/7.0; +http://ahrefs.com/robot/)"
66.249.74.72 - - [06/Jul/2025:11:38:46 -0400] "GET /items/qufap277/40811?key=fund HTTP/1.1" 404 1251 "-" "Mozilla/5.0 (Linux; Android 6.0.1; Nexus 5X Build/MMB29P) AppleWebKit/537.36 (KHTML, like Gecko) Chrome/137.0.7151.103 Mobile Safari/537.36 (compatible; Googlebot/2.1; +http://www.google.com/bot.html)"
66.249.74.71 - - [06/Jul/2025:11:38:56 -0400] "GET /items/qifzt118/25906?key=map HTTP/1.1" 404 1251 "-" "Mozilla/5.0 (Linux; Android 6.0.1; Nexus 5X Build/MMB29P) AppleWebKit/537.36 (KHTML, like Gecko) Chrome/137.0.7151.103 Mobile Safari/537.36 (compatible; GoogleOther)"
66.249.74.71 - - [06/Jul/2025:11:38:58 -0400] "GET /q-~122OiahKg3NePAd5rLEqY8PQOcre6VB3t27057/ HTTP/1.1" 404 1251 "-" "Mozilla/5.0 (compatible; Googlebot/2.1; +http://www.google.com/bot.html)"
66.249.74.71 - - [06/Jul/2025:11:38:59 -0400] "GET /q-~122OiahKg3NePAd5rLEqY8PQOcre6VB3t27057/ HTTP/1.1" 404 1251 "-" "Mozilla/5.0 (Linux; Android 6.0.1; Nexus 5X Build/MMB29P) AppleWebKit/537.36 (KHTML, like Gecko) Chrome/137.0.7151.103 Mobile Safari/537.36 (compatible; Googlebot/2.1; +http://www.google.com/bot.html)"
66.249.74.73 - - [06/Jul/2025:11:39:10 -0400] "GET /items/vcrcy197/39929?key=porch HTTP/1.1" 404 1251 "-" "Mozilla/5.0 (Linux; Android 6.0.1; Nexus 5X Build/MMB29P) AppleWebKit/537.36 (KHTML, like Gecko) Chrome/137.0.7151.103 Mobile Safari/537.36 (compatible; Googlebot/2.1; +http://www.google.com/bot.html)"
185.191.171.3 - - [06/Jul/2025:11:39:44 -0400] "GET /ar/organizational-structure HTTP/1.1" 404 1251 "-" "Mozilla/5.0 (compatible; SemrushBot/7~bl; +http://www.semrush.com/bot.html)"
66.249.74.64 - - [06/Jul/2025:11:39:47 -0400] "GET /items/fogdk134/17396?key=talented HTTP/1.1" 404 1251 "-" "Mozilla/5.0 (compatible; Googlebot/2.1; +http://www.google.com/bot.html)"
66.249.74.78 - - [06/Jul/2025:11:40:17 -0400] "GET /q-~191I2vkB9gZEjbs8CMJFIIZQocZytrKXk12548/ HTTP/1.1" 404 1251 "-" "Mozilla/5.0 (compatible; Googlebot/2.1; +http://www.google.com/bot.html)"
47.82.60.22 - - [06/Jul/2025:11:40:25 -0400] "GET /q-~20XbIp3D3xhrUfFhVd9hIOxQ0ExsIaon34597/ HTTP/1.1" 404 1251 "https://nas-yemen.org/q-~20XbIp3D3xhrUfFhVd9hIOxQ0ExsIaon34597/" "Mozilla/5.0 (Windows NT 10.0; Win64; x64) AppleWebKit/537.36 (KHTML, like Gecko) Chrome/114.0.0.0 Safari/537.36 Edg/114.0.1823.43"
66.249.74.64 - - [06/Jul/2025:11:40:39 -0400] "GET /items/xyjzr208/25140?key=film HTTP/1.1" 404 1251 "-" "Mozilla/5.0 (Linux; Android 6.0.1; Nexus 5X Build/MMB29P) AppleWebKit/537.36 (KHTML, like Gecko) Chrome/137.0.7151.103 Mobile Safari/537.36 (compatible; Googlebot/2.1; +http://www.google.com/bot.html)"
66.249.74.64 - - [06/Jul/2025:11:40:41 -0400] "GET /q-~162iay0CN6f2PNu1nm8Xft6dqWkhtNRrU3189/ HTTP/1.1" 404 1251 "-" "Mozilla/5.0 (compatible; Googlebot/2.1; +http://www.google.com/bot.html)"
66.249.74.78 - - [06/Jul/2025:11:40:50 -0400] "GET /items/grkjb73/11997?key=cottage HTTP/1.1" 404 1251 "-" "Mozilla/5.0 (Linux; Android 6.0.1; Nexus 5X Build/MMB29P) AppleWebKit/537.36 (KHTML, like Gecko) Chrome/137.0.7151.103 Mobile Safari/537.36 (compatible; GoogleOther)"
66.249.74.78 - - [06/Jul/2025:11:40:51 -0400] "GET /q-~179xCAHzGHi0g7jEAAnuTvBX2m6jC8NNA30618/ HTTP/1.1" 404 1251 "-" "Mozilla/5.0 (Linux; Android 6.0.1; Nexus 5X Build/MMB29P) AppleWebKit/537.36 (KHTML, like Gecko) Chrome/137.0.7151.103 Mobile Safari/537.36 (compatible; Googlebot/2.1; +http://www.google.com/bot.html)"
66.249.74.78 - - [06/Jul/2025:11:41:05 -0400] "GET /items/mmitk267/38247?key=classroom HTTP/1.1" 404 1251 "-" "Mozilla/5.0 (Linux; Android 6.0.1; Nexus 5X Build/MMB29P) AppleWebKit/537.36 (KHTML, like Gecko) Chrome/137.0.7151.103 Mobile Safari/537.36 (compatible; Googlebot/2.1; +http://www.google.com/bot.html)"
66.249.74.65 - - [06/Jul/2025:11:41:09 -0400] "GET /q-~30pWPHODsf1foQgPDhmx0OA1krPN0fuB32437/ HTTP/1.1" 404 1251 "-" "Mozilla/5.0 (compatible; Googlebot/2.1; +http://www.google.com/bot.html)"
66.249.74.78 - - [06/Jul/2025:11:41:12 -0400] "GET /q-~94OJvDVeem6okO6NIa09gz0C3QIcOYsq45419/ HTTP/1.1" 404 1251 "-" "Mozilla/5.0 (Linux; Android 6.0.1; Nexus 5X Build/MMB29P) AppleWebKit/537.36 (KHTML, like Gecko) Chrome/137.0.7151.103 Mobile Safari/537.36 (compatible; Googlebot/2.1; +http://www.google.com/bot.html)"
66.249.74.78 - - [06/Jul/2025:11:41:13 -0400] "GET /q-~122UnQvu7j9vliEbIU3FJ8EXUOlonLASZ49875/ HTTP/1.1" 404 1251 "-" "Mozilla/5.0 (Linux; Android 6.0.1; Nexus 5X Build/MMB29P) AppleWebKit/537.36 (KHTML, like Gecko) Chrome/137.0.7151.103 Mobile Safari/537.36 (compatible; Googlebot/2.1; +http://www.google.com/bot.html)"
95.108.213.184 - - [06/Jul/2025:11:41:28 -0400] "GET /en/a2 HTTP/1.1" 404 1251 "-" "Mozilla/5.0 (compatible; YandexBot/3.0; +http://yandex.com/bots)"
66.249.74.78 - - [06/Jul/2025:11:41:51 -0400] "GET /items/jilce294/11752?key=discipline HTTP/1.1" 404 1251 "-" "Mozilla/5.0 (Linux; Android 6.0.1; Nexus 5X Build/MMB29P) AppleWebKit/537.36 (KHTML, like Gecko) Chrome/137.0.7151.103 Mobile Safari/537.36 (compatible; Googlebot/2.1; +http://www.google.com/bot.html)"
66.249.74.78 - - [06/Jul/2025:11:41:55 -0400] "GET /q-~91XMUvFwjFMdmyk52zgv8G1cExATl8lI3594/ HTTP/1.1" 404 1251 "-" "Mozilla/5.0 (compatible; Googlebot/2.1; +http://www.google.com/bot.html)"
2a03:2880:f800:8:: - - [06/Jul/2025:11:42:21 -0400] "GET /wp-includes/kses.php HTTP/1.1" 403 1242 "-" "meta-externalagent/1.1 (+https://developers.facebook.com/docs/sharing/webmasters/crawler)"
66.249.74.65 - - [06/Jul/2025:11:42:33 -0400] "GET /items/mejij184/26796?key=TV HTTP/1.1" 404 1251 "-" "Mozilla/5.0 (compatible; Googlebot/2.1; +http://www.google.com/bot.html)"
66.249.74.64 - - [06/Jul/2025:11:42:37 -0400] "GET /q-~39dgWVJkjnJJeUvKfrv3UpjR7ezuIQDg29254/ HTTP/1.1" 404 1251 "-" "Mozilla/5.0 (compatible; Googlebot/2.1; +http://www.google.com/bot.html)"
66.249.74.78 - - [06/Jul/2025:11:42:41 -0400] "GET /items/rzhbz51/42261?key=home HTTP/1.1" 404 1251 "-" "Mozilla/5.0 (compatible; Googlebot/2.1; +http://www.google.com/bot.html)"
66.249.74.78 - - [06/Jul/2025:11:43:16 -0400] "GET /items/knxhz72/36596?key=request HTTP/1.1" 404 1251 "-" "Mozilla/5.0 (Linux; Android 6.0.1; Nexus 5X Build/MMB29P) AppleWebKit/537.36 (KHTML, like Gecko) Chrome/137.0.7151.103 Mobile Safari/537.36 (compatible; Googlebot/2.1; +http://www.google.com/bot.html)"
66.249.74.78 - - [06/Jul/2025:11:44:14 -0400] "GET /q-~173m65YQzkhuUVVcOyJhRJeZ1HjAGcDrM29848/ HTTP/1.1" 404 1251 "-" "Mozilla/5.0 (Linux; Android 6.0.1; Nexus 5X Build/MMB29P) AppleWebKit/537.36 (KHTML, like Gecko) Chrome/137.0.7151.103 Mobile Safari/537.36 (compatible; GoogleOther)"
66.249.74.78 - - [06/Jul/2025:11:44:19 -0400] "GET /q-~177HQjQRSY7LBpHukdyXXq239z2iUF5kd23384/ HTTP/1.1" 404 1251 "-" "Mozilla/5.0 (compatible; Googlebot/2.1; +http://www.google.com/bot.html)"
66.249.74.78 - - [06/Jul/2025:11:44:38 -0400] "GET /q-~210Z8dE3haH1wMnrooapmmXxNdxY4ItNl11675/ HTTP/1.1" 404 1251 "-" "Mozilla/5.0 (compatible; Googlebot/2.1; +http://www.google.com/bot.html)"
66.249.74.78 - - [06/Jul/2025:11:44:39 -0400] "GET /items/buhht148/22652?key=headquarters HTTP/1.1" 404 1251 "-" "Mozilla/5.0 (Linux; Android 6.0.1; Nexus 5X Build/MMB29P) AppleWebKit/537.36 (KHTML, like Gecko) Chrome/137.0.7151.103 Mobile Safari/537.36 (compatible; Googlebot/2.1; +http://www.google.com/bot.html)"
85.208.96.203 - - [06/Jul/2025:11:44:44 -0400] "GET /en/ HTTP/1.1" 404 1251 "-" "Mozilla/5.0 (compatible; SemrushBot/7~bl; +http://www.semrush.com/bot.html)"
66.249.74.72 - - [06/Jul/2025:11:45:00 -0400] "GET /q-~167OVFli04KIRSjurNzMRjg5DUuRsAKnX8108/ HTTP/1.1" 404 1251 "-" "Mozilla/5.0 (compatible; Googlebot/2.1; +http://www.google.com/bot.html)"
66.249.74.73 - - [06/Jul/2025:11:45:02 -0400] "GET /q-~296aqjtrF2xJ9fRyJA0LFhKl9YDDhXfHo13005/ HTTP/1.1" 404 1251 "-" "Mozilla/5.0 (Linux; Android 6.0.1; Nexus 5X Build/MMB29P) AppleWebKit/537.36 (KHTML, like Gecko) Chrome/137.0.7151.103 Mobile Safari/537.36 (compatible; Googlebot/2.1; +http://www.google.com/bot.html)"
66.249.74.72 - - [06/Jul/2025:11:45:03 -0400] "GET /items/nnfkj281/48145?key=middle HTTP/1.1" 404 1251 "-" "Mozilla/5.0 (compatible; Googlebot/2.1; +http://www.google.com/bot.html)"
66.249.74.71 - - [06/Jul/2025:11:45:18 -0400] "GET /q-~219LQrJAFo752PiXzSCfyHiSOjiENuGhr3614/ HTTP/1.1" 404 1251 "-" "Mozilla/5.0 (compatible; Googlebot/2.1; +http://www.google.com/bot.html)"
66.249.74.71 - - [06/Jul/2025:11:45:23 -0400] "GET /items/cnotp271/1191?key=technology HTTP/1.1" 404 1251 "-" "Mozilla/5.0 (Linux; Android 6.0.1; Nexus 5X Build/MMB29P) AppleWebKit/537.36 (KHTML, like Gecko) Chrome/137.0.7151.103 Mobile Safari/537.36 (compatible; Googlebot/2.1; +http://www.google.com/bot.html)"
66.249.74.71 - - [06/Jul/2025:11:45:30 -0400] "GET /q-~193h3DNuWSNRhxSkehTAsAuDMrZQt8BTa21914/ HTTP/1.1" 404 1251 "-" "Mozilla/5.0 (Linux; Android 6.0.1; Nexus 5X Build/MMB29P) AppleWebKit/537.36 (KHTML, like Gecko) Chrome/137.0.7151.103 Mobile Safari/537.36 (compatible; Googlebot/2.1; +http://www.google.com/bot.html)"
66.249.74.71 - - [06/Jul/2025:11:45:33 -0400] "GET /q-~32ihoe0W7rsOSu76QgQIp5inCkJLXTzl28881/ HTTP/1.1" 404 1251 "-" "Mozilla/5.0 (compatible; Googlebot/2.1; +http://www.google.com/bot.html)"
66.249.74.71 - - [06/Jul/2025:11:45:35 -0400] "GET /q-~134BE7i6g4AxO7BPN4HC6AnJFYdFca9LZ9003/ HTTP/1.1" 404 1251 "-" "Mozilla/5.0 (compatible; Googlebot/2.1; +http://www.google.com/bot.html)"
66.249.74.71 - - [06/Jul/2025:11:45:41 -0400] "GET /items/eukig184/19890?key=Israeli HTTP/1.1" 404 1251 "-" "Mozilla/5.0 (Linux; Android 6.0.1; Nexus 5X Build/MMB29P) AppleWebKit/537.36 (KHTML, like Gecko) Chrome/137.0.7151.103 Mobile Safari/537.36 (compatible; Googlebot/2.1; +http://www.google.com/bot.html)"
66.249.74.71 - - [06/Jul/2025:11:45:42 -0400] "GET /items/zvozv278/860?key=territory HTTP/1.1" 404 1251 "-" "Mozilla/5.0 (Linux; Android 6.0.1; Nexus 5X Build/MMB29P) AppleWebKit/537.36 (KHTML, like Gecko) Chrome/137.0.7151.103 Mobile Safari/537.36 (compatible; Googlebot/2.1; +http://www.google.com/bot.html)"
66.249.74.71 - - [06/Jul/2025:11:45:58 -0400] "GET /q-~1KnROldWMRZdRsIKizvIqkPTJXeU71d8604/ HTTP/1.1" 404 1251 "-" "Mozilla/5.0 (compatible; Googlebot/2.1; +http://www.google.com/bot.html)"
66.249.74.71 - - [06/Jul/2025:11:46:28 -0400] "GET /q-~109zsULyd0XGXxkgPmDmApIebvOgoMNpo28280/ HTTP/1.1" 404 1251 "-" "Mozilla/5.0 (Linux; Android 6.0.1; Nexus 5X Build/MMB29P) AppleWebKit/537.36 (KHTML, like Gecko) Chrome/137.0.7151.103 Mobile Safari/537.36 (compatible; GoogleOther)"
66.249.74.71 - - [06/Jul/2025:11:46:30 -0400] "GET /q-~125ycPpR5hvPxSBi6yQz1cSWHfbiaPs8V2578/ HTTP/1.1" 404 1251 "-" "Mozilla/5.0 (Linux; Android 6.0.1; Nexus 5X Build/MMB29P) AppleWebKit/537.36 (KHTML, like Gecko) Chrome/137.0.7151.103 Mobile Safari/537.36 (compatible; GoogleOther)"
66.249.74.72 - - [06/Jul/2025:11:46:55 -0400] "GET /items/pnenm31/20089?key=kind HTTP/1.1" 404 1251 "-" "Mozilla/5.0 (compatible; Googlebot/2.1; +http://www.google.com/bot.html)"
66.249.74.72 - - [06/Jul/2025:11:47:00 -0400] "GET /q-~112r5BFid7poKsKpNgyHQgvuzQOxOKhvO26717/ HTTP/1.1" 404 1251 "-" "Mozilla/5.0 (compatible; Googlebot/2.1; +http://www.google.com/bot.html)"
66.249.74.72 - - [06/Jul/2025:11:47:12 -0400] "GET /items/sexvh151/47011?key=every HTTP/1.1" 404 1251 "-" "Mozilla/5.0 (Linux; Android 6.0.1; Nexus 5X Build/MMB29P) AppleWebKit/537.36 (KHTML, like Gecko) Chrome/137.0.7151.103 Mobile Safari/537.36 (compatible; Googlebot/2.1; +http://www.google.com/bot.html)"
66.249.74.71 - - [06/Jul/2025:11:47:13 -0400] "GET /q-~3Ggv6OzJ3Q9yfNPaXHuCLbtX4QJf64v47698/ HTTP/1.1" 404 1251 "-" "Mozilla/5.0 (compatible; Googlebot/2.1; +http://www.google.com/bot.html)"
66.249.74.71 - - [06/Jul/2025:11:47:13 -0400] "GET /q-~92XGf5SlwYtOGBTQCL3A4XJNVqxupKuo28065/ HTTP/1.1" 404 1251 "-" "Mozilla/5.0 (Linux; Android 6.0.1; Nexus 5X Build/MMB29P) AppleWebKit/537.36 (KHTML, like Gecko) Chrome/137.0.7151.103 Mobile Safari/537.36 (compatible; Googlebot/2.1; +http://www.google.com/bot.html)"
66.249.74.71 - - [06/Jul/2025:11:47:24 -0400] "GET /q-~164RP7RSA8KUol0oxQCxR63SFFq6PRvNW7877/ HTTP/1.1" 404 1251 "-" "Mozilla/5.0 (Linux; Android 6.0.1; Nexus 5X Build/MMB29P) AppleWebKit/537.36 (KHTML, like Gecko) Chrome/137.0.7151.103 Mobile Safari/537.36 (compatible; Googlebot/2.1; +http://www.google.com/bot.html)"
66.249.74.71 - - [06/Jul/2025:11:47:52 -0400] "GET /q-~252l5Oa3rsG3dO0crV1RkJUMtLIKuWd1Z34381/ HTTP/1.1" 404 1251 "-" "Mozilla/5.0 (compatible; Googlebot/2.1; +http://www.google.com/bot.html)"
47.82.60.16 - - [06/Jul/2025:11:48:17 -0400] "GET /items/kpdsc46/39576?key=generous HTTP/1.1" 404 1251 "https://nas-yemen.org/items/kpdsc46/39576?key=generous" "Mozilla/5.0 (Windows NT 10.0; Win64; x64) AppleWebKit/537.36 (KHTML, like Gecko) Chrome/114.0.0.0 Safari/537.36 Edg/114.0.1823.43"
66.249.74.71 - - [06/Jul/2025:11:48:17 -0400] "GET /items/fpgef114/17072?key=nail HTTP/1.1" 404 1251 "-" "Mozilla/5.0 (Linux; Android 6.0.1; Nexus 5X Build/MMB29P) AppleWebKit/537.36 (KHTML, like Gecko) Chrome/137.0.7151.103 Mobile Safari/537.36 (compatible; Googlebot/2.1; +http://www.google.com/bot.html)"
66.249.74.72 - - [06/Jul/2025:11:48:22 -0400] "GET /q-~98a7v2h9V6qUVVeTe2AjUX5tzhhdsuuV36295/ HTTP/1.1" 404 1251 "-" "Mozilla/5.0 (Linux; Android 6.0.1; Nexus 5X Build/MMB29P) AppleWebKit/537.36 (KHTML, like Gecko) Chrome/137.0.7151.103 Mobile Safari/537.36 (compatible; Googlebot/2.1; +http://www.google.com/bot.html)"
47.82.60.45 - - [06/Jul/2025:11:48:24 -0400] "GET /wp-includes/class-wp-ajax-response.php HTTP/1.1" 403 1242 "https://www.nas-yemen.org/wp-includes/class-wp-ajax-response.php" "Mozilla/5.0 (Windows NT 10.0; Win64; x64) AppleWebKit/537.36 (KHTML, like Gecko) Chrome/114.0.0.0 Safari/537.36 Edg/114.0.1823.43"
66.249.74.71 - - [06/Jul/2025:11:48:26 -0400] "GET /items/ejzua216/36558?key=ideal HTTP/1.1" 404 1251 "-" "Mozilla/5.0 (compatible; Googlebot/2.1; +http://www.google.com/bot.html)"
47.82.60.11 - - [06/Jul/2025:11:48:29 -0400] "GET /wp-includes/theme-compat HTTP/1.1" 301 795 "https://www.nas-yemen.org/wp-includes/theme-compat" "Mozilla/5.0 (Windows NT 10.0; Win64; x64) AppleWebKit/537.36 (KHTML, like Gecko) Chrome/114.0.0.0 Safari/537.36 Edg/114.0.1823.43"
47.82.60.11 - - [06/Jul/2025:11:48:29 -0400] "GET /wp-includes/theme-compat/ HTTP/1.1" 200 1072 "https://www.nas-yemen.org/wp-includes/theme-compat" "Mozilla/5.0 (Windows NT 10.0; Win64; x64) AppleWebKit/537.36 (KHTML, like Gecko) Chrome/114.0.0.0 Safari/537.36 Edg/114.0.1823.43"
66.249.74.71 - - [06/Jul/2025:11:48:39 -0400] "GET /q-~17TP1xpcWhiEF3seI9siqiIuQsjM20zH48726/ HTTP/1.1" 404 1251 "-" "Mozilla/5.0 (compatible; Googlebot/2.1; +http://www.google.com/bot.html)"
66.249.74.71 - - [06/Jul/2025:11:48:50 -0400] "GET /q-~79yvM00hB3JCNf7v054TN0k5siuXhv3K28128/ HTTP/1.1" 404 1251 "-" "Mozilla/5.0 (compatible; Googlebot/2.1; +http://www.google.com/bot.html)"
66.249.74.71 - - [06/Jul/2025:11:49:01 -0400] "GET /items/wdtcl218/5428?key=vendor HTTP/1.1" 404 1251 "-" "Mozilla/5.0 (Linux; Android 6.0.1; Nexus 5X Build/MMB29P) AppleWebKit/537.36 (KHTML, like Gecko) Chrome/137.0.7151.103 Mobile Safari/537.36 (compatible; Googlebot/2.1; +http://www.google.com/bot.html)"
47.82.60.32 - - [06/Jul/2025:11:49:13 -0400] "GET /wp-includes/css HTTP/1.1" 301 795 "https://www.nas-yemen.org/wp-includes/css" "Mozilla/5.0 (Windows NT 10.0; Win64; x64) AppleWebKit/537.36 (KHTML, like Gecko) Chrome/114.0.0.0 Safari/537.36 Edg/114.0.1823.43"
47.82.60.32 - - [06/Jul/2025:11:49:13 -0400] "GET /wp-includes/css/ HTTP/1.1" 200 1743 "https://www.nas-yemen.org/wp-includes/css" "Mozilla/5.0 (Windows NT 10.0; Win64; x64) AppleWebKit/537.36 (KHTML, like Gecko) Chrome/114.0.0.0 Safari/537.36 Edg/114.0.1823.43"
66.249.74.71 - - [06/Jul/2025:11:49:16 -0400] "GET /q-~91T9BSjklmuIaEPSxKKw0hx6H9FCA2IT32750/ HTTP/1.1" 404 1251 "-" "Mozilla/5.0 (compatible; Googlebot/2.1; +http://www.google.com/bot.html)"
66.249.74.71 - - [06/Jul/2025:11:49:32 -0400] "GET /q-~32oIK7Qn7Ku2EyUVvmcKMUmC68IXka7M32515/ HTTP/1.1" 404 1251 "-" "Mozilla/5.0 (Linux; Android 6.0.1; Nexus 5X Build/MMB29P) AppleWebKit/537.36 (KHTML, like Gecko) Chrome/137.0.7151.103 Mobile Safari/537.36 (compatible; GoogleOther)"
47.82.60.8 - - [06/Jul/2025:11:49:32 -0400] "GET /items/porvg86/28450?key=claim HTTP/1.1" 404 1251 "https://nas-yemen.org/items/porvg86/28450?key=claim" "Mozilla/5.0 (Windows NT 10.0; Win64; x64) AppleWebKit/537.36 (KHTML, like Gecko) Chrome/114.0.0.0 Safari/537.36 Edg/114.0.1823.43"
66.249.74.71 - - [06/Jul/2025:11:49:36 -0400] "GET /items/qhhzw113/45493?key=nature HTTP/1.1" 404 1251 "-" "Mozilla/5.0 (compatible; Googlebot/2.1; +http://www.google.com/bot.html)"
66.249.74.71 - - [06/Jul/2025:11:49:41 -0400] "GET /q-~191ZHlfUHijdFERhEqmhscr5ciNcMaX9c5338/ HTTP/1.1" 404 1251 "-" "Mozilla/5.0 (Linux; Android 6.0.1; Nexus 5X Build/MMB29P) AppleWebKit/537.36 (KHTML, like Gecko) Chrome/137.0.7151.103 Mobile Safari/537.36 (compatible; Googlebot/2.1; +http://www.google.com/bot.html)"
66.249.74.64 - - [06/Jul/2025:11:50:05 -0400] "GET /q-~281OQE35UZldiuvmcU2yzdZrzQMJoJkGt18568/ HTTP/1.1" 404 1251 "-" "Mozilla/5.0 (Linux; Android 6.0.1; Nexus 5X Build/MMB29P) AppleWebKit/537.36 (KHTML, like Gecko) Chrome/137.0.7151.103 Mobile Safari/537.36 (compatible; Googlebot/2.1; +http://www.google.com/bot.html)"
66.249.74.64 - - [06/Jul/2025:11:50:46 -0400] "GET /q-~121lpUVdT6gAjkIujtJDaiytwZEPE8L5x19876/ HTTP/1.1" 404 1251 "-" "Mozilla/5.0 (Linux; Android 6.0.1; Nexus 5X Build/MMB29P) AppleWebKit/537.36 (KHTML, like Gecko) Chrome/137.0.7151.103 Mobile Safari/537.36 (compatible; Googlebot/2.1; +http://www.google.com/bot.html)"
47.82.60.34 - - [06/Jul/2025:11:51:03 -0400] "GET /wp-includes/block-bindings HTTP/1.1" 301 795 "https://nas-yemen.org/wp-includes/block-bindings" "Mozilla/5.0 (Windows NT 10.0; Win64; x64) AppleWebKit/537.36 (KHTML, like Gecko) Chrome/114.0.0.0 Safari/537.36 Edg/114.0.1823.43"
47.82.60.34 - - [06/Jul/2025:11:51:03 -0400] "GET /wp-includes/block-bindings/ HTTP/1.1" 200 665 "https://nas-yemen.org/wp-includes/block-bindings" "Mozilla/5.0 (Windows NT 10.0; Win64; x64) AppleWebKit/537.36 (KHTML, like Gecko) Chrome/114.0.0.0 Safari/537.36 Edg/114.0.1823.43"
66.249.74.65 - - [06/Jul/2025:11:51:13 -0400] "GET /items/uywne27/8299?key=absence HTTP/1.1" 404 1251 "-" "Mozilla/5.0 (Linux; Android 6.0.1; Nexus 5X Build/MMB29P) AppleWebKit/537.36 (KHTML, like Gecko) Chrome/137.0.7151.103 Mobile Safari/537.36 (compatible; Googlebot/2.1; +http://www.google.com/bot.html)"
66.249.74.78 - - [06/Jul/2025:11:51:23 -0400] "GET /q-~284vtEw7KTzJr8amTrYTtnxHsh46yUtIf24545/ HTTP/1.1" 404 1251 "-" "Mozilla/5.0 (Linux; Android 6.0.1; Nexus 5X Build/MMB29P) AppleWebKit/537.36 (KHTML, like Gecko) Chrome/137.0.7151.103 Mobile Safari/537.36 (compatible; Googlebot/2.1; +http://www.google.com/bot.html)"
66.249.73.65 - - [06/Jul/2025:11:51:37 -0400] "GET /robots.txt HTTP/1.1" 304 0 "-" "Mozilla/5.0 (compatible; Googlebot/2.1; +http://www.google.com/bot.html)"
66.249.73.65 - - [06/Jul/2025:11:51:37 -0400] "GET /q-~79YBOpICpjneHPXpb0dWv0cKOw0RJHPS31208/ HTTP/1.1" 404 1251 "-" "Mozilla/5.0 (Linux; Android 6.0.1; Nexus 5X Build/MMB29P) AppleWebKit/537.36 (KHTML, like Gecko) Chrome/137.0.7151.103 Mobile Safari/537.36 (compatible; Googlebot/2.1; +http://www.google.com/bot.html)"
47.82.60.1 - - [06/Jul/2025:11:51:42 -0400] "GET /q-~175SY2aguYqmgc5LsApriDWt6l9IpQWdj15282/ HTTP/1.1" 404 1251 "https://nas-yemen.org/q-~175SY2aguYqmgc5LsApriDWt6l9IpQWdj15282/" "Mozilla/5.0 (Windows NT 10.0; Win64; x64) AppleWebKit/537.36 (KHTML, like Gecko) Chrome/114.0.0.0 Safari/537.36 Edg/114.0.1823.43"
66.249.74.64 - - [06/Jul/2025:11:52:15 -0400] "GET /q-~169Y9eGFCEYBPOQ6q9N4pqNW5GHBFCUeP15568/ HTTP/1.1" 404 1251 "-" "Mozilla/5.0 (compatible; Googlebot/2.1; +http://www.google.com/bot.html)"
66.249.74.64 - - [06/Jul/2025:11:52:45 -0400] "GET /q-~210NjqZqJKckt40P2wcTXmykTqftD9RgK46781/ HTTP/1.1" 404 1251 "-" "Mozilla/5.0 (Linux; Android 6.0.1; Nexus 5X Build/MMB29P) AppleWebKit/537.36 (KHTML, like Gecko) Chrome/137.0.7151.103 Mobile Safari/537.36 (compatible; Googlebot/2.1; +http://www.google.com/bot.html)"
47.82.60.40 - - [06/Jul/2025:11:53:07 -0400] "GET /items/yrshb221/12071?key=straw HTTP/1.1" 404 1251 "https://nas-yemen.org/items/yrshb221/12071?key=straw" "Mozilla/5.0 (Windows NT 10.0; Win64; x64) AppleWebKit/537.36 (KHTML, like Gecko) Chrome/114.0.0.0 Safari/537.36 Edg/114.0.1823.43"
47.82.60.39 - - [06/Jul/2025:11:53:31 -0400] "GET /wp-includes/ms-default-constants.php HTTP/1.1" 403 1242 "https://www.nas-yemen.org/wp-includes/ms-default-constants.php" "Mozilla/5.0 (Windows NT 10.0; Win64; x64) AppleWebKit/537.36 (KHTML, like Gecko) Chrome/114.0.0.0 Safari/537.36 Edg/114.0.1823.43"
47.82.60.26 - - [06/Jul/2025:11:53:34 -0400] "GET /wp-includes/class-smtp.php HTTP/1.1" 403 1242 "https://www.nas-yemen.org/wp-includes/class-smtp.php" "Mozilla/5.0 (Windows NT 10.0; Win64; x64) AppleWebKit/537.36 (KHTML, like Gecko) Chrome/114.0.0.0 Safari/537.36 Edg/114.0.1823.43"
66.249.74.65 - - [06/Jul/2025:11:53:36 -0400] "GET /items/yywrl59/40009?key=faculty HTTP/1.1" 404 1251 "-" "Mozilla/5.0 (compatible; Googlebot/2.1; +http://www.google.com/bot.html)"
47.82.60.33 - - [06/Jul/2025:11:53:38 -0400] "GET /wp-includes/ms-site.php HTTP/1.1" 403 1242 "https://nas-yemen.org/wp-includes/ms-site.php" "Mozilla/5.0 (Windows NT 10.0; Win64; x64) AppleWebKit/537.36 (KHTML, like Gecko) Chrome/114.0.0.0 Safari/537.36 Edg/114.0.1823.43"
47.82.60.28 - - [06/Jul/2025:11:53:42 -0400] "GET /wp-includes/class-wp-dependency.php HTTP/1.1" 403 1242 "https://nas-yemen.org/wp-includes/class-wp-dependency.php" "Mozilla/5.0 (Windows NT 10.0; Win64; x64) AppleWebKit/537.36 (KHTML, like Gecko) Chrome/114.0.0.0 Safari/537.36 Edg/114.0.1823.43"
66.249.74.64 - - [06/Jul/2025:11:53:51 -0400] "GET /q-~63pQu5AM7v0hIn7FxxrY3NlYrfj7vnTe47400/ HTTP/1.1" 404 1251 "-" "Mozilla/5.0 (Linux; Android 6.0.1; Nexus 5X Build/MMB29P) AppleWebKit/537.36 (KHTML, like Gecko) Chrome/137.0.7151.103 Mobile Safari/537.36 (compatible; Googlebot/2.1; +http://www.google.com/bot.html)"
66.249.74.78 - - [06/Jul/2025:11:53:54 -0400] "GET /items/nevwn283/24899?key=well-being HTTP/1.1" 404 1251 "-" "Mozilla/5.0 (Linux; Android 6.0.1; Nexus 5X Build/MMB29P) AppleWebKit/537.36 (KHTML, like Gecko) Chrome/137.0.7151.103 Mobile Safari/537.36 (compatible; Googlebot/2.1; +http://www.google.com/bot.html)"
47.82.60.37 - - [06/Jul/2025:11:54:08 -0400] "GET /wp-includes/PHPMailer HTTP/1.1" 301 795 "https://nas-yemen.org/wp-includes/PHPMailer" "Mozilla/5.0 (Windows NT 10.0; Win64; x64) AppleWebKit/537.36 (KHTML, like Gecko) Chrome/114.0.0.0 Safari/537.36 Edg/114.0.1823.43"
47.82.60.37 - - [06/Jul/2025:11:54:09 -0400] "GET /wp-includes/PHPMailer/ HTTP/1.1" 200 688 "https://nas-yemen.org/wp-includes/PHPMailer" "Mozilla/5.0 (Windows NT 10.0; Win64; x64) AppleWebKit/537.36 (KHTML, like Gecko) Chrome/114.0.0.0 Safari/537.36 Edg/114.0.1823.43"
47.82.60.18 - - [06/Jul/2025:11:54:14 -0400] "GET /wp-includes/images HTTP/1.1" 301 795 "https://www.nas-yemen.org/wp-includes/images" "Mozilla/5.0 (Windows NT 10.0; Win64; x64) AppleWebKit/537.36 (KHTML, like Gecko) Chrome/114.0.0.0 Safari/537.36 Edg/114.0.1823.43"
47.82.60.18 - - [06/Jul/2025:11:54:14 -0400] "GET /wp-includes/images/ HTTP/1.1" 200 1447 "https://www.nas-yemen.org/wp-includes/images" "Mozilla/5.0 (Windows NT 10.0; Win64; x64) AppleWebKit/537.36 (KHTML, like Gecko) Chrome/114.0.0.0 Safari/537.36 Edg/114.0.1823.43"
66.249.74.78 - - [06/Jul/2025:11:54:18 -0400] "GET /q-~149F0B4EjRGkwwAbBkN2RkyjIxVdcz9WR23570/ HTTP/1.1" 404 1251 "-" "Mozilla/5.0 (Linux; Android 6.0.1; Nexus 5X Build/MMB29P) AppleWebKit/537.36 (KHTML, like Gecko) Chrome/137.0.7151.103 Mobile Safari/537.36 (compatible; Googlebot/2.1; +http://www.google.com/bot.html)"
47.82.60.34 - - [06/Jul/2025:11:54:19 -0400] "GET /wp-includes/load.php HTTP/1.1" 403 1242 "https://nas-yemen.org/wp-includes/load.php" "Mozilla/5.0 (Windows NT 10.0; Win64; x64) AppleWebKit/537.36 (KHTML, like Gecko) Chrome/114.0.0.0 Safari/537.36 Edg/114.0.1823.43"
66.249.74.65 - - [06/Jul/2025:11:54:20 -0400] "GET /q-~234kfjIEouUZuxvZdXJhcKCgHc2J0o50p11553/ HTTP/1.1" 404 1251 "-" "Mozilla/5.0 (Linux; Android 6.0.1; Nexus 5X Build/MMB29P) AppleWebKit/537.36 (KHTML, like Gecko) Chrome/137.0.7151.103 Mobile Safari/537.36 (compatible; Googlebot/2.1; +http://www.google.com/bot.html)"
47.82.60.28 - - [06/Jul/2025:11:54:28 -0400] "GET /items/dfyzw36/12150?key=it HTTP/1.1" 404 1251 "https://nas-yemen.org/items/dfyzw36/12150?key=it" "Mozilla/5.0 (Windows NT 10.0; Win64; x64) AppleWebKit/537.36 (KHTML, like Gecko) Chrome/114.0.0.0 Safari/537.36 Edg/114.0.1823.43"
66.249.74.64 - - [06/Jul/2025:11:54:31 -0400] "GET /q-~149KUTfx0QNVmZxjPqy8o5d5T8paeh0Hj15802/ HTTP/1.1" 404 1251 "-" "Mozilla/5.0 (Linux; Android 6.0.1; Nexus 5X Build/MMB29P) AppleWebKit/537.36 (KHTML, like Gecko) Chrome/137.0.7151.103 Mobile Safari/537.36 (compatible; Googlebot/2.1; +http://www.google.com/bot.html)"
114.119.144.65 - - [06/Jul/2025:11:54:32 -0400] "GET /index.php/odograph/fuldf95.html HTTP/1.1" 404 1251 "-" "Mozilla/5.0 (Linux; Android 7.0;) AppleWebKit/537.36 (KHTML, like Gecko) Mobile Safari/537.36 (compatible; PetalBot;+https://webmaster.petalsearch.com/site/petalbot)"
66.249.74.78 - - [06/Jul/2025:11:54:49 -0400] "GET /items/hivly83/17783?key=insurance HTTP/1.1" 404 1251 "-" "Mozilla/5.0 (Linux; Android 6.0.1; Nexus 5X Build/MMB29P) AppleWebKit/537.36 (KHTML, like Gecko) Chrome/137.0.7151.103 Mobile Safari/537.36 (compatible; GoogleOther)"
47.82.60.24 - - [06/Jul/2025:11:55:18 -0400] "GET /items/qtkmx289/46279?key=earnings HTTP/1.1" 404 1251 "https://nas-yemen.org/items/qtkmx289/46279?key=earnings" "Mozilla/5.0 (Windows NT 10.0; Win64; x64) AppleWebKit/537.36 (KHTML, like Gecko) Chrome/114.0.0.0 Safari/537.36 Edg/114.0.1823.43"
66.249.74.73 - - [06/Jul/2025:11:55:23 -0400] "GET /q-~105f3vP7X8ImUPYbq8jxwO8bB8uYUCIbB26760/ HTTP/1.1" 404 1251 "-" "Mozilla/5.0 (compatible; Googlebot/2.1; +http://www.google.com/bot.html)"
66.249.74.71 - - [06/Jul/2025:11:55:40 -0400] "GET /q-~129gjxmNyXGWz6JrpYNjJuhH0FRiBSwxb20600/ HTTP/1.1" 404 1251 "-" "Mozilla/5.0 (compatible; Googlebot/2.1; +http://www.google.com/bot.html)"
66.249.74.71 - - [06/Jul/2025:11:55:45 -0400] "GET /q-~161JJnIMCAwnKOYuwodfegX6iUfZx2pwU47350/ HTTP/1.1" 404 1251 "-" "Mozilla/5.0 (Linux; Android 6.0.1; Nexus 5X Build/MMB29P) AppleWebKit/537.36 (KHTML, like Gecko) Chrome/137.0.7151.103 Mobile Safari/537.36 (compatible; Googlebot/2.1; +http://www.google.com/bot.html)"
66.249.74.71 - - [06/Jul/2025:11:55:51 -0400] "GET /q-~161zzcjFYCoj63y8jX9CGsAIDc0Vga8HR32918/ HTTP/1.1" 404 1251 "-" "Mozilla/5.0 (compatible; Googlebot/2.1; +http://www.google.com/bot.html)"
66.249.74.71 - - [06/Jul/2025:11:55:52 -0400] "GET /q-~241kPSfofipkwtCERWUBKT9YAKHmFXMHL29916/ HTTP/1.1" 404 1251 "-" "Mozilla/5.0 (compatible; Googlebot/2.1; +http://www.google.com/bot.html)"
114.119.144.65 - - [06/Jul/2025:11:55:54 -0400] "GET /index.php/natterjack/zgivbud/vrucxjU.html HTTP/1.1" 404 1251 "-" "Mozilla/5.0 (Linux; Android 7.0;) AppleWebKit/537.36 (KHTML, like Gecko) Mobile Safari/537.36 (compatible; PetalBot;+https://webmaster.petalsearch.com/site/petalbot)"
66.249.74.72 - - [06/Jul/2025:11:56:15 -0400] "GET /q-~200QIjR3tlCCEMkfTc1HdSi0CQu82dekZ24653/ HTTP/1.1" 404 1251 "-" "Mozilla/5.0 (compatible; Googlebot/2.1; +http://www.google.com/bot.html)"
66.249.74.71 - - [06/Jul/2025:11:56:17 -0400] "GET /q-~226ZNUbMG4JdwOjboNQOW0C0YJF7cImVx13463/ HTTP/1.1" 404 1251 "-" "Mozilla/5.0 (compatible; Googlebot/2.1; +http://www.google.com/bot.html)"
66.249.74.71 - - [06/Jul/2025:11:56:26 -0400] "GET /q-~199Gpclb7pbACVLoC1aQyBKknHn48Xaiq18240/ HTTP/1.1" 404 1251 "-" "Mozilla/5.0 (compatible; Googlebot/2.1; +http://www.google.com/bot.html)"
47.82.60.36 - - [06/Jul/2025:11:56:38 -0400] "GET /items/cwlbt214/11252?key=every HTTP/1.1" 404 1251 "https://nas-yemen.org/items/cwlbt214/11252?key=every" "Mozilla/5.0 (Windows NT 10.0; Win64; x64) AppleWebKit/537.36 (KHTML, like Gecko) Chrome/114.0.0.0 Safari/537.36 Edg/114.0.1823.43"
47.82.60.31 - - [06/Jul/2025:11:57:01 -0400] "GET /wp-includes/category.php HTTP/1.1" 403 1242 "https://www.nas-yemen.org/wp-includes/category.php" "Mozilla/5.0 (Windows NT 10.0; Win64; x64) AppleWebKit/537.36 (KHTML, like Gecko) Chrome/114.0.0.0 Safari/537.36 Edg/114.0.1823.43"
66.249.74.72 - - [06/Jul/2025:11:57:03 -0400] "GET /items/ggckx59/5779?key=environmental HTTP/1.1" 404 1251 "-" "Mozilla/5.0 (compatible; Googlebot/2.1; +http://www.google.com/bot.html)"
114.119.131.136 - - [06/Jul/2025:11:57:17 -0400] "GET /index.php/floatable/dk05e.htm HTTP/1.1" 404 1251 "-" "Mozilla/5.0 (Linux; Android 7.0;) AppleWebKit/537.36 (KHTML, like Gecko) Mobile Safari/537.36 (compatible; PetalBot;+https://webmaster.petalsearch.com/site/petalbot)"
66.249.74.72 - - [06/Jul/2025:11:57:41 -0400] "GET /items/bazqw147/17531?key=distant HTTP/1.1" 404 1251 "-" "Mozilla/5.0 (Linux; Android 6.0.1; Nexus 5X Build/MMB29P) AppleWebKit/537.36 (KHTML, like Gecko) Chrome/137.0.7151.103 Mobile Safari/537.36 (compatible; Googlebot/2.1; +http://www.google.com/bot.html)"
66.249.74.71 - - [06/Jul/2025:11:57:52 -0400] "GET /q-~62sjkq46U3Y0iT9SVzv3IJZ4QKQSM1Gi29527/ HTTP/1.1" 404 1251 "-" "Mozilla/5.0 (Linux; Android 6.0.1; Nexus 5X Build/MMB29P) AppleWebKit/537.36 (KHTML, like Gecko) Chrome/137.0.7151.103 Mobile Safari/537.36 (compatible; Googlebot/2.1; +http://www.google.com/bot.html)"
47.82.60.2 - - [06/Jul/2025:11:57:53 -0400] "GET /items/cndmx228/36766?key=major HTTP/1.1" 404 1251 "https://nas-yemen.org/items/cndmx228/36766?key=major" "Mozilla/5.0 (Windows NT 10.0; Win64; x64) AppleWebKit/537.36 (KHTML, like Gecko) Chrome/114.0.0.0 Safari/537.36 Edg/114.0.1823.43"
