47.82.60.40 - - [07/Jul/2025:00:41:12 -0400] "GET /q-~151am72y42exYuSr1N88hFv783LHJXNss12462/ HTTP/1.1" 404 1251 "https://nas-yemen.org/q-~151am72y42exYuSr1N88hFv783LHJXNss12462/" "Mozilla/5.0 (Windows NT 10.0; Win64; x64) AppleWebKit/537.36 (KHTML, like Gecko) Chrome/114.0.0.0 Safari/537.36 Edg/114.0.1823.43"
47.82.60.4 - - [07/Jul/2025:00:41:23 -0400] "GET /wp-includes/ms-files.php HTTP/1.1" 403 1242 "https://nas-yemen.org/wp-includes/ms-files.php" "Mozilla/5.0 (Windows NT 10.0; Win64; x64) AppleWebKit/537.36 (KHTML, like Gecko) Chrome/114.0.0.0 Safari/537.36 Edg/114.0.1823.43"
66.249.74.72 - - [07/Jul/2025:00:41:24 -0400] "GET /q-~241IqsIPHiOdgHekoLKezeuGkW6F1Xbxb11882/ HTTP/1.1" 404 1251 "-" "Mozilla/5.0 (Linux; Android 6.0.1; Nexus 5X Build/MMB29P) AppleWebKit/537.36 (KHTML, like Gecko) Chrome/137.0.7151.103 Mobile Safari/537.36 (compatible; Googlebot/2.1; +http://www.google.com/bot.html)"
66.249.74.72 - - [07/Jul/2025:00:41:27 -0400] "GET /items/iooed290/35140?key=tradition HTTP/1.1" 404 1251 "-" "Mozilla/5.0 (Linux; Android 6.0.1; Nexus 5X Build/MMB29P) AppleWebKit/537.36 (KHTML, like Gecko) Chrome/137.0.7151.103 Mobile Safari/537.36 (compatible; Googlebot/2.1; +http://www.google.com/bot.html)"
66.249.74.71 - - [07/Jul/2025:00:41:29 -0400] "GET /q-~57gpPX02GUCIv0sAAIhV0SeKDkz9ydLa22222/ HTTP/1.1" 404 1251 "-" "Mozilla/5.0 (Linux; Android 6.0.1; Nexus 5X Build/MMB29P) AppleWebKit/537.36 (KHTML, like Gecko) Chrome/137.0.7151.103 Mobile Safari/537.36 (compatible; Googlebot/2.1; +http://www.google.com/bot.html)"
66.249.74.71 - - [07/Jul/2025:00:41:36 -0400] "GET /items/dflbb275/17711?key=sophisticated HTTP/1.1" 404 1251 "-" "Mozilla/5.0 (compatible; Googlebot/2.1; +http://www.google.com/bot.html)"
66.249.74.71 - - [07/Jul/2025:00:41:46 -0400] "GET /items/zsuuj146/34062?key=fire HTTP/1.1" 404 1251 "-" "Mozilla/5.0 (Linux; Android 6.0.1; Nexus 5X Build/MMB29P) AppleWebKit/537.36 (KHTML, like Gecko) Chrome/137.0.7151.103 Mobile Safari/537.36 (compatible; Googlebot/2.1; +http://www.google.com/bot.html)"
47.82.60.33 - - [07/Jul/2025:00:41:54 -0400] "GET /wp-includes/class-wp-block-patterns-registry.php HTTP/1.1" 403 1242 "https://www.nas-yemen.org/wp-includes/class-wp-block-patterns-registry.php" "Mozilla/5.0 (Windows NT 10.0; Win64; x64) AppleWebKit/537.36 (KHTML, like Gecko) Chrome/114.0.0.0 Safari/537.36 Edg/114.0.1823.43"
66.249.74.71 - - [07/Jul/2025:00:41:58 -0400] "GET /items/ssatf280/38148?key=cross HTTP/1.1" 404 1251 "-" "Mozilla/5.0 (compatible; Googlebot/2.1; +http://www.google.com/bot.html)"
66.249.74.73 - - [07/Jul/2025:00:42:13 -0400] "GET /q-~9JQKKI2gvDXB97BhQTSknEYbTcav69Q44644/ HTTP/1.1" 404 1251 "-" "Mozilla/5.0 (compatible; Googlebot/2.1; +http://www.google.com/bot.html)"
66.249.74.72 - - [07/Jul/2025:00:42:14 -0400] "GET /q-~287V8ZjxPqzpGnX79licc9sTQ55hBXhcx20490/ HTTP/1.1" 404 1251 "-" "Mozilla/5.0 (compatible; Googlebot/2.1; +http://www.google.com/bot.html)"
47.82.60.49 - - [07/Jul/2025:00:42:14 -0400] "GET /items/sgeej133/9515?key=descend HTTP/1.1" 404 1251 "https://nas-yemen.org/items/sgeej133/9515?key=descend" "Mozilla/5.0 (Windows NT 10.0; Win64; x64) AppleWebKit/537.36 (KHTML, like Gecko) Chrome/114.0.0.0 Safari/537.36 Edg/114.0.1823.43"
66.249.74.71 - - [07/Jul/2025:00:42:27 -0400] "GET /items/iijvo205/17489?key=creation HTTP/1.1" 404 1251 "-" "Mozilla/5.0 (Linux; Android 6.0.1; Nexus 5X Build/MMB29P) AppleWebKit/537.36 (KHTML, like Gecko) Chrome/137.0.7151.103 Mobile Safari/537.36 (compatible; Googlebot/2.1; +http://www.google.com/bot.html)"
2a03:2880:f800:1d:: - - [07/Jul/2025:00:42:35 -0400] "GET /wp-includes/customize/class-wp-customize-header-image-control.php HTTP/1.1" 403 1242 "-" "meta-externalagent/1.1 (+https://developers.facebook.com/docs/sharing/webmasters/crawler)"
66.249.74.78 - - [07/Jul/2025:00:42:49 -0400] "GET /items/ukmhi110/2962?key=cake HTTP/1.1" 404 1251 "-" "Mozilla/5.0 (Linux; Android 6.0.1; Nexus 5X Build/MMB29P) AppleWebKit/537.36 (KHTML, like Gecko) Chrome/137.0.7151.103 Mobile Safari/537.36 (compatible; GoogleOther)"
47.82.60.39 - - [07/Jul/2025:00:42:52 -0400] "GET /q-~276XRpY3BwHkluvTPCoXIuqVmQZts6hkE25815/ HTTP/1.1" 404 1251 "https://nas-yemen.org/q-~276XRpY3BwHkluvTPCoXIuqVmQZts6hkE25815/" "Mozilla/5.0 (Windows NT 10.0; Win64; x64) AppleWebKit/537.36 (KHTML, like Gecko) Chrome/114.0.0.0 Safari/537.36 Edg/114.0.1823.43"
47.82.60.27 - - [07/Jul/2025:00:42:58 -0400] "GET /wp-includes/class-wp-text-diff-renderer-inline.php HTTP/1.1" 403 1242 "https://www.nas-yemen.org/wp-includes/class-wp-text-diff-renderer-inline.php" "Mozilla/5.0 (Windows NT 10.0; Win64; x64) AppleWebKit/537.36 (KHTML, like Gecko) Chrome/114.0.0.0 Safari/537.36 Edg/114.0.1823.43"
66.249.74.64 - - [07/Jul/2025:00:43:00 -0400] "GET /items/lkaco212/48124?key=respect HTTP/1.1" 404 1251 "-" "Mozilla/5.0 (Linux; Android 6.0.1; Nexus 5X Build/MMB29P) AppleWebKit/537.36 (KHTML, like Gecko) Chrome/137.0.7151.103 Mobile Safari/537.36 (compatible; Googlebot/2.1; +http://www.google.com/bot.html)"
47.82.60.25 - - [07/Jul/2025:00:43:01 -0400] "GET /wp-includes/class-wp-block-parser-block.php HTTP/1.1" 403 1242 "https://www.nas-yemen.org/wp-includes/class-wp-block-parser-block.php" "Mozilla/5.0 (Windows NT 10.0; Win64; x64) AppleWebKit/537.36 (KHTML, like Gecko) Chrome/114.0.0.0 Safari/537.36 Edg/114.0.1823.43"
66.249.74.78 - - [07/Jul/2025:00:43:04 -0400] "GET /q-~95IjPVWY1RywEWHlKtjpKviLVw5dhKeW47428/ HTTP/1.1" 404 1251 "-" "Mozilla/5.0 (Linux; Android 6.0.1; Nexus 5X Build/MMB29P) AppleWebKit/537.36 (KHTML, like Gecko) Chrome/137.0.7151.103 Mobile Safari/537.36 (compatible; Googlebot/2.1; +http://www.google.com/bot.html)"
66.249.74.78 - - [07/Jul/2025:00:43:06 -0400] "GET /q-~119SClAeJpvR5Lrn1Zw9knvLXAwUUmmdi480/ HTTP/1.1" 404 1251 "-" "Mozilla/5.0 (Linux; Android 6.0.1; Nexus 5X Build/MMB29P) AppleWebKit/537.36 (KHTML, like Gecko) Chrome/137.0.7151.103 Mobile Safari/537.36 (compatible; Googlebot/2.1; +http://www.google.com/bot.html)"
66.249.74.64 - - [07/Jul/2025:00:43:08 -0400] "GET /q-~61LT1dZa2k1AnzCalvbF8cYazuw3dO1n90/ HTTP/1.1" 404 1251 "-" "Mozilla/5.0 (Linux; Android 6.0.1; Nexus 5X Build/MMB29P) AppleWebKit/537.36 (KHTML, like Gecko) Chrome/137.0.7151.103 Mobile Safari/537.36 (compatible; Googlebot/2.1; +http://www.google.com/bot.html)"
66.249.74.78 - - [07/Jul/2025:00:43:10 -0400] "GET /q-~55HU2KBANNcK0P93VqpfF3zkqzh7rHzL20024/ HTTP/1.1" 404 1251 "-" "Mozilla/5.0 (Linux; Android 6.0.1; Nexus 5X Build/MMB29P) AppleWebKit/537.36 (KHTML, like Gecko) Chrome/137.0.7151.103 Mobile Safari/537.36 (compatible; Googlebot/2.1; +http://www.google.com/bot.html)"
47.82.60.13 - - [07/Jul/2025:00:43:12 -0400] "GET /items/tbmiy215/44785?key=winner HTTP/1.1" 404 1251 "https://nas-yemen.org/items/tbmiy215/44785?key=winner" "Mozilla/5.0 (Windows NT 10.0; Win64; x64) AppleWebKit/537.36 (KHTML, like Gecko) Chrome/114.0.0.0 Safari/537.36 Edg/114.0.1823.43"
47.82.60.7 - - [07/Jul/2025:00:43:21 -0400] "GET /wp-includes/class-wp-block-styles-registry.php HTTP/1.1" 403 1242 "https://www.nas-yemen.org/wp-includes/class-wp-block-styles-registry.php" "Mozilla/5.0 (Windows NT 10.0; Win64; x64) AppleWebKit/537.36 (KHTML, like Gecko) Chrome/114.0.0.0 Safari/537.36 Edg/114.0.1823.43"
47.82.60.29 - - [07/Jul/2025:00:43:24 -0400] "GET /wp-includes/block-patterns HTTP/1.1" 301 795 "https://www.nas-yemen.org/wp-includes/block-patterns" "Mozilla/5.0 (Windows NT 10.0; Win64; x64) AppleWebKit/537.36 (KHTML, like Gecko) Chrome/114.0.0.0 Safari/537.36 Edg/114.0.1823.43"
47.82.60.29 - - [07/Jul/2025:00:43:24 -0400] "GET /wp-includes/block-patterns/ HTTP/1.1" 200 1074 "https://www.nas-yemen.org/wp-includes/block-patterns" "Mozilla/5.0 (Windows NT 10.0; Win64; x64) AppleWebKit/537.36 (KHTML, like Gecko) Chrome/114.0.0.0 Safari/537.36 Edg/114.0.1823.43"
47.82.60.41 - - [07/Jul/2025:00:43:26 -0400] "GET /wp-includes/ID3 HTTP/1.1" 301 795 "https://www.nas-yemen.org/wp-includes/ID3" "Mozilla/5.0 (Windows NT 10.0; Win64; x64) AppleWebKit/537.36 (KHTML, like Gecko) Chrome/114.0.0.0 Safari/537.36 Edg/114.0.1823.43"
47.82.60.41 - - [07/Jul/2025:00:43:27 -0400] "GET /wp-includes/ID3/ HTTP/1.1" 200 1322 "https://www.nas-yemen.org/wp-includes/ID3" "Mozilla/5.0 (Windows NT 10.0; Win64; x64) AppleWebKit/537.36 (KHTML, like Gecko) Chrome/114.0.0.0 Safari/537.36 Edg/114.0.1823.43"
66.249.74.78 - - [07/Jul/2025:00:43:28 -0400] "GET /q-~246RQmhrokvyhw8YIGi45wUHaDkKgYbeJ33387/ HTTP/1.1" 404 1251 "-" "Mozilla/5.0 (Linux; Android 6.0.1; Nexus 5X Build/MMB29P) AppleWebKit/537.36 (KHTML, like Gecko) Chrome/137.0.7151.103 Mobile Safari/537.36 (compatible; Googlebot/2.1; +http://www.google.com/bot.html)"
47.82.60.38 - - [07/Jul/2025:00:43:32 -0400] "GET /wp-includes/class-wp-image-editor-gd.php HTTP/1.1" 403 1242 "https://www.nas-yemen.org/wp-includes/class-wp-image-editor-gd.php" "Mozilla/5.0 (Windows NT 10.0; Win64; x64) AppleWebKit/537.36 (KHTML, like Gecko) Chrome/114.0.0.0 Safari/537.36 Edg/114.0.1823.43"
66.249.74.78 - - [07/Jul/2025:00:43:42 -0400] "GET /q-~229cjYMO6mkBfDwQTQTUnO3ILWovehAfI49648/ HTTP/1.1" 404 1251 "-" "Mozilla/5.0 (compatible; Googlebot/2.1; +http://www.google.com/bot.html)"
47.82.60.31 - - [07/Jul/2025:00:43:45 -0400] "GET /wp-includes/general-template.php HTTP/1.1" 403 1242 "https://nas-yemen.org/wp-includes/general-template.php" "Mozilla/5.0 (Windows NT 10.0; Win64; x64) AppleWebKit/537.36 (KHTML, like Gecko) Chrome/114.0.0.0 Safari/537.36 Edg/114.0.1823.43"
66.249.74.78 - - [07/Jul/2025:00:43:53 -0400] "GET /items/alhsu212/1966?key=history HTTP/1.1" 404 1251 "-" "Mozilla/5.0 (Linux; Android 6.0.1; Nexus 5X Build/MMB29P) AppleWebKit/537.36 (KHTML, like Gecko) Chrome/137.0.7151.103 Mobile Safari/537.36 (compatible; Googlebot/2.1; +http://www.google.com/bot.html)"
47.82.60.48 - - [07/Jul/2025:00:44:01 -0400] "GET /items/jqgte102/33638?key=rehabilitation HTTP/1.1" 404 1251 "https://nas-yemen.org/items/jqgte102/33638?key=rehabilitation" "Mozilla/5.0 (Windows NT 10.0; Win64; x64) AppleWebKit/537.36 (KHTML, like Gecko) Chrome/114.0.0.0 Safari/537.36 Edg/114.0.1823.43"
66.249.74.78 - - [07/Jul/2025:00:44:01 -0400] "GET /q-~131lw1wcOZCntnb2oFS3HZNVx2HLZHY7F28264/ HTTP/1.1" 404 1251 "-" "Mozilla/5.0 (Linux; Android 6.0.1; Nexus 5X Build/MMB29P) AppleWebKit/537.36 (KHTML, like Gecko) Chrome/137.0.7151.103 Mobile Safari/537.36 (compatible; Googlebot/2.1; +http://www.google.com/bot.html)"
47.82.60.49 - - [07/Jul/2025:00:44:34 -0400] "GET /wp-includes/http.php HTTP/1.1" 403 1242 "https://www.nas-yemen.org/wp-includes/http.php" "Mozilla/5.0 (Windows NT 10.0; Win64; x64) AppleWebKit/537.36 (KHTML, like Gecko) Chrome/114.0.0.0 Safari/537.36 Edg/114.0.1823.43"
66.249.74.78 - - [07/Jul/2025:00:44:35 -0400] "GET /q-~206LkY0LL15ESEG7lDlRntkbY3i6hOb5l30969/ HTTP/1.1" 404 1251 "-" "Mozilla/5.0 (Linux; Android 6.0.1; Nexus 5X Build/MMB29P) AppleWebKit/537.36 (KHTML, like Gecko) Chrome/137.0.7151.103 Mobile Safari/537.36 (compatible; Googlebot/2.1; +http://www.google.com/bot.html)"
66.249.74.78 - - [07/Jul/2025:00:44:45 -0400] "GET /q-~102gsyNbKarfVbqoQzpdIb91VQHkMfI9P40283/ HTTP/1.1" 404 1251 "-" "Mozilla/5.0 (Linux; Android 6.0.1; Nexus 5X Build/MMB29P) AppleWebKit/537.36 (KHTML, like Gecko) Chrome/137.0.7151.103 Mobile Safari/537.36 (compatible; Googlebot/2.1; +http://www.google.com/bot.html)"
47.82.60.13 - - [07/Jul/2025:00:44:57 -0400] "GET /wp-includes/class-wp-block-editor-context.php HTTP/1.1" 403 1242 "https://www.nas-yemen.org/wp-includes/class-wp-block-editor-context.php" "Mozilla/5.0 (Windows NT 10.0; Win64; x64) AppleWebKit/537.36 (KHTML, like Gecko) Chrome/114.0.0.0 Safari/537.36 Edg/114.0.1823.43"
66.249.74.78 - - [07/Jul/2025:00:44:59 -0400] "GET /q-~85lSmwBQKzFlgpEWrPmhz3Qt6NJ1JAHM47158/ HTTP/1.1" 404 1251 "-" "Mozilla/5.0 (Linux; Android 6.0.1; Nexus 5X Build/MMB29P) AppleWebKit/537.36 (KHTML, like Gecko) Chrome/137.0.7151.103 Mobile Safari/537.36 (compatible; Googlebot/2.1; +http://www.google.com/bot.html)"
47.82.60.27 - - [07/Jul/2025:00:44:59 -0400] "GET /wp-includes/class-wp-post-type.php HTTP/1.1" 403 1242 "https://www.nas-yemen.org/wp-includes/class-wp-post-type.php" "Mozilla/5.0 (Windows NT 10.0; Win64; x64) AppleWebKit/537.36 (KHTML, like Gecko) Chrome/114.0.0.0 Safari/537.36 Edg/114.0.1823.43"
66.249.74.78 - - [07/Jul/2025:00:45:00 -0400] "GET /q-~203grC4OJC90F4M14ILqdri4EomBcrb8v48164/ HTTP/1.1" 404 1251 "-" "Mozilla/5.0 (Linux; Android 6.0.1; Nexus 5X Build/MMB29P) AppleWebKit/537.36 (KHTML, like Gecko) Chrome/137.0.7151.103 Mobile Safari/537.36 (compatible; Googlebot/2.1; +http://www.google.com/bot.html)"
66.249.74.78 - - [07/Jul/2025:00:45:01 -0400] "GET /items/jwjds11/15641?key=dying HTTP/1.1" 404 1251 "-" "Mozilla/5.0 (compatible; Googlebot/2.1; +http://www.google.com/bot.html)"
66.249.73.72 - - [07/Jul/2025:00:45:05 -0400] "GET /items/bbkfh8/7628?key=over HTTP/1.1" 404 1251 "-" "Mozilla/5.0 (Linux; Android 6.0.1; Nexus 5X Build/MMB29P) AppleWebKit/537.36 (KHTML, like Gecko) Chrome/137.0.7151.103 Mobile Safari/537.36 (compatible; Googlebot/2.1; +http://www.google.com/bot.html)"
66.249.74.78 - - [07/Jul/2025:00:45:09 -0400] "GET /items/tahro189/21587?key=sharply HTTP/1.1" 404 1251 "-" "Mozilla/5.0 (Linux; Android 6.0.1; Nexus 5X Build/MMB29P) AppleWebKit/537.36 (KHTML, like Gecko) Chrome/137.0.7151.103 Mobile Safari/537.36 (compatible; Googlebot/2.1; +http://www.google.com/bot.html)"
66.249.74.78 - - [07/Jul/2025:00:45:17 -0400] "GET /items/qlidp68/15152?key=victim HTTP/1.1" 404 1251 "-" "Mozilla/5.0 (Linux; Android 6.0.1; Nexus 5X Build/MMB29P) AppleWebKit/537.36 (KHTML, like Gecko) Chrome/137.0.7151.103 Mobile Safari/537.36 (compatible; Googlebot/2.1; +http://www.google.com/bot.html)"
47.82.60.6 - - [07/Jul/2025:00:45:28 -0400] "GET /wp-includes/post-formats.php HTTP/1.1" 403 1242 "https://nas-yemen.org/wp-includes/post-formats.php" "Mozilla/5.0 (Windows NT 10.0; Win64; x64) AppleWebKit/537.36 (KHTML, like Gecko) Chrome/114.0.0.0 Safari/537.36 Edg/114.0.1823.43"
66.249.74.78 - - [07/Jul/2025:00:45:44 -0400] "GET /items/nigkl10/33628?key=excited HTTP/1.1" 404 1251 "-" "Mozilla/5.0 (compatible; Googlebot/2.1; +http://www.google.com/bot.html)"
47.82.60.45 - - [07/Jul/2025:00:46:05 -0400] "GET /wp-includes/robots-template.php HTTP/1.1" 403 1242 "https://www.nas-yemen.org/wp-includes/robots-template.php" "Mozilla/5.0 (Windows NT 10.0; Win64; x64) AppleWebKit/537.36 (KHTML, like Gecko) Chrome/114.0.0.0 Safari/537.36 Edg/114.0.1823.43"
66.249.74.65 - - [07/Jul/2025:00:46:11 -0400] "GET /items/rqlsp74/768?key=from HTTP/1.1" 404 1251 "-" "Mozilla/5.0 (Linux; Android 6.0.1; Nexus 5X Build/MMB29P) AppleWebKit/537.36 (KHTML, like Gecko) Chrome/137.0.7151.119 Mobile Safari/537.36 (compatible; Googlebot/2.1; +http://www.google.com/bot.html)"
47.82.60.15 - - [07/Jul/2025:00:46:30 -0400] "GET /wp-includes/class-oembed.php HTTP/1.1" 403 1242 "https://nas-yemen.org/wp-includes/class-oembed.php" "Mozilla/5.0 (Windows NT 10.0; Win64; x64) AppleWebKit/537.36 (KHTML, like Gecko) Chrome/114.0.0.0 Safari/537.36 Edg/114.0.1823.43"
66.249.74.64 - - [07/Jul/2025:00:46:36 -0400] "GET /q-~146MoNetnJ19kVobr8WsNaWeB9eqFU73F44869/ HTTP/1.1" 404 1251 "-" "Mozilla/5.0 (Linux; Android 6.0.1; Nexus 5X Build/MMB29P) AppleWebKit/537.36 (KHTML, like Gecko) Chrome/137.0.7151.103 Mobile Safari/537.36 (compatible; Googlebot/2.1; +http://www.google.com/bot.html)"
66.249.74.78 - - [07/Jul/2025:00:46:45 -0400] "GET /items/rhojk158/9186?key=level HTTP/1.1" 404 1251 "-" "Mozilla/5.0 (Linux; Android 6.0.1; Nexus 5X Build/MMB29P) AppleWebKit/537.36 (KHTML, like Gecko) Chrome/137.0.7151.103 Mobile Safari/537.36 (compatible; Googlebot/2.1; +http://www.google.com/bot.html)"
47.82.60.32 - - [07/Jul/2025:00:46:51 -0400] "GET /wp-includes/class-wp-feed-cache.php HTTP/1.1" 403 1242 "https://www.nas-yemen.org/wp-includes/class-wp-feed-cache.php" "Mozilla/5.0 (Windows NT 10.0; Win64; x64) AppleWebKit/537.36 (KHTML, like Gecko) Chrome/114.0.0.0 Safari/537.36 Edg/114.0.1823.43"
66.249.74.78 - - [07/Jul/2025:00:46:52 -0400] "GET /items/uzlww159/36201?key=enter HTTP/1.1" 404 1251 "-" "Mozilla/5.0 (compatible; Googlebot/2.1; +http://www.google.com/bot.html)"
66.249.74.78 - - [07/Jul/2025:00:47:06 -0400] "GET /items/kmtwh109/21593?key=via HTTP/1.1" 404 1251 "-" "Mozilla/5.0 (Linux; Android 6.0.1; Nexus 5X Build/MMB29P) AppleWebKit/537.36 (KHTML, like Gecko) Chrome/137.0.7151.103 Mobile Safari/537.36 (compatible; Googlebot/2.1; +http://www.google.com/bot.html)"
66.249.74.78 - - [07/Jul/2025:00:47:16 -0400] "GET /items/myswt261/2155?key=break HTTP/1.1" 404 1251 "-" "Mozilla/5.0 (Linux; Android 6.0.1; Nexus 5X Build/MMB29P) AppleWebKit/537.36 (KHTML, like Gecko) Chrome/137.0.7151.103 Mobile Safari/537.36 (compatible; Googlebot/2.1; +http://www.google.com/bot.html)"
47.82.60.30 - - [07/Jul/2025:00:47:19 -0400] "GET /wp-includes/post.php HTTP/1.1" 403 1242 "https://nas-yemen.org/wp-includes/post.php" "Mozilla/5.0 (Windows NT 10.0; Win64; x64) AppleWebKit/537.36 (KHTML, like Gecko) Chrome/114.0.0.0 Safari/537.36 Edg/114.0.1823.43"
66.249.74.78 - - [07/Jul/2025:00:47:22 -0400] "GET /q-~229xWnlflyIEg1JAF8fLVT8raan26grgO36482/ HTTP/1.1" 404 1251 "-" "Mozilla/5.0 (Linux; Android 6.0.1; Nexus 5X Build/MMB29P) AppleWebKit/537.36 (KHTML, like Gecko) Chrome/137.0.7151.103 Mobile Safari/537.36 (compatible; Googlebot/2.1; +http://www.google.com/bot.html)"
47.82.60.36 - - [07/Jul/2025:00:47:36 -0400] "GET /wp-includes/class-wp-text-diff-renderer-table.php HTTP/1.1" 403 1242 "https://nas-yemen.org/wp-includes/class-wp-text-diff-renderer-table.php" "Mozilla/5.0 (Windows NT 10.0; Win64; x64) AppleWebKit/537.36 (KHTML, like Gecko) Chrome/114.0.0.0 Safari/537.36 Edg/114.0.1823.43"
66.249.74.78 - - [07/Jul/2025:00:47:37 -0400] "GET /items/vpero163/5185?key=scatter HTTP/1.1" 404 1251 "-" "Mozilla/5.0 (compatible; Googlebot/2.1; +http://www.google.com/bot.html)"
66.249.74.78 - - [07/Jul/2025:00:47:46 -0400] "GET /items/koroz215/6053?key=aid HTTP/1.1" 404 1251 "-" "Mozilla/5.0 (compatible; Googlebot/2.1; +http://www.google.com/bot.html)"
66.249.74.78 - - [07/Jul/2025:00:47:49 -0400] "GET /q-~52NyTJMkkcOoOPNVPxVwo8D0N8UhVenP463/ HTTP/1.1" 404 1251 "-" "Mozilla/5.0 (Linux; Android 6.0.1; Nexus 5X Build/MMB29P) AppleWebKit/537.36 (KHTML, like Gecko) Chrome/137.0.7151.119 Mobile Safari/537.36 (compatible; Googlebot/2.1; +http://www.google.com/bot.html)"
66.249.74.78 - - [07/Jul/2025:00:47:53 -0400] "GET /items/hpzys209/13395?key=reply HTTP/1.1" 404 1251 "-" "Mozilla/5.0 (Linux; Android 6.0.1; Nexus 5X Build/MMB29P) AppleWebKit/537.36 (KHTML, like Gecko) Chrome/137.0.7151.103 Mobile Safari/537.36 (compatible; Googlebot/2.1; +http://www.google.com/bot.html)"
66.249.74.78 - - [07/Jul/2025:00:47:58 -0400] "GET /q-~94i69YOiQRzLO28GRvGJQfibXjczxRMq7383/ HTTP/1.1" 404 1251 "-" "Mozilla/5.0 (Linux; Android 6.0.1; Nexus 5X Build/MMB29P) AppleWebKit/537.36 (KHTML, like Gecko) Chrome/137.0.7151.103 Mobile Safari/537.36 (compatible; Googlebot/2.1; +http://www.google.com/bot.html)"
66.249.74.78 - - [07/Jul/2025:00:48:02 -0400] "GET /q-~78gzYNCSShiDudnaUCgEBTijjD1xBuGf21621/ HTTP/1.1" 404 1251 "-" "Mozilla/5.0 (compatible; Googlebot/2.1; +http://www.google.com/bot.html)"
66.249.74.78 - - [07/Jul/2025:00:48:07 -0400] "GET /items/muvnz27/12315?key=maintenance HTTP/1.1" 404 1251 "-" "Mozilla/5.0 (compatible; Googlebot/2.1; +http://www.google.com/bot.html)"
66.249.73.71 - - [07/Jul/2025:00:48:22 -0400] "GET /search?category=1001&search_word= HTTP/1.1" 404 1251 "-" "Mozilla/5.0 (Linux; Android 6.0.1; Nexus 5X Build/MMB29P) AppleWebKit/537.36 (KHTML, like Gecko) Chrome/137.0.7151.119 Mobile Safari/537.36 (compatible; Googlebot/2.1; +http://www.google.com/bot.html)"
66.249.73.72 - - [07/Jul/2025:00:48:28 -0400] "GET /search?category=406&search_word= HTTP/1.1" 404 1251 "-" "Mozilla/5.0 (Linux; Android 6.0.1; Nexus 5X Build/MMB29P) AppleWebKit/537.36 (KHTML, like Gecko) Chrome/137.0.7151.119 Mobile Safari/537.36 (compatible; Googlebot/2.1; +http://www.google.com/bot.html)"
66.249.74.78 - - [07/Jul/2025:00:48:35 -0400] "GET /items/ditdv84/43172?key=constantly HTTP/1.1" 404 1251 "-" "Mozilla/5.0 (Linux; Android 6.0.1; Nexus 5X Build/MMB29P) AppleWebKit/537.36 (KHTML, like Gecko) Chrome/137.0.7151.119 Mobile Safari/537.36 (compatible; Googlebot/2.1; +http://www.google.com/bot.html)"
34.73.43.187 - - [07/Jul/2025:00:48:42 -0400] "GET /wp-activate.php HTTP/1.1" 403 1242 "-" "ZoominfoBot (zoominfobot at zoominfo dot com)"
66.249.74.78 - - [07/Jul/2025:00:48:44 -0400] "GET /items/pbiti37/22863?key=early HTTP/1.1" 404 1251 "-" "Mozilla/5.0 (Linux; Android 6.0.1; Nexus 5X Build/MMB29P) AppleWebKit/537.36 (KHTML, like Gecko) Chrome/137.0.7151.103 Mobile Safari/537.36 (compatible; Googlebot/2.1; +http://www.google.com/bot.html)"
66.249.74.65 - - [07/Jul/2025:00:49:03 -0400] "GET /q-~113sBIq1ALSEDWzkOlmFXzNUVcwjZfhGt7542/ HTTP/1.1" 404 1251 "-" "Mozilla/5.0 (compatible; Googlebot/2.1; +http://www.google.com/bot.html)"
66.249.74.78 - - [07/Jul/2025:00:49:05 -0400] "GET /q-~178k3tE9zlDtyrEzvPvr7VHARw4KU3bOe14277/ HTTP/1.1" 404 1251 "-" "Mozilla/5.0 (Linux; Android 6.0.1; Nexus 5X Build/MMB29P) AppleWebKit/537.36 (KHTML, like Gecko) Chrome/137.0.7151.103 Mobile Safari/537.36 (compatible; Googlebot/2.1; +http://www.google.com/bot.html)"
66.249.74.78 - - [07/Jul/2025:00:49:14 -0400] "GET /items/zwbvt200/4226?key=satisfaction HTTP/1.1" 404 1251 "-" "Mozilla/5.0 (Linux; Android 6.0.1; Nexus 5X Build/MMB29P) AppleWebKit/537.36 (KHTML, like Gecko) Chrome/137.0.7151.103 Mobile Safari/537.36 (compatible; Googlebot/2.1; +http://www.google.com/bot.html)"
66.249.74.78 - - [07/Jul/2025:00:49:20 -0400] "GET /q-~181rFK0i8UqJYjB3d4mE8e6MlM0LR4wZn14488/ HTTP/1.1" 404 1251 "-" "Mozilla/5.0 (Linux; Android 6.0.1; Nexus 5X Build/MMB29P) AppleWebKit/537.36 (KHTML, like Gecko) Chrome/137.0.7151.103 Mobile Safari/537.36 (compatible; Googlebot/2.1; +http://www.google.com/bot.html)"
66.249.74.78 - - [07/Jul/2025:00:49:23 -0400] "GET /q-~164bnjA12dc16uFISLgT0jCJEJYs2pLaX22193/ HTTP/1.1" 404 1251 "-" "Mozilla/5.0 (Linux; Android 6.0.1; Nexus 5X Build/MMB29P) AppleWebKit/537.36 (KHTML, like Gecko) Chrome/137.0.7151.103 Mobile Safari/537.36 (compatible; Googlebot/2.1; +http://www.google.com/bot.html)"
66.249.74.78 - - [07/Jul/2025:00:49:33 -0400] "GET /items/nrbdo17/20219?key=relative HTTP/1.1" 404 1251 "-" "Mozilla/5.0 (compatible; Googlebot/2.1; +http://www.google.com/bot.html)"
66.249.74.78 - - [07/Jul/2025:00:49:58 -0400] "GET /items/kjzer288/38398?key=morning HTTP/1.1" 404 1251 "-" "Mozilla/5.0 (Linux; Android 6.0.1; Nexus 5X Build/MMB29P) AppleWebKit/537.36 (KHTML, like Gecko) Chrome/137.0.7151.103 Mobile Safari/537.36 (compatible; Googlebot/2.1; +http://www.google.com/bot.html)"
66.249.74.78 - - [07/Jul/2025:00:50:01 -0400] "GET /items/tubiq122/4606?key=latter HTTP/1.1" 404 1251 "-" "Mozilla/5.0 (compatible; Googlebot/2.1; +http://www.google.com/bot.html)"
66.249.74.78 - - [07/Jul/2025:00:50:02 -0400] "GET /q-~27UtCCOIHIpbunPDapvtYU5juBltoeqt49676/ HTTP/1.1" 404 1251 "-" "Mozilla/5.0 (Linux; Android 6.0.1; Nexus 5X Build/MMB29P) AppleWebKit/537.36 (KHTML, like Gecko) Chrome/137.0.7151.103 Mobile Safari/537.36 (compatible; GoogleOther)"
66.249.74.78 - - [07/Jul/2025:00:50:20 -0400] "GET /items/ncivc300/5784?key=volume HTTP/1.1" 404 1251 "-" "Mozilla/5.0 (Linux; Android 6.0.1; Nexus 5X Build/MMB29P) AppleWebKit/537.36 (KHTML, like Gecko) Chrome/137.0.7151.103 Mobile Safari/537.36 (compatible; Googlebot/2.1; +http://www.google.com/bot.html)"
66.249.74.78 - - [07/Jul/2025:00:50:25 -0400] "GET /q-~54vhUfOHh94AJnPyGpkhnB9wy9cdd1qY41149/ HTTP/1.1" 404 1251 "-" "Mozilla/5.0 (compatible; Googlebot/2.1; +http://www.google.com/bot.html)"
66.249.74.78 - - [07/Jul/2025:00:50:33 -0400] "GET /q-~227JzfgkYrOcx1noxuzbK00BMhqXBRCQA33120/ HTTP/1.1" 404 1251 "-" "Mozilla/5.0 (compatible; Googlebot/2.1; +http://www.google.com/bot.html)"
66.249.74.78 - - [07/Jul/2025:00:50:36 -0400] "GET /items/fcsuk168/39166?key=naked HTTP/1.1" 404 1251 "-" "Mozilla/5.0 (compatible; Googlebot/2.1; +http://www.google.com/bot.html)"
66.249.74.78 - - [07/Jul/2025:00:50:45 -0400] "GET /items/oiigy219/14143?key=fog HTTP/1.1" 404 1251 "-" "Mozilla/5.0 (compatible; Googlebot/2.1; +http://www.google.com/bot.html)"
66.249.74.78 - - [07/Jul/2025:00:50:56 -0400] "GET /items/ztuwy290/41592?key=spell HTTP/1.1" 404 1251 "-" "Mozilla/5.0 (compatible; Googlebot/2.1; +http://www.google.com/bot.html)"
66.249.74.78 - - [07/Jul/2025:00:51:01 -0400] "GET /items/jhdzr183/48831?key=enforcement HTTP/1.1" 404 1251 "-" "Mozilla/5.0 (compatible; Googlebot/2.1; +http://www.google.com/bot.html)"
66.249.74.78 - - [07/Jul/2025:00:51:06 -0400] "GET /q-~43o1yX83L64NFuQebV8YMkhkR6nSt0DU7376/ HTTP/1.1" 404 1251 "-" "Mozilla/5.0 (Linux; Android 6.0.1; Nexus 5X Build/MMB29P) AppleWebKit/537.36 (KHTML, like Gecko) Chrome/137.0.7151.103 Mobile Safari/537.36 (compatible; Googlebot/2.1; +http://www.google.com/bot.html)"
66.249.74.78 - - [07/Jul/2025:00:51:12 -0400] "GET /items/ghhjo195/6161?key=network HTTP/1.1" 404 1251 "-" "Mozilla/5.0 (compatible; Googlebot/2.1; +http://www.google.com/bot.html)"
66.249.74.78 - - [07/Jul/2025:00:51:22 -0400] "GET /items/rwamj263/3265?key=serve HTTP/1.1" 404 1251 "-" "Mozilla/5.0 (compatible; Googlebot/2.1; +http://www.google.com/bot.html)"
66.249.74.78 - - [07/Jul/2025:00:51:23 -0400] "GET /q-~131fUfgJYyOW5WsU83c80yfLpKye9zvyu16552/ HTTP/1.1" 404 1251 "-" "Mozilla/5.0 (Linux; Android 6.0.1; Nexus 5X Build/MMB29P) AppleWebKit/537.36 (KHTML, like Gecko) Chrome/137.0.7151.103 Mobile Safari/537.36 (compatible; Googlebot/2.1; +http://www.google.com/bot.html)"
66.249.74.78 - - [07/Jul/2025:00:51:25 -0400] "GET /q-~43Luuxc18oDRkcDhNMZ5NEG5ajIhuFnk11524/ HTTP/1.1" 404 1251 "-" "Mozilla/5.0 (Linux; Android 6.0.1; Nexus 5X Build/MMB29P) AppleWebKit/537.36 (KHTML, like Gecko) Chrome/137.0.7151.103 Mobile Safari/537.36 (compatible; GoogleOther)"
66.249.74.78 - - [07/Jul/2025:00:51:28 -0400] "GET /items/jueka24/22848?key=adopt HTTP/1.1" 404 1251 "-" "Mozilla/5.0 (Linux; Android 6.0.1; Nexus 5X Build/MMB29P) AppleWebKit/537.36 (KHTML, like Gecko) Chrome/137.0.7151.103 Mobile Safari/537.36 (compatible; Googlebot/2.1; +http://www.google.com/bot.html)"
66.249.74.78 - - [07/Jul/2025:00:51:31 -0400] "GET /items/kxhlf124/33446?key=expected HTTP/1.1" 404 1251 "-" "Mozilla/5.0 (Linux; Android 6.0.1; Nexus 5X Build/MMB29P) AppleWebKit/537.36 (KHTML, like Gecko) Chrome/137.0.7151.103 Mobile Safari/537.36 (compatible; Googlebot/2.1; +http://www.google.com/bot.html)"
66.249.74.78 - - [07/Jul/2025:00:51:44 -0400] "GET /items/atrsn136/39592?key=easily HTTP/1.1" 404 1251 "-" "Mozilla/5.0 (compatible; Googlebot/2.1; +http://www.google.com/bot.html)"
66.249.74.78 - - [07/Jul/2025:00:51:45 -0400] "GET /items/fqmyw224/12664?key=manual HTTP/1.1" 404 1251 "-" "Mozilla/5.0 (Linux; Android 6.0.1; Nexus 5X Build/MMB29P) AppleWebKit/537.36 (KHTML, like Gecko) Chrome/137.0.7151.103 Mobile Safari/537.36 (compatible; Googlebot/2.1; +http://www.google.com/bot.html)"
66.249.74.78 - - [07/Jul/2025:00:52:03 -0400] "GET /q-~101ht8S6jV6yqBv1mK9aMhJIruFzHmLIj8446/ HTTP/1.1" 404 1251 "-" "Mozilla/5.0 (compatible; Googlebot/2.1; +http://www.google.com/bot.html)"
66.249.74.78 - - [07/Jul/2025:00:52:11 -0400] "GET /items/qthje149/45725?key=developer HTTP/1.1" 404 1251 "-" "Mozilla/5.0 (compatible; Googlebot/2.1; +http://www.google.com/bot.html)"
66.249.74.64 - - [07/Jul/2025:00:52:12 -0400] "GET /items/eydmy170/32518?key=doctrine HTTP/1.1" 404 1251 "-" "Mozilla/5.0 (compatible; Googlebot/2.1; +http://www.google.com/bot.html)"
66.249.74.78 - - [07/Jul/2025:00:52:33 -0400] "GET /q-~290khDp63glkLe1rde0RWCzPsRe1wFBXs13769/ HTTP/1.1" 404 1251 "-" "Mozilla/5.0 (Linux; Android 6.0.1; Nexus 5X Build/MMB29P) AppleWebKit/537.36 (KHTML, like Gecko) Chrome/137.0.7151.103 Mobile Safari/537.36 (compatible; Googlebot/2.1; +http://www.google.com/bot.html)"
66.249.74.78 - - [07/Jul/2025:00:52:41 -0400] "GET /q-~234jJHQEgWhbxRO2Pcr2hjEPl6m465wCt19039/ HTTP/1.1" 404 1251 "-" "Mozilla/5.0 (Linux; Android 6.0.1; Nexus 5X Build/MMB29P) AppleWebKit/537.36 (KHTML, like Gecko) Chrome/137.0.7151.103 Mobile Safari/537.36 (compatible; Googlebot/2.1; +http://www.google.com/bot.html)"
66.249.74.78 - - [07/Jul/2025:00:52:54 -0400] "GET /q-~220zJHoQ6m3chGeIVqlA6XF2k15xDaa1a38139/ HTTP/1.1" 404 1251 "-" "Mozilla/5.0 (Linux; Android 6.0.1; Nexus 5X Build/MMB29P) AppleWebKit/537.36 (KHTML, like Gecko) Chrome/137.0.7151.103 Mobile Safari/537.36 (compatible; Googlebot/2.1; +http://www.google.com/bot.html)"
66.249.74.65 - - [07/Jul/2025:00:53:11 -0400] "GET /q-~106uvIXLRxp6fBsdooMvriL2gqloGtvnM25403/ HTTP/1.1" 404 1251 "-" "Mozilla/5.0 (Linux; Android 6.0.1; Nexus 5X Build/MMB29P) AppleWebKit/537.36 (KHTML, like Gecko) Chrome/137.0.7151.103 Mobile Safari/537.36 (compatible; Googlebot/2.1; +http://www.google.com/bot.html)"
66.249.74.78 - - [07/Jul/2025:00:53:12 -0400] "GET /q-~80M9tWJfAMBLsGvQjnwcjWczvyRINEnR9449/ HTTP/1.1" 404 1251 "-" "Mozilla/5.0 (compatible; Googlebot/2.1; +http://www.google.com/bot.html)"
66.249.74.78 - - [07/Jul/2025:00:53:17 -0400] "GET /items/gkkuo246/19146?key=lucky HTTP/1.1" 404 1251 "-" "Mozilla/5.0 (compatible; Googlebot/2.1; +http://www.google.com/bot.html)"
66.249.74.78 - - [07/Jul/2025:00:53:18 -0400] "GET /items/vuvrg183/8243?key=reference HTTP/1.1" 404 1251 "-" "Mozilla/5.0 (compatible; Googlebot/2.1; +http://www.google.com/bot.html)"
66.249.74.78 - - [07/Jul/2025:00:53:34 -0400] "GET /q-~274WQoB35uZ81vZflzanwNj9BdIx23MwL2539/ HTTP/1.1" 404 1251 "-" "Mozilla/5.0 (compatible; Googlebot/2.1; +http://www.google.com/bot.html)"
66.249.74.78 - - [07/Jul/2025:00:53:36 -0400] "GET /q-~57STKp5zp8sk4Dmkn1nimyFMq0Pt5TmG41318/ HTTP/1.1" 404 1251 "-" "Mozilla/5.0 (Linux; Android 6.0.1; Nexus 5X Build/MMB29P) AppleWebKit/537.36 (KHTML, like Gecko) Chrome/137.0.7151.103 Mobile Safari/537.36 (compatible; Googlebot/2.1; +http://www.google.com/bot.html)"
66.249.74.78 - - [07/Jul/2025:00:53:52 -0400] "GET /q-~53Zm2RY7WVl2YcFAPgR4Tdxn1MrxhSMq42096/ HTTP/1.1" 404 1251 "-" "Mozilla/5.0 (compatible; Googlebot/2.1; +http://www.google.com/bot.html)"
66.249.74.78 - - [07/Jul/2025:00:53:55 -0400] "GET /items/jpwys89/20221?key=fence HTTP/1.1" 404 1251 "-" "Mozilla/5.0 (Linux; Android 6.0.1; Nexus 5X Build/MMB29P) AppleWebKit/537.36 (KHTML, like Gecko) Chrome/137.0.7151.103 Mobile Safari/537.36 (compatible; Googlebot/2.1; +http://www.google.com/bot.html)"
66.249.74.78 - - [07/Jul/2025:00:53:58 -0400] "GET /q-~258ViwdtRTYkwStgdiDBiPhXZCp8joI1S15129/ HTTP/1.1" 404 1251 "-" "Mozilla/5.0 (Linux; Android 6.0.1; Nexus 5X Build/MMB29P) AppleWebKit/537.36 (KHTML, like Gecko) Chrome/137.0.7151.103 Mobile Safari/537.36 (compatible; Googlebot/2.1; +http://www.google.com/bot.html)"
66.249.74.78 - - [07/Jul/2025:00:54:06 -0400] "GET /items/tjwjb234/38970?key=scope HTTP/1.1" 404 1251 "-" "Mozilla/5.0 (Linux; Android 6.0.1; Nexus 5X Build/MMB29P) AppleWebKit/537.36 (KHTML, like Gecko) Chrome/137.0.7151.103 Mobile Safari/537.36 (compatible; Googlebot/2.1; +http://www.google.com/bot.html)"
74.125.217.64 - - [07/Jul/2025:00:54:16 -0400] "GET /items/voata111/19055?key=must HTTP/1.1" 404 1251 "-" "Mozilla/5.0 (X11; Linux x86_64) AppleWebKit/537.36 (KHTML, like Gecko) Chrome/137.0.7151.119 Safari/537.36"
66.249.74.78 - - [07/Jul/2025:00:54:21 -0400] "GET /items/azckx205/9827?key=daughter HTTP/1.1" 404 1251 "-" "Mozilla/5.0 (compatible; Googlebot/2.1; +http://www.google.com/bot.html)"
66.249.74.78 - - [07/Jul/2025:00:54:24 -0400] "GET /items/eyqsb95/29385?key=normal HTTP/1.1" 404 1251 "-" "Mozilla/5.0 (Linux; Android 6.0.1; Nexus 5X Build/MMB29P) AppleWebKit/537.36 (KHTML, like Gecko) Chrome/137.0.7151.103 Mobile Safari/537.36 (compatible; Googlebot/2.1; +http://www.google.com/bot.html)"
66.249.74.78 - - [07/Jul/2025:00:54:43 -0400] "GET /q-~188oOId0ZBW1pmQro45xghSNma73VYsNh8551/ HTTP/1.1" 404 1251 "-" "Mozilla/5.0 (compatible; Googlebot/2.1; +http://www.google.com/bot.html)"
66.249.74.78 - - [07/Jul/2025:00:54:44 -0400] "GET /q-~133xbP5h21hbMRITcSTkvFWAnnfnhHrOU2236/ HTTP/1.1" 404 1251 "-" "Mozilla/5.0 (Linux; Android 6.0.1; Nexus 5X Build/MMB29P) AppleWebKit/537.36 (KHTML, like Gecko) Chrome/137.0.7151.103 Mobile Safari/537.36 (compatible; Googlebot/2.1; +http://www.google.com/bot.html)"
66.249.74.78 - - [07/Jul/2025:00:54:54 -0400] "GET /q-~260xLZOYHDNUQ3kjYq9LIuIzUMQd5eNwS12673/ HTTP/1.1" 404 1251 "-" "Mozilla/5.0 (compatible; Googlebot/2.1; +http://www.google.com/bot.html)"
69.197.182.50 - - [07/Jul/2025:00:54:55 -0400] "GET /wp-content/admin.php HTTP/1.1" 404 1251 "https://nas-yemen.org/wp-content/admin.php" "Mozilla/5.0 (Windows NT 10.0; Win64; x64) AppleWebKit/537.36 (KHTML, like Gecko) Chrome/58.0.3029.110 Safari/537.3"
66.249.74.65 - - [07/Jul/2025:00:55:00 -0400] "GET /q-~82lWGhwRB9UGDFEFzAx283KC9kgGWRol25197/ HTTP/1.1" 404 1251 "-" "Mozilla/5.0 (Linux; Android 6.0.1; Nexus 5X Build/MMB29P) AppleWebKit/537.36 (KHTML, like Gecko) Chrome/137.0.7151.103 Mobile Safari/537.36 (compatible; Googlebot/2.1; +http://www.google.com/bot.html)"
66.249.74.78 - - [07/Jul/2025:00:55:06 -0400] "GET /items/cxkcm183/33171?key=boast HTTP/1.1" 404 1251 "-" "Mozilla/5.0 (Linux; Android 6.0.1; Nexus 5X Build/MMB29P) AppleWebKit/537.36 (KHTML, like Gecko) Chrome/137.0.7151.103 Mobile Safari/537.36 (compatible; Googlebot/2.1; +http://www.google.com/bot.html)"
66.249.74.78 - - [07/Jul/2025:00:55:08 -0400] "GET /q-~207uRi2lRBqTqQmQzfzuVF47xVLZZDsmL42914/ HTTP/1.1" 404 1251 "-" "Mozilla/5.0 (Linux; Android 6.0.1; Nexus 5X Build/MMB29P) AppleWebKit/537.36 (KHTML, like Gecko) Chrome/137.0.7151.103 Mobile Safari/537.36 (compatible; Googlebot/2.1; +http://www.google.com/bot.html)"
66.249.74.64 - - [07/Jul/2025:00:55:09 -0400] "GET /items/khbxf125/28591?key=speech HTTP/1.1" 404 1251 "-" "Mozilla/5.0 (compatible; Googlebot/2.1; +http://www.google.com/bot.html)"
66.249.74.78 - - [07/Jul/2025:00:55:29 -0400] "GET /q-~194ed1utiqRiMbQ9K2cFBkdwC2rH6brVg19045/ HTTP/1.1" 404 1251 "-" "Mozilla/5.0 (Linux; Android 6.0.1; Nexus 5X Build/MMB29P) AppleWebKit/537.36 (KHTML, like Gecko) Chrome/137.0.7151.103 Mobile Safari/537.36 (compatible; Googlebot/2.1; +http://www.google.com/bot.html)"
66.249.74.78 - - [07/Jul/2025:00:55:49 -0400] "GET /q-~40hakICAKeRSTOyCt9zz2wUHnFOrrngX12857/ HTTP/1.1" 404 1251 "-" "Mozilla/5.0 (Linux; Android 6.0.1; Nexus 5X Build/MMB29P) AppleWebKit/537.36 (KHTML, like Gecko) Chrome/137.0.7151.103 Mobile Safari/537.36 (compatible; Googlebot/2.1; +http://www.google.com/bot.html)"
66.249.74.78 - - [07/Jul/2025:00:55:55 -0400] "GET /q-~222zhrIf66K6IkqP8x3rUfdcCeLvAHRFP29735/ HTTP/1.1" 404 1251 "-" "Mozilla/5.0 (Linux; Android 6.0.1; Nexus 5X Build/MMB29P) AppleWebKit/537.36 (KHTML, like Gecko) Chrome/137.0.7151.103 Mobile Safari/537.36 (compatible; Googlebot/2.1; +http://www.google.com/bot.html)"
66.249.74.78 - - [07/Jul/2025:00:55:56 -0400] "GET /items/rvrzx16/35946?key=confront HTTP/1.1" 404 1251 "-" "Mozilla/5.0 (Linux; Android 6.0.1; Nexus 5X Build/MMB29P) AppleWebKit/537.36 (KHTML, like Gecko) Chrome/137.0.7151.103 Mobile Safari/537.36 (compatible; GoogleOther)"
66.249.74.78 - - [07/Jul/2025:00:55:56 -0400] "GET /q-~270ePbt8VUrw4Iy6F04I2G3PO9fjQ4UBO19531/ HTTP/1.1" 404 1251 "-" "Mozilla/5.0 (Linux; Android 6.0.1; Nexus 5X Build/MMB29P) AppleWebKit/537.36 (KHTML, like Gecko) Chrome/137.0.7151.103 Mobile Safari/537.36 (compatible; Googlebot/2.1; +http://www.google.com/bot.html)"
66.249.74.65 - - [07/Jul/2025:00:56:03 -0400] "GET /q-~75RT14ygoLa5b5xHurM9QHqga7ePG67a28186/ HTTP/1.1" 404 1251 "-" "Mozilla/5.0 (compatible; Googlebot/2.1; +http://www.google.com/bot.html)"
66.249.74.64 - - [07/Jul/2025:00:56:14 -0400] "GET /items/uzbps31/25563?key=operate HTTP/1.1" 404 1251 "-" "Mozilla/5.0 (Linux; Android 6.0.1; Nexus 5X Build/MMB29P) AppleWebKit/537.36 (KHTML, like Gecko) Chrome/137.0.7151.103 Mobile Safari/537.36 (compatible; Googlebot/2.1; +http://www.google.com/bot.html)"
66.249.74.64 - - [07/Jul/2025:00:56:15 -0400] "GET /q-~97CM92ZGTAcK2wybhdZ3McyYQVcd285p12902/ HTTP/1.1" 404 1251 "-" "Mozilla/5.0 (Linux; Android 6.0.1; Nexus 5X Build/MMB29P) AppleWebKit/537.36 (KHTML, like Gecko) Chrome/137.0.7151.103 Mobile Safari/537.36 (compatible; Googlebot/2.1; +http://www.google.com/bot.html)"
66.249.74.64 - - [07/Jul/2025:00:56:17 -0400] "GET /q-~223GcnqFkt8SmUl6RUKCU5K8R88xCrMUk35496/ HTTP/1.1" 404 1251 "-" "Mozilla/5.0 (Linux; Android 6.0.1; Nexus 5X Build/MMB29P) AppleWebKit/537.36 (KHTML, like Gecko) Chrome/137.0.7151.103 Mobile Safari/537.36 (compatible; Googlebot/2.1; +http://www.google.com/bot.html)"
66.249.74.78 - - [07/Jul/2025:00:56:21 -0400] "GET /items/iospi184/17650?key=hat HTTP/1.1" 404 1251 "-" "Mozilla/5.0 (Linux; Android 6.0.1; Nexus 5X Build/MMB29P) AppleWebKit/537.36 (KHTML, like Gecko) Chrome/137.0.7151.103 Mobile Safari/537.36 (compatible; Googlebot/2.1; +http://www.google.com/bot.html)"
66.249.74.78 - - [07/Jul/2025:00:56:34 -0400] "GET /items/hfkhb165/44621?key=tale HTTP/1.1" 404 1251 "-" "Mozilla/5.0 (Linux; Android 6.0.1; Nexus 5X Build/MMB29P) AppleWebKit/537.36 (KHTML, like Gecko) Chrome/137.0.7151.103 Mobile Safari/537.36 (compatible; Googlebot/2.1; +http://www.google.com/bot.html)"
66.249.74.78 - - [07/Jul/2025:00:56:38 -0400] "GET /items/xbknn177/11035?key=vast HTTP/1.1" 404 1251 "-" "Mozilla/5.0 (compatible; Googlebot/2.1; +http://www.google.com/bot.html)"
66.249.74.78 - - [07/Jul/2025:00:56:44 -0400] "GET /items/oinxx281/37887?key=photography HTTP/1.1" 404 1251 "-" "Mozilla/5.0 (Linux; Android 6.0.1; Nexus 5X Build/MMB29P) AppleWebKit/537.36 (KHTML, like Gecko) Chrome/137.0.7151.103 Mobile Safari/537.36 (compatible; Googlebot/2.1; +http://www.google.com/bot.html)"
66.249.74.78 - - [07/Jul/2025:00:56:45 -0400] "GET /q-~296mUth6aSb8mckMjOSGBQy69DkmlaH3w42605/ HTTP/1.1" 404 1251 "-" "Mozilla/5.0 (compatible; Googlebot/2.1; +http://www.google.com/bot.html)"
66.249.74.65 - - [07/Jul/2025:00:57:02 -0400] "GET /items/siyor291/4005?key=tragic HTTP/1.1" 404 1251 "-" "Mozilla/5.0 (compatible; Googlebot/2.1; +http://www.google.com/bot.html)"
66.249.74.65 - - [07/Jul/2025:00:57:05 -0400] "GET /q-~167Zi24YybATu7woIS0dGAsE65DZUczeH4098/ HTTP/1.1" 404 1251 "-" "Mozilla/5.0 (compatible; Googlebot/2.1; +http://www.google.com/bot.html)"
2a03:2880:f800:: - - [07/Jul/2025:00:57:09 -0400] "GET /wp-includes/PHPMailer/?NA HTTP/1.1" 200 688 "-" "meta-externalagent/1.1 (+https://developers.facebook.com/docs/sharing/webmasters/crawler)"
66.249.74.64 - - [07/Jul/2025:00:57:22 -0400] "GET /q-~185CY77MsZQA1fwnreiXFL6xm7gIuDxsv45574/ HTTP/1.1" 404 1251 "-" "Mozilla/5.0 (compatible; Googlebot/2.1; +http://www.google.com/bot.html)"
66.249.74.78 - - [07/Jul/2025:00:57:30 -0400] "GET /q-~281hDr1OmfldP7cGjuU5QylhnVG63D0XZ2930/ HTTP/1.1" 404 1251 "-" "Mozilla/5.0 (Linux; Android 6.0.1; Nexus 5X Build/MMB29P) AppleWebKit/537.36 (KHTML, like Gecko) Chrome/137.0.7151.103 Mobile Safari/537.36 (compatible; Googlebot/2.1; +http://www.google.com/bot.html)"
66.249.74.78 - - [07/Jul/2025:00:57:52 -0400] "GET /q-~154lPSn4CHfNSvLnJHUokXY36skX86cNw40307/ HTTP/1.1" 404 1251 "-" "Mozilla/5.0 (Linux; Android 6.0.1; Nexus 5X Build/MMB29P) AppleWebKit/537.36 (KHTML, like Gecko) Chrome/137.0.7151.103 Mobile Safari/537.36 (compatible; Googlebot/2.1; +http://www.google.com/bot.html)"
52.167.144.233 - - [07/Jul/2025:00:58:02 -0400] "GET /index.php/?m=driver/index HTTP/1.1" 404 1251 "-" "Mozilla/5.0 AppleWebKit/537.36 (KHTML, like Gecko; compatible; bingbot/2.0; +http://www.bing.com/bingbot.htm) Chrome/116.0.1938.76 Safari/537.36"
66.249.74.65 - - [07/Jul/2025:00:58:24 -0400] "GET /q-~93RmvR6GYLrMDDHnZafHPRLFKPylebha27162/ HTTP/1.1" 404 1251 "-" "Mozilla/5.0 (compatible; Googlebot/2.1; +http://www.google.com/bot.html)"
66.29.146.47 - - [07/Jul/2025:00:58:25 -0400] "POST /wp-cron.php?doing_wp_cron=1751864304.9716010093688964843750 HTTP/1.1" 403 1242 "-" "WordPress/6.8; https://nas-yemen.org"
18.208.110.105 - - [07/Jul/2025:00:58:16 -0400] "POST /wp-login.php HTTP/1.1" 200 2096 "-" "Mozilla/5.0"
66.249.74.78 - - [07/Jul/2025:00:58:32 -0400] "GET /q-~109U955Y5lg96mL8n94eIbWDKm3jBoP9G14384/ HTTP/1.1" 404 1251 "-" "Mozilla/5.0 (Linux; Android 6.0.1; Nexus 5X Build/MMB29P) AppleWebKit/537.36 (KHTML, like Gecko) Chrome/137.0.7151.103 Mobile Safari/537.36 (compatible; Googlebot/2.1; +http://www.google.com/bot.html)"
66.249.74.78 - - [07/Jul/2025:00:58:32 -0400] "GET /q-~237kzO8vkqlY8gmwK9JWCUSQV1EhE9OyS28294/ HTTP/1.1" 404 1251 "-" "Mozilla/5.0 (Linux; Android 6.0.1; Nexus 5X Build/MMB29P) AppleWebKit/537.36 (KHTML, like Gecko) Chrome/137.0.7151.103 Mobile Safari/537.36 (compatible; Googlebot/2.1; +http://www.google.com/bot.html)"
66.249.74.64 - - [07/Jul/2025:00:58:33 -0400] "GET /q-~159uQbzxZ5916TK0Wliyr7IMlXTB4pegV19224/ HTTP/1.1" 404 1251 "-" "Mozilla/5.0 (compatible; Googlebot/2.1; +http://www.google.com/bot.html)"
2a03:2880:f800:3:: - - [07/Jul/2025:00:58:33 -0400] "GET /wp-includes/js/tinymce/themes/ HTTP/1.1" 200 632 "-" "meta-externalagent/1.1 (+https://developers.facebook.com/docs/sharing/webmasters/crawler)"
66.249.74.78 - - [07/Jul/2025:00:58:44 -0400] "GET /items/zokwv48/16992?key=increasing HTTP/1.1" 404 1251 "-" "Mozilla/5.0 (compatible; Googlebot/2.1; +http://www.google.com/bot.html)"
66.249.74.78 - - [07/Jul/2025:00:58:46 -0400] "GET /items/slifr165/26897?key=stock HTTP/1.1" 404 1251 "-" "Mozilla/5.0 (compatible; Googlebot/2.1; +http://www.google.com/bot.html)"
66.249.73.71 - - [07/Jul/2025:00:58:57 -0400] "GET /items/rximq8/7630?key=poem HTTP/1.1" 404 1251 "-" "Mozilla/5.0 (Linux; Android 6.0.1; Nexus 5X Build/MMB29P) AppleWebKit/537.36 (KHTML, like Gecko) Chrome/137.0.7151.103 Mobile Safari/537.36 (compatible; Googlebot/2.1; +http://www.google.com/bot.html)"
66.249.74.78 - - [07/Jul/2025:00:58:58 -0400] "GET /q-~182XZSf0uuuwaAzp5CfLBsj9hvsej7ZzH13433/ HTTP/1.1" 404 1251 "-" "Mozilla/5.0 (Linux; Android 6.0.1; Nexus 5X Build/MMB29P) AppleWebKit/537.36 (KHTML, like Gecko) Chrome/137.0.7151.103 Mobile Safari/537.36 (compatible; Googlebot/2.1; +http://www.google.com/bot.html)"
66.249.74.78 - - [07/Jul/2025:00:59:05 -0400] "GET /q-~7Ch9v5xXK5WwahCddG1WjLCGMJh65zj44568/ HTTP/1.1" 404 1251 "-" "Mozilla/5.0 (compatible; Googlebot/2.1; +http://www.google.com/bot.html)"
66.249.74.78 - - [07/Jul/2025:00:59:12 -0400] "GET /items/ltnkj297/17037?key=together HTTP/1.1" 404 1251 "-" "Mozilla/5.0 (compatible; Googlebot/2.1; +http://www.google.com/bot.html)"
66.249.74.78 - - [07/Jul/2025:00:59:13 -0400] "GET /items/zufsq28/41470?key=Japanese HTTP/1.1" 404 1251 "-" "Mozilla/5.0 (Linux; Android 6.0.1; Nexus 5X Build/MMB29P) AppleWebKit/537.36 (KHTML, like Gecko) Chrome/137.0.7151.103 Mobile Safari/537.36 (compatible; Googlebot/2.1; +http://www.google.com/bot.html)"
66.249.74.78 - - [07/Jul/2025:00:59:25 -0400] "GET /q-~210iW8x8GbYtjtMf4uBqO1HvgL2T8YB6T21209/ HTTP/1.1" 404 1251 "-" "Mozilla/5.0 (compatible; Googlebot/2.1; +http://www.google.com/bot.html)"
66.249.74.78 - - [07/Jul/2025:00:59:26 -0400] "GET /q-~265ehH5lPB8Kb9gEJjIcBekvRs2x2Ya2a4748/ HTTP/1.1" 404 1251 "-" "Mozilla/5.0 (Linux; Android 6.0.1; Nexus 5X Build/MMB29P) AppleWebKit/537.36 (KHTML, like Gecko) Chrome/137.0.7151.103 Mobile Safari/537.36 (compatible; Googlebot/2.1; +http://www.google.com/bot.html)"
2a03:2880:f800:13:: - - [07/Jul/2025:00:59:30 -0400] "GET /wp-includes/sodium_compat/lib/namespaced.php HTTP/1.1" 403 1242 "-" "meta-externalagent/1.1 (+https://developers.facebook.com/docs/sharing/webmasters/crawler)"
66.249.74.78 - - [07/Jul/2025:00:59:50 -0400] "GET /items/iwizy144/42032?key=eight HTTP/1.1" 404 1251 "-" "Mozilla/5.0 (Linux; Android 6.0.1; Nexus 5X Build/MMB29P) AppleWebKit/537.36 (KHTML, like Gecko) Chrome/137.0.7151.103 Mobile Safari/537.36 (compatible; GoogleOther)"
66.249.74.78 - - [07/Jul/2025:00:59:51 -0400] "GET /q-~37VpcEV3xVJsNJxKsoap6lfW66wIzDAY36490/ HTTP/1.1" 404 1251 "-" "Mozilla/5.0 (Linux; Android 6.0.1; Nexus 5X Build/MMB29P) AppleWebKit/537.36 (KHTML, like Gecko) Chrome/137.0.7151.103 Mobile Safari/537.36 (compatible; Googlebot/2.1; +http://www.google.com/bot.html)"
66.249.74.78 - - [07/Jul/2025:00:59:53 -0400] "GET /q-~91MCRemFKQJV1XktxdbAKxlmr9U23C2R21580/ HTTP/1.1" 404 1251 "-" "Mozilla/5.0 (Linux; Android 6.0.1; Nexus 5X Build/MMB29P) AppleWebKit/537.36 (KHTML, like Gecko) Chrome/137.0.7151.103 Mobile Safari/537.36 (compatible; Googlebot/2.1; +http://www.google.com/bot.html)"
66.249.74.78 - - [07/Jul/2025:00:59:57 -0400] "GET /items/zwdam192/22520?key=dilemma HTTP/1.1" 404 1251 "-" "Mozilla/5.0 (Linux; Android 6.0.1; Nexus 5X Build/MMB29P) AppleWebKit/537.36 (KHTML, like Gecko) Chrome/137.0.7151.103 Mobile Safari/537.36 (compatible; GoogleOther)"
66.249.73.73 - - [07/Jul/2025:00:59:58 -0400] "GET /items/nmyyr207/37049?key=rice HTTP/1.1" 404 1251 "-" "Mozilla/5.0 (Linux; Android 6.0.1; Nexus 5X Build/MMB29P) AppleWebKit/537.36 (KHTML, like Gecko) Chrome/137.0.7151.103 Mobile Safari/537.36 (compatible; Googlebot/2.1; +http://www.google.com/bot.html)"
66.249.74.65 - - [07/Jul/2025:01:00:21 -0400] "GET /q-~227KBMJ9ViJl63LBBXjbduUkNiGPiRPwt20218/ HTTP/1.1" 404 1251 "-" "Mozilla/5.0 (compatible; Googlebot/2.1; +http://www.google.com/bot.html)"
2a03:2880:f800:1c:: - - [07/Jul/2025:01:00:22 -0400] "GET /wp-includes/css/dist/nux/ HTTP/1.1" 200 682 "-" "meta-externalagent/1.1 (+https://developers.facebook.com/docs/sharing/webmasters/crawler)"
66.249.74.64 - - [07/Jul/2025:01:00:24 -0400] "GET /q-~9KLADCzXnva3J2n1RJDp4nylTYTxWCh11308/ HTTP/1.1" 404 1251 "-" "Mozilla/5.0 (Linux; Android 6.0.1; Nexus 5X Build/MMB29P) AppleWebKit/537.36 (KHTML, like Gecko) Chrome/137.0.7151.103 Mobile Safari/537.36 (compatible; Googlebot/2.1; +http://www.google.com/bot.html)"
66.249.74.64 - - [07/Jul/2025:01:00:31 -0400] "GET /items/yxtmr207/33667?key=presidency HTTP/1.1" 404 1251 "-" "Mozilla/5.0 (Linux; Android 6.0.1; Nexus 5X Build/MMB29P) AppleWebKit/537.36 (KHTML, like Gecko) Chrome/137.0.7151.103 Mobile Safari/537.36 (compatible; Googlebot/2.1; +http://www.google.com/bot.html)"
66.249.74.78 - - [07/Jul/2025:01:00:37 -0400] "GET /q-~184QQ2YZVncD6nis0Lo53DkTEBUJYtunw42423/ HTTP/1.1" 404 1251 "-" "Mozilla/5.0 (compatible; Googlebot/2.1; +http://www.google.com/bot.html)"
2a03:2880:f800:3:: - - [07/Jul/2025:01:00:54 -0400] "GET /wp-includes/SimplePie/src/Copyright.php HTTP/1.1" 403 1242 "-" "meta-externalagent/1.1 (+https://developers.facebook.com/docs/sharing/webmasters/crawler)"
66.249.74.64 - - [07/Jul/2025:01:01:06 -0400] "GET /items/vzngc93/20311?key=satisfaction HTTP/1.1" 404 1251 "-" "Mozilla/5.0 (compatible; Googlebot/2.1; +http://www.google.com/bot.html)"
66.249.74.78 - - [07/Jul/2025:01:01:16 -0400] "GET /items/sangi178/48874?key=banking HTTP/1.1" 404 1251 "-" "Mozilla/5.0 (Linux; Android 6.0.1; Nexus 5X Build/MMB29P) AppleWebKit/537.36 (KHTML, like Gecko) Chrome/137.0.7151.103 Mobile Safari/537.36 (compatible; Googlebot/2.1; +http://www.google.com/bot.html)"
66.249.74.78 - - [07/Jul/2025:01:01:22 -0400] "GET /q-~35Hxi25dU71ZhNGduCNwdyqiHszroMYs19522/ HTTP/1.1" 404 1251 "-" "Mozilla/5.0 (compatible; Googlebot/2.1; +http://www.google.com/bot.html)"
66.249.74.78 - - [07/Jul/2025:01:01:34 -0400] "GET /items/zvcwt121/16469?key=photographer HTTP/1.1" 404 1251 "-" "Mozilla/5.0 (compatible; Googlebot/2.1; +http://www.google.com/bot.html)"
66.249.74.78 - - [07/Jul/2025:01:01:41 -0400] "GET /items/xwpmh285/35343?key=equally HTTP/1.1" 404 1251 "-" "Mozilla/5.0 (Linux; Android 6.0.1; Nexus 5X Build/MMB29P) AppleWebKit/537.36 (KHTML, like Gecko) Chrome/137.0.7151.103 Mobile Safari/537.36 (compatible; Googlebot/2.1; +http://www.google.com/bot.html)"
66.249.74.78 - - [07/Jul/2025:01:01:44 -0400] "GET /q-~230KAqcEhc7FOUS0pmZd88fjScEaSWRNS38893/ HTTP/1.1" 404 1251 "-" "Mozilla/5.0 (compatible; Googlebot/2.1; +http://www.google.com/bot.html)"
66.249.74.65 - - [07/Jul/2025:01:02:27 -0400] "GET /q-~96VjvMCgulPdEMm6Pl3EeJrfoV5Hk5HA15313/ HTTP/1.1" 404 1251 "-" "Mozilla/5.0 (Linux; Android 6.0.1; Nexus 5X Build/MMB29P) AppleWebKit/537.36 (KHTML, like Gecko) Chrome/137.0.7151.103 Mobile Safari/537.36 (compatible; Googlebot/2.1; +http://www.google.com/bot.html)"
66.249.74.78 - - [07/Jul/2025:01:02:29 -0400] "GET /items/rkwyz289/4107?key=brilliant HTTP/1.1" 404 1251 "-" "Mozilla/5.0 (Linux; Android 6.0.1; Nexus 5X Build/MMB29P) AppleWebKit/537.36 (KHTML, like Gecko) Chrome/137.0.7151.103 Mobile Safari/537.36 (compatible; Googlebot/2.1; +http://www.google.com/bot.html)"
66.249.74.65 - - [07/Jul/2025:01:02:30 -0400] "GET /items/jyyvw87/40373?key=tool HTTP/1.1" 404 1251 "-" "Mozilla/5.0 (compatible; Googlebot/2.1; +http://www.google.com/bot.html)"
66.249.74.78 - - [07/Jul/2025:01:02:38 -0400] "GET /q-~178z6uj3jgwbpwU4rn7K9xCrhp0qQhYXu40837/ HTTP/1.1" 404 1251 "-" "Mozilla/5.0 (Linux; Android 6.0.1; Nexus 5X Build/MMB29P) AppleWebKit/537.36 (KHTML, like Gecko) Chrome/137.0.7151.103 Mobile Safari/537.36 (compatible; Googlebot/2.1; +http://www.google.com/bot.html)"
2a03:2880:f800:b:: - - [07/Jul/2025:01:02:41 -0400] "GET /wp-includes/sodium_compat/lib/stream-xchacha20.php HTTP/1.1" 403 1242 "-" "meta-externalagent/1.1 (+https://developers.facebook.com/docs/sharing/webmasters/crawler)"
66.249.73.73 - - [07/Jul/2025:01:03:00 -0400] "GET /items/dwtzb8/17480?key=uncle HTTP/1.1" 404 1251 "-" "Mozilla/5.0 (Linux; Android 6.0.1; Nexus 5X Build/MMB29P) AppleWebKit/537.36 (KHTML, like Gecko) Chrome/137.0.7151.103 Mobile Safari/537.36 (compatible; Googlebot/2.1; +http://www.google.com/bot.html)"
66.249.74.64 - - [07/Jul/2025:01:03:10 -0400] "GET /q-~300gT6TWep88lIEYppatoRBGYZcBGmPIu10887/ HTTP/1.1" 404 1251 "-" "Mozilla/5.0 (Linux; Android 6.0.1; Nexus 5X Build/MMB29P) AppleWebKit/537.36 (KHTML, like Gecko) Chrome/137.0.7151.103 Mobile Safari/537.36 (compatible; Googlebot/2.1; +http://www.google.com/bot.html)"
66.249.74.65 - - [07/Jul/2025:01:03:13 -0400] "GET /items/ngfmm34/8680?key=link HTTP/1.1" 404 1251 "-" "Mozilla/5.0 (Linux; Android 6.0.1; Nexus 5X Build/MMB29P) AppleWebKit/537.36 (KHTML, like Gecko) Chrome/137.0.7151.103 Mobile Safari/537.36 (compatible; Googlebot/2.1; +http://www.google.com/bot.html)"
