66.249.74.78 - - [07/Jul/2025:01:03:19 -0400] "GET /q-~142rqBx1pvoGaCQ62S6O8SVyRH95uZxai2009/ HTTP/1.1" 404 1251 "-" "Mozilla/5.0 (Linux; Android 6.0.1; Nexus 5X Build/MMB29P) AppleWebKit/537.36 (KHTML, like Gecko) Chrome/137.0.7151.103 Mobile Safari/537.36 (compatible; Googlebot/2.1; +http://www.google.com/bot.html)"
66.249.74.78 - - [07/Jul/2025:01:03:34 -0400] "GET /q-~78lCM5d6O7BVDQaLPQCj7qSRxVM3acQF20263/ HTTP/1.1" 404 1251 "-" "Mozilla/5.0 (Linux; Android 6.0.1; Nexus 5X Build/MMB29P) AppleWebKit/537.36 (KHTML, like Gecko) Chrome/137.0.7151.103 Mobile Safari/537.36 (compatible; Googlebot/2.1; +http://www.google.com/bot.html)"
66.249.74.78 - - [07/Jul/2025:01:03:45 -0400] "GET /q-~156HjENn9bAczEz8nNB2LqEKqTaNSP1Pd14157/ HTTP/1.1" 404 1251 "-" "Mozilla/5.0 (Linux; Android 6.0.1; Nexus 5X Build/MMB29P) AppleWebKit/537.36 (KHTML, like Gecko) Chrome/137.0.7151.103 Mobile Safari/537.36 (compatible; GoogleOther)"
66.249.74.78 - - [07/Jul/2025:01:03:53 -0400] "GET /items/yhbnp122/1112?key=freeze HTTP/1.1" 404 1251 "-" "Mozilla/5.0 (compatible; Googlebot/2.1; +http://www.google.com/bot.html)"
66.249.74.64 - - [07/Jul/2025:01:04:03 -0400] "GET /items/jkaqi196/7100?key=preliminary HTTP/1.1" 404 1251 "-" "Mozilla/5.0 (compatible; Googlebot/2.1; +http://www.google.com/bot.html)"
66.249.74.64 - - [07/Jul/2025:01:04:07 -0400] "GET /items/cgxhd255/41165?key=conception HTTP/1.1" 404 1251 "-" "Mozilla/5.0 (Linux; Android 6.0.1; Nexus 5X Build/MMB29P) AppleWebKit/537.36 (KHTML, like Gecko) Chrome/137.0.7151.103 Mobile Safari/537.36 (compatible; Googlebot/2.1; +http://www.google.com/bot.html)"
69.197.182.50 - - [07/Jul/2025:01:04:15 -0400] "GET /wp-content/admin.php HTTP/1.1" 404 1251 "https://nas-yemen.org/wp-content/admin.php" "Mozilla/5.0 (Windows NT 10.0; Win64; x64) AppleWebKit/537.36 (KHTML, like Gecko) Chrome/58.0.3029.110 Safari/537.3"
66.249.74.78 - - [07/Jul/2025:01:04:29 -0400] "GET /q-~43uXLJUVYMtagGjgp5r7GF0R3jXpPDjV39870/ HTTP/1.1" 404 1251 "-" "Mozilla/5.0 (compatible; Googlebot/2.1; +http://www.google.com/bot.html)"
2a03:2880:f800:1d:: - - [07/Jul/2025:01:04:34 -0400] "GET /wp-includes/SimplePie/src/Enclosure.php HTTP/1.1" 403 1242 "-" "meta-externalagent/1.1 (+https://developers.facebook.com/docs/sharing/webmasters/crawler)"
2a03:2880:f800:: - - [07/Jul/2025:01:04:37 -0400] "GET /wp-includes/css/dist/customize-widgets/ HTTP/1.1" 200 683 "-" "meta-externalagent/1.1 (+https://developers.facebook.com/docs/sharing/webmasters/crawler)"
66.249.74.78 - - [07/Jul/2025:01:04:51 -0400] "GET /items/vgton174/23988?key=visual HTTP/1.1" 404 1251 "-" "Mozilla/5.0 (compatible; Googlebot/2.1; +http://www.google.com/bot.html)"
2a03:2880:f800:c:: - - [07/Jul/2025:01:04:53 -0400] "GET /wp-includes/fonts/?SD HTTP/1.1" 200 1140 "-" "meta-externalagent/1.1 (+https://developers.facebook.com/docs/sharing/webmasters/crawler)"
66.249.74.78 - - [07/Jul/2025:01:05:01 -0400] "GET /items/yhgwn175/30027?key=girl HTTP/1.1" 404 1251 "-" "Mozilla/5.0 (Linux; Android 6.0.1; Nexus 5X Build/MMB29P) AppleWebKit/537.36 (KHTML, like Gecko) Chrome/137.0.7151.103 Mobile Safari/537.36 (compatible; Googlebot/2.1; +http://www.google.com/bot.html)"
66.249.74.78 - - [07/Jul/2025:01:05:07 -0400] "GET /q-~230ei9vdOzHEJtQuUg6xFd03MKvGgPEoQ6787/ HTTP/1.1" 404 1251 "-" "Mozilla/5.0 (compatible; Googlebot/2.1; +http://www.google.com/bot.html)"
66.249.74.78 - - [07/Jul/2025:01:05:18 -0400] "GET /items/pwaou113/27033?key=beginning HTTP/1.1" 404 1251 "-" "Mozilla/5.0 (Linux; Android 6.0.1; Nexus 5X Build/MMB29P) AppleWebKit/537.36 (KHTML, like Gecko) Chrome/137.0.7151.103 Mobile Safari/537.36 (compatible; Googlebot/2.1; +http://www.google.com/bot.html)"
66.249.74.78 - - [07/Jul/2025:01:05:41 -0400] "GET /items/tenmp21/44467?key=wet HTTP/1.1" 404 1251 "-" "Mozilla/5.0 (Linux; Android 6.0.1; Nexus 5X Build/MMB29P) AppleWebKit/537.36 (KHTML, like Gecko) Chrome/137.0.7151.103 Mobile Safari/537.36 (compatible; Googlebot/2.1; +http://www.google.com/bot.html)"
66.249.74.78 - - [07/Jul/2025:01:05:42 -0400] "GET /items/dgmip121/9351?key=deem HTTP/1.1" 404 1251 "-" "Mozilla/5.0 (Linux; Android 6.0.1; Nexus 5X Build/MMB29P) AppleWebKit/537.36 (KHTML, like Gecko) Chrome/137.0.7151.103 Mobile Safari/537.36 (compatible; Googlebot/2.1; +http://www.google.com/bot.html)"
66.249.74.78 - - [07/Jul/2025:01:05:46 -0400] "GET /q-~198D94XcvDshHv9WVEiF2gtGz4ra9Ws5W6807/ HTTP/1.1" 404 1251 "-" "Mozilla/5.0 (compatible; Googlebot/2.1; +http://www.google.com/bot.html)"
66.249.74.78 - - [07/Jul/2025:01:05:57 -0400] "GET /items/zemmv28/13482?key=stack HTTP/1.1" 404 1251 "-" "Mozilla/5.0 (compatible; Googlebot/2.1; +http://www.google.com/bot.html)"
66.249.74.78 - - [07/Jul/2025:01:05:57 -0400] "GET /items/jlmip93/17905?key=slope HTTP/1.1" 404 1251 "-" "Mozilla/5.0 (Linux; Android 6.0.1; Nexus 5X Build/MMB29P) AppleWebKit/537.36 (KHTML, like Gecko) Chrome/137.0.7151.103 Mobile Safari/537.36 (compatible; Googlebot/2.1; +http://www.google.com/bot.html)"
66.249.74.65 - - [07/Jul/2025:01:06:01 -0400] "GET /items/osnsq110/21202?key=municipal HTTP/1.1" 404 1251 "-" "Mozilla/5.0 (Linux; Android 6.0.1; Nexus 5X Build/MMB29P) AppleWebKit/537.36 (KHTML, like Gecko) Chrome/137.0.7151.103 Mobile Safari/537.36 (compatible; Googlebot/2.1; +http://www.google.com/bot.html)"
66.249.74.78 - - [07/Jul/2025:01:06:02 -0400] "GET /items/wmzrc248/41238?key=preach HTTP/1.1" 404 1251 "-" "Mozilla/5.0 (compatible; Googlebot/2.1; +http://www.google.com/bot.html)"
66.249.74.78 - - [07/Jul/2025:01:06:24 -0400] "GET /q-~48m3a8kKTDFe4LYRxFuFYiJtI9LYasYW45089/ HTTP/1.1" 404 1251 "-" "Mozilla/5.0 (Linux; Android 6.0.1; Nexus 5X Build/MMB29P) AppleWebKit/537.36 (KHTML, like Gecko) Chrome/137.0.7151.103 Mobile Safari/537.36 (compatible; Googlebot/2.1; +http://www.google.com/bot.html)"
66.249.74.78 - - [07/Jul/2025:01:06:35 -0400] "GET /q-~251jRyhbPAYfH4JPlxDPCjXgkFBQ1vEnG7604/ HTTP/1.1" 404 1251 "-" "Mozilla/5.0 (compatible; Googlebot/2.1; +http://www.google.com/bot.html)"
66.249.74.78 - - [07/Jul/2025:01:06:54 -0400] "GET /q-~101SmpvPIt6Q2xYi7O0iuPj2qVt7lfpYm43916/ HTTP/1.1" 404 1251 "-" "Mozilla/5.0 (compatible; Googlebot/2.1; +http://www.google.com/bot.html)"
216.73.216.220 - - [07/Jul/2025:01:06:58 -0400] "GET /robots.txt HTTP/1.1" 304 0 "-" "Mozilla/5.0 AppleWebKit/537.36 (KHTML, like Gecko; compatible; ClaudeBot/1.0; [email protected])"
216.73.216.220 - - [07/Jul/2025:01:06:59 -0400] "GET / HTTP/1.1" 200 1470 "-" "Mozilla/5.0 AppleWebKit/537.36 (KHTML, like Gecko; compatible; ClaudeBot/1.0; [email protected])"
66.249.74.78 - - [07/Jul/2025:01:07:01 -0400] "GET /items/gcsib170/15060?key=dump HTTP/1.1" 404 1251 "-" "Mozilla/5.0 (Linux; Android 6.0.1; Nexus 5X Build/MMB29P) AppleWebKit/537.36 (KHTML, like Gecko) Chrome/137.0.7151.103 Mobile Safari/537.36 (compatible; Googlebot/2.1; +http://www.google.com/bot.html)"
66.249.74.78 - - [07/Jul/2025:01:07:04 -0400] "GET /items/gdexk228/3872?key=coordinate HTTP/1.1" 404 1251 "-" "Mozilla/5.0 (compatible; Googlebot/2.1; +http://www.google.com/bot.html)"
66.249.74.64 - - [07/Jul/2025:01:07:40 -0400] "GET /q-~127yvGVOsZRlR6EHR8HZzEQw0Bj9kstCE46556/ HTTP/1.1" 404 1251 "-" "Mozilla/5.0 (Linux; Android 6.0.1; Nexus 5X Build/MMB29P) AppleWebKit/537.36 (KHTML, like Gecko) Chrome/137.0.7151.103 Mobile Safari/537.36 (compatible; GoogleOther)"
66.249.74.78 - - [07/Jul/2025:01:07:51 -0400] "GET /q-~88nAaP1TGcVYhOAtk2R6XUy4rSPPXHzw43129/ HTTP/1.1" 404 1251 "-" "Mozilla/5.0 (compatible; Googlebot/2.1; +http://www.google.com/bot.html)"
66.249.74.78 - - [07/Jul/2025:01:07:58 -0400] "GET /items/olaya153/47579?key=curve HTTP/1.1" 404 1251 "-" "Mozilla/5.0 (compatible; Googlebot/2.1; +http://www.google.com/bot.html)"
66.249.74.78 - - [07/Jul/2025:01:08:01 -0400] "GET /items/hnjym9/9939?key=strongly HTTP/1.1" 404 1251 "-" "Mozilla/5.0 (compatible; Googlebot/2.1; +http://www.google.com/bot.html)"
103.81.249.126 - - [07/Jul/2025:01:08:03 -0400] "POST /xmlrpc.php HTTP/1.1" 403 1242 "-" "Mozilla/5.0 (X11; Ubuntu; Linux x86_64; rv:85.0) Gecko/20100101 Firefox/91.0"
66.249.74.78 - - [07/Jul/2025:01:08:05 -0400] "GET /items/hahlv264/23102?key=soil HTTP/1.1" 404 1251 "-" "Mozilla/5.0 (compatible; Googlebot/2.1; +http://www.google.com/bot.html)"
34.73.43.187 - - [07/Jul/2025:01:08:06 -0400] "GET /aa48b/ HTTP/1.1" 200 533 "-" "ZoominfoBot (zoominfobot at zoominfo dot com)"
66.249.73.71 - - [07/Jul/2025:01:08:11 -0400] "GET /items/crskf1/28467?key=analyst HTTP/1.1" 404 1251 "-" "Mozilla/5.0 (Linux; Android 6.0.1; Nexus 5X Build/MMB29P) AppleWebKit/537.36 (KHTML, like Gecko) Chrome/137.0.7151.103 Mobile Safari/537.36 (compatible; Googlebot/2.1; +http://www.google.com/bot.html)"
66.249.74.78 - - [07/Jul/2025:01:08:22 -0400] "GET /q-~43mirETeKF3nWbgetcR5wwGeYjy9bNaI21036/ HTTP/1.1" 404 1251 "-" "Mozilla/5.0 (Linux; Android 6.0.1; Nexus 5X Build/MMB29P) AppleWebKit/537.36 (KHTML, like Gecko) Chrome/137.0.7151.103 Mobile Safari/537.36 (compatible; Googlebot/2.1; +http://www.google.com/bot.html)"
150.95.110.113 - - [07/Jul/2025:01:08:30 -0400] "GET /xmlrpc.php HTTP/1.1" 403 1242 "http://nas-yemen.org/xmlrpc.php" "Mozilla/5.0 (X11; Ubuntu; Linux x86_64; rv:85.0) Gecko/20100101 Firefox/91.0"
66.249.74.78 - - [07/Jul/2025:01:08:32 -0400] "GET /q-~212lut6TQUWQy0SM2PMl25maBzlhdASTj23555/ HTTP/1.1" 404 1251 "-" "Mozilla/5.0 (Linux; Android 6.0.1; Nexus 5X Build/MMB29P) AppleWebKit/537.36 (KHTML, like Gecko) Chrome/137.0.7151.103 Mobile Safari/537.36 (compatible; GoogleOther)"
66.249.74.78 - - [07/Jul/2025:01:08:39 -0400] "GET /q-~1C9QmwwhgdipKUdVgxMEYyV52HZkoPn35938/ HTTP/1.1" 404 1251 "-" "Mozilla/5.0 (Linux; Android 6.0.1; Nexus 5X Build/MMB29P) AppleWebKit/537.36 (KHTML, like Gecko) Chrome/137.0.7151.103 Mobile Safari/537.36 (compatible; Googlebot/2.1; +http://www.google.com/bot.html)"
66.249.74.78 - - [07/Jul/2025:01:08:47 -0400] "GET /items/kqoio98/88?key=therapist HTTP/1.1" 404 1251 "-" "Mozilla/5.0 (compatible; Googlebot/2.1; +http://www.google.com/bot.html)"
66.249.74.64 - - [07/Jul/2025:01:09:25 -0400] "GET /items/kxstm8/16668?key=athletic HTTP/1.1" 404 1251 "-" "Mozilla/5.0 (Linux; Android 6.0.1; Nexus 5X Build/MMB29P) AppleWebKit/537.36 (KHTML, like Gecko) Chrome/137.0.7151.103 Mobile Safari/537.36 (compatible; Googlebot/2.1; +http://www.google.com/bot.html)"
198.54.125.232 - - [07/Jul/2025:01:09:38 -0400] "POST /xmlrpc.php HTTP/1.1" 403 1242 "https://nas-yemen.org" "Mozilla/5.0 (Macintosh; Intel Mac OS X 10_15_7; rv:127.0) Gecko/20100101 Firefox/127.0"
2a03:2880:f800:3:: - - [07/Jul/2025:01:09:46 -0400] "GET /wp-includes/css/dist/?ND HTTP/1.1" 200 1152 "-" "meta-externalagent/1.1 (+https://developers.facebook.com/docs/sharing/webmasters/crawler)"
66.249.74.64 - - [07/Jul/2025:01:09:50 -0400] "GET /q-~238QsyKlXSfKOh1GSV33RwDlUszumtEWd46321/ HTTP/1.1" 404 1251 "-" "Mozilla/5.0 (compatible; Googlebot/2.1; +http://www.google.com/bot.html)"
47.82.60.62 - - [07/Jul/2025:01:10:10 -0400] "GET /wp-includes/feed-rss2.php HTTP/1.1" 403 1242 "https://www.nas-yemen.org/wp-includes/feed-rss2.php" "Mozilla/5.0 (Windows NT 10.0; Win64; x64) AppleWebKit/537.36 (KHTML, like Gecko) Chrome/114.0.0.0 Safari/537.36 Edg/114.0.1823.43"
66.249.74.64 - - [07/Jul/2025:01:10:13 -0400] "GET /q-~20tcVwr69qT6VjsMMFvkYc8SoxSZpghj20679/ HTTP/1.1" 404 1251 "-" "Mozilla/5.0 (compatible; Googlebot/2.1; +http://www.google.com/bot.html)"
142.44.138.99 - - [07/Jul/2025:01:10:17 -0400] "GET /xmlrpc.php HTTP/1.1" 403 1242 "http://nas-yemen.org" "Mozilla/5.0 (Macintosh; Intel Mac OS X 13_3) AppleWebKit/537.36 (KHTML, like Gecko) Chrome/126.0.0.0 Safari/537.36"
66.249.74.64 - - [07/Jul/2025:01:10:26 -0400] "GET /q-~174bVap4tqFBpgbKxnH5M3bVoz5zbyOXw42515/ HTTP/1.1" 404 1251 "-" "Mozilla/5.0 (Linux; Android 6.0.1; Nexus 5X Build/MMB29P) AppleWebKit/537.36 (KHTML, like Gecko) Chrome/137.0.7151.103 Mobile Safari/537.36 (compatible; Googlebot/2.1; +http://www.google.com/bot.html)"
2a03:2880:f800:18:: - - [07/Jul/2025:01:10:32 -0400] "GET /wp-includes/sodium_compat/lib/php72compat.php HTTP/1.1" 403 1242 "-" "meta-externalagent/1.1 (+https://developers.facebook.com/docs/sharing/webmasters/crawler)"
66.249.74.78 - - [07/Jul/2025:01:10:47 -0400] "GET /items/yrmtq261/12281?key=together HTTP/1.1" 404 1251 "-" "Mozilla/5.0 (Linux; Android 6.0.1; Nexus 5X Build/MMB29P) AppleWebKit/537.36 (KHTML, like Gecko) Chrome/137.0.7151.103 Mobile Safari/537.36 (compatible; Googlebot/2.1; +http://www.google.com/bot.html)"
66.249.74.78 - - [07/Jul/2025:01:10:58 -0400] "GET /items/lzqkq85/3959?key=gently HTTP/1.1" 404 1251 "-" "Mozilla/5.0 (Linux; Android 6.0.1; Nexus 5X Build/MMB29P) AppleWebKit/537.36 (KHTML, like Gecko) Chrome/137.0.7151.103 Mobile Safari/537.36 (compatible; Googlebot/2.1; +http://www.google.com/bot.html)"
66.249.74.78 - - [07/Jul/2025:01:10:59 -0400] "GET /q-~134ZQGb3PUFqsak6HL3iwm5u7yeiaJdTb25841/ HTTP/1.1" 404 1251 "-" "Mozilla/5.0 (compatible; Googlebot/2.1; +http://www.google.com/bot.html)"
66.249.74.64 - - [07/Jul/2025:01:11:03 -0400] "GET /items/xuoml203/38281?key=architect HTTP/1.1" 404 1251 "-" "Mozilla/5.0 (Linux; Android 6.0.1; Nexus 5X Build/MMB29P) AppleWebKit/537.36 (KHTML, like Gecko) Chrome/137.0.7151.103 Mobile Safari/537.36 (compatible; Googlebot/2.1; +http://www.google.com/bot.html)"
66.249.74.65 - - [07/Jul/2025:01:11:05 -0400] "GET /q-~4n3sRZXUxhd9QxofErfvq0XKBOFg1Yk10253/ HTTP/1.1" 404 1251 "-" "Mozilla/5.0 (compatible; Googlebot/2.1; +http://www.google.com/bot.html)"
66.249.74.64 - - [07/Jul/2025:01:11:05 -0400] "GET /items/fcqun295/42687?key=clinical HTTP/1.1" 404 1251 "-" "Mozilla/5.0 (compatible; Googlebot/2.1; +http://www.google.com/bot.html)"
66.249.74.78 - - [07/Jul/2025:01:11:08 -0400] "GET /q-~21dKOZQmtE8hNomm5S74dgGCItuKVXVR22830/ HTTP/1.1" 404 1251 "-" "Mozilla/5.0 (Linux; Android 6.0.1; Nexus 5X Build/MMB29P) AppleWebKit/537.36 (KHTML, like Gecko) Chrome/137.0.7151.103 Mobile Safari/537.36 (compatible; Googlebot/2.1; +http://www.google.com/bot.html)"
66.249.74.78 - - [07/Jul/2025:01:11:31 -0400] "GET /q-~122z6c5j9vgx4HghQuQYYzTJFSZGkG51u40415/ HTTP/1.1" 404 1251 "-" "Mozilla/5.0 (Linux; Android 6.0.1; Nexus 5X Build/MMB29P) AppleWebKit/537.36 (KHTML, like Gecko) Chrome/137.0.7151.103 Mobile Safari/537.36 (compatible; Googlebot/2.1; +http://www.google.com/bot.html)"
57.141.0.3 - - [07/Jul/2025:01:11:33 -0400] "GET /wp-includes/widgets/?MD HTTP/1.1" 200 1355 "-" "meta-externalagent/1.1 (+https://developers.facebook.com/docs/sharing/webmasters/crawler)"
66.249.74.78 - - [07/Jul/2025:01:11:35 -0400] "GET /q-~174YU3h6OboaPtjXvXT5aoAFJ6VyKHkEb16915/ HTTP/1.1" 404 1251 "-" "Mozilla/5.0 (Linux; Android 6.0.1; Nexus 5X Build/MMB29P) AppleWebKit/537.36 (KHTML, like Gecko) Chrome/137.0.7151.103 Mobile Safari/537.36 (compatible; GoogleOther)"
66.249.74.78 - - [07/Jul/2025:01:11:37 -0400] "GET /q-~47YKSmks6A2ZE35LNuMG8cfFTd86zOag46538/ HTTP/1.1" 404 1251 "-" "Mozilla/5.0 (Linux; Android 6.0.1; Nexus 5X Build/MMB29P) AppleWebKit/537.36 (KHTML, like Gecko) Chrome/137.0.7151.103 Mobile Safari/537.36 (compatible; Googlebot/2.1; +http://www.google.com/bot.html)"
66.249.74.78 - - [07/Jul/2025:01:11:38 -0400] "GET /q-~34CC6v4JLwPKrwXqqUaJ5A3wgToX6hJL19481/ HTTP/1.1" 404 1251 "-" "Mozilla/5.0 (compatible; Googlebot/2.1; +http://www.google.com/bot.html)"
66.249.73.72 - - [07/Jul/2025:01:11:42 -0400] "GET /items/kyhbz281/38709?key=disclose HTTP/1.1" 404 1251 "-" "Mozilla/5.0 (Linux; Android 6.0.1; Nexus 5X Build/MMB29P) AppleWebKit/537.36 (KHTML, like Gecko) Chrome/137.0.7151.103 Mobile Safari/537.36 (compatible; Googlebot/2.1; +http://www.google.com/bot.html)"
66.249.74.78 - - [07/Jul/2025:01:11:47 -0400] "GET /items/zjome70/560?key=deny HTTP/1.1" 404 1251 "-" "Mozilla/5.0 (compatible; Googlebot/2.1; +http://www.google.com/bot.html)"
66.249.74.64 - - [07/Jul/2025:01:12:08 -0400] "GET /items/icvdb297/31285?key=large HTTP/1.1" 404 1251 "-" "Mozilla/5.0 (Linux; Android 6.0.1; Nexus 5X Build/MMB29P) AppleWebKit/537.36 (KHTML, like Gecko) Chrome/137.0.7151.103 Mobile Safari/537.36 (compatible; Googlebot/2.1; +http://www.google.com/bot.html)"
66.249.74.64 - - [07/Jul/2025:01:12:18 -0400] "GET /q-~70K6OIfoWWEH7tkAEr3Vssw4lXPR90JG8615/ HTTP/1.1" 404 1251 "-" "Mozilla/5.0 (Linux; Android 6.0.1; Nexus 5X Build/MMB29P) AppleWebKit/537.36 (KHTML, like Gecko) Chrome/137.0.7151.103 Mobile Safari/537.36 (compatible; Googlebot/2.1; +http://www.google.com/bot.html)"
66.249.74.78 - - [07/Jul/2025:01:12:35 -0400] "GET /q-~61SSbxOIpjCO4mz1ui9HdZEABabT7y3b7520/ HTTP/1.1" 404 1251 "-" "Mozilla/5.0 (Linux; Android 6.0.1; Nexus 5X Build/MMB29P) AppleWebKit/537.36 (KHTML, like Gecko) Chrome/137.0.7151.103 Mobile Safari/537.36 (compatible; Googlebot/2.1; +http://www.google.com/bot.html)"
66.249.74.78 - - [07/Jul/2025:01:12:43 -0400] "GET /q-~75OFTKJqGchPeOIcVAPE4nx962yBSqHk36926/ HTTP/1.1" 404 1251 "-" "Mozilla/5.0 (compatible; Googlebot/2.1; +http://www.google.com/bot.html)"
66.249.74.78 - - [07/Jul/2025:01:13:05 -0400] "GET /items/dxjtd243/13971?key=street HTTP/1.1" 404 1251 "-" "Mozilla/5.0 (compatible; Googlebot/2.1; +http://www.google.com/bot.html)"
66.249.74.78 - - [07/Jul/2025:01:13:22 -0400] "GET /items/dyqff84/26832?key=center HTTP/1.1" 404 1251 "-" "Mozilla/5.0 (compatible; Googlebot/2.1; +http://www.google.com/bot.html)"
66.249.74.78 - - [07/Jul/2025:01:13:34 -0400] "GET /q-~5SSxaZOd8wFQ1bLWAEmHvj6wtAeLTwG13672/ HTTP/1.1" 404 1251 "-" "Mozilla/5.0 (Linux; Android 6.0.1; Nexus 5X Build/MMB29P) AppleWebKit/537.36 (KHTML, like Gecko) Chrome/137.0.7151.103 Mobile Safari/537.36 (compatible; Googlebot/2.1; +http://www.google.com/bot.html)"
66.249.74.78 - - [07/Jul/2025:01:13:44 -0400] "GET /items/ykmdo222/5998?key=convention HTTP/1.1" 404 1251 "-" "Mozilla/5.0 (Linux; Android 6.0.1; Nexus 5X Build/MMB29P) AppleWebKit/537.36 (KHTML, like Gecko) Chrome/137.0.7151.103 Mobile Safari/537.36 (compatible; Googlebot/2.1; +http://www.google.com/bot.html)"
66.249.74.78 - - [07/Jul/2025:01:13:50 -0400] "GET /items/cjado73/19885?key=engagement HTTP/1.1" 404 1251 "-" "Mozilla/5.0 (Linux; Android 6.0.1; Nexus 5X Build/MMB29P) AppleWebKit/537.36 (KHTML, like Gecko) Chrome/137.0.7151.103 Mobile Safari/537.36 (compatible; Googlebot/2.1; +http://www.google.com/bot.html)"
66.249.74.78 - - [07/Jul/2025:01:13:52 -0400] "GET /q-~12yz2UPoMunbANY1HWa1iMNyC5UWlOyG3089/ HTTP/1.1" 404 1251 "-" "Mozilla/5.0 (Linux; Android 6.0.1; Nexus 5X Build/MMB29P) AppleWebKit/537.36 (KHTML, like Gecko) Chrome/137.0.7151.103 Mobile Safari/537.36 (compatible; Googlebot/2.1; +http://www.google.com/bot.html)"
66.249.74.78 - - [07/Jul/2025:01:14:17 -0400] "GET /q-~100Fn5YlqfvAWApSrGBsDadf3fBZzY4eV25677/ HTTP/1.1" 404 1251 "-" "Mozilla/5.0 (Linux; Android 6.0.1; Nexus 5X Build/MMB29P) AppleWebKit/537.36 (KHTML, like Gecko) Chrome/137.0.7151.103 Mobile Safari/537.36 (compatible; Googlebot/2.1; +http://www.google.com/bot.html)"
66.249.74.78 - - [07/Jul/2025:01:14:24 -0400] "GET /items/zjsms285/23585?key=pump HTTP/1.1" 404 1251 "-" "Mozilla/5.0 (compatible; Googlebot/2.1; +http://www.google.com/bot.html)"
66.249.74.78 - - [07/Jul/2025:01:14:37 -0400] "GET /items/eszwt45/45069?key=alcohol HTTP/1.1" 404 1251 "-" "Mozilla/5.0 (compatible; Googlebot/2.1; +http://www.google.com/bot.html)"
66.249.74.78 - - [07/Jul/2025:01:14:43 -0400] "GET /items/qiujv237/28729?key=provision HTTP/1.1" 404 1251 "-" "Mozilla/5.0 (compatible; Googlebot/2.1; +http://www.google.com/bot.html)"
52.167.144.174 - - [07/Jul/2025:01:14:44 -0400] "GET /stayplan/hopstepcamp HTTP/1.1" 404 1251 "-" "Mozilla/5.0 AppleWebKit/537.36 (KHTML, like Gecko; compatible; bingbot/2.0; +http://www.bing.com/bingbot.htm) Chrome/116.0.1938.76 Safari/537.36"
66.249.74.78 - - [07/Jul/2025:01:15:30 -0400] "GET /q-~21cIqT1dPGcQE0Tv8fTkgYz70lcxZvul23658/ HTTP/1.1" 404 1251 "-" "Mozilla/5.0 (Linux; Android 6.0.1; Nexus 5X Build/MMB29P) AppleWebKit/537.36 (KHTML, like Gecko) Chrome/137.0.7151.103 Mobile Safari/537.36 (compatible; GoogleOther)"
66.249.74.78 - - [07/Jul/2025:01:15:35 -0400] "GET /items/bbkfh213/7423?key=history HTTP/1.1" 404 1251 "-" "Mozilla/5.0 (compatible; Googlebot/2.1; +http://www.google.com/bot.html)"
66.249.74.78 - - [07/Jul/2025:01:15:56 -0400] "GET /items/xtlly123/1423?key=grandchild HTTP/1.1" 404 1251 "-" "Mozilla/5.0 (compatible; Googlebot/2.1; +http://www.google.com/bot.html)"
66.249.74.78 - - [07/Jul/2025:01:15:58 -0400] "GET /q-~94Yw6jYnNNpOUZdtRHmkz9icAvOGhWgu29729/ HTTP/1.1" 404 1251 "-" "Mozilla/5.0 (compatible; Googlebot/2.1; +http://www.google.com/bot.html)"
66.249.74.64 - - [07/Jul/2025:01:16:01 -0400] "GET /items/vpkqn46/28836?key=starter HTTP/1.1" 404 1251 "-" "Mozilla/5.0 (Linux; Android 6.0.1; Nexus 5X Build/MMB29P) AppleWebKit/537.36 (KHTML, like Gecko) Chrome/137.0.7151.103 Mobile Safari/537.36 (compatible; Googlebot/2.1; +http://www.google.com/bot.html)"
66.249.74.64 - - [07/Jul/2025:01:16:14 -0400] "GET /q-~246whpwbiauJ1jkgoIwTAvNGSa807pmll8485/ HTTP/1.1" 404 1251 "-" "Mozilla/5.0 (Linux; Android 6.0.1; Nexus 5X Build/MMB29P) AppleWebKit/537.36 (KHTML, like Gecko) Chrome/137.0.7151.103 Mobile Safari/537.36 (compatible; Googlebot/2.1; +http://www.google.com/bot.html)"
66.249.74.78 - - [07/Jul/2025:01:16:44 -0400] "GET /items/tfeqy139/36249?key=bulb HTTP/1.1" 404 1251 "-" "Mozilla/5.0 (compatible; Googlebot/2.1; +http://www.google.com/bot.html)"
66.249.74.78 - - [07/Jul/2025:01:16:46 -0400] "GET /items/agnuc297/6543?key=contrast HTTP/1.1" 404 1251 "-" "Mozilla/5.0 (compatible; Googlebot/2.1; +http://www.google.com/bot.html)"
204.12.252.98 - - [07/Jul/2025:01:16:50 -0400] "GET /wp-content/admin.php HTTP/1.1" 404 1251 "https://nas-yemen.org/wp-content/admin.php" "Mozilla/5.0 (Windows NT 10.0; Win64; x64) AppleWebKit/537.36 (KHTML, like Gecko) Chrome/58.0.3029.110 Safari/537.3"
66.249.74.64 - - [07/Jul/2025:01:17:06 -0400] "GET /q-~31JMHSitMKrZTLMzGskZZY6T8O08dBHu20848/ HTTP/1.1" 404 1251 "-" "Mozilla/5.0 (Linux; Android 6.0.1; Nexus 5X Build/MMB29P) AppleWebKit/537.36 (KHTML, like Gecko) Chrome/137.0.7151.103 Mobile Safari/537.36 (compatible; GoogleOther)"
66.249.74.78 - - [07/Jul/2025:01:17:46 -0400] "GET /items/rjxht235/2355?key=transmission HTTP/1.1" 404 1251 "-" "Mozilla/5.0 (Linux; Android 6.0.1; Nexus 5X Build/MMB29P) AppleWebKit/537.36 (KHTML, like Gecko) Chrome/137.0.7151.103 Mobile Safari/537.36 (compatible; Googlebot/2.1; +http://www.google.com/bot.html)"
66.249.74.78 - - [07/Jul/2025:01:17:52 -0400] "GET /q-~209W9RXY7SUb7pvpQ7x7yge7bGhjgCjYR29146/ HTTP/1.1" 404 1251 "-" "Mozilla/5.0 (Linux; Android 6.0.1; Nexus 5X Build/MMB29P) AppleWebKit/537.36 (KHTML, like Gecko) Chrome/137.0.7151.103 Mobile Safari/537.36 (compatible; Googlebot/2.1; +http://www.google.com/bot.html)"
66.249.74.64 - - [07/Jul/2025:01:18:10 -0400] "GET /items/oeffk191/48123?key=it HTTP/1.1" 404 1251 "-" "Mozilla/5.0 (compatible; Googlebot/2.1; +http://www.google.com/bot.html)"
66.249.74.64 - - [07/Jul/2025:01:18:24 -0400] "GET /q-~139TLiCE7D7adedL7CEospCgfoWCPUXxB21714/ HTTP/1.1" 404 1251 "-" "Mozilla/5.0 (compatible; Googlebot/2.1; +http://www.google.com/bot.html)"
66.249.74.78 - - [07/Jul/2025:01:18:42 -0400] "GET /items/zttpr283/39383?key=from HTTP/1.1" 404 1251 "-" "Mozilla/5.0 (Linux; Android 6.0.1; Nexus 5X Build/MMB29P) AppleWebKit/537.36 (KHTML, like Gecko) Chrome/137.0.7151.103 Mobile Safari/537.36 (compatible; Googlebot/2.1; +http://www.google.com/bot.html)"
66.249.74.78 - - [07/Jul/2025:01:18:46 -0400] "GET /items/ksqiq285/36417?key=golf HTTP/1.1" 404 1251 "-" "Mozilla/5.0 (Linux; Android 6.0.1; Nexus 5X Build/MMB29P) AppleWebKit/537.36 (KHTML, like Gecko) Chrome/137.0.7151.103 Mobile Safari/537.36 (compatible; Googlebot/2.1; +http://www.google.com/bot.html)"
66.249.74.71 - - [07/Jul/2025:01:18:59 -0400] "GET /items/kkbsl90/15224?key=comprise HTTP/1.1" 404 1251 "-" "Mozilla/5.0 (Linux; Android 6.0.1; Nexus 5X Build/MMB29P) AppleWebKit/537.36 (KHTML, like Gecko) Chrome/137.0.7151.103 Mobile Safari/537.36 (compatible; Googlebot/2.1; +http://www.google.com/bot.html)"
66.249.74.73 - - [07/Jul/2025:01:19:18 -0400] "GET /q-~182UclBm80nbfK0EWSCpYDs4JX3mcpQyV17307/ HTTP/1.1" 404 1251 "-" "Mozilla/5.0 (Linux; Android 6.0.1; Nexus 5X Build/MMB29P) AppleWebKit/537.36 (KHTML, like Gecko) Chrome/137.0.7151.103 Mobile Safari/537.36 (compatible; Googlebot/2.1; +http://www.google.com/bot.html)"
66.249.74.71 - - [07/Jul/2025:01:19:19 -0400] "GET /items/djzfg119/34611?key=seem HTTP/1.1" 404 1251 "-" "Mozilla/5.0 (Linux; Android 6.0.1; Nexus 5X Build/MMB29P) AppleWebKit/537.36 (KHTML, like Gecko) Chrome/137.0.7151.103 Mobile Safari/537.36 (compatible; Googlebot/2.1; +http://www.google.com/bot.html)"
66.249.74.72 - - [07/Jul/2025:01:19:19 -0400] "GET /q-~207tZGvKWcHKaPSyKWdFwTqTwtHCUyXjM17354/ HTTP/1.1" 404 1251 "-" "Mozilla/5.0 (Linux; Android 6.0.1; Nexus 5X Build/MMB29P) AppleWebKit/537.36 (KHTML, like Gecko) Chrome/137.0.7151.103 Mobile Safari/537.36 (compatible; Googlebot/2.1; +http://www.google.com/bot.html)"
66.249.74.71 - - [07/Jul/2025:01:19:45 -0400] "GET /items/akciq259/9955?key=tomorrow HTTP/1.1" 404 1251 "-" "Mozilla/5.0 (Linux; Android 6.0.1; Nexus 5X Build/MMB29P) AppleWebKit/537.36 (KHTML, like Gecko) Chrome/137.0.7151.103 Mobile Safari/537.36 (compatible; Googlebot/2.1; +http://www.google.com/bot.html)"
66.249.74.71 - - [07/Jul/2025:01:19:52 -0400] "GET /items/trfqy24/23144?key=steep HTTP/1.1" 404 1251 "-" "Mozilla/5.0 (compatible; Googlebot/2.1; +http://www.google.com/bot.html)"
66.249.74.71 - - [07/Jul/2025:01:19:57 -0400] "GET /q-~176IeUeNDYe0SBoTdUMV1p0GlLfrBR2bz32439/ HTTP/1.1" 404 1251 "-" "Mozilla/5.0 (Linux; Android 6.0.1; Nexus 5X Build/MMB29P) AppleWebKit/537.36 (KHTML, like Gecko) Chrome/137.0.7151.103 Mobile Safari/537.36 (compatible; Googlebot/2.1; +http://www.google.com/bot.html)"
66.249.74.71 - - [07/Jul/2025:01:19:58 -0400] "GET /items/ucsqw7/38843?key=because HTTP/1.1" 404 1251 "-" "Mozilla/5.0 (compatible; Googlebot/2.1; +http://www.google.com/bot.html)"
66.249.74.73 - - [07/Jul/2025:01:20:01 -0400] "GET /items/crapu162/38998?key=crawl HTTP/1.1" 404 1251 "-" "Mozilla/5.0 (compatible; Googlebot/2.1; +http://www.google.com/bot.html)"
66.249.74.72 - - [07/Jul/2025:01:20:05 -0400] "GET /q-~198SmJXDrwBNn6XXVjC40VClXGeVtnALv26821/ HTTP/1.1" 404 1251 "-" "Mozilla/5.0 (compatible; Googlebot/2.1; +http://www.google.com/bot.html)"
66.249.74.72 - - [07/Jul/2025:01:20:20 -0400] "GET /items/fdwlq287/21525?key=civic HTTP/1.1" 404 1251 "-" "Mozilla/5.0 (Linux; Android 6.0.1; Nexus 5X Build/MMB29P) AppleWebKit/537.36 (KHTML, like Gecko) Chrome/137.0.7151.103 Mobile Safari/537.36 (compatible; Googlebot/2.1; +http://www.google.com/bot.html)"
66.249.74.71 - - [07/Jul/2025:01:20:25 -0400] "GET /q-~246c1qI5an5Y4ZNvu7u3CIUUBFeyuyVzi34593/ HTTP/1.1" 404 1251 "-" "Mozilla/5.0 (Linux; Android 6.0.1; Nexus 5X Build/MMB29P) AppleWebKit/537.36 (KHTML, like Gecko) Chrome/137.0.7151.103 Mobile Safari/537.36 (compatible; Googlebot/2.1; +http://www.google.com/bot.html)"
66.249.74.71 - - [07/Jul/2025:01:20:25 -0400] "GET /q-~227xr0avskO2jKzYR6XdnYWtfsUs9Zyxy26818/ HTTP/1.1" 404 1251 "-" "Mozilla/5.0 (compatible; Googlebot/2.1; +http://www.google.com/bot.html)"
66.249.74.71 - - [07/Jul/2025:01:20:46 -0400] "GET /items/rqlsp74/768?key=gym HTTP/1.1" 404 1251 "-" "Mozilla/5.0 (Linux; Android 6.0.1; Nexus 5X Build/MMB29P) AppleWebKit/537.36 (KHTML, like Gecko) Chrome/137.0.7151.103 Mobile Safari/537.36 (compatible; Googlebot/2.1; +http://www.google.com/bot.html)"
66.249.74.71 - - [07/Jul/2025:01:20:49 -0400] "GET /items/eydjt149/9145?key=artificial HTTP/1.1" 404 1251 "-" "Mozilla/5.0 (Linux; Android 6.0.1; Nexus 5X Build/MMB29P) AppleWebKit/537.36 (KHTML, like Gecko) Chrome/137.0.7151.103 Mobile Safari/537.36 (compatible; Googlebot/2.1; +http://www.google.com/bot.html)"
66.249.74.71 - - [07/Jul/2025:01:20:50 -0400] "GET /items/hvnlf268/24536?key=container HTTP/1.1" 404 1251 "-" "Mozilla/5.0 (Linux; Android 6.0.1; Nexus 5X Build/MMB29P) AppleWebKit/537.36 (KHTML, like Gecko) Chrome/137.0.7151.103 Mobile Safari/537.36 (compatible; Googlebot/2.1; +http://www.google.com/bot.html)"
47.82.60.37 - - [07/Jul/2025:01:20:57 -0400] "GET /items/qvsde284/27200?key=danger HTTP/1.1" 404 1251 "https://nas-yemen.org/items/qvsde284/27200?key=danger" "Mozilla/5.0 (Windows NT 10.0; Win64; x64) AppleWebKit/537.36 (KHTML, like Gecko) Chrome/114.0.0.0 Safari/537.36 Edg/114.0.1823.43"
66.249.74.73 - - [07/Jul/2025:01:21:03 -0400] "GET /items/ejqnq232/42328?key=Jewish HTTP/1.1" 404 1251 "-" "Mozilla/5.0 (Linux; Android 6.0.1; Nexus 5X Build/MMB29P) AppleWebKit/537.36 (KHTML, like Gecko) Chrome/137.0.7151.103 Mobile Safari/537.36 (compatible; Googlebot/2.1; +http://www.google.com/bot.html)"
66.249.74.72 - - [07/Jul/2025:01:21:05 -0400] "GET /en/wp-content/uploads/sites/3/2023/01/DSC03074.jpg HTTP/1.1" 404 1251 "-" "Googlebot-Image/1.0"
66.249.74.71 - - [07/Jul/2025:01:21:19 -0400] "GET /q-~5wdDJRS3c4nkOjdRjVVqHoBVlFWjeqk2676/ HTTP/1.1" 404 1251 "-" "Mozilla/5.0 (compatible; Googlebot/2.1; +http://www.google.com/bot.html)"
66.249.74.71 - - [07/Jul/2025:01:21:34 -0400] "GET /q-~130zQvc6Ns3kCpCoHYL1m5iUbjR8OXDix12507/ HTTP/1.1" 404 1251 "-" "Mozilla/5.0 (compatible; Googlebot/2.1; +http://www.google.com/bot.html)"
66.249.74.71 - - [07/Jul/2025:01:21:42 -0400] "GET /q-~187QWIQMWw1hvcHqVkUoP0yx4Q7nhV3da5480/ HTTP/1.1" 404 1251 "-" "Mozilla/5.0 (Linux; Android 6.0.1; Nexus 5X Build/MMB29P) AppleWebKit/537.36 (KHTML, like Gecko) Chrome/137.0.7151.103 Mobile Safari/537.36 (compatible; Googlebot/2.1; +http://www.google.com/bot.html)"
66.249.74.71 - - [07/Jul/2025:01:21:49 -0400] "GET /q-~209PlChO2wUh4A5CzXyrQPKidzveldlua2718/ HTTP/1.1" 404 1251 "-" "Mozilla/5.0 (compatible; Googlebot/2.1; +http://www.google.com/bot.html)"
66.249.74.71 - - [07/Jul/2025:01:21:54 -0400] "GET /q-~283KF5AfcNWWRIDiZdn5fWW7TCSf8jL0E48110/ HTTP/1.1" 404 1251 "-" "Mozilla/5.0 (compatible; Googlebot/2.1; +http://www.google.com/bot.html)"
66.249.74.71 - - [07/Jul/2025:01:21:55 -0400] "GET /items/lpija275/12629?key=ultimately HTTP/1.1" 404 1251 "-" "Mozilla/5.0 (Linux; Android 6.0.1; Nexus 5X Build/MMB29P) AppleWebKit/537.36 (KHTML, like Gecko) Chrome/137.0.7151.103 Mobile Safari/537.36 (compatible; Googlebot/2.1; +http://www.google.com/bot.html)"
66.249.74.71 - - [07/Jul/2025:01:21:59 -0400] "GET /q-~138W7IV9vP93xcXxqRfczbrgZw7UPtfnp39535/ HTTP/1.1" 404 1251 "-" "Mozilla/5.0 (compatible; Googlebot/2.1; +http://www.google.com/bot.html)"
66.249.74.71 - - [07/Jul/2025:01:21:59 -0400] "GET /q-~99jM9KI94CtZ3ZhnDYQm9JcXNApW7YHi24000/ HTTP/1.1" 404 1251 "-" "Mozilla/5.0 (Linux; Android 6.0.1; Nexus 5X Build/MMB29P) AppleWebKit/537.36 (KHTML, like Gecko) Chrome/137.0.7151.103 Mobile Safari/537.36 (compatible; Googlebot/2.1; +http://www.google.com/bot.html)"
66.249.74.71 - - [07/Jul/2025:01:22:13 -0400] "GET /items/ytjex121/41081?key=advanced HTTP/1.1" 404 1251 "-" "Mozilla/5.0 (compatible; Googlebot/2.1; +http://www.google.com/bot.html)"
47.82.60.64 - - [07/Jul/2025:01:22:15 -0400] "GET /items/lihrd81/19667?key=rifle HTTP/1.1" 404 1251 "https://nas-yemen.org/items/lihrd81/19667?key=rifle" "Mozilla/5.0 (Windows NT 10.0; Win64; x64) AppleWebKit/537.36 (KHTML, like Gecko) Chrome/114.0.0.0 Safari/537.36 Edg/114.0.1823.43"
66.249.73.64 - - [07/Jul/2025:01:22:21 -0400] "GET /items/bhnic90/14484?key=mysterious HTTP/1.1" 404 1251 "-" "Mozilla/5.0 (Linux; Android 6.0.1; Nexus 5X Build/MMB29P) AppleWebKit/537.36 (KHTML, like Gecko) Chrome/137.0.7151.103 Mobile Safari/537.36 (compatible; Googlebot/2.1; +http://www.google.com/bot.html)"
66.249.74.72 - - [07/Jul/2025:01:22:23 -0400] "GET /items/pzjxe71/2447?key=developer HTTP/1.1" 404 1251 "-" "Mozilla/5.0 (Linux; Android 6.0.1; Nexus 5X Build/MMB29P) AppleWebKit/537.36 (KHTML, like Gecko) Chrome/137.0.7151.103 Mobile Safari/537.36 (compatible; Googlebot/2.1; +http://www.google.com/bot.html)"
66.249.74.71 - - [07/Jul/2025:01:22:24 -0400] "GET /items/xemta203/43145?key=disappointed HTTP/1.1" 404 1251 "-" "Mozilla/5.0 (compatible; Googlebot/2.1; +http://www.google.com/bot.html)"
47.82.60.91 - - [07/Jul/2025:01:22:28 -0400] "GET /items/uliro84/38410?key=wound HTTP/1.1" 404 1251 "https://nas-yemen.org/items/uliro84/38410?key=wound" "Mozilla/5.0 (Windows NT 10.0; Win64; x64) AppleWebKit/537.36 (KHTML, like Gecko) Chrome/114.0.0.0 Safari/537.36 Edg/114.0.1823.43"
43.153.36.110 - - [07/Jul/2025:01:22:35 -0400] "GET / HTTP/1.1" 200 1473 "http://www.nas-yemen.org" "Mozilla/5.0 (iPhone; CPU iPhone OS 13_2_3 like Mac OS X) AppleWebKit/605.1.15 (KHTML, like Gecko) Version/13.0.3 Mobile/15E148 Safari/604.1"
66.249.74.71 - - [07/Jul/2025:01:22:41 -0400] "GET /q-~40f82zwAHkH096DpAy1sdeNh6q45VFZZ48077/ HTTP/1.1" 404 1251 "-" "Mozilla/5.0 (compatible; Googlebot/2.1; +http://www.google.com/bot.html)"
66.249.74.71 - - [07/Jul/2025:01:22:51 -0400] "GET /items/fllme242/15122?key=T-shirt HTTP/1.1" 404 1251 "-" "Mozilla/5.0 (Linux; Android 6.0.1; Nexus 5X Build/MMB29P) AppleWebKit/537.36 (KHTML, like Gecko) Chrome/137.0.7151.103 Mobile Safari/537.36 (compatible; Googlebot/2.1; +http://www.google.com/bot.html)"
2a03:2880:f800:d:: - - [07/Jul/2025:01:22:59 -0400] "GET /wp-includes/sitemaps/?ND HTTP/1.1" 200 1065 "-" "meta-externalagent/1.1 (+https://developers.facebook.com/docs/sharing/webmasters/crawler)"
66.249.74.72 - - [07/Jul/2025:01:23:03 -0400] "GET /q-~142YdSHQpyEStEvgclNKwzpP3ts2eb6OL45029/ HTTP/1.1" 404 1251 "-" "Mozilla/5.0 (Linux; Android 6.0.1; Nexus 5X Build/MMB29P) AppleWebKit/537.36 (KHTML, like Gecko) Chrome/137.0.7151.103 Mobile Safari/537.36 (compatible; Googlebot/2.1; +http://www.google.com/bot.html)"
66.249.74.71 - - [07/Jul/2025:01:23:16 -0400] "GET /items/lyfrf283/27725?key=consumption HTTP/1.1" 404 1251 "-" "Mozilla/5.0 (Linux; Android 6.0.1; Nexus 5X Build/MMB29P) AppleWebKit/537.36 (KHTML, like Gecko) Chrome/137.0.7151.103 Mobile Safari/537.36 (compatible; Googlebot/2.1; +http://www.google.com/bot.html)"
66.249.74.71 - - [07/Jul/2025:01:23:17 -0400] "GET /items/eghwn186/888?key=among HTTP/1.1" 404 1251 "-" "Mozilla/5.0 (compatible; Googlebot/2.1; +http://www.google.com/bot.html)"
47.82.60.30 - - [07/Jul/2025:01:23:22 -0400] "GET /items/tbcrt116/6364?key=beach HTTP/1.1" 404 1251 "https://nas-yemen.org/items/tbcrt116/6364?key=beach" "Mozilla/5.0 (Windows NT 10.0; Win64; x64) AppleWebKit/537.36 (KHTML, like Gecko) Chrome/114.0.0.0 Safari/537.36 Edg/114.0.1823.43"
66.249.74.71 - - [07/Jul/2025:01:23:39 -0400] "GET /items/hzfyn251/11461?key=shell HTTP/1.1" 404 1251 "-" "Mozilla/5.0 (compatible; Googlebot/2.1; +http://www.google.com/bot.html)"
66.249.74.71 - - [07/Jul/2025:01:23:54 -0400] "GET /items/yxnae291/36795?key=precisely HTTP/1.1" 404 1251 "-" "Mozilla/5.0 (compatible; Googlebot/2.1; +http://www.google.com/bot.html)"
47.82.60.78 - - [07/Jul/2025:01:23:56 -0400] "GET /q-~51CFe67CDBuvOM66wNYzdR8xrJnFFLml30066/ HTTP/1.1" 404 1251 "https://nas-yemen.org/q-~51CFe67CDBuvOM66wNYzdR8xrJnFFLml30066/" "Mozilla/5.0 (Windows NT 10.0; Win64; x64) AppleWebKit/537.36 (KHTML, like Gecko) Chrome/114.0.0.0 Safari/537.36 Edg/114.0.1823.43"
66.249.74.71 - - [07/Jul/2025:01:24:03 -0400] "GET /items/eariq253/9457?key=retain HTTP/1.1" 404 1251 "-" "Mozilla/5.0 (Linux; Android 6.0.1; Nexus 5X Build/MMB29P) AppleWebKit/537.36 (KHTML, like Gecko) Chrome/137.0.7151.103 Mobile Safari/537.36 (compatible; Googlebot/2.1; +http://www.google.com/bot.html)"
66.249.74.71 - - [07/Jul/2025:01:24:04 -0400] "GET /items/archm145/46163?key=tax HTTP/1.1" 404 1251 "-" "Mozilla/5.0 (compatible; Googlebot/2.1; +http://www.google.com/bot.html)"
47.82.60.7 - - [07/Jul/2025:01:24:07 -0400] "GET /wp-includes/class-wp-http-requests-hooks.php HTTP/1.1" 403 1242 "https://nas-yemen.org/wp-includes/class-wp-http-requests-hooks.php" "Mozilla/5.0 (Windows NT 10.0; Win64; x64) AppleWebKit/537.36 (KHTML, like Gecko) Chrome/114.0.0.0 Safari/537.36 Edg/114.0.1823.43"
47.82.60.19 - - [07/Jul/2025:01:24:12 -0400] "GET /items/uprqb49/35327?key=circuit HTTP/1.1" 404 1251 "https://nas-yemen.org/items/uprqb49/35327?key=circuit" "Mozilla/5.0 (Windows NT 10.0; Win64; x64) AppleWebKit/537.36 (KHTML, like Gecko) Chrome/114.0.0.0 Safari/537.36 Edg/114.0.1823.43"
47.82.60.8 - - [07/Jul/2025:01:24:19 -0400] "GET /q-~150CaRElpKnhJisonWyQGvtabnm61Cvpu32219/ HTTP/1.1" 404 1251 "https://nas-yemen.org/q-~150CaRElpKnhJisonWyQGvtabnm61Cvpu32219/" "Mozilla/5.0 (Windows NT 10.0; Win64; x64) AppleWebKit/537.36 (KHTML, like Gecko) Chrome/114.0.0.0 Safari/537.36 Edg/114.0.1823.43"
66.249.74.71 - - [07/Jul/2025:01:24:32 -0400] "GET /q-~270gV5JOxD4Ud1sOGUShuD9zw0OljOviE2715/ HTTP/1.1" 404 1251 "-" "Mozilla/5.0 (compatible; Googlebot/2.1; +http://www.google.com/bot.html)"
66.249.74.72 - - [07/Jul/2025:01:24:35 -0400] "GET /items/zpzdz45/24597?key=suck HTTP/1.1" 404 1251 "-" "Mozilla/5.0 (compatible; Googlebot/2.1; +http://www.google.com/bot.html)"
47.82.60.21 - - [07/Jul/2025:01:24:39 -0400] "GET /q-~255Ci4RMu5iFxKVON41J8lnRfnR3xpPJR28092/ HTTP/1.1" 404 1251 "https://nas-yemen.org/q-~255Ci4RMu5iFxKVON41J8lnRfnR3xpPJR28092/" "Mozilla/5.0 (Windows NT 10.0; Win64; x64) AppleWebKit/537.36 (KHTML, like Gecko) Chrome/114.0.0.0 Safari/537.36 Edg/114.0.1823.43"
66.249.74.71 - - [07/Jul/2025:01:24:54 -0400] "GET /q-~174O2nTaiacLZITqcEVZindY0ValUO8hw15999/ HTTP/1.1" 404 1251 "-" "Mozilla/5.0 (Linux; Android 6.0.1; Nexus 5X Build/MMB29P) AppleWebKit/537.36 (KHTML, like Gecko) Chrome/137.0.7151.103 Mobile Safari/537.36 (compatible; Googlebot/2.1; +http://www.google.com/bot.html)"
2a03:2880:f800:16:: - - [07/Jul/2025:01:24:54 -0400] "GET /wp-includes/css/dist/block-directory/ HTTP/1.1" 200 685 "-" "meta-externalagent/1.1 (+https://developers.facebook.com/docs/sharing/webmasters/crawler)"
47.82.60.25 - - [07/Jul/2025:01:25:07 -0400] "GET /items/hzyfz290/5446?key=general HTTP/1.1" 404 1251 "https://nas-yemen.org/items/hzyfz290/5446?key=general" "Mozilla/5.0 (Windows NT 10.0; Win64; x64) AppleWebKit/537.36 (KHTML, like Gecko) Chrome/114.0.0.0 Safari/537.36 Edg/114.0.1823.43"
66.249.74.71 - - [07/Jul/2025:01:25:14 -0400] "GET /q-~213XEvFg7jB3fkd1DKfQ39rxjD7U1tvBs8406/ HTTP/1.1" 404 1251 "-" "Mozilla/5.0 (Linux; Android 6.0.1; Nexus 5X Build/MMB29P) AppleWebKit/537.36 (KHTML, like Gecko) Chrome/137.0.7151.103 Mobile Safari/537.36 (compatible; Googlebot/2.1; +http://www.google.com/bot.html)"
66.249.74.71 - - [07/Jul/2025:01:25:27 -0400] "GET /q-~258oLXHiq8ftkVHhk7OlvGbXJl5blMYrm8333/ HTTP/1.1" 404 1251 "-" "Mozilla/5.0 (compatible; Googlebot/2.1; +http://www.google.com/bot.html)"
47.82.60.91 - - [07/Jul/2025:01:25:35 -0400] "GET /wp-includes/l10n HTTP/1.1" 301 795 "https://www.nas-yemen.org/wp-includes/l10n" "Mozilla/5.0 (Windows NT 10.0; Win64; x64) AppleWebKit/537.36 (KHTML, like Gecko) Chrome/114.0.0.0 Safari/537.36 Edg/114.0.1823.43"
47.82.60.91 - - [07/Jul/2025:01:25:35 -0400] "GET /wp-includes/l10n/ HTTP/1.1" 200 738 "https://www.nas-yemen.org/wp-includes/l10n" "Mozilla/5.0 (Windows NT 10.0; Win64; x64) AppleWebKit/537.36 (KHTML, like Gecko) Chrome/114.0.0.0 Safari/537.36 Edg/114.0.1823.43"
2a03:2880:f800:15:: - - [07/Jul/2025:01:25:38 -0400] "GET /wp-includes/SimplePie/src/Locator.php HTTP/1.1" 403 1242 "-" "meta-externalagent/1.1 (+https://developers.facebook.com/docs/sharing/webmasters/crawler)"
66.249.74.71 - - [07/Jul/2025:01:25:40 -0400] "GET /q-~183XF96XXP9jBPSrVZe8gR3zJcNPFniKS30818/ HTTP/1.1" 404 1251 "-" "Mozilla/5.0 (Linux; Android 6.0.1; Nexus 5X Build/MMB29P) AppleWebKit/537.36 (KHTML, like Gecko) Chrome/137.0.7151.103 Mobile Safari/537.36 (compatible; GoogleOther)"
66.249.74.71 - - [07/Jul/2025:01:25:42 -0400] "GET /items/cfoce223/2397?key=system HTTP/1.1" 404 1251 "-" "Mozilla/5.0 (Linux; Android 6.0.1; Nexus 5X Build/MMB29P) AppleWebKit/537.36 (KHTML, like Gecko) Chrome/137.0.7151.103 Mobile Safari/537.36 (compatible; Googlebot/2.1; +http://www.google.com/bot.html)"
2a03:2880:f800:12:: - - [07/Jul/2025:01:25:45 -0400] "GET /wp-includes/sodium_compat/lib/php84compat.php HTTP/1.1" 403 1242 "-" "meta-externalagent/1.1 (+https://developers.facebook.com/docs/sharing/webmasters/crawler)"
2a03:2880:f800:7:: - - [07/Jul/2025:01:25:50 -0400] "GET /wp-includes/SimplePie/src/Parser.php HTTP/1.1" 403 1242 "-" "meta-externalagent/1.1 (+https://developers.facebook.com/docs/sharing/webmasters/crawler)"
66.249.74.71 - - [07/Jul/2025:01:26:00 -0400] "GET /q-~14TzxO9mHGCPiwbjTsEql6XlU0SWB2YE27825/ HTTP/1.1" 404 1251 "-" "Mozilla/5.0 (compatible; Googlebot/2.1; +http://www.google.com/bot.html)"
66.249.74.71 - - [07/Jul/2025:01:26:01 -0400] "GET /items/lxhot133/13607?key=dog HTTP/1.1" 404 1251 "-" "Mozilla/5.0 (compatible; Googlebot/2.1; +http://www.google.com/bot.html)"
47.82.60.4 - - [07/Jul/2025:01:26:08 -0400] "GET /items/nveok71/12707?key=colleague HTTP/1.1" 404 1251 "https://nas-yemen.org/items/nveok71/12707?key=colleague" "Mozilla/5.0 (Windows NT 10.0; Win64; x64) AppleWebKit/537.36 (KHTML, like Gecko) Chrome/114.0.0.0 Safari/537.36 Edg/114.0.1823.43"
34.73.43.187 - - [07/Jul/2025:01:26:11 -0400] "GET /sig.html HTTP/1.1" 200 964 "-" "ZoominfoBot (zoominfobot at zoominfo dot com)"
66.249.74.71 - - [07/Jul/2025:01:26:12 -0400] "GET /q-~94jZJ73FPIWSELZgivPAZwe3XawUYvHk44637/ HTTP/1.1" 404 1251 "-" "Mozilla/5.0 (Linux; Android 6.0.1; Nexus 5X Build/MMB29P) AppleWebKit/537.36 (KHTML, like Gecko) Chrome/137.0.7151.103 Mobile Safari/537.36 (compatible; Googlebot/2.1; +http://www.google.com/bot.html)"
66.249.73.64 - - [07/Jul/2025:01:26:17 -0400] "GET / HTTP/1.1" 200 1473 "-" "Mozilla/5.0 (Linux; Android 6.0.1; Nexus 5X Build/MMB29P) AppleWebKit/537.36 (KHTML, like Gecko) Chrome/137.0.7151.103 Mobile Safari/537.36 (compatible; Googlebot/2.1; +http://www.google.com/bot.html)"
66.249.73.64 - - [07/Jul/2025:01:26:20 -0400] "GET /_autoindex/assets/icons/file.svg HTTP/1.1" 200 354 "https://www.nas-yemen.org/" "Mozilla/5.0 (Linux; Android 6.0.1; Nexus 5X Build/MMB29P) AppleWebKit/537.36 (KHTML, like Gecko) Chrome/137.0.7151.119 Mobile Safari/537.36 (compatible; Googlebot/2.1; +http://www.google.com/bot.html)"
2a03:2880:f800:12:: - - [07/Jul/2025:01:26:24 -0400] "GET /wp-includes/html-api/?MD HTTP/1.1" 200 1278 "-" "meta-externalagent/1.1 (+https://developers.facebook.com/docs/sharing/webmasters/crawler)"
2a03:2880:f800:9:: - - [07/Jul/2025:01:26:37 -0400] "GET /wp-includes/sitemaps/class-wp-sitemaps-renderer.php HTTP/1.1" 403 1242 "-" "meta-externalagent/1.1 (+https://developers.facebook.com/docs/sharing/webmasters/crawler)"
47.82.60.11 - - [07/Jul/2025:01:26:47 -0400] "GET /wp-includes/class-wp-http-proxy.php HTTP/1.1" 403 1242 "https://nas-yemen.org/wp-includes/class-wp-http-proxy.php" "Mozilla/5.0 (Windows NT 10.0; Win64; x64) AppleWebKit/537.36 (KHTML, like Gecko) Chrome/114.0.0.0 Safari/537.36 Edg/114.0.1823.43"
2a03:2880:f800:9:: - - [07/Jul/2025:01:26:48 -0400] "GET /wp-includes/SimplePie/src/HTTP/ HTTP/1.1" 200 636 "-" "meta-externalagent/1.1 (+https://developers.facebook.com/docs/sharing/webmasters/crawler)"
47.82.60.9 - - [07/Jul/2025:01:26:48 -0400] "GET /q-~158zP4l7zNaoGSHLKSDVqsMSJKBdiwTlA1653/ HTTP/1.1" 404 1251 "https://nas-yemen.org/q-~158zP4l7zNaoGSHLKSDVqsMSJKBdiwTlA1653/" "Mozilla/5.0 (Windows NT 10.0; Win64; x64) AppleWebKit/537.36 (KHTML, like Gecko) Chrome/114.0.0.0 Safari/537.36 Edg/114.0.1823.43"
47.82.60.20 - - [07/Jul/2025:01:26:50 -0400] "GET /items/jsayf162/34234?key=surface HTTP/1.1" 404 1251 "https://nas-yemen.org/items/jsayf162/34234?key=surface" "Mozilla/5.0 (Windows NT 10.0; Win64; x64) AppleWebKit/537.36 (KHTML, like Gecko) Chrome/114.0.0.0 Safari/537.36 Edg/114.0.1823.43"
66.249.74.71 - - [07/Jul/2025:01:27:00 -0400] "GET /items/syzhn132/11780?key=worry HTTP/1.1" 404 1251 "-" "Mozilla/5.0 (Linux; Android 6.0.1; Nexus 5X Build/MMB29P) AppleWebKit/537.36 (KHTML, like Gecko) Chrome/137.0.7151.103 Mobile Safari/537.36 (compatible; Googlebot/2.1; +http://www.google.com/bot.html)"
47.82.60.38 - - [07/Jul/2025:01:27:07 -0400] "GET /wp-includes/class-wp-dependencies.php HTTP/1.1" 403 1242 "https://nas-yemen.org/wp-includes/class-wp-dependencies.php" "Mozilla/5.0 (Windows NT 10.0; Win64; x64) AppleWebKit/537.36 (KHTML, like Gecko) Chrome/114.0.0.0 Safari/537.36 Edg/114.0.1823.43"
35.202.105.172 - - [07/Jul/2025:01:27:10 -0400] "HEAD /wordpress HTTP/1.1" 404 0 "http://mail.nas-yemen.org/wordpress" "Mozilla/5.0 (Windows NT 10.0; Win64; x64) AppleWebKit/537.36 (KHTML, like Gecko) Chrome/74.0.3729.169 Safari/537.36"
35.202.105.172 - - [07/Jul/2025:01:27:10 -0400] "HEAD / HTTP/1.1" 200 0 "http://mail.nas-yemen.org/" "Mozilla/5.0 (Windows NT 10.0; Win64; x64) AppleWebKit/537.36 (KHTML, like Gecko) Chrome/74.0.3729.169 Safari/537.36"
35.202.105.172 - - [07/Jul/2025:01:27:10 -0400] "HEAD /wp HTTP/1.1" 404 0 "http://mail.nas-yemen.org/wp" "Mozilla/5.0 (Windows NT 10.0; Win64; x64) AppleWebKit/537.36 (KHTML, like Gecko) Chrome/74.0.3729.169 Safari/537.36"
35.202.105.172 - - [07/Jul/2025:01:27:11 -0400] "HEAD /bc HTTP/1.1" 404 0 "http://mail.nas-yemen.org/bc" "Mozilla/5.0 (Windows NT 10.0; Win64; x64) AppleWebKit/537.36 (KHTML, like Gecko) Chrome/74.0.3729.169 Safari/537.36"
35.202.105.172 - - [07/Jul/2025:01:27:11 -0400] "HEAD /bk HTTP/1.1" 404 0 "http://mail.nas-yemen.org/bk" "Mozilla/5.0 (Windows NT 10.0; Win64; x64) AppleWebKit/537.36 (KHTML, like Gecko) Chrome/74.0.3729.169 Safari/537.36"
35.202.105.172 - - [07/Jul/2025:01:27:11 -0400] "HEAD /backup HTTP/1.1" 404 0 "http://mail.nas-yemen.org/backup" "Mozilla/5.0 (Windows NT 10.0; Win64; x64) AppleWebKit/537.36 (KHTML, like Gecko) Chrome/74.0.3729.169 Safari/537.36"
35.202.105.172 - - [07/Jul/2025:01:27:11 -0400] "HEAD /old HTTP/1.1" 404 0 "http://mail.nas-yemen.org/old" "Mozilla/5.0 (Windows NT 10.0; Win64; x64) AppleWebKit/537.36 (KHTML, like Gecko) Chrome/74.0.3729.169 Safari/537.36"
35.202.105.172 - - [07/Jul/2025:01:27:12 -0400] "HEAD /new HTTP/1.1" 404 0 "http://mail.nas-yemen.org/new" "Mozilla/5.0 (Windows NT 10.0; Win64; x64) AppleWebKit/537.36 (KHTML, like Gecko) Chrome/74.0.3729.169 Safari/537.36"
35.202.105.172 - - [07/Jul/2025:01:27:12 -0400] "HEAD /main HTTP/1.1" 404 0 "http://mail.nas-yemen.org/main" "Mozilla/5.0 (Windows NT 10.0; Win64; x64) AppleWebKit/537.36 (KHTML, like Gecko) Chrome/74.0.3729.169 Safari/537.36"
35.202.105.172 - - [07/Jul/2025:01:27:12 -0400] "HEAD /home HTTP/1.1" 404 0 "http://mail.nas-yemen.org/home" "Mozilla/5.0 (Windows NT 10.0; Win64; x64) AppleWebKit/537.36 (KHTML, like Gecko) Chrome/74.0.3729.169 Safari/537.36"
66.249.74.71 - - [07/Jul/2025:01:27:14 -0400] "GET /q-~93Jqj2QH2IdPjNTDBgXh03Vs6S4db58W31286/ HTTP/1.1" 404 1251 "-" "Mozilla/5.0 (Linux; Android 6.0.1; Nexus 5X Build/MMB29P) AppleWebKit/537.36 (KHTML, like Gecko) Chrome/137.0.7151.103 Mobile Safari/537.36 (compatible; Googlebot/2.1; +http://www.google.com/bot.html)"
2a03:2880:f800:a:: - - [07/Jul/2025:01:27:18 -0400] "GET /wp-includes/html-api/?NA HTTP/1.1" 200 1273 "-" "meta-externalagent/1.1 (+https://developers.facebook.com/docs/sharing/webmasters/crawler)"
2a03:2880:f800:11:: - - [07/Jul/2025:01:27:25 -0400] "GET /wp-includes/Requests/src/Hooks.php HTTP/1.1" 403 1242 "-" "meta-externalagent/1.1 (+https://developers.facebook.com/docs/sharing/webmasters/crawler)"
66.249.74.71 - - [07/Jul/2025:01:27:35 -0400] "GET /q-~298Y9E6Y4bp2K0cWlagHPYibrtvorivJt37749/ HTTP/1.1" 404 1251 "-" "Mozilla/5.0 (Linux; Android 6.0.1; Nexus 5X Build/MMB29P) AppleWebKit/537.36 (KHTML, like Gecko) Chrome/137.0.7151.103 Mobile Safari/537.36 (compatible; Googlebot/2.1; +http://www.google.com/bot.html)"
47.82.60.32 - - [07/Jul/2025:01:27:45 -0400] "GET /wp-includes/class-wp-http-encoding.php HTTP/1.1" 403 1242 "https://www.nas-yemen.org/wp-includes/class-wp-http-encoding.php" "Mozilla/5.0 (Windows NT 10.0; Win64; x64) AppleWebKit/537.36 (KHTML, like Gecko) Chrome/114.0.0.0 Safari/537.36 Edg/114.0.1823.43"
47.82.60.36 - - [07/Jul/2025:01:27:50 -0400] "GET /wp-includes/class-wp-oembed-controller.php HTTP/1.1" 403 1242 "https://nas-yemen.org/wp-includes/class-wp-oembed-controller.php" "Mozilla/5.0 (Windows NT 10.0; Win64; x64) AppleWebKit/537.36 (KHTML, like Gecko) Chrome/114.0.0.0 Safari/537.36 Edg/114.0.1823.43"
66.249.74.71 - - [07/Jul/2025:01:27:52 -0400] "GET /items/iskdx244/6752?key=uncover HTTP/1.1" 404 1251 "-" "Mozilla/5.0 (compatible; Googlebot/2.1; +http://www.google.com/bot.html)"
47.82.60.37 - - [07/Jul/2025:01:27:55 -0400] "GET /items/vazfv26/29260?key=telephone HTTP/1.1" 404 1251 "https://nas-yemen.org/items/vazfv26/29260?key=telephone" "Mozilla/5.0 (Windows NT 10.0; Win64; x64) AppleWebKit/537.36 (KHTML, like Gecko) Chrome/114.0.0.0 Safari/537.36 Edg/114.0.1823.43"
47.82.60.62 - - [07/Jul/2025:01:28:00 -0400] "GET /wp-includes/registration.php HTTP/1.1" 403 1242 "https://www.nas-yemen.org/wp-includes/registration.php" "Mozilla/5.0 (Windows NT 10.0; Win64; x64) AppleWebKit/537.36 (KHTML, like Gecko) Chrome/114.0.0.0 Safari/537.36 Edg/114.0.1823.43"
66.249.74.73 - - [07/Jul/2025:01:28:04 -0400] "GET /items/nzcox203/21627?key=dust HTTP/1.1" 404 1251 "-" "Mozilla/5.0 (Linux; Android 6.0.1; Nexus 5X Build/MMB29P) AppleWebKit/537.36 (KHTML, like Gecko) Chrome/137.0.7151.103 Mobile Safari/537.36 (compatible; Googlebot/2.1; +http://www.google.com/bot.html)"
66.249.74.71 - - [07/Jul/2025:01:28:05 -0400] "GET /q-~213r2FJ0gBiVrsX2nV3x0yKX8jN7jyYnw36678/ HTTP/1.1" 404 1251 "-" "Mozilla/5.0 (compatible; Googlebot/2.1; +http://www.google.com/bot.html)"
66.249.74.72 - - [07/Jul/2025:01:28:21 -0400] "GET /items/sflic142/13430?key=helmet HTTP/1.1" 404 1251 "-" "Mozilla/5.0 (compatible; Googlebot/2.1; +http://www.google.com/bot.html)"
66.249.74.71 - - [07/Jul/2025:01:28:26 -0400] "GET /q-~11WRyoY8NOlTzu67nbNIUywOILeToG7j3750/ HTTP/1.1" 404 1251 "-" "Mozilla/5.0 (Linux; Android 6.0.1; Nexus 5X Build/MMB29P) AppleWebKit/537.36 (KHTML, like Gecko) Chrome/137.0.7151.103 Mobile Safari/537.36 (compatible; Googlebot/2.1; +http://www.google.com/bot.html)"
66.249.74.71 - - [07/Jul/2025:01:28:28 -0400] "GET /q-~38oAdej7TRaPJak0RaI5vipohGkOxO5F41139/ HTTP/1.1" 404 1251 "-" "Mozilla/5.0 (compatible; Googlebot/2.1; +http://www.google.com/bot.html)"
