114.119.144.65 - - [06/Jul/2025:21:48:57 -0400] "GET /index.php/indoors/Xs3t69.html HTTP/1.1" 404 1251 "-" "Mozilla/5.0 (Linux; Android 7.0;) AppleWebKit/537.36 (KHTML, like Gecko) Mobile Safari/537.36 (compatible; PetalBot;+https://webmaster.petalsearch.com/site/petalbot)"
66.249.74.71 - - [06/Jul/2025:21:49:00 -0400] "GET /q-~169GNw9AuNNRfzJOLE3GRh6DGSgKmDzCd38040/ HTTP/1.1" 404 1251 "-" "Mozilla/5.0 (Linux; Android 6.0.1; Nexus 5X Build/MMB29P) AppleWebKit/537.36 (KHTML, like Gecko) Chrome/137.0.7151.103 Mobile Safari/537.36 (compatible; Googlebot/2.1; +http://www.google.com/bot.html)"
66.249.74.72 - - [06/Jul/2025:21:49:04 -0400] "GET /q-~278lkkjsg5U5U1U4aUMaTbyESNvCqmJKH36453/ HTTP/1.1" 404 1251 "-" "Mozilla/5.0 (Linux; Android 6.0.1; Nexus 5X Build/MMB29P) AppleWebKit/537.36 (KHTML, like Gecko) Chrome/137.0.7151.103 Mobile Safari/537.36 (compatible; Googlebot/2.1; +http://www.google.com/bot.html)"
66.249.74.71 - - [06/Jul/2025:21:49:25 -0400] "GET /q-~142eE6e8dgVsVBoc5fnxzAwp8w02RFgQI48065/ HTTP/1.1" 404 1251 "-" "Mozilla/5.0 (Linux; Android 6.0.1; Nexus 5X Build/MMB29P) AppleWebKit/537.36 (KHTML, like Gecko) Chrome/137.0.7151.103 Mobile Safari/537.36 (compatible; Googlebot/2.1; +http://www.google.com/bot.html)"
66.249.74.71 - - [06/Jul/2025:21:49:26 -0400] "GET /q-~9iEdTXNEaUxxgRksCoPUiKCLF0ylTba24204/ HTTP/1.1" 404 1251 "-" "Mozilla/5.0 (compatible; Googlebot/2.1; +http://www.google.com/bot.html)"
66.249.74.71 - - [06/Jul/2025:21:49:30 -0400] "GET /q-~186Ye7DecjiA5oFvCscbSpwwAEDvoTYtY24655/ HTTP/1.1" 404 1251 "-" "Mozilla/5.0 (Linux; Android 6.0.1; Nexus 5X Build/MMB29P) AppleWebKit/537.36 (KHTML, like Gecko) Chrome/137.0.7151.103 Mobile Safari/537.36 (compatible; Googlebot/2.1; +http://www.google.com/bot.html)"
66.249.73.71 - - [06/Jul/2025:21:49:44 -0400] "GET /search?category=200&search_word= HTTP/1.1" 404 1251 "-" "Mozilla/5.0 (Linux; Android 6.0.1; Nexus 5X Build/MMB29P) AppleWebKit/537.36 (KHTML, like Gecko) Chrome/137.0.7151.103 Mobile Safari/537.36 (compatible; Googlebot/2.1; +http://www.google.com/bot.html)"
66.249.74.71 - - [06/Jul/2025:21:49:46 -0400] "GET /items/pnbwq44/26212?key=fruit HTTP/1.1" 404 1251 "-" "Mozilla/5.0 (Linux; Android 6.0.1; Nexus 5X Build/MMB29P) AppleWebKit/537.36 (KHTML, like Gecko) Chrome/137.0.7151.103 Mobile Safari/537.36 (compatible; GoogleOther)"
114.119.131.136 - - [06/Jul/2025:21:50:21 -0400] "GET /index.php/darla/cgRuAsu7u.htm HTTP/1.1" 404 1251 "-" "Mozilla/5.0 (Linux; Android 7.0;) AppleWebKit/537.36 (KHTML, like Gecko) Mobile Safari/537.36 (compatible; PetalBot;+https://webmaster.petalsearch.com/site/petalbot)"
66.249.74.78 - - [06/Jul/2025:21:50:46 -0400] "GET /items/wjcbc21/9073?key=end HTTP/1.1" 404 1251 "-" "Mozilla/5.0 (Linux; Android 6.0.1; Nexus 5X Build/MMB29P) AppleWebKit/537.36 (KHTML, like Gecko) Chrome/137.0.7151.103 Mobile Safari/537.36 (compatible; Googlebot/2.1; +http://www.google.com/bot.html)"
66.249.74.78 - - [06/Jul/2025:21:50:49 -0400] "GET /q-~106Vdak0w2tx84Z9VL87HGeJdqSeguyiE5471/ HTTP/1.1" 404 1251 "-" "Mozilla/5.0 (Linux; Android 6.0.1; Nexus 5X Build/MMB29P) AppleWebKit/537.36 (KHTML, like Gecko) Chrome/137.0.7151.103 Mobile Safari/537.36 (compatible; Googlebot/2.1; +http://www.google.com/bot.html)"
66.249.74.78 - - [06/Jul/2025:21:51:07 -0400] "GET /q-~252r6si38ppj0bc6j1yC0kxEH6PQrdOJq27497/ HTTP/1.1" 404 1251 "-" "Mozilla/5.0 (Linux; Android 6.0.1; Nexus 5X Build/MMB29P) AppleWebKit/537.36 (KHTML, like Gecko) Chrome/137.0.7151.103 Mobile Safari/537.36 (compatible; GoogleOther)"
66.249.74.65 - - [06/Jul/2025:21:51:07 -0400] "GET /q-~276ZQFG6Ae5fakDZMYNq68OulOdU3uzEZ43397/ HTTP/1.1" 404 1251 "-" "Mozilla/5.0 (compatible; Googlebot/2.1; +http://www.google.com/bot.html)"
66.249.74.78 - - [06/Jul/2025:21:51:11 -0400] "GET /items/snzyn228/17558?key=supermarket HTTP/1.1" 404 1251 "-" "Mozilla/5.0 (Linux; Android 6.0.1; Nexus 5X Build/MMB29P) AppleWebKit/537.36 (KHTML, like Gecko) Chrome/137.0.7151.103 Mobile Safari/537.36 (compatible; Googlebot/2.1; +http://www.google.com/bot.html)"
66.249.74.78 - - [06/Jul/2025:21:51:44 -0400] "GET /items/mwoof159/27961?key=essentially HTTP/1.1" 404 1251 "-" "Mozilla/5.0 (Linux; Android 6.0.1; Nexus 5X Build/MMB29P) AppleWebKit/537.36 (KHTML, like Gecko) Chrome/137.0.7151.103 Mobile Safari/537.36 (compatible; Googlebot/2.1; +http://www.google.com/bot.html)"
66.249.74.78 - - [06/Jul/2025:21:51:46 -0400] "GET /q-~202LFQphazXoqc6g3NFMuCFHZmrmBFAYR18013/ HTTP/1.1" 404 1251 "-" "Mozilla/5.0 (Linux; Android 6.0.1; Nexus 5X Build/MMB29P) AppleWebKit/537.36 (KHTML, like Gecko) Chrome/137.0.7151.103 Mobile Safari/537.36 (compatible; Googlebot/2.1; +http://www.google.com/bot.html)"
66.249.74.65 - - [06/Jul/2025:21:52:06 -0400] "GET /items/asujt67/46941?key=unhappy HTTP/1.1" 404 1251 "-" "Mozilla/5.0 (Linux; Android 6.0.1; Nexus 5X Build/MMB29P) AppleWebKit/537.36 (KHTML, like Gecko) Chrome/137.0.7151.103 Mobile Safari/537.36 (compatible; Googlebot/2.1; +http://www.google.com/bot.html)"
66.249.74.78 - - [06/Jul/2025:21:52:08 -0400] "GET /q-~166ZdakOdRpBlb3z2LTLsiKWABmICYE4W36185/ HTTP/1.1" 404 1251 "-" "Mozilla/5.0 (Linux; Android 6.0.1; Nexus 5X Build/MMB29P) AppleWebKit/537.36 (KHTML, like Gecko) Chrome/137.0.7151.103 Mobile Safari/537.36 (compatible; Googlebot/2.1; +http://www.google.com/bot.html)"
66.249.74.64 - - [06/Jul/2025:21:52:25 -0400] "GET /q-~74jP2Roll8824Hg988iUk1ikaM2Fl3ec15159/ HTTP/1.1" 404 1251 "-" "Mozilla/5.0 (Linux; Android 6.0.1; Nexus 5X Build/MMB29P) AppleWebKit/537.36 (KHTML, like Gecko) Chrome/137.0.7151.103 Mobile Safari/537.36 (compatible; Googlebot/2.1; +http://www.google.com/bot.html)"
66.249.74.78 - - [06/Jul/2025:21:52:44 -0400] "GET /q-~38fE1qavEZsZEIJn7RDhM3yf5lGA9Pro38899/ HTTP/1.1" 404 1251 "-" "Mozilla/5.0 (Linux; Android 6.0.1; Nexus 5X Build/MMB29P) AppleWebKit/537.36 (KHTML, like Gecko) Chrome/137.0.7151.103 Mobile Safari/537.36 (compatible; Googlebot/2.1; +http://www.google.com/bot.html)"
66.249.74.65 - - [06/Jul/2025:21:53:02 -0400] "GET /q-~88Gy9WR3N9uLts8tNBWt4XlsGVFp96lt15171/ HTTP/1.1" 404 1251 "-" "Mozilla/5.0 (compatible; Googlebot/2.1; +http://www.google.com/bot.html)"
66.249.74.78 - - [06/Jul/2025:21:53:26 -0400] "GET /q-~267cqXHWcbutBtFNyQVQZXjnkCIqzOJgk21146/ HTTP/1.1" 404 1251 "-" "Mozilla/5.0 (Linux; Android 6.0.1; Nexus 5X Build/MMB29P) AppleWebKit/537.36 (KHTML, like Gecko) Chrome/137.0.7151.103 Mobile Safari/537.36 (compatible; Googlebot/2.1; +http://www.google.com/bot.html)"
66.249.74.78 - - [06/Jul/2025:21:53:41 -0400] "GET /items/exeiz30/742?key=consequence HTTP/1.1" 404 1251 "-" "Mozilla/5.0 (compatible; Googlebot/2.1; +http://www.google.com/bot.html)"
66.249.74.78 - - [06/Jul/2025:21:53:44 -0400] "GET /items/hofzv67/43487?key=brake HTTP/1.1" 404 1251 "-" "Mozilla/5.0 (Linux; Android 6.0.1; Nexus 5X Build/MMB29P) AppleWebKit/537.36 (KHTML, like Gecko) Chrome/137.0.7151.103 Mobile Safari/537.36 (compatible; Googlebot/2.1; +http://www.google.com/bot.html)"
66.249.74.78 - - [06/Jul/2025:21:53:49 -0400] "GET /q-~185IjcwkZIHQ534lG9pBKP22RnRq2XI2L18202/ HTTP/1.1" 404 1251 "-" "Mozilla/5.0 (Linux; Android 6.0.1; Nexus 5X Build/MMB29P) AppleWebKit/537.36 (KHTML, like Gecko) Chrome/137.0.7151.103 Mobile Safari/537.36 (compatible; Googlebot/2.1; +http://www.google.com/bot.html)"
66.249.74.78 - - [06/Jul/2025:21:53:52 -0400] "GET /q-~118sRpwbzgJjW1gbZg3rr2ge3teFdpzKm36533/ HTTP/1.1" 404 1251 "-" "Mozilla/5.0 (Linux; Android 6.0.1; Nexus 5X Build/MMB29P) AppleWebKit/537.36 (KHTML, like Gecko) Chrome/137.0.7151.103 Mobile Safari/537.36 (compatible; Googlebot/2.1; +http://www.google.com/bot.html)"
47.82.60.3 - - [06/Jul/2025:21:53:53 -0400] "GET /q-~297qSTzVZwbCozaWKUdukLXboDZAHh33j35852/ HTTP/1.1" 404 1251 "https://nas-yemen.org/q-~297qSTzVZwbCozaWKUdukLXboDZAHh33j35852/" "Mozilla/5.0 (Windows NT 10.0; Win64; x64) AppleWebKit/537.36 (KHTML, like Gecko) Chrome/114.0.0.0 Safari/537.36 Edg/114.0.1823.43"
66.249.74.78 - - [06/Jul/2025:21:53:58 -0400] "GET /q-~173gUqfu9yIh46kKBZcNkRJkxDvfRWTNS44454/ HTTP/1.1" 404 1251 "-" "Mozilla/5.0 (Linux; Android 6.0.1; Nexus 5X Build/MMB29P) AppleWebKit/537.36 (KHTML, like Gecko) Chrome/137.0.7151.103 Mobile Safari/537.36 (compatible; Googlebot/2.1; +http://www.google.com/bot.html)"
66.249.74.65 - - [06/Jul/2025:21:54:23 -0400] "GET /q-~290iR1HuGZglwAx1K3akeeZJIAUqv95jj1621/ HTTP/1.1" 404 1251 "-" "Mozilla/5.0 (Linux; Android 6.0.1; Nexus 5X Build/MMB29P) AppleWebKit/537.36 (KHTML, like Gecko) Chrome/137.0.7151.103 Mobile Safari/537.36 (compatible; GoogleOther)"
66.249.74.78 - - [06/Jul/2025:21:54:27 -0400] "GET /items/huiia12/28286?key=dock HTTP/1.1" 404 1251 "-" "Mozilla/5.0 (compatible; Googlebot/2.1; +http://www.google.com/bot.html)"
66.249.74.64 - - [06/Jul/2025:21:54:29 -0400] "GET /q-~139tklK8Qnh8RK8ELtlglrRz2rgjt3jdm2996/ HTTP/1.1" 404 1251 "-" "Mozilla/5.0 (compatible; Googlebot/2.1; +http://www.google.com/bot.html)"
66.249.74.64 - - [06/Jul/2025:21:54:30 -0400] "GET /q-~139tklK8Qnh8RK8ELtlglrRz2rgjt3jdm2996/ HTTP/1.1" 404 1251 "-" "Mozilla/5.0 (Linux; Android 6.0.1; Nexus 5X Build/MMB29P) AppleWebKit/537.36 (KHTML, like Gecko) Chrome/137.0.7151.103 Mobile Safari/537.36 (compatible; Googlebot/2.1; +http://www.google.com/bot.html)"
66.249.74.78 - - [06/Jul/2025:21:54:30 -0400] "GET /q-~196vG5RiWuvnra6ck1kFpyeb46JVciqEk33223/ HTTP/1.1" 404 1251 "-" "Mozilla/5.0 (compatible; Googlebot/2.1; +http://www.google.com/bot.html)"
66.249.74.78 - - [06/Jul/2025:21:54:41 -0400] "GET /q-~158oTaGPIEO8fC3sOpJLQmYUB96qtf1Aq34799/ HTTP/1.1" 404 1251 "-" "Mozilla/5.0 (Linux; Android 6.0.1; Nexus 5X Build/MMB29P) AppleWebKit/537.36 (KHTML, like Gecko) Chrome/137.0.7151.103 Mobile Safari/537.36 (compatible; Googlebot/2.1; +http://www.google.com/bot.html)"
66.249.74.78 - - [06/Jul/2025:21:54:41 -0400] "GET /items/gizex290/22946?key=Japanese HTTP/1.1" 404 1251 "-" "Mozilla/5.0 (Linux; Android 6.0.1; Nexus 5X Build/MMB29P) AppleWebKit/537.36 (KHTML, like Gecko) Chrome/137.0.7151.103 Mobile Safari/537.36 (compatible; Googlebot/2.1; +http://www.google.com/bot.html)"
47.82.60.20 - - [06/Jul/2025:21:54:48 -0400] "GET /items/wclqz63/5271?key=portray HTTP/1.1" 404 1251 "https://nas-yemen.org/items/wclqz63/5271?key=portray" "Mozilla/5.0 (Windows NT 10.0; Win64; x64) AppleWebKit/537.36 (KHTML, like Gecko) Chrome/114.0.0.0 Safari/537.36 Edg/114.0.1823.43"
66.249.74.78 - - [06/Jul/2025:21:54:55 -0400] "GET /q-~145wadYO93NeHVZLLLIp3xzfRaHFbh3Dh16586/ HTTP/1.1" 404 1251 "-" "Mozilla/5.0 (Linux; Android 6.0.1; Nexus 5X Build/MMB29P) AppleWebKit/537.36 (KHTML, like Gecko) Chrome/137.0.7151.103 Mobile Safari/537.36 (compatible; GoogleOther)"
66.249.74.78 - - [06/Jul/2025:21:55:07 -0400] "GET /items/hhxqi134/46884?key=pit HTTP/1.1" 404 1251 "-" "Mozilla/5.0 (Linux; Android 6.0.1; Nexus 5X Build/MMB29P) AppleWebKit/537.36 (KHTML, like Gecko) Chrome/137.0.7151.103 Mobile Safari/537.36 (compatible; Googlebot/2.1; +http://www.google.com/bot.html)"
66.249.74.78 - - [06/Jul/2025:21:55:16 -0400] "GET /q-~207fe2Ocl4HRw7Skcj4HFx3ThXRAfkUPN23216/ HTTP/1.1" 404 1251 "-" "Mozilla/5.0 (compatible; Googlebot/2.1; +http://www.google.com/bot.html)"
47.82.60.7 - - [06/Jul/2025:21:55:24 -0400] "GET /items/xtwad238/40058?key=silent HTTP/1.1" 404 1251 "https://nas-yemen.org/items/xtwad238/40058?key=silent" "Mozilla/5.0 (Windows NT 10.0; Win64; x64) AppleWebKit/537.36 (KHTML, like Gecko) Chrome/114.0.0.0 Safari/537.36 Edg/114.0.1823.43"
47.82.60.22 - - [06/Jul/2025:21:55:57 -0400] "GET /items/nnzqh73/42959?key=brick HTTP/1.1" 404 1251 "https://nas-yemen.org/items/nnzqh73/42959?key=brick" "Mozilla/5.0 (Windows NT 10.0; Win64; x64) AppleWebKit/537.36 (KHTML, like Gecko) Chrome/114.0.0.0 Safari/537.36 Edg/114.0.1823.43"
66.249.74.65 - - [06/Jul/2025:21:56:22 -0400] "GET /items/supcf90/10764?key=cheer HTTP/1.1" 404 1251 "-" "Mozilla/5.0 (Linux; Android 6.0.1; Nexus 5X Build/MMB29P) AppleWebKit/537.36 (KHTML, like Gecko) Chrome/137.0.7151.103 Mobile Safari/537.36 (compatible; Googlebot/2.1; +http://www.google.com/bot.html)"
66.249.74.64 - - [06/Jul/2025:21:56:22 -0400] "GET /items/iaywc119/44069?key=book HTTP/1.1" 404 1251 "-" "Mozilla/5.0 (Linux; Android 6.0.1; Nexus 5X Build/MMB29P) AppleWebKit/537.36 (KHTML, like Gecko) Chrome/137.0.7151.103 Mobile Safari/537.36 (compatible; Googlebot/2.1; +http://www.google.com/bot.html)"
47.82.60.25 - - [06/Jul/2025:21:56:27 -0400] "GET /q-~177wHuXNRks5HM9GMd9Xs6HOL4RKQl6om9458/ HTTP/1.1" 404 1251 "https://nas-yemen.org/q-~177wHuXNRks5HM9GMd9Xs6HOL4RKQl6om9458/" "Mozilla/5.0 (Windows NT 10.0; Win64; x64) AppleWebKit/537.36 (KHTML, like Gecko) Chrome/114.0.0.0 Safari/537.36 Edg/114.0.1823.43"
34.73.43.187 - - [06/Jul/2025:21:56:40 -0400] "GET /sig.html HTTP/1.1" 200 964 "-" "ZoominfoBot (zoominfobot at zoominfo dot com)"
66.249.74.78 - - [06/Jul/2025:21:56:44 -0400] "GET /items/ocsjh5/6853?key=aircraft HTTP/1.1" 404 1251 "-" "Mozilla/5.0 (Linux; Android 6.0.1; Nexus 5X Build/MMB29P) AppleWebKit/537.36 (KHTML, like Gecko) Chrome/137.0.7151.103 Mobile Safari/537.36 (compatible; Googlebot/2.1; +http://www.google.com/bot.html)"
85.208.96.207 - - [06/Jul/2025:21:56:45 -0400] "GET /ar/administrative-board HTTP/1.1" 404 1251 "-" "Mozilla/5.0 (compatible; SemrushBot/7~bl; +http://www.semrush.com/bot.html)"
47.82.60.46 - - [06/Jul/2025:21:56:50 -0400] "GET /wp-includes/class-wp-duotone.php HTTP/1.1" 403 1242 "https://nas-yemen.org/wp-includes/class-wp-duotone.php" "Mozilla/5.0 (Windows NT 10.0; Win64; x64) AppleWebKit/537.36 (KHTML, like Gecko) Chrome/114.0.0.0 Safari/537.36 Edg/114.0.1823.43"
66.249.73.73 - - [06/Jul/2025:21:56:57 -0400] "GET /q-~160aBX3cZA9U3FUEx8P4mkNdvqBmtCxbW34589/ HTTP/1.1" 404 1251 "-" "Mozilla/5.0 (Linux; Android 6.0.1; Nexus 5X Build/MMB29P) AppleWebKit/537.36 (KHTML, like Gecko) Chrome/137.0.7151.103 Mobile Safari/537.36 (compatible; Googlebot/2.1; +http://www.google.com/bot.html)"
66.249.74.78 - - [06/Jul/2025:21:56:58 -0400] "GET /items/qyydq115/47039?key=bench HTTP/1.1" 404 1251 "-" "Mozilla/5.0 (Linux; Android 6.0.1; Nexus 5X Build/MMB29P) AppleWebKit/537.36 (KHTML, like Gecko) Chrome/137.0.7151.103 Mobile Safari/537.36 (compatible; Googlebot/2.1; +http://www.google.com/bot.html)"
66.249.74.78 - - [06/Jul/2025:21:56:58 -0400] "GET /items/nsjep212/41532?key=jump HTTP/1.1" 404 1251 "-" "Mozilla/5.0 (Linux; Android 6.0.1; Nexus 5X Build/MMB29P) AppleWebKit/537.36 (KHTML, like Gecko) Chrome/137.0.7151.103 Mobile Safari/537.36 (compatible; Googlebot/2.1; +http://www.google.com/bot.html)"
66.249.74.64 - - [06/Jul/2025:21:57:06 -0400] "GET /items/tliux105/4405?key=OK HTTP/1.1" 404 1251 "-" "Mozilla/5.0 (Linux; Android 6.0.1; Nexus 5X Build/MMB29P) AppleWebKit/537.36 (KHTML, like Gecko) Chrome/137.0.7151.103 Mobile Safari/537.36 (compatible; Googlebot/2.1; +http://www.google.com/bot.html)"
66.249.74.64 - - [06/Jul/2025:21:57:09 -0400] "GET /items/zbvth163/44805?key=region HTTP/1.1" 404 1251 "-" "Mozilla/5.0 (Linux; Android 6.0.1; Nexus 5X Build/MMB29P) AppleWebKit/537.36 (KHTML, like Gecko) Chrome/137.0.7151.103 Mobile Safari/537.36 (compatible; Googlebot/2.1; +http://www.google.com/bot.html)"
66.249.74.78 - - [06/Jul/2025:21:57:11 -0400] "GET /q-~86imRGGZ6O5xpY7o2pddn2PS3gurhMqV49537/ HTTP/1.1" 404 1251 "-" "Mozilla/5.0 (Linux; Android 6.0.1; Nexus 5X Build/MMB29P) AppleWebKit/537.36 (KHTML, like Gecko) Chrome/137.0.7151.103 Mobile Safari/537.36 (compatible; GoogleOther)"
66.249.74.78 - - [06/Jul/2025:21:57:30 -0400] "GET /q-~153Uh6uaS7DYsVcdclKGClzNSxzzN8XgM13666/ HTTP/1.1" 404 1251 "-" "Mozilla/5.0 (Linux; Android 6.0.1; Nexus 5X Build/MMB29P) AppleWebKit/537.36 (KHTML, like Gecko) Chrome/137.0.7151.103 Mobile Safari/537.36 (compatible; Googlebot/2.1; +http://www.google.com/bot.html)"
66.249.74.78 - - [06/Jul/2025:21:57:36 -0400] "GET /q-~217BxbmZmcyKkrN39A05gnv7VMr7Ok6Se22200/ HTTP/1.1" 404 1251 "-" "Mozilla/5.0 (Linux; Android 6.0.1; Nexus 5X Build/MMB29P) AppleWebKit/537.36 (KHTML, like Gecko) Chrome/137.0.7151.103 Mobile Safari/537.36 (compatible; Googlebot/2.1; +http://www.google.com/bot.html)"
66.249.74.78 - - [06/Jul/2025:21:57:58 -0400] "GET /q-~71MoPOlprB1BFAKLn01QeEnNOJsLTOBy16028/ HTTP/1.1" 404 1251 "-" "Mozilla/5.0 (compatible; Googlebot/2.1; +http://www.google.com/bot.html)"
47.82.60.27 - - [06/Jul/2025:21:58:09 -0400] "GET /items/xenkn126/30216?key=advocate HTTP/1.1" 404 1251 "https://nas-yemen.org/items/xenkn126/30216?key=advocate" "Mozilla/5.0 (Windows NT 10.0; Win64; x64) AppleWebKit/537.36 (KHTML, like Gecko) Chrome/114.0.0.0 Safari/537.36 Edg/114.0.1823.43"
47.82.60.11 - - [06/Jul/2025:21:58:16 -0400] "GET /q-~198sKj0LjXStfLKlv2vuXgeJEuVDTQIsf4545/ HTTP/1.1" 404 1251 "https://nas-yemen.org/q-~198sKj0LjXStfLKlv2vuXgeJEuVDTQIsf4545/" "Mozilla/5.0 (Windows NT 10.0; Win64; x64) AppleWebKit/537.36 (KHTML, like Gecko) Chrome/114.0.0.0 Safari/537.36 Edg/114.0.1823.43"
66.249.74.65 - - [06/Jul/2025:21:58:20 -0400] "GET /q-~120Cj1YjuacYPgxTIsNyNOwOIvUHs14Zu45907/ HTTP/1.1" 404 1251 "-" "Mozilla/5.0 (Linux; Android 6.0.1; Nexus 5X Build/MMB29P) AppleWebKit/537.36 (KHTML, like Gecko) Chrome/137.0.7151.103 Mobile Safari/537.36 (compatible; Googlebot/2.1; +http://www.google.com/bot.html)"
66.249.74.78 - - [06/Jul/2025:21:58:29 -0400] "GET /q-~183TDOhXy9XY3Uzs8tAh9161pTb4FshPe35576/ HTTP/1.1" 404 1251 "-" "Mozilla/5.0 (Linux; Android 6.0.1; Nexus 5X Build/MMB29P) AppleWebKit/537.36 (KHTML, like Gecko) Chrome/137.0.7151.103 Mobile Safari/537.36 (compatible; Googlebot/2.1; +http://www.google.com/bot.html)"
66.249.74.78 - - [06/Jul/2025:21:58:34 -0400] "GET /q-~12kX3RRqSouMSF2ETuBoSXRjsnco1ReE6973/ HTTP/1.1" 404 1251 "-" "Mozilla/5.0 (Linux; Android 6.0.1; Nexus 5X Build/MMB29P) AppleWebKit/537.36 (KHTML, like Gecko) Chrome/137.0.7151.103 Mobile Safari/537.36 (compatible; Googlebot/2.1; +http://www.google.com/bot.html)"
47.82.60.20 - - [06/Jul/2025:21:58:35 -0400] "GET /items/grugc283/17615?key=happiness HTTP/1.1" 404 1251 "https://nas-yemen.org/items/grugc283/17615?key=happiness" "Mozilla/5.0 (Windows NT 10.0; Win64; x64) AppleWebKit/537.36 (KHTML, like Gecko) Chrome/114.0.0.0 Safari/537.36 Edg/114.0.1823.43"
66.249.74.78 - - [06/Jul/2025:21:58:39 -0400] "GET /q-~142boa6RYzJQyTtUEeJS9keP6CLMrrjHx24849/ HTTP/1.1" 404 1251 "-" "Mozilla/5.0 (compatible; Googlebot/2.1; +http://www.google.com/bot.html)"
47.82.60.5 - - [06/Jul/2025:21:58:49 -0400] "GET /items/zuusi102/19906?key=engagement HTTP/1.1" 404 1251 "https://nas-yemen.org/items/zuusi102/19906?key=engagement" "Mozilla/5.0 (Windows NT 10.0; Win64; x64) AppleWebKit/537.36 (KHTML, like Gecko) Chrome/114.0.0.0 Safari/537.36 Edg/114.0.1823.43"
66.249.74.78 - - [06/Jul/2025:21:59:00 -0400] "GET /items/dczjf248/45116?key=terror HTTP/1.1" 404 1251 "-" "Mozilla/5.0 (Linux; Android 6.0.1; Nexus 5X Build/MMB29P) AppleWebKit/537.36 (KHTML, like Gecko) Chrome/137.0.7151.103 Mobile Safari/537.36 (compatible; GoogleOther)"
66.249.74.78 - - [06/Jul/2025:21:59:11 -0400] "GET /q-~4Ov7jnhReC7ALejl8ODKSUGfXnmVjlD6999/ HTTP/1.1" 404 1251 "-" "Mozilla/5.0 (compatible; Googlebot/2.1; +http://www.google.com/bot.html)"
47.82.60.25 - - [06/Jul/2025:21:59:16 -0400] "GET /items/yyszy234/24934?key=blend HTTP/1.1" 404 1251 "https://nas-yemen.org/items/yyszy234/24934?key=blend" "Mozilla/5.0 (Windows NT 10.0; Win64; x64) AppleWebKit/537.36 (KHTML, like Gecko) Chrome/114.0.0.0 Safari/537.36 Edg/114.0.1823.43"
66.249.74.78 - - [06/Jul/2025:21:59:22 -0400] "GET /q-~229c8ePgFPpacHdghMv8NZsxFFnUc9s1v35414/ HTTP/1.1" 404 1251 "-" "Mozilla/5.0 (Linux; Android 6.0.1; Nexus 5X Build/MMB29P) AppleWebKit/537.36 (KHTML, like Gecko) Chrome/137.0.7151.103 Mobile Safari/537.36 (compatible; Googlebot/2.1; +http://www.google.com/bot.html)"
66.249.74.78 - - [06/Jul/2025:21:59:29 -0400] "GET /items/ndkxq95/7739?key=endure HTTP/1.1" 404 1251 "-" "Mozilla/5.0 (compatible; Googlebot/2.1; +http://www.google.com/bot.html)"
66.249.74.78 - - [06/Jul/2025:21:59:31 -0400] "GET /q-~26ybl6TJqA9Xjp498Ul8pBKrAYTjMbua8805/ HTTP/1.1" 404 1251 "-" "Mozilla/5.0 (Linux; Android 6.0.1; Nexus 5X Build/MMB29P) AppleWebKit/537.36 (KHTML, like Gecko) Chrome/137.0.7151.103 Mobile Safari/537.36 (compatible; Googlebot/2.1; +http://www.google.com/bot.html)"
66.249.74.78 - - [06/Jul/2025:21:59:39 -0400] "GET /q-~148yIcZiVeYNgmEeEbd81mVdA8gibZPmy8853/ HTTP/1.1" 404 1251 "-" "Mozilla/5.0 (compatible; Googlebot/2.1; +http://www.google.com/bot.html)"
66.249.74.78 - - [06/Jul/2025:21:59:47 -0400] "GET /q-~204ZHJJPYu3dhjEeEQRKZrbH20begITAl2597/ HTTP/1.1" 404 1251 "-" "Mozilla/5.0 (compatible; Googlebot/2.1; +http://www.google.com/bot.html)"
47.82.60.50 - - [06/Jul/2025:21:59:48 -0400] "GET /wp-includes/class-wp-simplepie-sanitize-kses.php HTTP/1.1" 403 1242 "https://www.nas-yemen.org/wp-includes/class-wp-simplepie-sanitize-kses.php" "Mozilla/5.0 (Windows NT 10.0; Win64; x64) AppleWebKit/537.36 (KHTML, like Gecko) Chrome/114.0.0.0 Safari/537.36 Edg/114.0.1823.43"
66.249.74.78 - - [06/Jul/2025:21:59:56 -0400] "GET /items/hqnyf255/14017?key=predict HTTP/1.1" 404 1251 "-" "Mozilla/5.0 (compatible; Googlebot/2.1; +http://www.google.com/bot.html)"
66.249.74.78 - - [06/Jul/2025:21:59:58 -0400] "GET /q-~195WOzERiHmwMCZFKp32PFLpdjN4oIIhM2228/ HTTP/1.1" 404 1251 "-" "Mozilla/5.0 (compatible; Googlebot/2.1; +http://www.google.com/bot.html)"
47.82.60.41 - - [06/Jul/2025:22:00:03 -0400] "GET /items/bywwo109/25667?key=translation HTTP/1.1" 404 1251 "https://nas-yemen.org/items/bywwo109/25667?key=translation" "Mozilla/5.0 (Windows NT 10.0; Win64; x64) AppleWebKit/537.36 (KHTML, like Gecko) Chrome/114.0.0.0 Safari/537.36 Edg/114.0.1823.43"
66.249.74.65 - - [06/Jul/2025:22:00:11 -0400] "GET /q-~162Mv1Gl4VlxGfOFr3vDaQE5tkQDnQATJ36477/ HTTP/1.1" 404 1251 "-" "Mozilla/5.0 (Linux; Android 6.0.1; Nexus 5X Build/MMB29P) AppleWebKit/537.36 (KHTML, like Gecko) Chrome/137.0.7151.103 Mobile Safari/537.36 (compatible; GoogleOther)"
66.249.74.78 - - [06/Jul/2025:22:00:16 -0400] "GET /items/qwcqi16/39640?key=investigation HTTP/1.1" 404 1251 "-" "Mozilla/5.0 (compatible; Googlebot/2.1; +http://www.google.com/bot.html)"
66.249.74.78 - - [06/Jul/2025:22:00:21 -0400] "GET /q-~157tASFQh3eTNpN0GDTfZMokoPuW5TJHv10958/ HTTP/1.1" 404 1251 "-" "Mozilla/5.0 (Linux; Android 6.0.1; Nexus 5X Build/MMB29P) AppleWebKit/537.36 (KHTML, like Gecko) Chrome/137.0.7151.103 Mobile Safari/537.36 (compatible; Googlebot/2.1; +http://www.google.com/bot.html)"
47.82.60.34 - - [06/Jul/2025:22:00:32 -0400] "GET /wp-includes/assets HTTP/1.1" 301 795 "https://www.nas-yemen.org/wp-includes/assets" "Mozilla/5.0 (Windows NT 10.0; Win64; x64) AppleWebKit/537.36 (KHTML, like Gecko) Chrome/114.0.0.0 Safari/537.36 Edg/114.0.1823.43"
47.82.60.34 - - [06/Jul/2025:22:00:33 -0400] "GET /wp-includes/assets/ HTTP/1.1" 200 1047 "https://www.nas-yemen.org/wp-includes/assets" "Mozilla/5.0 (Windows NT 10.0; Win64; x64) AppleWebKit/537.36 (KHTML, like Gecko) Chrome/114.0.0.0 Safari/537.36 Edg/114.0.1823.43"
51.222.253.9 - - [06/Jul/2025:22:00:40 -0400] "GET /?sitemap806.xml HTTP/1.1" 200 1470 "-" "Mozilla/5.0 (compatible; AhrefsBot/7.0; +http://ahrefs.com/robot/)"
47.82.60.24 - - [06/Jul/2025:22:00:45 -0400] "GET /q-~90FhTWgk8tgIVuTjLJXcIHMOp8DevoFP45435/ HTTP/1.1" 404 1251 "https://nas-yemen.org/q-~90FhTWgk8tgIVuTjLJXcIHMOp8DevoFP45435/" "Mozilla/5.0 (Windows NT 10.0; Win64; x64) AppleWebKit/537.36 (KHTML, like Gecko) Chrome/114.0.0.0 Safari/537.36 Edg/114.0.1823.43"
47.82.60.4 - - [06/Jul/2025:22:01:02 -0400] "GET /items/izekk69/5705?key=greatest HTTP/1.1" 404 1251 "https://www.nas-yemen.org/items/izekk69/5705?key=greatest" "Mozilla/5.0 (Windows NT 10.0; Win64; x64) AppleWebKit/537.36 (KHTML, like Gecko) Chrome/114.0.0.0 Safari/537.36 Edg/114.0.1823.43"
47.82.60.2 - - [06/Jul/2025:22:01:08 -0400] "GET /wp-includes/query.php HTTP/1.1" 403 1242 "https://nas-yemen.org/wp-includes/query.php" "Mozilla/5.0 (Windows NT 10.0; Win64; x64) AppleWebKit/537.36 (KHTML, like Gecko) Chrome/114.0.0.0 Safari/537.36 Edg/114.0.1823.43"
66.249.74.65 - - [06/Jul/2025:22:01:17 -0400] "GET /q-~89s6Wc3DhwZqyGeswWj5TOeig5p6PDqR44824/ HTTP/1.1" 404 1251 "-" "Mozilla/5.0 (compatible; Googlebot/2.1; +http://www.google.com/bot.html)"
66.249.74.64 - - [06/Jul/2025:22:01:22 -0400] "GET /q-~280Q9Hg4wD2eBmkOkJEWFUd0LJ8YAuTeQ36677/ HTTP/1.1" 404 1251 "-" "Mozilla/5.0 (Linux; Android 6.0.1; Nexus 5X Build/MMB29P) AppleWebKit/537.36 (KHTML, like Gecko) Chrome/137.0.7151.103 Mobile Safari/537.36 (compatible; Googlebot/2.1; +http://www.google.com/bot.html)"
47.82.60.50 - - [06/Jul/2025:22:01:28 -0400] "GET /wp-includes/class-IXR.php HTTP/1.1" 403 1242 "https://www.nas-yemen.org/wp-includes/class-IXR.php" "Mozilla/5.0 (Windows NT 10.0; Win64; x64) AppleWebKit/537.36 (KHTML, like Gecko) Chrome/114.0.0.0 Safari/537.36 Edg/114.0.1823.43"
66.249.74.71 - - [06/Jul/2025:22:01:33 -0400] "GET /q-~39sD7THJKs9v5Oz8FwCCR1sjwRBpCUSN36400/ HTTP/1.1" 404 1251 "-" "Mozilla/5.0 (Linux; Android 6.0.1; Nexus 5X Build/MMB29P) AppleWebKit/537.36 (KHTML, like Gecko) Chrome/137.0.7151.103 Mobile Safari/537.36 (compatible; Googlebot/2.1; +http://www.google.com/bot.html)"
66.249.74.71 - - [06/Jul/2025:22:01:35 -0400] "GET /q-~132UecZSHEPgEyKKfrRULQuyzKhe37wmj41935/ HTTP/1.1" 404 1251 "-" "Mozilla/5.0 (compatible; Googlebot/2.1; +http://www.google.com/bot.html)"
66.249.74.71 - - [06/Jul/2025:22:01:35 -0400] "GET /items/xqvua232/33334?key=landmark HTTP/1.1" 404 1251 "-" "Mozilla/5.0 (Linux; Android 6.0.1; Nexus 5X Build/MMB29P) AppleWebKit/537.36 (KHTML, like Gecko) Chrome/137.0.7151.103 Mobile Safari/537.36 (compatible; Googlebot/2.1; +http://www.google.com/bot.html)"
66.249.74.71 - - [06/Jul/2025:22:01:40 -0400] "GET /items/jufyi245/49007?key=itself HTTP/1.1" 404 1251 "-" "Mozilla/5.0 (Linux; Android 6.0.1; Nexus 5X Build/MMB29P) AppleWebKit/537.36 (KHTML, like Gecko) Chrome/137.0.7151.103 Mobile Safari/537.36 (compatible; Googlebot/2.1; +http://www.google.com/bot.html)"
66.249.74.71 - - [06/Jul/2025:22:01:45 -0400] "GET /items/xwexo235/13503?key=rim HTTP/1.1" 404 1251 "-" "Mozilla/5.0 (Linux; Android 6.0.1; Nexus 5X Build/MMB29P) AppleWebKit/537.36 (KHTML, like Gecko) Chrome/137.0.7151.103 Mobile Safari/537.36 (compatible; Googlebot/2.1; +http://www.google.com/bot.html)"
66.249.74.71 - - [06/Jul/2025:22:01:51 -0400] "GET /items/scjaw8/30664?key=compromise HTTP/1.1" 404 1251 "-" "Mozilla/5.0 (compatible; Googlebot/2.1; +http://www.google.com/bot.html)"
34.73.43.187 - - [06/Jul/2025:22:01:54 -0400] "GET /google8b2657ca9bbaca32.html HTTP/1.1" 200 53 "-" "ZoominfoBot (zoominfobot at zoominfo dot com)"
66.249.74.73 - - [06/Jul/2025:22:02:19 -0400] "GET /q-~72F0YA46cKL6NVdG6pEo7kSys4l8gH6R41833/ HTTP/1.1" 404 1251 "-" "Mozilla/5.0 (Linux; Android 6.0.1; Nexus 5X Build/MMB29P) AppleWebKit/537.36 (KHTML, like Gecko) Chrome/137.0.7151.103 Mobile Safari/537.36 (compatible; Googlebot/2.1; +http://www.google.com/bot.html)"
66.249.74.72 - - [06/Jul/2025:22:02:21 -0400] "GET /q-~40LvuiJJ5vbLq0Dorax0V4oVld1IV0AK20041/ HTTP/1.1" 404 1251 "-" "Mozilla/5.0 (compatible; Googlebot/2.1; +http://www.google.com/bot.html)"
66.249.74.71 - - [06/Jul/2025:22:02:21 -0400] "GET /q-~76KJSAgUqvpebeMFa7QFTLq7zXOQYa0e21181/ HTTP/1.1" 404 1251 "-" "Mozilla/5.0 (Linux; Android 6.0.1; Nexus 5X Build/MMB29P) AppleWebKit/537.36 (KHTML, like Gecko) Chrome/137.0.7151.103 Mobile Safari/537.36 (compatible; Googlebot/2.1; +http://www.google.com/bot.html)"
66.249.74.71 - - [06/Jul/2025:22:02:28 -0400] "GET /q-~31AcplFiA9IDLtv8JK7e6jOcb0vAAtaE8462/ HTTP/1.1" 404 1251 "-" "Mozilla/5.0 (compatible; Googlebot/2.1; +http://www.google.com/bot.html)"
66.249.74.72 - - [06/Jul/2025:22:02:28 -0400] "GET /q-~291BlR9xBY15sLbJo7IocHVA8zV4TH7BI25338/ HTTP/1.1" 404 1251 "-" "Mozilla/5.0 (compatible; Googlebot/2.1; +http://www.google.com/bot.html)"
47.82.60.18 - - [06/Jul/2025:22:02:39 -0400] "GET /wp-includes/class.wp-dependencies.php HTTP/1.1" 403 1242 "https://nas-yemen.org/wp-includes/class.wp-dependencies.php" "Mozilla/5.0 (Windows NT 10.0; Win64; x64) AppleWebKit/537.36 (KHTML, like Gecko) Chrome/114.0.0.0 Safari/537.36 Edg/114.0.1823.43"
66.249.74.71 - - [06/Jul/2025:22:02:40 -0400] "GET /q-~79dq9aFm7HFEZeKZ3x8OmjSgOx438WWv7016/ HTTP/1.1" 404 1251 "-" "Mozilla/5.0 (Linux; Android 6.0.1; Nexus 5X Build/MMB29P) AppleWebKit/537.36 (KHTML, like Gecko) Chrome/137.0.7151.103 Mobile Safari/537.36 (compatible; Googlebot/2.1; +http://www.google.com/bot.html)"
66.249.74.71 - - [06/Jul/2025:22:02:41 -0400] "GET /q-~237XFXo8QpdzOWmg7YO8FAJkSROTIFaTJ8674/ HTTP/1.1" 404 1251 "-" "Mozilla/5.0 (compatible; Googlebot/2.1; +http://www.google.com/bot.html)"
66.249.74.71 - - [06/Jul/2025:22:02:45 -0400] "GET /q-~158tSkvV5JTXyknQmREZiOPzFoX77pyTc17189/ HTTP/1.1" 404 1251 "-" "Mozilla/5.0 (Linux; Android 6.0.1; Nexus 5X Build/MMB29P) AppleWebKit/537.36 (KHTML, like Gecko) Chrome/137.0.7151.103 Mobile Safari/537.36 (compatible; GoogleOther)"
66.249.74.71 - - [06/Jul/2025:22:02:57 -0400] "GET /items/oyjuo196/7566?key=restriction HTTP/1.1" 404 1251 "-" "Mozilla/5.0 (compatible; Googlebot/2.1; +http://www.google.com/bot.html)"
47.82.60.33 - - [06/Jul/2025:22:03:06 -0400] "GET /wp-includes/widgets.php HTTP/1.1" 403 1242 "https://www.nas-yemen.org/wp-includes/widgets.php" "Mozilla/5.0 (Windows NT 10.0; Win64; x64) AppleWebKit/537.36 (KHTML, like Gecko) Chrome/114.0.0.0 Safari/537.36 Edg/114.0.1823.43"
66.249.74.71 - - [06/Jul/2025:22:03:09 -0400] "GET /q-~9O5m7Ln8vOidJ6MmydrIOpmFejgEOWN1266/ HTTP/1.1" 404 1251 "-" "Mozilla/5.0 (Linux; Android 6.0.1; Nexus 5X Build/MMB29P) AppleWebKit/537.36 (KHTML, like Gecko) Chrome/137.0.7151.103 Mobile Safari/537.36 (compatible; Googlebot/2.1; +http://www.google.com/bot.html)"
66.249.74.71 - - [06/Jul/2025:22:03:15 -0400] "GET /q-~117NQ4wfC7GcrvTJVJ00dAOKClKoKTF9l14058/ HTTP/1.1" 404 1251 "-" "Mozilla/5.0 (Linux; Android 6.0.1; Nexus 5X Build/MMB29P) AppleWebKit/537.36 (KHTML, like Gecko) Chrome/137.0.7151.103 Mobile Safari/537.36 (compatible; GoogleOther)"
66.249.74.71 - - [06/Jul/2025:22:03:33 -0400] "GET /items/wozgs187/27253?key=effort HTTP/1.1" 404 1251 "-" "Mozilla/5.0 (compatible; Googlebot/2.1; +http://www.google.com/bot.html)"
66.249.74.71 - - [06/Jul/2025:22:03:37 -0400] "GET /q-~209zQWyLW1W9mnMuQucRaCQSmw8XSObou46904/ HTTP/1.1" 404 1251 "-" "Mozilla/5.0 (Linux; Android 6.0.1; Nexus 5X Build/MMB29P) AppleWebKit/537.36 (KHTML, like Gecko) Chrome/137.0.7151.103 Mobile Safari/537.36 (compatible; GoogleOther)"
66.249.74.71 - - [06/Jul/2025:22:03:42 -0400] "GET /q-~34DP6dyF9OxFMD5d3P0Dchdsphrl446n30945/ HTTP/1.1" 404 1251 "-" "Mozilla/5.0 (compatible; Googlebot/2.1; +http://www.google.com/bot.html)"
66.249.74.71 - - [06/Jul/2025:22:03:44 -0400] "GET /q-~231PXtAynnHXGBKbTMxvRQxkTfNQ7RIGB5610/ HTTP/1.1" 404 1251 "-" "Mozilla/5.0 (Linux; Android 6.0.1; Nexus 5X Build/MMB29P) AppleWebKit/537.36 (KHTML, like Gecko) Chrome/137.0.7151.103 Mobile Safari/537.36 (compatible; Googlebot/2.1; +http://www.google.com/bot.html)"
66.249.74.72 - - [06/Jul/2025:22:04:17 -0400] "GET /q-~296pSRlLj3cDXpWbC2xsxrRP808dxoN4K26227/ HTTP/1.1" 404 1251 "-" "Mozilla/5.0 (Linux; Android 6.0.1; Nexus 5X Build/MMB29P) AppleWebKit/537.36 (KHTML, like Gecko) Chrome/137.0.7151.103 Mobile Safari/537.36 (compatible; Googlebot/2.1; +http://www.google.com/bot.html)"
66.249.74.71 - - [06/Jul/2025:22:04:28 -0400] "GET /q-~150semuaiAs3JZgl8nbPYDesNgvmsDAHW26917/ HTTP/1.1" 404 1251 "-" "Mozilla/5.0 (compatible; Googlebot/2.1; +http://www.google.com/bot.html)"
66.249.74.71 - - [06/Jul/2025:22:04:44 -0400] "GET /q-~151tjtjmrHvHiFfSSJkkPtVxZbwtqVTUB27356/ HTTP/1.1" 404 1251 "-" "Mozilla/5.0 (Linux; Android 6.0.1; Nexus 5X Build/MMB29P) AppleWebKit/537.36 (KHTML, like Gecko) Chrome/137.0.7151.103 Mobile Safari/537.36 (compatible; GoogleOther)"
66.249.74.71 - - [06/Jul/2025:22:05:00 -0400] "GET /q-~115pT8NtbNwrtoUo8DooANTpQLr8i5qrx4788/ HTTP/1.1" 404 1251 "-" "Mozilla/5.0 (Linux; Android 6.0.1; Nexus 5X Build/MMB29P) AppleWebKit/537.36 (KHTML, like Gecko) Chrome/137.0.7151.103 Mobile Safari/537.36 (compatible; Googlebot/2.1; +http://www.google.com/bot.html)"
47.82.60.23 - - [06/Jul/2025:22:05:24 -0400] "GET /wp-includes/comment-template.php HTTP/1.1" 403 1242 "https://www.nas-yemen.org/wp-includes/comment-template.php" "Mozilla/5.0 (Windows NT 10.0; Win64; x64) AppleWebKit/537.36 (KHTML, like Gecko) Chrome/114.0.0.0 Safari/537.36 Edg/114.0.1823.43"
47.82.60.36 - - [06/Jul/2025:22:05:36 -0400] "GET /wp-includes/class-wp-block-parser.php HTTP/1.1" 403 1242 "https://www.nas-yemen.org/wp-includes/class-wp-block-parser.php" "Mozilla/5.0 (Windows NT 10.0; Win64; x64) AppleWebKit/537.36 (KHTML, like Gecko) Chrome/114.0.0.0 Safari/537.36 Edg/114.0.1823.43"
66.249.73.72 - - [06/Jul/2025:22:05:43 -0400] "GET /q-~170ZVIX2usxaxPDuRVvZAScqA5RY5IrcJ43285/ HTTP/1.1" 404 1251 "-" "Mozilla/5.0 (Linux; Android 6.0.1; Nexus 5X Build/MMB29P) AppleWebKit/537.36 (KHTML, like Gecko) Chrome/137.0.7151.103 Mobile Safari/537.36 (compatible; Googlebot/2.1; +http://www.google.com/bot.html)"
66.249.74.71 - - [06/Jul/2025:22:05:44 -0400] "GET /robots.txt HTTP/1.1" 304 0 "-" "Mozilla/5.0 (compatible; Googlebot/2.1; +http://www.google.com/bot.html)"
66.249.74.72 - - [06/Jul/2025:22:05:44 -0400] "GET /q-~73zmdzWFy6d8KDKPV9GrAa3IuwvtJ5BU28844/ HTTP/1.1" 404 1251 "-" "Mozilla/5.0 (Linux; Android 6.0.1; Nexus 5X Build/MMB29P) AppleWebKit/537.36 (KHTML, like Gecko) Chrome/137.0.7151.103 Mobile Safari/537.36 (compatible; Googlebot/2.1; +http://www.google.com/bot.html)"
66.249.74.71 - - [06/Jul/2025:22:05:49 -0400] "GET /q-~288tHB17jc46IHaD3xwxPk9zmY6GdkLhh38863/ HTTP/1.1" 404 1251 "-" "Mozilla/5.0 (Linux; Android 6.0.1; Nexus 5X Build/MMB29P) AppleWebKit/537.36 (KHTML, like Gecko) Chrome/137.0.7151.103 Mobile Safari/537.36 (compatible; Googlebot/2.1; +http://www.google.com/bot.html)"
66.249.74.71 - - [06/Jul/2025:22:05:51 -0400] "GET /q-~31DQSeNXavEpBOWgPjJd7NPqAHHD8kby202/ HTTP/1.1" 404 1251 "-" "Mozilla/5.0 (compatible; Googlebot/2.1; +http://www.google.com/bot.html)"
66.249.74.72 - - [06/Jul/2025:22:06:03 -0400] "GET /q-~251AEH5nLYAo6DIGNd1VZWzZsJgyWlxPZ30296/ HTTP/1.1" 404 1251 "-" "Mozilla/5.0 (Linux; Android 6.0.1; Nexus 5X Build/MMB29P) AppleWebKit/537.36 (KHTML, like Gecko) Chrome/137.0.7151.103 Mobile Safari/537.36 (compatible; Googlebot/2.1; +http://www.google.com/bot.html)"
47.82.60.20 - - [06/Jul/2025:22:06:03 -0400] "GET /wp-includes/class-wp-matchesmapregex.php HTTP/1.1" 403 1242 "https://nas-yemen.org/wp-includes/class-wp-matchesmapregex.php" "Mozilla/5.0 (Windows NT 10.0; Win64; x64) AppleWebKit/537.36 (KHTML, like Gecko) Chrome/114.0.0.0 Safari/537.36 Edg/114.0.1823.43"
47.82.60.36 - - [06/Jul/2025:22:06:03 -0400] "GET /wp-includes/PHPMailer HTTP/1.1" 301 795 "https://www.nas-yemen.org/wp-includes/PHPMailer" "Mozilla/5.0 (Windows NT 10.0; Win64; x64) AppleWebKit/537.36 (KHTML, like Gecko) Chrome/114.0.0.0 Safari/537.36 Edg/114.0.1823.43"
47.82.60.36 - - [06/Jul/2025:22:06:03 -0400] "GET /wp-includes/PHPMailer/ HTTP/1.1" 200 691 "https://www.nas-yemen.org/wp-includes/PHPMailer" "Mozilla/5.0 (Windows NT 10.0; Win64; x64) AppleWebKit/537.36 (KHTML, like Gecko) Chrome/114.0.0.0 Safari/537.36 Edg/114.0.1823.43"
47.82.60.38 - - [06/Jul/2025:22:06:14 -0400] "GET /wp-includes/class-wp-http.php HTTP/1.1" 403 1242 "https://nas-yemen.org/wp-includes/class-wp-http.php" "Mozilla/5.0 (Windows NT 10.0; Win64; x64) AppleWebKit/537.36 (KHTML, like Gecko) Chrome/114.0.0.0 Safari/537.36 Edg/114.0.1823.43"
47.82.60.29 - - [06/Jul/2025:22:06:18 -0400] "GET /wp-includes/class-wp-query.php HTTP/1.1" 403 1242 "https://www.nas-yemen.org/wp-includes/class-wp-query.php" "Mozilla/5.0 (Windows NT 10.0; Win64; x64) AppleWebKit/537.36 (KHTML, like Gecko) Chrome/114.0.0.0 Safari/537.36 Edg/114.0.1823.43"
66.249.74.72 - - [06/Jul/2025:22:06:18 -0400] "GET /items/biged75/16929?key=scratch HTTP/1.1" 404 1251 "-" "Mozilla/5.0 (compatible; Googlebot/2.1; +http://www.google.com/bot.html)"
47.82.60.36 - - [06/Jul/2025:22:06:32 -0400] "GET /wp-includes/ms-settings.php HTTP/1.1" 403 1242 "https://www.nas-yemen.org/wp-includes/ms-settings.php" "Mozilla/5.0 (Windows NT 10.0; Win64; x64) AppleWebKit/537.36 (KHTML, like Gecko) Chrome/114.0.0.0 Safari/537.36 Edg/114.0.1823.43"
47.82.60.24 - - [06/Jul/2025:22:06:34 -0400] "GET /wp-includes/post-thumbnail-template.php HTTP/1.1" 403 1242 "https://nas-yemen.org/wp-includes/post-thumbnail-template.php" "Mozilla/5.0 (Windows NT 10.0; Win64; x64) AppleWebKit/537.36 (KHTML, like Gecko) Chrome/114.0.0.0 Safari/537.36 Edg/114.0.1823.43"
66.249.74.78 - - [06/Jul/2025:22:06:36 -0400] "GET /q-~90KmCkk7jd83px0Px5zU7toDXAdxJ2HA9521/ HTTP/1.1" 404 1251 "-" "Mozilla/5.0 (compatible; Googlebot/2.1; +http://www.google.com/bot.html)"
66.249.74.78 - - [06/Jul/2025:22:06:37 -0400] "GET /items/uvjxb278/43230?key=limit HTTP/1.1" 404 1251 "-" "Mozilla/5.0 (Linux; Android 6.0.1; Nexus 5X Build/MMB29P) AppleWebKit/537.36 (KHTML, like Gecko) Chrome/137.0.7151.103 Mobile Safari/537.36 (compatible; Googlebot/2.1; +http://www.google.com/bot.html)"
57.141.0.25 - - [06/Jul/2025:22:06:39 -0400] "GET /wp-includes/Text/Diff/Renderer.php HTTP/1.1" 403 1242 "-" "meta-externalagent/1.1 (+https://developers.facebook.com/docs/sharing/webmasters/crawler)"
47.82.60.9 - - [06/Jul/2025:22:07:01 -0400] "GET /wp-includes/nav-menu-template.php HTTP/1.1" 403 1242 "https://www.nas-yemen.org/wp-includes/nav-menu-template.php" "Mozilla/5.0 (Windows NT 10.0; Win64; x64) AppleWebKit/537.36 (KHTML, like Gecko) Chrome/114.0.0.0 Safari/537.36 Edg/114.0.1823.43"
47.82.60.14 - - [06/Jul/2025:22:07:04 -0400] "GET /wp-includes/embed.php HTTP/1.1" 403 1242 "https://nas-yemen.org/wp-includes/embed.php" "Mozilla/5.0 (Windows NT 10.0; Win64; x64) AppleWebKit/537.36 (KHTML, like Gecko) Chrome/114.0.0.0 Safari/537.36 Edg/114.0.1823.43"
47.82.60.30 - - [06/Jul/2025:22:07:05 -0400] "GET /wp-includes/default-filters.php HTTP/1.1" 403 1242 "https://www.nas-yemen.org/wp-includes/default-filters.php" "Mozilla/5.0 (Windows NT 10.0; Win64; x64) AppleWebKit/537.36 (KHTML, like Gecko) Chrome/114.0.0.0 Safari/537.36 Edg/114.0.1823.43"
66.249.74.65 - - [06/Jul/2025:22:07:05 -0400] "GET /q-~96BiFAHD4OEdV3aNwiUEW6QNLcJXUS8G20441/ HTTP/1.1" 404 1251 "-" "Mozilla/5.0 (Linux; Android 6.0.1; Nexus 5X Build/MMB29P) AppleWebKit/537.36 (KHTML, like Gecko) Chrome/137.0.7151.103 Mobile Safari/537.36 (compatible; Googlebot/2.1; +http://www.google.com/bot.html)"
47.82.60.36 - - [06/Jul/2025:22:07:37 -0400] "GET /wp-includes/interactivity-api HTTP/1.1" 301 795 "https://www.nas-yemen.org/wp-includes/interactivity-api" "Mozilla/5.0 (Windows NT 10.0; Win64; x64) AppleWebKit/537.36 (KHTML, like Gecko) Chrome/114.0.0.0 Safari/537.36 Edg/114.0.1823.43"
47.82.60.36 - - [06/Jul/2025:22:07:37 -0400] "GET /wp-includes/interactivity-api/ HTTP/1.1" 200 691 "https://www.nas-yemen.org/wp-includes/interactivity-api" "Mozilla/5.0 (Windows NT 10.0; Win64; x64) AppleWebKit/537.36 (KHTML, like Gecko) Chrome/114.0.0.0 Safari/537.36 Edg/114.0.1823.43"
66.249.74.78 - - [06/Jul/2025:22:07:41 -0400] "GET /items/zhekc104/9640?key=scent HTTP/1.1" 404 1251 "-" "Mozilla/5.0 (compatible; Googlebot/2.1; +http://www.google.com/bot.html)"
66.249.74.64 - - [06/Jul/2025:22:07:42 -0400] "GET /items/zhekc104/9640?key=scent HTTP/1.1" 404 1251 "-" "Mozilla/5.0 (Linux; Android 6.0.1; Nexus 5X Build/MMB29P) AppleWebKit/537.36 (KHTML, like Gecko) Chrome/137.0.7151.103 Mobile Safari/537.36 (compatible; Googlebot/2.1; +http://www.google.com/bot.html)"
47.82.60.15 - - [06/Jul/2025:22:07:45 -0400] "GET /wp-includes/class-wp-block-parser-frame.php HTTP/1.1" 403 1242 "https://www.nas-yemen.org/wp-includes/class-wp-block-parser-frame.php" "Mozilla/5.0 (Windows NT 10.0; Win64; x64) AppleWebKit/537.36 (KHTML, like Gecko) Chrome/114.0.0.0 Safari/537.36 Edg/114.0.1823.43"
66.249.74.78 - - [06/Jul/2025:22:07:50 -0400] "GET /q-~19yXXz2r4EHWB7YmjMMfRrJakBNN9M4t30790/ HTTP/1.1" 404 1251 "-" "Mozilla/5.0 (compatible; Googlebot/2.1; +http://www.google.com/bot.html)"
47.82.60.49 - - [06/Jul/2025:22:07:51 -0400] "GET /wp-includes/style-engine HTTP/1.1" 301 795 "https://www.nas-yemen.org/wp-includes/style-engine" "Mozilla/5.0 (Windows NT 10.0; Win64; x64) AppleWebKit/537.36 (KHTML, like Gecko) Chrome/114.0.0.0 Safari/537.36 Edg/114.0.1823.43"
47.82.60.49 - - [06/Jul/2025:22:07:51 -0400] "GET /wp-includes/style-engine/ HTTP/1.1" 200 736 "https://www.nas-yemen.org/wp-includes/style-engine" "Mozilla/5.0 (Windows NT 10.0; Win64; x64) AppleWebKit/537.36 (KHTML, like Gecko) Chrome/114.0.0.0 Safari/537.36 Edg/114.0.1823.43"
66.249.74.78 - - [06/Jul/2025:22:07:55 -0400] "GET /q-~251ZovCdK7Qf1zjcB610LaNBZNqRRoSrQ10042/ HTTP/1.1" 404 1251 "-" "Mozilla/5.0 (Linux; Android 6.0.1; Nexus 5X Build/MMB29P) AppleWebKit/537.36 (KHTML, like Gecko) Chrome/137.0.7151.103 Mobile Safari/537.36 (compatible; Googlebot/2.1; +http://www.google.com/bot.html)"
66.249.74.65 - - [06/Jul/2025:22:08:05 -0400] "GET /q-~36qQtA2r6ircCW6VQmUcSNwbo80rT24E2817/ HTTP/1.1" 404 1251 "-" "Mozilla/5.0 (Linux; Android 6.0.1; Nexus 5X Build/MMB29P) AppleWebKit/537.36 (KHTML, like Gecko) Chrome/137.0.7151.103 Mobile Safari/537.36 (compatible; Googlebot/2.1; +http://www.google.com/bot.html)"
47.82.60.31 - - [06/Jul/2025:22:08:11 -0400] "GET /wp-includes/class-wp-image-editor.php HTTP/1.1" 403 1242 "https://www.nas-yemen.org/wp-includes/class-wp-image-editor.php" "Mozilla/5.0 (Windows NT 10.0; Win64; x64) AppleWebKit/537.36 (KHTML, like Gecko) Chrome/114.0.0.0 Safari/537.36 Edg/114.0.1823.43"
66.249.74.78 - - [06/Jul/2025:22:08:14 -0400] "GET /items/hrgte99/46983?key=philosophical HTTP/1.1" 404 1251 "-" "Mozilla/5.0 (Linux; Android 6.0.1; Nexus 5X Build/MMB29P) AppleWebKit/537.36 (KHTML, like Gecko) Chrome/137.0.7151.103 Mobile Safari/537.36 (compatible; GoogleOther)"
47.82.60.31 - - [06/Jul/2025:22:08:20 -0400] "GET /wp-includes/comment.php HTTP/1.1" 403 1242 "https://www.nas-yemen.org/wp-includes/comment.php" "Mozilla/5.0 (Windows NT 10.0; Win64; x64) AppleWebKit/537.36 (KHTML, like Gecko) Chrome/114.0.0.0 Safari/537.36 Edg/114.0.1823.43"
66.249.74.78 - - [06/Jul/2025:22:08:31 -0400] "GET /items/lqcln180/2374?key=deal HTTP/1.1" 404 1251 "-" "Mozilla/5.0 (compatible; Googlebot/2.1; +http://www.google.com/bot.html)"
66.249.74.78 - - [06/Jul/2025:22:08:37 -0400] "GET /q-~8XvsM62LXr2FdSVEzODGOKMEWhhDG5A19593/ HTTP/1.1" 404 1251 "-" "Mozilla/5.0 (compatible; Googlebot/2.1; +http://www.google.com/bot.html)"
66.249.74.78 - - [06/Jul/2025:22:08:37 -0400] "GET /q-~247OSC8e18M7wjgIJ518ik2UeLjlu0dEl9892/ HTTP/1.1" 404 1251 "-" "Mozilla/5.0 (compatible; Googlebot/2.1; +http://www.google.com/bot.html)"
47.82.60.17 - - [06/Jul/2025:22:08:40 -0400] "GET /wp-includes/class-wp-theme-json-schema.php HTTP/1.1" 403 1242 "https://nas-yemen.org/wp-includes/class-wp-theme-json-schema.php" "Mozilla/5.0 (Windows NT 10.0; Win64; x64) AppleWebKit/537.36 (KHTML, like Gecko) Chrome/114.0.0.0 Safari/537.36 Edg/114.0.1823.43"
47.82.60.14 - - [06/Jul/2025:22:08:43 -0400] "GET /wp-includes/class-wp-widget.php HTTP/1.1" 403 1242 "https://nas-yemen.org/wp-includes/class-wp-widget.php" "Mozilla/5.0 (Windows NT 10.0; Win64; x64) AppleWebKit/537.36 (KHTML, like Gecko) Chrome/114.0.0.0 Safari/537.36 Edg/114.0.1823.43"
66.249.74.65 - - [06/Jul/2025:22:09:10 -0400] "GET /items/czism74/41098?key=sustainable HTTP/1.1" 404 1251 "-" "Mozilla/5.0 (compatible; Googlebot/2.1; +http://www.google.com/bot.html)"
66.249.74.78 - - [06/Jul/2025:22:09:22 -0400] "GET /q-~276XRpY3BwHkluvTPCoXIuqVmQZts6hkE25815/ HTTP/1.1" 404 1251 "-" "Mozilla/5.0 (compatible; Googlebot/2.1; +http://www.google.com/bot.html)"
66.249.74.78 - - [06/Jul/2025:22:09:35 -0400] "GET /q-~168XUKaeI9nOqYwiYuGr9xom1MJWwe8Wi39533/ HTTP/1.1" 404 1251 "-" "Mozilla/5.0 (compatible; Googlebot/2.1; +http://www.google.com/bot.html)"
66.249.74.78 - - [06/Jul/2025:22:09:36 -0400] "GET /items/zeren243/47085?key=relieve HTTP/1.1" 404 1251 "-" "Mozilla/5.0 (compatible; Googlebot/2.1; +http://www.google.com/bot.html)"
66.249.74.78 - - [06/Jul/2025:22:09:45 -0400] "GET /q-~38o5pYRVcqw7AclGOYJxQqrnnJbw9r3h13265/ HTTP/1.1" 404 1251 "-" "Mozilla/5.0 (Linux; Android 6.0.1; Nexus 5X Build/MMB29P) AppleWebKit/537.36 (KHTML, like Gecko) Chrome/137.0.7151.103 Mobile Safari/537.36 (compatible; Googlebot/2.1; +http://www.google.com/bot.html)"
66.249.74.78 - - [06/Jul/2025:22:09:55 -0400] "GET /q-~158AN4mcMJptwRl5iy65NOdDuVtp0JljJ20403/ HTTP/1.1" 404 1251 "-" "Mozilla/5.0 (compatible; Googlebot/2.1; +http://www.google.com/bot.html)"
66.249.74.64 - - [06/Jul/2025:22:10:00 -0400] "GET /q-~171KJ45ZAGjAQeibx5XUS9eR3xdqykMpQ47450/ HTTP/1.1" 404 1251 "-" "Mozilla/5.0 (Linux; Android 6.0.1; Nexus 5X Build/MMB29P) AppleWebKit/537.36 (KHTML, like Gecko) Chrome/137.0.7151.103 Mobile Safari/537.36 (compatible; Googlebot/2.1; +http://www.google.com/bot.html)"
66.249.74.64 - - [06/Jul/2025:22:10:08 -0400] "GET /items/gcsnp199/31547?key=day HTTP/1.1" 404 1251 "-" "Mozilla/5.0 (compatible; Googlebot/2.1; +http://www.google.com/bot.html)"
66.249.74.78 - - [06/Jul/2025:22:10:10 -0400] "GET /q-~28FFPvp5FblXSWMXfHnsRnoP7O98vgZe22501/ HTTP/1.1" 404 1251 "-" "Mozilla/5.0 (Linux; Android 6.0.1; Nexus 5X Build/MMB29P) AppleWebKit/537.36 (KHTML, like Gecko) Chrome/137.0.7151.103 Mobile Safari/537.36 (compatible; Googlebot/2.1; +http://www.google.com/bot.html)"
66.249.74.78 - - [06/Jul/2025:22:10:27 -0400] "GET /items/jxscn26/18092?key=stove HTTP/1.1" 404 1251 "-" "Mozilla/5.0 (compatible; Googlebot/2.1; +http://www.google.com/bot.html)"
66.249.74.78 - - [06/Jul/2025:22:10:33 -0400] "GET /items/yimfv69/27813?key=channel HTTP/1.1" 404 1251 "-" "Mozilla/5.0 (compatible; Googlebot/2.1; +http://www.google.com/bot.html)"
66.249.74.78 - - [06/Jul/2025:22:10:36 -0400] "GET /items/hivly171/17695?key=acknowledge HTTP/1.1" 404 1251 "-" "Mozilla/5.0 (Linux; Android 6.0.1; Nexus 5X Build/MMB29P) AppleWebKit/537.36 (KHTML, like Gecko) Chrome/137.0.7151.103 Mobile Safari/537.36 (compatible; Googlebot/2.1; +http://www.google.com/bot.html)"
66.249.74.78 - - [06/Jul/2025:22:10:38 -0400] "GET /q-~251w7uDa7XoyZXYZ2DwEt1QfBlLezpxJf20252/ HTTP/1.1" 404 1251 "-" "Mozilla/5.0 (Linux; Android 6.0.1; Nexus 5X Build/MMB29P) AppleWebKit/537.36 (KHTML, like Gecko) Chrome/137.0.7151.103 Mobile Safari/537.36 (compatible; Googlebot/2.1; +http://www.google.com/bot.html)"
114.119.144.65 - - [06/Jul/2025:22:10:39 -0400] "GET /index.php/loopy/ajj3p6jq.htm HTTP/1.1" 404 1251 "-" "Mozilla/5.0 (Linux; Android 7.0;) AppleWebKit/537.36 (KHTML, like Gecko) Mobile Safari/537.36 (compatible; PetalBot;+https://webmaster.petalsearch.com/site/petalbot)"
66.249.74.78 - - [06/Jul/2025:22:10:43 -0400] "GET /items/ejsgk272/20608?key=role HTTP/1.1" 404 1251 "-" "Mozilla/5.0 (Linux; Android 6.0.1; Nexus 5X Build/MMB29P) AppleWebKit/537.36 (KHTML, like Gecko) Chrome/137.0.7151.103 Mobile Safari/537.36 (compatible; Googlebot/2.1; +http://www.google.com/bot.html)"
66.249.74.78 - - [06/Jul/2025:22:10:56 -0400] "GET /items/fvlbf45/48607?key=per HTTP/1.1" 404 1251 "-" "Mozilla/5.0 (compatible; Googlebot/2.1; +http://www.google.com/bot.html)"
66.249.74.64 - - [06/Jul/2025:22:11:08 -0400] "GET /items/htwlq9/38933?key=themselves HTTP/1.1" 404 1251 "-" "Mozilla/5.0 (Linux; Android 6.0.1; Nexus 5X Build/MMB29P) AppleWebKit/537.36 (KHTML, like Gecko) Chrome/137.0.7151.103 Mobile Safari/537.36 (compatible; Googlebot/2.1; +http://www.google.com/bot.html)"
66.249.74.64 - - [06/Jul/2025:22:11:18 -0400] "GET /q-~82VBqg2RwhdqjPnOGs8kifTUAAbU2VzZ18183/ HTTP/1.1" 404 1251 "-" "Mozilla/5.0 (compatible; Googlebot/2.1; +http://www.google.com/bot.html)"
66.249.74.78 - - [06/Jul/2025:22:11:37 -0400] "GET /q-~236ZozvoKEbfzBoWKANsQHCLOxYUU5t2w43597/ HTTP/1.1" 404 1251 "-" "Mozilla/5.0 (compatible; Googlebot/2.1; +http://www.google.com/bot.html)"
66.249.74.78 - - [06/Jul/2025:22:11:44 -0400] "GET /q-~179h9a0wVvq9Y7AY3vN40fpSVO2IMGuwq790/ HTTP/1.1" 404 1251 "-" "Mozilla/5.0 (Linux; Android 6.0.1; Nexus 5X Build/MMB29P) AppleWebKit/537.36 (KHTML, like Gecko) Chrome/137.0.7151.103 Mobile Safari/537.36 (compatible; Googlebot/2.1; +http://www.google.com/bot.html)"
66.249.74.78 - - [06/Jul/2025:22:11:45 -0400] "GET /items/qtsxg91/19091?key=magic HTTP/1.1" 404 1251 "-" "Mozilla/5.0 (compatible; Googlebot/2.1; +http://www.google.com/bot.html)"
66.249.74.78 - - [06/Jul/2025:22:11:47 -0400] "GET /items/kdgzm224/35070?key=concentrate HTTP/1.1" 404 1251 "-" "Mozilla/5.0 (compatible; Googlebot/2.1; +http://www.google.com/bot.html)"
66.249.74.78 - - [06/Jul/2025:22:11:58 -0400] "GET /q-~46pkvdhApyni52JNabZRwLtV0sxCws0N32519/ HTTP/1.1" 404 1251 "-" "Mozilla/5.0 (Linux; Android 6.0.1; Nexus 5X Build/MMB29P) AppleWebKit/537.36 (KHTML, like Gecko) Chrome/137.0.7151.103 Mobile Safari/537.36 (compatible; Googlebot/2.1; +http://www.google.com/bot.html)"
114.119.133.126 - - [06/Jul/2025:22:12:02 -0400] "GET /index.php/brickyard/hdhT8.shtml HTTP/1.1" 404 1251 "-" "Mozilla/5.0 (Linux; Android 7.0;) AppleWebKit/537.36 (KHTML, like Gecko) Mobile Safari/537.36 (compatible; PetalBot;+https://webmaster.petalsearch.com/site/petalbot)"
66.249.74.65 - - [06/Jul/2025:22:12:24 -0400] "GET /items/zlgyi153/22785?key=crowd HTTP/1.1" 404 1251 "-" "Mozilla/5.0 (Linux; Android 6.0.1; Nexus 5X Build/MMB29P) AppleWebKit/537.36 (KHTML, like Gecko) Chrome/137.0.7151.103 Mobile Safari/537.36 (compatible; Googlebot/2.1; +http://www.google.com/bot.html)"
66.249.74.64 - - [06/Jul/2025:22:12:36 -0400] "GET /q-~137nSRfPJTX8B3GkPcffDVGWJhAz0BMUl29328/ HTTP/1.1" 404 1251 "-" "Mozilla/5.0 (Linux; Android 6.0.1; Nexus 5X Build/MMB29P) AppleWebKit/537.36 (KHTML, like Gecko) Chrome/137.0.7151.103 Mobile Safari/537.36 (compatible; Googlebot/2.1; +http://www.google.com/bot.html)"
66.249.74.78 - - [06/Jul/2025:22:12:42 -0400] "GET /q-~123Hvh2j4p2ZlFLyb0746TX4HuS7uyuca24950/ HTTP/1.1" 404 1251 "-" "Mozilla/5.0 (compatible; Googlebot/2.1; +http://www.google.com/bot.html)"
66.249.74.78 - - [06/Jul/2025:22:12:51 -0400] "GET /q-~242lYxdm0RU9r2xwalJsOifWBJSkovJTp22001/ HTTP/1.1" 404 1251 "-" "Mozilla/5.0 (Linux; Android 6.0.1; Nexus 5X Build/MMB29P) AppleWebKit/537.36 (KHTML, like Gecko) Chrome/137.0.7151.103 Mobile Safari/537.36 (compatible; GoogleOther)"
