66.249.74.65 - - [06/Jul/2025:10:13:20 -0400] "GET /q-~284jcVkyO6EbXuYJfsD5m3QRcUKZEHxkA5075/ HTTP/1.1" 404 1251 "-" "Mozilla/5.0 (Linux; Android 6.0.1; Nexus 5X Build/MMB29P) AppleWebKit/537.36 (KHTML, like Gecko) Chrome/137.0.7151.103 Mobile Safari/537.36 (compatible; Googlebot/2.1; +http://www.google.com/bot.html)"
47.82.60.48 - - [06/Jul/2025:10:13:43 -0400] "GET /wp-includes/class-wp-rewrite.php HTTP/1.1" 403 1242 "https://nas-yemen.org/wp-includes/class-wp-rewrite.php" "Mozilla/5.0 (Windows NT 10.0; Win64; x64) AppleWebKit/537.36 (KHTML, like Gecko) Chrome/114.0.0.0 Safari/537.36 Edg/114.0.1823.43"
47.82.60.20 - - [06/Jul/2025:10:13:52 -0400] "GET /wp-includes/class-wp-site.php HTTP/1.1" 403 1242 "https://nas-yemen.org/wp-includes/class-wp-site.php" "Mozilla/5.0 (Windows NT 10.0; Win64; x64) AppleWebKit/537.36 (KHTML, like Gecko) Chrome/114.0.0.0 Safari/537.36 Edg/114.0.1823.43"
66.249.74.78 - - [06/Jul/2025:10:13:58 -0400] "GET /q-~213izdPiXzEj1i5VqwVqgU82V2SANLthC49526/ HTTP/1.1" 404 1251 "-" "Mozilla/5.0 (compatible; Googlebot/2.1; +http://www.google.com/bot.html)"
66.249.74.64 - - [06/Jul/2025:10:14:00 -0400] "GET /q-~167QXyHMLDBX8x0BkBeMw5bq67suUmInK17870/ HTTP/1.1" 404 1251 "-" "Mozilla/5.0 (compatible; Googlebot/2.1; +http://www.google.com/bot.html)"
66.249.74.78 - - [06/Jul/2025:10:14:23 -0400] "GET /q-~75X2maQjIo1KVNdfHsRFNT36xNZSaeMN22172/ HTTP/1.1" 404 1251 "-" "Mozilla/5.0 (Linux; Android 6.0.1; Nexus 5X Build/MMB29P) AppleWebKit/537.36 (KHTML, like Gecko) Chrome/137.0.7151.103 Mobile Safari/537.36 (compatible; Googlebot/2.1; +http://www.google.com/bot.html)"
114.119.141.116 - - [06/Jul/2025:10:14:23 -0400] "GET /index.php/lipography/Gwad11sm.html HTTP/1.1" 404 1251 "-" "Mozilla/5.0 (Linux; Android 7.0;) AppleWebKit/537.36 (KHTML, like Gecko) Mobile Safari/537.36 (compatible; PetalBot;+https://webmaster.petalsearch.com/site/petalbot)"
47.82.60.52 - - [06/Jul/2025:10:14:30 -0400] "GET /wp-includes/pomo HTTP/1.1" 301 795 "https://www.nas-yemen.org/wp-includes/pomo" "Mozilla/5.0 (Windows NT 10.0; Win64; x64) AppleWebKit/537.36 (KHTML, like Gecko) Chrome/114.0.0.0 Safari/537.36 Edg/114.0.1823.43"
47.82.60.52 - - [06/Jul/2025:10:14:30 -0400] "GET /wp-includes/pomo/ HTTP/1.1" 200 1026 "https://www.nas-yemen.org/wp-includes/pomo" "Mozilla/5.0 (Windows NT 10.0; Win64; x64) AppleWebKit/537.36 (KHTML, like Gecko) Chrome/114.0.0.0 Safari/537.36 Edg/114.0.1823.43"
66.249.74.78 - - [06/Jul/2025:10:14:32 -0400] "GET /q-~115VVu7U7GfDHzk6YDDlLB5ks0h0akQIb48182/ HTTP/1.1" 404 1251 "-" "Mozilla/5.0 (Linux; Android 6.0.1; Nexus 5X Build/MMB29P) AppleWebKit/537.36 (KHTML, like Gecko) Chrome/137.0.7151.103 Mobile Safari/537.36 (compatible; GoogleOther)"
66.249.74.65 - - [06/Jul/2025:10:15:37 -0400] "GET /items/iaiir118/18448?key=engagement HTTP/1.1" 404 1251 "-" "Mozilla/5.0 (compatible; Googlebot/2.1; +http://www.google.com/bot.html)"
114.119.131.136 - - [06/Jul/2025:10:15:46 -0400] "GET /index.php/geratology/ssnn.shtml HTTP/1.1" 404 1251 "-" "Mozilla/5.0 (Linux; Android 7.0;) AppleWebKit/537.36 (KHTML, like Gecko) Mobile Safari/537.36 (compatible; PetalBot;+https://webmaster.petalsearch.com/site/petalbot)"
66.249.74.64 - - [06/Jul/2025:10:15:52 -0400] "GET /q-~20cTO834C8R0SdDfcoekpWMPpES8NiRt29089/ HTTP/1.1" 404 1251 "-" "Mozilla/5.0 (compatible; Googlebot/2.1; +http://www.google.com/bot.html)"
66.249.74.73 - - [06/Jul/2025:10:16:09 -0400] "GET /items/ughca110/2906?key=apple HTTP/1.1" 404 1251 "-" "Mozilla/5.0 (Linux; Android 6.0.1; Nexus 5X Build/MMB29P) AppleWebKit/537.36 (KHTML, like Gecko) Chrome/137.0.7151.103 Mobile Safari/537.36 (compatible; GoogleOther)"
66.249.74.72 - - [06/Jul/2025:10:16:10 -0400] "GET /q-~221quczCt8tblh3LHb1PzvW7yXpCQXDwE4192/ HTTP/1.1" 404 1251 "-" "Mozilla/5.0 (Linux; Android 6.0.1; Nexus 5X Build/MMB29P) AppleWebKit/537.36 (KHTML, like Gecko) Chrome/137.0.7151.103 Mobile Safari/537.36 (compatible; Googlebot/2.1; +http://www.google.com/bot.html)"
66.249.74.71 - - [06/Jul/2025:10:16:12 -0400] "GET /q-~4xjCZlKLtOs8PC1xaHZ1XQKuesq7R6S3761/ HTTP/1.1" 404 1251 "-" "Mozilla/5.0 (Linux; Android 6.0.1; Nexus 5X Build/MMB29P) AppleWebKit/537.36 (KHTML, like Gecko) Chrome/137.0.7151.103 Mobile Safari/537.36 (compatible; Googlebot/2.1; +http://www.google.com/bot.html)"
66.249.74.72 - - [06/Jul/2025:10:16:21 -0400] "GET /q-~131Sz1tVC1hZrsPbczlBCKgi9qIWwFo6y13532/ HTTP/1.1" 404 1251 "-" "Mozilla/5.0 (Linux; Android 6.0.1; Nexus 5X Build/MMB29P) AppleWebKit/537.36 (KHTML, like Gecko) Chrome/137.0.7151.103 Mobile Safari/537.36 (compatible; Googlebot/2.1; +http://www.google.com/bot.html)"
47.82.60.16 - - [06/Jul/2025:10:16:22 -0400] "GET /items/vcrvb47/32367?key=teaching HTTP/1.1" 404 1251 "https://nas-yemen.org/items/vcrvb47/32367?key=teaching" "Mozilla/5.0 (Windows NT 10.0; Win64; x64) AppleWebKit/537.36 (KHTML, like Gecko) Chrome/114.0.0.0 Safari/537.36 Edg/114.0.1823.43"
47.82.60.46 - - [06/Jul/2025:10:16:37 -0400] "GET /wp-includes/kses.php HTTP/1.1" 403 1242 "https://www.nas-yemen.org/wp-includes/kses.php" "Mozilla/5.0 (Windows NT 10.0; Win64; x64) AppleWebKit/537.36 (KHTML, like Gecko) Chrome/114.0.0.0 Safari/537.36 Edg/114.0.1823.43"
66.249.74.71 - - [06/Jul/2025:10:16:41 -0400] "GET /q-~288gtcDt79gosy4s5jaXDxR3ejtu1AVHd48287/ HTTP/1.1" 404 1251 "-" "Mozilla/5.0 (Linux; Android 6.0.1; Nexus 5X Build/MMB29P) AppleWebKit/537.36 (KHTML, like Gecko) Chrome/137.0.7151.103 Mobile Safari/537.36 (compatible; Googlebot/2.1; +http://www.google.com/bot.html)"
66.249.74.71 - - [06/Jul/2025:10:16:49 -0400] "GET /q-~209B9NceI31N72WbJ2rRbw4ugyLrZJhnT48516/ HTTP/1.1" 404 1251 "-" "Mozilla/5.0 (Linux; Android 6.0.1; Nexus 5X Build/MMB29P) AppleWebKit/537.36 (KHTML, like Gecko) Chrome/137.0.7151.103 Mobile Safari/537.36 (compatible; Googlebot/2.1; +http://www.google.com/bot.html)"
66.249.74.71 - - [06/Jul/2025:10:17:06 -0400] "GET /items/xuzqb217/8763?key=basis HTTP/1.1" 404 1251 "-" "Mozilla/5.0 (compatible; Googlebot/2.1; +http://www.google.com/bot.html)"
114.119.133.126 - - [06/Jul/2025:10:17:10 -0400] "GET /index.php/aludel/oxgT1j.shtml HTTP/1.1" 404 1251 "-" "Mozilla/5.0 (Linux; Android 7.0;) AppleWebKit/537.36 (KHTML, like Gecko) Mobile Safari/537.36 (compatible; PetalBot;+https://webmaster.petalsearch.com/site/petalbot)"
47.82.60.27 - - [06/Jul/2025:10:17:12 -0400] "GET /wp-includes/class-wp-application-passwords.php HTTP/1.1" 403 1242 "https://nas-yemen.org/wp-includes/class-wp-application-passwords.php" "Mozilla/5.0 (Windows NT 10.0; Win64; x64) AppleWebKit/537.36 (KHTML, like Gecko) Chrome/114.0.0.0 Safari/537.36 Edg/114.0.1823.43"
66.249.74.72 - - [06/Jul/2025:10:17:24 -0400] "GET /q-~61E5eRA4CLMOz003PLb8e9LxWa8N6YrK11238/ HTTP/1.1" 404 1251 "-" "Mozilla/5.0 (compatible; Googlebot/2.1; +http://www.google.com/bot.html)"
66.249.74.71 - - [06/Jul/2025:10:17:39 -0400] "GET /q-~280bF12t8PIhEUX4nV8UVihCftl5IfK3j3697/ HTTP/1.1" 404 1251 "-" "Mozilla/5.0 (Linux; Android 6.0.1; Nexus 5X Build/MMB29P) AppleWebKit/537.36 (KHTML, like Gecko) Chrome/137.0.7151.103 Mobile Safari/537.36 (compatible; Googlebot/2.1; +http://www.google.com/bot.html)"
66.249.74.71 - - [06/Jul/2025:10:17:57 -0400] "GET /q-~23AG9g0YcpwL7Bz10dSnSs2wkcAQA8He3416/ HTTP/1.1" 404 1251 "-" "Mozilla/5.0 (Linux; Android 6.0.1; Nexus 5X Build/MMB29P) AppleWebKit/537.36 (KHTML, like Gecko) Chrome/137.0.7151.103 Mobile Safari/537.36 (compatible; Googlebot/2.1; +http://www.google.com/bot.html)"
66.249.74.72 - - [06/Jul/2025:10:18:28 -0400] "GET /items/jlxqy61/4989?key=guess HTTP/1.1" 404 1251 "-" "Mozilla/5.0 (compatible; Googlebot/2.1; +http://www.google.com/bot.html)"
66.249.74.72 - - [06/Jul/2025:10:18:30 -0400] "GET /items/dnvpa111/17513?key=thick HTTP/1.1" 404 1251 "-" "Mozilla/5.0 (compatible; Googlebot/2.1; +http://www.google.com/bot.html)"
114.119.131.136 - - [06/Jul/2025:10:18:33 -0400] "GET /index.php/jeopard/phnon6vxo.html HTTP/1.1" 404 1251 "-" "Mozilla/5.0 (Linux; Android 7.0;) AppleWebKit/537.36 (KHTML, like Gecko) Mobile Safari/537.36 (compatible; PetalBot;+https://webmaster.petalsearch.com/site/petalbot)"
47.82.60.11 - - [06/Jul/2025:10:18:39 -0400] "GET /wp-includes/class-wp-locale-switcher.php HTTP/1.1" 403 1242 "https://www.nas-yemen.org/wp-includes/class-wp-locale-switcher.php" "Mozilla/5.0 (Windows NT 10.0; Win64; x64) AppleWebKit/537.36 (KHTML, like Gecko) Chrome/114.0.0.0 Safari/537.36 Edg/114.0.1823.43"
47.82.60.2 - - [06/Jul/2025:10:18:44 -0400] "GET /wp-includes/class-wp-role.php HTTP/1.1" 403 1242 "https://nas-yemen.org/wp-includes/class-wp-role.php" "Mozilla/5.0 (Windows NT 10.0; Win64; x64) AppleWebKit/537.36 (KHTML, like Gecko) Chrome/114.0.0.0 Safari/537.36 Edg/114.0.1823.43"
47.82.60.36 - - [06/Jul/2025:10:18:53 -0400] "GET /wp-includes/bookmark.php HTTP/1.1" 403 1242 "https://www.nas-yemen.org/wp-includes/bookmark.php" "Mozilla/5.0 (Windows NT 10.0; Win64; x64) AppleWebKit/537.36 (KHTML, like Gecko) Chrome/114.0.0.0 Safari/537.36 Edg/114.0.1823.43"
66.249.74.72 - - [06/Jul/2025:10:19:03 -0400] "GET /q-~172S0pt001ItSWLy9QyuZVPXp6xfI3XDR45301/ HTTP/1.1" 404 1251 "-" "Mozilla/5.0 (Linux; Android 6.0.1; Nexus 5X Build/MMB29P) AppleWebKit/537.36 (KHTML, like Gecko) Chrome/137.0.7151.103 Mobile Safari/537.36 (compatible; Googlebot/2.1; +http://www.google.com/bot.html)"
66.249.74.71 - - [06/Jul/2025:10:19:21 -0400] "GET /q-~221gZB2E5OaXSSNXuesRPgyhS4yPMtBmM25914/ HTTP/1.1" 404 1251 "-" "Mozilla/5.0 (compatible; Googlebot/2.1; +http://www.google.com/bot.html)"
66.249.74.73 - - [06/Jul/2025:10:20:02 -0400] "GET /q-~207gwaY72RmKNhwkLqRhigCFy4YNaGNaC13776/ HTTP/1.1" 404 1251 "-" "Mozilla/5.0 (Linux; Android 6.0.1; Nexus 5X Build/MMB29P) AppleWebKit/537.36 (KHTML, like Gecko) Chrome/137.0.7151.103 Mobile Safari/537.36 (compatible; Googlebot/2.1; +http://www.google.com/bot.html)"
66.249.74.71 - - [06/Jul/2025:10:20:09 -0400] "GET /q-~15FbLDbce7zvPKIHylXP6z2IqlYg7Oog46164/ HTTP/1.1" 404 1251 "-" "Mozilla/5.0 (Linux; Android 6.0.1; Nexus 5X Build/MMB29P) AppleWebKit/537.36 (KHTML, like Gecko) Chrome/137.0.7151.103 Mobile Safari/537.36 (compatible; Googlebot/2.1; +http://www.google.com/bot.html)"
66.249.74.71 - - [06/Jul/2025:10:20:15 -0400] "GET /items/ruuxe267/38661?key=mood HTTP/1.1" 404 1251 "-" "Mozilla/5.0 (Linux; Android 6.0.1; Nexus 5X Build/MMB29P) AppleWebKit/537.36 (KHTML, like Gecko) Chrome/137.0.7151.103 Mobile Safari/537.36 (compatible; GoogleOther)"
47.82.60.3 - - [06/Jul/2025:10:20:17 -0400] "GET /wp-includes/class-wp-fatal-error-handler.php HTTP/1.1" 403 1242 "https://nas-yemen.org/wp-includes/class-wp-fatal-error-handler.php" "Mozilla/5.0 (Windows NT 10.0; Win64; x64) AppleWebKit/537.36 (KHTML, like Gecko) Chrome/114.0.0.0 Safari/537.36 Edg/114.0.1823.43"
66.249.73.65 - - [06/Jul/2025:10:20:18 -0400] "GET /items/nyklm16/478?key=wine HTTP/1.1" 404 1251 "-" "Mozilla/5.0 (Linux; Android 6.0.1; Nexus 5X Build/MMB29P) AppleWebKit/537.36 (KHTML, like Gecko) Chrome/137.0.7151.103 Mobile Safari/537.36 (compatible; Googlebot/2.1; +http://www.google.com/bot.html)"
66.249.74.71 - - [06/Jul/2025:10:20:40 -0400] "GET /items/zfoki165/12147?key=what HTTP/1.1" 404 1251 "-" "Mozilla/5.0 (Linux; Android 6.0.1; Nexus 5X Build/MMB29P) AppleWebKit/537.36 (KHTML, like Gecko) Chrome/137.0.7151.103 Mobile Safari/537.36 (compatible; Googlebot/2.1; +http://www.google.com/bot.html)"
66.249.74.71 - - [06/Jul/2025:10:21:11 -0400] "GET /q-~273Egj7ajgyVYrGeHmITlRFJjNq3cZn9o47162/ HTTP/1.1" 404 1251 "-" "Mozilla/5.0 (Linux; Android 6.0.1; Nexus 5X Build/MMB29P) AppleWebKit/537.36 (KHTML, like Gecko) Chrome/137.0.7151.119 Mobile Safari/537.36 (compatible; Googlebot/2.1; +http://www.google.com/bot.html)"
66.249.74.71 - - [06/Jul/2025:10:21:19 -0400] "GET /items/uhttl98/18472?key=atmosphere HTTP/1.1" 404 1251 "-" "Mozilla/5.0 (Linux; Android 6.0.1; Nexus 5X Build/MMB29P) AppleWebKit/537.36 (KHTML, like Gecko) Chrome/137.0.7151.119 Mobile Safari/537.36 (compatible; Googlebot/2.1; +http://www.google.com/bot.html)"
66.249.74.71 - - [06/Jul/2025:10:21:30 -0400] "GET /items/qfsdq117/36417?key=consist HTTP/1.1" 404 1251 "-" "Mozilla/5.0 (Linux; Android 6.0.1; Nexus 5X Build/MMB29P) AppleWebKit/537.36 (KHTML, like Gecko) Chrome/137.0.7151.119 Mobile Safari/537.36 (compatible; Googlebot/2.1; +http://www.google.com/bot.html)"
114.119.148.103 - - [06/Jul/2025:10:21:42 -0400] "GET /index.php/fluidics/9v36kzzs.htm HTTP/1.1" 404 1251 "-" "Mozilla/5.0 (Linux; Android 7.0;) AppleWebKit/537.36 (KHTML, like Gecko) Mobile Safari/537.36 (compatible; PetalBot;+https://webmaster.petalsearch.com/site/petalbot)"
66.249.74.71 - - [06/Jul/2025:10:21:47 -0400] "GET /q-~27FRPIeBOg90TmY2h3DSPpx3qCJzpHzl10260/ HTTP/1.1" 404 1251 "-" "Mozilla/5.0 (compatible; Googlebot/2.1; +http://www.google.com/bot.html)"
66.249.74.71 - - [06/Jul/2025:10:21:49 -0400] "GET /q-~51R5CIN1FstMqGuNqnYfS8X523M1pZnq31174/ HTTP/1.1" 404 1251 "-" "Mozilla/5.0 (Linux; Android 6.0.1; Nexus 5X Build/MMB29P) AppleWebKit/537.36 (KHTML, like Gecko) Chrome/137.0.7151.119 Mobile Safari/537.36 (compatible; Googlebot/2.1; +http://www.google.com/bot.html)"
66.249.74.71 - - [06/Jul/2025:10:21:57 -0400] "GET /q-~17wSrBhKngjiSB5wF1SJ08eAnAQPqS4m19328/ HTTP/1.1" 404 1251 "-" "Mozilla/5.0 (Linux; Android 6.0.1; Nexus 5X Build/MMB29P) AppleWebKit/537.36 (KHTML, like Gecko) Chrome/137.0.7151.119 Mobile Safari/537.36 (compatible; Googlebot/2.1; +http://www.google.com/bot.html)"
66.249.74.71 - - [06/Jul/2025:10:22:21 -0400] "GET /q-~154XEQMkNSEuanqfNrXv8ka4fDwox689Z17139/ HTTP/1.1" 404 1251 "-" "Mozilla/5.0 (compatible; Googlebot/2.1; +http://www.google.com/bot.html)"
66.249.74.72 - - [06/Jul/2025:10:22:23 -0400] "GET /q-~263oyQCo8LYqHsADbYhPIQz3621dSgY0d30850/ HTTP/1.1" 404 1251 "-" "Mozilla/5.0 (Linux; Android 6.0.1; Nexus 5X Build/MMB29P) AppleWebKit/537.36 (KHTML, like Gecko) Chrome/137.0.7151.119 Mobile Safari/537.36 (compatible; Googlebot/2.1; +http://www.google.com/bot.html)"
66.249.74.72 - - [06/Jul/2025:10:22:32 -0400] "GET /items/ngwid118/34152?key=grandfather HTTP/1.1" 404 1251 "-" "Mozilla/5.0 (compatible; Googlebot/2.1; +http://www.google.com/bot.html)"
66.249.74.71 - - [06/Jul/2025:10:22:47 -0400] "GET /q-~89AGjUkSXTUhcOwG7JYj95g2VjpVwHCn6558/ HTTP/1.1" 404 1251 "-" "Mozilla/5.0 (compatible; Googlebot/2.1; +http://www.google.com/bot.html)"
66.249.74.71 - - [06/Jul/2025:10:22:49 -0400] "GET /q-~59lSNAZGVP4yFATqM8Jjh72jNZ7gE4Nj30840/ HTTP/1.1" 404 1251 "-" "Mozilla/5.0 (Linux; Android 6.0.1; Nexus 5X Build/MMB29P) AppleWebKit/537.36 (KHTML, like Gecko) Chrome/137.0.7151.119 Mobile Safari/537.36 (compatible; Googlebot/2.1; +http://www.google.com/bot.html)"
114.119.153.131 - - [06/Jul/2025:10:23:05 -0400] "GET /index.php/curio/qhhtsb.html HTTP/1.1" 404 1251 "-" "Mozilla/5.0 (Linux; Android 7.0;) AppleWebKit/537.36 (KHTML, like Gecko) Mobile Safari/537.36 (compatible; PetalBot;+https://webmaster.petalsearch.com/site/petalbot)"
66.249.74.72 - - [06/Jul/2025:10:23:12 -0400] "GET /items/lqcln44/2510?key=decline HTTP/1.1" 404 1251 "-" "Mozilla/5.0 (compatible; Googlebot/2.1; +http://www.google.com/bot.html)"
66.249.74.72 - - [06/Jul/2025:10:23:18 -0400] "GET /q-~290q1IAi0tMlMhCDYyz36lmrjmCZ5V7Gy21167/ HTTP/1.1" 404 1251 "-" "Mozilla/5.0 (Linux; Android 6.0.1; Nexus 5X Build/MMB29P) AppleWebKit/537.36 (KHTML, like Gecko) Chrome/137.0.7151.103 Mobile Safari/537.36 (compatible; Googlebot/2.1; +http://www.google.com/bot.html)"
66.249.74.71 - - [06/Jul/2025:10:23:36 -0400] "GET /q-~64hZ0h2OUhaELkx7QObpXvD9GMULtF3T19915/ HTTP/1.1" 404 1251 "-" "Mozilla/5.0 (Linux; Android 6.0.1; Nexus 5X Build/MMB29P) AppleWebKit/537.36 (KHTML, like Gecko) Chrome/137.0.7151.103 Mobile Safari/537.36 (compatible; Googlebot/2.1; +http://www.google.com/bot.html)"
66.249.74.71 - - [06/Jul/2025:10:23:47 -0400] "GET /items/udwbn26/38354?key=found HTTP/1.1" 404 1251 "-" "Mozilla/5.0 (Linux; Android 6.0.1; Nexus 5X Build/MMB29P) AppleWebKit/537.36 (KHTML, like Gecko) Chrome/137.0.7151.119 Mobile Safari/537.36 (compatible; Googlebot/2.1; +http://www.google.com/bot.html)"
66.249.74.71 - - [06/Jul/2025:10:23:52 -0400] "GET /q-~134Ct6qRWmPb5wGbABg9SrlWKNbnj6PTl35351/ HTTP/1.1" 404 1251 "-" "Mozilla/5.0 (Linux; Android 6.0.1; Nexus 5X Build/MMB29P) AppleWebKit/537.36 (KHTML, like Gecko) Chrome/137.0.7151.103 Mobile Safari/537.36 (compatible; Googlebot/2.1; +http://www.google.com/bot.html)"
66.249.74.71 - - [06/Jul/2025:10:23:52 -0400] "GET /q-~76KrVWxESCjtK0iowAgKe4rk2G0k0HGS29083/ HTTP/1.1" 404 1251 "-" "Mozilla/5.0 (Linux; Android 6.0.1; Nexus 5X Build/MMB29P) AppleWebKit/537.36 (KHTML, like Gecko) Chrome/137.0.7151.103 Mobile Safari/537.36 (compatible; Googlebot/2.1; +http://www.google.com/bot.html)"
66.249.74.71 - - [06/Jul/2025:10:23:53 -0400] "GET /q-~256n12vWPp4i8s2SD7OQpotzXlPA4EtlW34081/ HTTP/1.1" 404 1251 "-" "Mozilla/5.0 (Linux; Android 6.0.1; Nexus 5X Build/MMB29P) AppleWebKit/537.36 (KHTML, like Gecko) Chrome/137.0.7151.103 Mobile Safari/537.36 (compatible; Googlebot/2.1; +http://www.google.com/bot.html)"
66.249.74.71 - - [06/Jul/2025:10:23:58 -0400] "GET /q-~235x78HqOsipnkJYz5BO3xHyrrT4tDfWq35678/ HTTP/1.1" 404 1251 "-" "Mozilla/5.0 (Linux; Android 6.0.1; Nexus 5X Build/MMB29P) AppleWebKit/537.36 (KHTML, like Gecko) Chrome/137.0.7151.103 Mobile Safari/537.36 (compatible; Googlebot/2.1; +http://www.google.com/bot.html)"
66.249.74.71 - - [06/Jul/2025:10:24:00 -0400] "GET /q-~280R6T6ewIJLczdYqNFSsnvoXqMjOWXtm38055/ HTTP/1.1" 404 1251 "-" "Mozilla/5.0 (compatible; Googlebot/2.1; +http://www.google.com/bot.html)"
66.249.74.71 - - [06/Jul/2025:10:24:00 -0400] "GET /q-~280R6T6ewIJLczdYqNFSsnvoXqMjOWXtm38055/ HTTP/1.1" 404 1251 "-" "Mozilla/5.0 (Linux; Android 6.0.1; Nexus 5X Build/MMB29P) AppleWebKit/537.36 (KHTML, like Gecko) Chrome/137.0.7151.103 Mobile Safari/537.36 (compatible; Googlebot/2.1; +http://www.google.com/bot.html)"
66.249.74.71 - - [06/Jul/2025:10:24:05 -0400] "GET /items/talxf221/28203?key=surgery HTTP/1.1" 404 1251 "-" "Mozilla/5.0 (compatible; Googlebot/2.1; +http://www.google.com/bot.html)"
66.249.74.71 - - [06/Jul/2025:10:24:08 -0400] "GET /q-~269ZrIvTC3dWhhuEo4ok6OSY8QLWE24fi30022/ HTTP/1.1" 404 1251 "-" "Mozilla/5.0 (compatible; Googlebot/2.1; +http://www.google.com/bot.html)"
66.249.74.71 - - [06/Jul/2025:10:24:12 -0400] "GET /q-~287Vbocj2kupMiCi3wUiLFYt8RaUFKWKK25988/ HTTP/1.1" 404 1251 "-" "Mozilla/5.0 (Linux; Android 6.0.1; Nexus 5X Build/MMB29P) AppleWebKit/537.36 (KHTML, like Gecko) Chrome/137.0.7151.119 Mobile Safari/537.36 (compatible; Googlebot/2.1; +http://www.google.com/bot.html)"
66.249.74.71 - - [06/Jul/2025:10:24:16 -0400] "GET /items/jyyld176/30002?key=pillow HTTP/1.1" 404 1251 "-" "Mozilla/5.0 (Linux; Android 6.0.1; Nexus 5X Build/MMB29P) AppleWebKit/537.36 (KHTML, like Gecko) Chrome/137.0.7151.119 Mobile Safari/537.36 (compatible; Googlebot/2.1; +http://www.google.com/bot.html)"
66.249.74.71 - - [06/Jul/2025:10:24:18 -0400] "GET /items/hnaxt130/38544?key=corner HTTP/1.1" 404 1251 "-" "Mozilla/5.0 (Linux; Android 6.0.1; Nexus 5X Build/MMB29P) AppleWebKit/537.36 (KHTML, like Gecko) Chrome/137.0.7151.103 Mobile Safari/537.36 (compatible; Googlebot/2.1; +http://www.google.com/bot.html)"
66.249.74.71 - - [06/Jul/2025:10:24:20 -0400] "GET /items/akqyp274/16830?key=requirement HTTP/1.1" 404 1251 "-" "Mozilla/5.0 (Linux; Android 6.0.1; Nexus 5X Build/MMB29P) AppleWebKit/537.36 (KHTML, like Gecko) Chrome/137.0.7151.103 Mobile Safari/537.36 (compatible; GoogleOther)"
66.249.74.71 - - [06/Jul/2025:10:24:23 -0400] "GET /q-~144uxPmhdH4kd6XRh7SLoNT2cxpskAZGB43011/ HTTP/1.1" 404 1251 "-" "Mozilla/5.0 (Linux; Android 6.0.1; Nexus 5X Build/MMB29P) AppleWebKit/537.36 (KHTML, like Gecko) Chrome/137.0.7151.103 Mobile Safari/537.36 (compatible; Googlebot/2.1; +http://www.google.com/bot.html)"
114.119.133.126 - - [06/Jul/2025:10:24:30 -0400] "GET /index.php/pilch/8F2e.shtml HTTP/1.1" 404 1251 "-" "Mozilla/5.0 (Linux; Android 7.0;) AppleWebKit/537.36 (KHTML, like Gecko) Mobile Safari/537.36 (compatible; PetalBot;+https://webmaster.petalsearch.com/site/petalbot)"
66.249.74.71 - - [06/Jul/2025:10:24:46 -0400] "GET /items/vpszt6/46896?key=heat HTTP/1.1" 404 1251 "-" "Mozilla/5.0 (Linux; Android 6.0.1; Nexus 5X Build/MMB29P) AppleWebKit/537.36 (KHTML, like Gecko) Chrome/137.0.7151.103 Mobile Safari/537.36 (compatible; Googlebot/2.1; +http://www.google.com/bot.html)"
66.249.74.71 - - [06/Jul/2025:10:24:50 -0400] "GET /q-~272qdy7NelE9adQmArtCuTbyNoPauFceL10657/ HTTP/1.1" 404 1251 "-" "Mozilla/5.0 (compatible; Googlebot/2.1; +http://www.google.com/bot.html)"
66.249.74.71 - - [06/Jul/2025:10:24:59 -0400] "GET /items/evoht230/41592?key=coast HTTP/1.1" 404 1251 "-" "Mozilla/5.0 (Linux; Android 6.0.1; Nexus 5X Build/MMB29P) AppleWebKit/537.36 (KHTML, like Gecko) Chrome/137.0.7151.103 Mobile Safari/537.36 (compatible; Googlebot/2.1; +http://www.google.com/bot.html)"
66.249.74.71 - - [06/Jul/2025:10:25:21 -0400] "GET /q-~175kuMFtE5xzDDyqSmdUNIJvk0lWfyE9K43586/ HTTP/1.1" 404 1251 "-" "Mozilla/5.0 (compatible; Googlebot/2.1; +http://www.google.com/bot.html)"
66.249.74.71 - - [06/Jul/2025:10:25:22 -0400] "GET /q-~175kuMFtE5xzDDyqSmdUNIJvk0lWfyE9K43586/ HTTP/1.1" 404 1251 "-" "Mozilla/5.0 (Linux; Android 6.0.1; Nexus 5X Build/MMB29P) AppleWebKit/537.36 (KHTML, like Gecko) Chrome/137.0.7151.103 Mobile Safari/537.36 (compatible; Googlebot/2.1; +http://www.google.com/bot.html)"
66.249.74.71 - - [06/Jul/2025:10:25:46 -0400] "GET /q-~97HhK6s9PzzEGQQx8EuvgLxBtiNOoJhC9904/ HTTP/1.1" 404 1251 "-" "Mozilla/5.0 (compatible; Googlebot/2.1; +http://www.google.com/bot.html)"
114.119.153.131 - - [06/Jul/2025:10:25:53 -0400] "GET /index.php/?sitemapmobile26.xml HTTP/1.1" 404 1251 "-" "Mozilla/5.0 (Linux; Android 7.0;) AppleWebKit/537.36 (KHTML, like Gecko) Mobile Safari/537.36 (compatible; PetalBot;+https://webmaster.petalsearch.com/site/petalbot)"
66.249.74.71 - - [06/Jul/2025:10:25:57 -0400] "GET /q-~89BErgGnuvQ0ac3rPUoJdtumm9kUg0Or31952/ HTTP/1.1" 404 1251 "-" "Mozilla/5.0 (Linux; Android 6.0.1; Nexus 5X Build/MMB29P) AppleWebKit/537.36 (KHTML, like Gecko) Chrome/137.0.7151.103 Mobile Safari/537.36 (compatible; Googlebot/2.1; +http://www.google.com/bot.html)"
66.249.74.71 - - [06/Jul/2025:10:26:21 -0400] "GET /q-~209TuiyE7hcwoFRizR2833YFpM4HVy0qD46230/ HTTP/1.1" 404 1251 "-" "Mozilla/5.0 (compatible; Googlebot/2.1; +http://www.google.com/bot.html)"
66.249.74.72 - - [06/Jul/2025:10:27:01 -0400] "GET /q-~169dxxSoZD8QOG1tdLguE3FhziYWFaqRL5544/ HTTP/1.1" 404 1251 "-" "Mozilla/5.0 (compatible; Googlebot/2.1; +http://www.google.com/bot.html)"
66.249.74.71 - - [06/Jul/2025:10:27:28 -0400] "GET /items/smozz266/19050?key=moreover HTTP/1.1" 404 1251 "-" "Mozilla/5.0 (Linux; Android 6.0.1; Nexus 5X Build/MMB29P) AppleWebKit/537.36 (KHTML, like Gecko) Chrome/137.0.7151.103 Mobile Safari/537.36 (compatible; Googlebot/2.1; +http://www.google.com/bot.html)"
66.249.74.71 - - [06/Jul/2025:10:27:44 -0400] "GET /items/ubrci86/46988?key=reward HTTP/1.1" 404 1251 "-" "Mozilla/5.0 (Linux; Android 6.0.1; Nexus 5X Build/MMB29P) AppleWebKit/537.36 (KHTML, like Gecko) Chrome/137.0.7151.103 Mobile Safari/537.36 (compatible; Googlebot/2.1; +http://www.google.com/bot.html)"
66.249.74.71 - - [06/Jul/2025:10:27:50 -0400] "GET /q-~83x6VRBrMkcede9z4v21FsX2o8WnO0Uy548/ HTTP/1.1" 404 1251 "-" "Mozilla/5.0 (compatible; Googlebot/2.1; +http://www.google.com/bot.html)"
66.249.74.71 - - [06/Jul/2025:10:27:57 -0400] "GET /items/qrhdi207/40895?key=guest HTTP/1.1" 404 1251 "-" "Mozilla/5.0 (Linux; Android 6.0.1; Nexus 5X Build/MMB29P) AppleWebKit/537.36 (KHTML, like Gecko) Chrome/137.0.7151.103 Mobile Safari/537.36 (compatible; Googlebot/2.1; +http://www.google.com/bot.html)"
66.249.74.71 - - [06/Jul/2025:10:28:26 -0400] "GET /items/txvyn144/30330?key=value HTTP/1.1" 404 1251 "-" "Mozilla/5.0 (Linux; Android 6.0.1; Nexus 5X Build/MMB29P) AppleWebKit/537.36 (KHTML, like Gecko) Chrome/137.0.7151.103 Mobile Safari/537.36 (compatible; GoogleOther)"
66.249.74.72 - - [06/Jul/2025:10:29:12 -0400] "GET /items/yysqz19/19819?key=executive HTTP/1.1" 404 1251 "-" "Mozilla/5.0 (Linux; Android 6.0.1; Nexus 5X Build/MMB29P) AppleWebKit/537.36 (KHTML, like Gecko) Chrome/137.0.7151.103 Mobile Safari/537.36 (compatible; Googlebot/2.1; +http://www.google.com/bot.html)"
66.249.74.71 - - [06/Jul/2025:10:29:14 -0400] "GET /items/dronx26/7720?key=cost HTTP/1.1" 404 1251 "-" "Mozilla/5.0 (Linux; Android 6.0.1; Nexus 5X Build/MMB29P) AppleWebKit/537.36 (KHTML, like Gecko) Chrome/137.0.7151.103 Mobile Safari/537.36 (compatible; Googlebot/2.1; +http://www.google.com/bot.html)"
66.249.74.72 - - [06/Jul/2025:10:29:55 -0400] "GET /items/qwzty159/47703?key=cold HTTP/1.1" 404 1251 "-" "Mozilla/5.0 (compatible; Googlebot/2.1; +http://www.google.com/bot.html)"
66.249.74.71 - - [06/Jul/2025:10:29:55 -0400] "GET /q-~126Nr3OUtJAc2PGNmxUwmaco3QSzoJ7hS25897/ HTTP/1.1" 404 1251 "-" "Mozilla/5.0 (Linux; Android 6.0.1; Nexus 5X Build/MMB29P) AppleWebKit/537.36 (KHTML, like Gecko) Chrome/137.0.7151.103 Mobile Safari/537.36 (compatible; Googlebot/2.1; +http://www.google.com/bot.html)"
66.249.74.71 - - [06/Jul/2025:10:29:56 -0400] "GET /items/joiyk214/13740?key=cemetery HTTP/1.1" 404 1251 "-" "Mozilla/5.0 (Linux; Android 6.0.1; Nexus 5X Build/MMB29P) AppleWebKit/537.36 (KHTML, like Gecko) Chrome/137.0.7151.103 Mobile Safari/537.36 (compatible; Googlebot/2.1; +http://www.google.com/bot.html)"
204.12.252.98 - - [06/Jul/2025:10:30:09 -0400] "GET /wp-content/admin.php HTTP/1.1" 404 1251 "https://nas-yemen.org/wp-content/admin.php" "Mozilla/5.0 (Windows NT 10.0; Win64; x64) AppleWebKit/537.36 (KHTML, like Gecko) Chrome/58.0.3029.110 Safari/537.3"
66.249.74.71 - - [06/Jul/2025:10:30:16 -0400] "GET /items/axvzs298/4894?key=hunter HTTP/1.1" 404 1251 "-" "Mozilla/5.0 (Linux; Android 6.0.1; Nexus 5X Build/MMB29P) AppleWebKit/537.36 (KHTML, like Gecko) Chrome/137.0.7151.103 Mobile Safari/537.36 (compatible; Googlebot/2.1; +http://www.google.com/bot.html)"
66.249.74.71 - - [06/Jul/2025:10:30:19 -0400] "GET /items/bvltf270/2276?key=wonderful HTTP/1.1" 404 1251 "-" "Mozilla/5.0 (compatible; Googlebot/2.1; +http://www.google.com/bot.html)"
66.249.74.71 - - [06/Jul/2025:10:30:24 -0400] "GET /items/batbh300/37146?key=type HTTP/1.1" 404 1251 "-" "Mozilla/5.0 (compatible; Googlebot/2.1; +http://www.google.com/bot.html)"
66.249.74.71 - - [06/Jul/2025:10:30:52 -0400] "GET /items/hadyo31/47521?key=day HTTP/1.1" 404 1251 "-" "Mozilla/5.0 (Linux; Android 6.0.1; Nexus 5X Build/MMB29P) AppleWebKit/537.36 (KHTML, like Gecko) Chrome/137.0.7151.103 Mobile Safari/537.36 (compatible; Googlebot/2.1; +http://www.google.com/bot.html)"
34.74.248.16 - - [06/Jul/2025:10:31:28 -0400] "GET /robots.txt HTTP/1.1" 200 108 "-" "ZoominfoBot (zoominfobot at zoominfo dot com)"
34.74.248.16 - - [06/Jul/2025:10:31:28 -0400] "GET / HTTP/1.1" 200 1470 "-" "ZoominfoBot (zoominfobot at zoominfo dot com)"
66.249.74.64 - - [06/Jul/2025:10:31:47 -0400] "GET /items/gwcck172/10068?key=ironically HTTP/1.1" 404 1251 "-" "Mozilla/5.0 (compatible; Googlebot/2.1; +http://www.google.com/bot.html)"
66.249.74.64 - - [06/Jul/2025:10:31:58 -0400] "GET /q-~7PGflBmznaexPnfqMAOOLIpGAfV6HDQ3718/ HTTP/1.1" 404 1251 "-" "Mozilla/5.0 (Linux; Android 6.0.1; Nexus 5X Build/MMB29P) AppleWebKit/537.36 (KHTML, like Gecko) Chrome/137.0.7151.103 Mobile Safari/537.36 (compatible; Googlebot/2.1; +http://www.google.com/bot.html)"
66.249.74.78 - - [06/Jul/2025:10:32:06 -0400] "GET /q-~57oge8RJiindxJD8GEmmhJiOquTjBUFY30798/ HTTP/1.1" 404 1251 "-" "Mozilla/5.0 (compatible; Googlebot/2.1; +http://www.google.com/bot.html)"
66.249.74.64 - - [06/Jul/2025:10:32:12 -0400] "GET /q-~110d02RbqPpp4ko2MMY7sJFGHSY6i9BcV48939/ HTTP/1.1" 404 1251 "-" "Mozilla/5.0 (Linux; Android 6.0.1; Nexus 5X Build/MMB29P) AppleWebKit/537.36 (KHTML, like Gecko) Chrome/137.0.7151.103 Mobile Safari/537.36 (compatible; Googlebot/2.1; +http://www.google.com/bot.html)"
66.249.74.78 - - [06/Jul/2025:10:32:18 -0400] "GET /items/yzirh267/2689?key=desert HTTP/1.1" 404 1251 "-" "Mozilla/5.0 (Linux; Android 6.0.1; Nexus 5X Build/MMB29P) AppleWebKit/537.36 (KHTML, like Gecko) Chrome/137.0.7151.103 Mobile Safari/537.36 (compatible; Googlebot/2.1; +http://www.google.com/bot.html)"
66.249.74.78 - - [06/Jul/2025:10:32:31 -0400] "GET /items/nxduh281/49399?key=diagnosis HTTP/1.1" 404 1251 "-" "Mozilla/5.0 (Linux; Android 6.0.1; Nexus 5X Build/MMB29P) AppleWebKit/537.36 (KHTML, like Gecko) Chrome/137.0.7151.103 Mobile Safari/537.36 (compatible; GoogleOther)"
66.249.74.78 - - [06/Jul/2025:10:32:35 -0400] "GET /q-~108lZC83irKETdXfdZfeguNaqO1XciOWo37049/ HTTP/1.1" 404 1251 "-" "Mozilla/5.0 (Linux; Android 6.0.1; Nexus 5X Build/MMB29P) AppleWebKit/537.36 (KHTML, like Gecko) Chrome/137.0.7151.103 Mobile Safari/537.36 (compatible; Googlebot/2.1; +http://www.google.com/bot.html)"
66.249.74.78 - - [06/Jul/2025:10:32:50 -0400] "GET /items/sxlop115/3243?key=reach HTTP/1.1" 404 1251 "-" "Mozilla/5.0 (compatible; Googlebot/2.1; +http://www.google.com/bot.html)"
66.249.74.78 - - [06/Jul/2025:10:32:54 -0400] "GET /q-~16lLNndUIfpBDS9YF2ZYUdHyF2XaGdyj13739/ HTTP/1.1" 404 1251 "-" "Mozilla/5.0 (Linux; Android 6.0.1; Nexus 5X Build/MMB29P) AppleWebKit/537.36 (KHTML, like Gecko) Chrome/137.0.7151.103 Mobile Safari/537.36 (compatible; Googlebot/2.1; +http://www.google.com/bot.html)"
66.249.74.78 - - [06/Jul/2025:10:32:55 -0400] "GET /q-~191KFLOL2aTc3WGJlaMUJGhMofaZtLRiT38972/ HTTP/1.1" 404 1251 "-" "Mozilla/5.0 (Linux; Android 6.0.1; Nexus 5X Build/MMB29P) AppleWebKit/537.36 (KHTML, like Gecko) Chrome/137.0.7151.103 Mobile Safari/537.36 (compatible; Googlebot/2.1; +http://www.google.com/bot.html)"
66.249.74.65 - - [06/Jul/2025:10:33:09 -0400] "GET /q-~130w8dGhR8pbTucl1iyWwxbLmSVEVQVFY4691/ HTTP/1.1" 404 1251 "-" "Mozilla/5.0 (Linux; Android 6.0.1; Nexus 5X Build/MMB29P) AppleWebKit/537.36 (KHTML, like Gecko) Chrome/137.0.7151.103 Mobile Safari/537.36 (compatible; Googlebot/2.1; +http://www.google.com/bot.html)"
66.249.74.64 - - [06/Jul/2025:10:33:14 -0400] "GET /items/qazkv77/42281?key=trip HTTP/1.1" 404 1251 "-" "Mozilla/5.0 (Linux; Android 6.0.1; Nexus 5X Build/MMB29P) AppleWebKit/537.36 (KHTML, like Gecko) Chrome/137.0.7151.103 Mobile Safari/537.36 (compatible; Googlebot/2.1; +http://www.google.com/bot.html)"
66.249.74.78 - - [06/Jul/2025:10:33:16 -0400] "GET /items/mkjwx85/9581?key=security HTTP/1.1" 404 1251 "-" "Mozilla/5.0 (compatible; Googlebot/2.1; +http://www.google.com/bot.html)"
66.249.74.78 - - [06/Jul/2025:10:33:52 -0400] "GET /items/hhaut142/3398?key=soft HTTP/1.1" 404 1251 "-" "Mozilla/5.0 (Linux; Android 6.0.1; Nexus 5X Build/MMB29P) AppleWebKit/537.36 (KHTML, like Gecko) Chrome/137.0.7151.103 Mobile Safari/537.36 (compatible; Googlebot/2.1; +http://www.google.com/bot.html)"
66.249.74.78 - - [06/Jul/2025:10:34:14 -0400] "GET /q-~47WryzHDfFAXfkBnfGcyJptRdrAifPoa44192/ HTTP/1.1" 404 1251 "-" "Mozilla/5.0 (Linux; Android 6.0.1; Nexus 5X Build/MMB29P) AppleWebKit/537.36 (KHTML, like Gecko) Chrome/137.0.7151.103 Mobile Safari/537.36 (compatible; Googlebot/2.1; +http://www.google.com/bot.html)"
66.249.74.64 - - [06/Jul/2025:10:34:18 -0400] "GET /q-~108NZVoYxRtJOtK1A6DrDCfSEHug5lCml12705/ HTTP/1.1" 404 1251 "-" "Mozilla/5.0 (compatible; Googlebot/2.1; +http://www.google.com/bot.html)"
66.249.74.78 - - [06/Jul/2025:10:34:24 -0400] "GET /items/cuyto181/21105?key=brief HTTP/1.1" 404 1251 "-" "Mozilla/5.0 (compatible; Googlebot/2.1; +http://www.google.com/bot.html)"
66.249.74.78 - - [06/Jul/2025:10:34:47 -0400] "GET /items/mtaln211/26567?key=reduction HTTP/1.1" 404 1251 "-" "Mozilla/5.0 (Linux; Android 6.0.1; Nexus 5X Build/MMB29P) AppleWebKit/537.36 (KHTML, like Gecko) Chrome/137.0.7151.103 Mobile Safari/537.36 (compatible; Googlebot/2.1; +http://www.google.com/bot.html)"
185.191.171.4 - - [06/Jul/2025:10:34:48 -0400] "GET /robots.txt HTTP/1.1" 304 0 "-" "Mozilla/5.0 (compatible; SemrushBot/7~bl; +http://www.semrush.com/bot.html)"
85.208.96.198 - - [06/Jul/2025:10:34:48 -0400] "GET /ar/comprehensive-sustainable-development HTTP/1.1" 404 1251 "-" "Mozilla/5.0 (compatible; SemrushBot/7~bl; +http://www.semrush.com/bot.html)"
66.249.74.78 - - [06/Jul/2025:10:34:52 -0400] "GET /items/lftqq119/44295?key=promote HTTP/1.1" 404 1251 "-" "Mozilla/5.0 (compatible; Googlebot/2.1; +http://www.google.com/bot.html)"
66.249.74.64 - - [06/Jul/2025:10:35:12 -0400] "GET /q-~224vGYPKsrGI0Kn4sj2vGDtruGfRMsbSY23797/ HTTP/1.1" 404 1251 "-" "Mozilla/5.0 (compatible; Googlebot/2.1; +http://www.google.com/bot.html)"
66.249.74.64 - - [06/Jul/2025:10:35:24 -0400] "GET /items/jkoui166/1484?key=underlying HTTP/1.1" 404 1251 "-" "Mozilla/5.0 (Linux; Android 6.0.1; Nexus 5X Build/MMB29P) AppleWebKit/537.36 (KHTML, like Gecko) Chrome/137.0.7151.103 Mobile Safari/537.36 (compatible; Googlebot/2.1; +http://www.google.com/bot.html)"
66.249.74.78 - - [06/Jul/2025:10:35:38 -0400] "GET /q-~133xVUiL1cToDidGpu7prQ6CuC55LbcUN990/ HTTP/1.1" 404 1251 "-" "Mozilla/5.0 (Linux; Android 6.0.1; Nexus 5X Build/MMB29P) AppleWebKit/537.36 (KHTML, like Gecko) Chrome/137.0.7151.103 Mobile Safari/537.36 (compatible; Googlebot/2.1; +http://www.google.com/bot.html)"
66.249.74.64 - - [06/Jul/2025:10:36:05 -0400] "GET /items/xxrom270/18144?key=student HTTP/1.1" 404 1251 "-" "Mozilla/5.0 (Linux; Android 6.0.1; Nexus 5X Build/MMB29P) AppleWebKit/537.36 (KHTML, like Gecko) Chrome/137.0.7151.103 Mobile Safari/537.36 (compatible; Googlebot/2.1; +http://www.google.com/bot.html)"
66.249.74.64 - - [06/Jul/2025:10:36:37 -0400] "GET /q-~15LOJtpZHXiOp3gSIpKbY2CpRc6WUnNh22132/ HTTP/1.1" 404 1251 "-" "Mozilla/5.0 (Linux; Android 6.0.1; Nexus 5X Build/MMB29P) AppleWebKit/537.36 (KHTML, like Gecko) Chrome/137.0.7151.103 Mobile Safari/537.36 (compatible; GoogleOther)"
66.249.74.78 - - [06/Jul/2025:10:36:42 -0400] "GET /q-~48BCrQFUU8jgbb4CZBniVS96ERx6UktZ31517/ HTTP/1.1" 404 1251 "-" "Mozilla/5.0 (compatible; Googlebot/2.1; +http://www.google.com/bot.html)"
66.249.74.78 - - [06/Jul/2025:10:36:52 -0400] "GET /items/pgqkv26/28720?key=breathe HTTP/1.1" 404 1251 "-" "Mozilla/5.0 (Linux; Android 6.0.1; Nexus 5X Build/MMB29P) AppleWebKit/537.36 (KHTML, like Gecko) Chrome/137.0.7151.103 Mobile Safari/537.36 (compatible; Googlebot/2.1; +http://www.google.com/bot.html)"
66.249.74.78 - - [06/Jul/2025:10:36:55 -0400] "GET /q-~191c4OsfrnvLrfMvlbPBiexUG9XTF19IX32318/ HTTP/1.1" 404 1251 "-" "Mozilla/5.0 (Linux; Android 6.0.1; Nexus 5X Build/MMB29P) AppleWebKit/537.36 (KHTML, like Gecko) Chrome/137.0.7151.103 Mobile Safari/537.36 (compatible; Googlebot/2.1; +http://www.google.com/bot.html)"
66.249.74.64 - - [06/Jul/2025:10:37:12 -0400] "GET /q-~41j2Q98l1r0zz5q6f7WR7Um8DgzQpKfi35854/ HTTP/1.1" 404 1251 "-" "Mozilla/5.0 (Linux; Android 6.0.1; Nexus 5X Build/MMB29P) AppleWebKit/537.36 (KHTML, like Gecko) Chrome/137.0.7151.103 Mobile Safari/537.36 (compatible; Googlebot/2.1; +http://www.google.com/bot.html)"
66.249.74.64 - - [06/Jul/2025:10:37:25 -0400] "GET /items/zxdds291/4059?key=power HTTP/1.1" 404 1251 "-" "Mozilla/5.0 (Linux; Android 6.0.1; Nexus 5X Build/MMB29P) AppleWebKit/537.36 (KHTML, like Gecko) Chrome/137.0.7151.103 Mobile Safari/537.36 (compatible; Googlebot/2.1; +http://www.google.com/bot.html)"
66.249.74.78 - - [06/Jul/2025:10:37:34 -0400] "GET /q-~295eCOz6iN0xSqQltB9yO5WdYgZtS2tsi4224/ HTTP/1.1" 404 1251 "-" "Mozilla/5.0 (Linux; Android 6.0.1; Nexus 5X Build/MMB29P) AppleWebKit/537.36 (KHTML, like Gecko) Chrome/137.0.7151.103 Mobile Safari/537.36 (compatible; Googlebot/2.1; +http://www.google.com/bot.html)"
66.249.74.78 - - [06/Jul/2025:10:37:41 -0400] "GET /items/clpue76/3794?key=produce HTTP/1.1" 404 1251 "-" "Mozilla/5.0 (Linux; Android 6.0.1; Nexus 5X Build/MMB29P) AppleWebKit/537.36 (KHTML, like Gecko) Chrome/137.0.7151.103 Mobile Safari/537.36 (compatible; Googlebot/2.1; +http://www.google.com/bot.html)"
66.249.74.78 - - [06/Jul/2025:10:38:03 -0400] "GET /q-~169e9RHc3inzUNg2w8M6McVY4WdHk0i9m27432/ HTTP/1.1" 404 1251 "-" "Mozilla/5.0 (Linux; Android 6.0.1; Nexus 5X Build/MMB29P) AppleWebKit/537.36 (KHTML, like Gecko) Chrome/137.0.7151.103 Mobile Safari/537.36 (compatible; Googlebot/2.1; +http://www.google.com/bot.html)"
66.249.74.78 - - [06/Jul/2025:10:38:38 -0400] "GET /q-~107rWQZhkTcl5eJnUxlU4x0gczghuUhgC4514/ HTTP/1.1" 404 1251 "-" "Mozilla/5.0 (Linux; Android 6.0.1; Nexus 5X Build/MMB29P) AppleWebKit/537.36 (KHTML, like Gecko) Chrome/137.0.7151.103 Mobile Safari/537.36 (compatible; Googlebot/2.1; +http://www.google.com/bot.html)"
66.249.74.78 - - [06/Jul/2025:10:39:27 -0400] "GET /q-~189WhDoIsr8FjG1awAuLWGEF5LEOpRDZD8776/ HTTP/1.1" 404 1251 "-" "Mozilla/5.0 (Linux; Android 6.0.1; Nexus 5X Build/MMB29P) AppleWebKit/537.36 (KHTML, like Gecko) Chrome/137.0.7151.119 Mobile Safari/537.36 (compatible; Googlebot/2.1; +http://www.google.com/bot.html)"
66.249.74.78 - - [06/Jul/2025:10:39:47 -0400] "GET /q-~159LU28tru7agqhL4m6ZtyPFs9JWsihCk43220/ HTTP/1.1" 404 1251 "-" "Mozilla/5.0 (Linux; Android 6.0.1; Nexus 5X Build/MMB29P) AppleWebKit/537.36 (KHTML, like Gecko) Chrome/137.0.7151.103 Mobile Safari/537.36 (compatible; Googlebot/2.1; +http://www.google.com/bot.html)"
66.249.74.65 - - [06/Jul/2025:10:40:09 -0400] "GET /items/crrtt285/38597?key=colonial HTTP/1.1" 404 1251 "-" "Mozilla/5.0 (compatible; Googlebot/2.1; +http://www.google.com/bot.html)"
66.249.74.78 - - [06/Jul/2025:10:40:18 -0400] "GET /q-~154fLX9fR5ofY82qTTmd6E4uuCSPFu6dO23291/ HTTP/1.1" 404 1251 "-" "Mozilla/5.0 (Linux; Android 6.0.1; Nexus 5X Build/MMB29P) AppleWebKit/537.36 (KHTML, like Gecko) Chrome/137.0.7151.103 Mobile Safari/537.36 (compatible; Googlebot/2.1; +http://www.google.com/bot.html)"
66.249.74.78 - - [06/Jul/2025:10:40:42 -0400] "GET /q-~202yApPtXiJw8MSfJgehfxywtsgiYKRMh18605/ HTTP/1.1" 404 1251 "-" "Mozilla/5.0 (Linux; Android 6.0.1; Nexus 5X Build/MMB29P) AppleWebKit/537.36 (KHTML, like Gecko) Chrome/137.0.7151.103 Mobile Safari/537.36 (compatible; GoogleOther)"
66.249.74.78 - - [06/Jul/2025:10:41:37 -0400] "GET /q-~255AuvXyMhXetGcg3KATKsugE11ATrpWn19348/ HTTP/1.1" 404 1251 "-" "Mozilla/5.0 (compatible; Googlebot/2.1; +http://www.google.com/bot.html)"
66.249.74.65 - - [06/Jul/2025:10:41:40 -0400] "GET /q-~94BGj14IocHDdvs2v1jFoZU0Ig5ICoxj9697/ HTTP/1.1" 404 1251 "-" "Mozilla/5.0 (Linux; Android 6.0.1; Nexus 5X Build/MMB29P) AppleWebKit/537.36 (KHTML, like Gecko) Chrome/137.0.7151.103 Mobile Safari/537.36 (compatible; GoogleOther)"
66.249.74.65 - - [06/Jul/2025:10:42:24 -0400] "GET /q-~291fe2Ocl4HRw7Skcj4HFx3ThXRAfkUPN23132/ HTTP/1.1" 404 1251 "-" "Mozilla/5.0 (Linux; Android 6.0.1; Nexus 5X Build/MMB29P) AppleWebKit/537.36 (KHTML, like Gecko) Chrome/137.0.7151.103 Mobile Safari/537.36 (compatible; Googlebot/2.1; +http://www.google.com/bot.html)"
66.249.74.64 - - [06/Jul/2025:10:42:40 -0400] "GET /q-~93HQA00m9dLqBXtagLauMaVWekg6a1QS25728/ HTTP/1.1" 404 1251 "-" "Mozilla/5.0 (Linux; Android 6.0.1; Nexus 5X Build/MMB29P) AppleWebKit/537.36 (KHTML, like Gecko) Chrome/137.0.7151.103 Mobile Safari/537.36 (compatible; GoogleOther)"
66.249.74.78 - - [06/Jul/2025:10:42:42 -0400] "GET /q-~83mTU0Ewxaq1tvbSSePeiSgZf6AdvhYp49476/ HTTP/1.1" 404 1251 "-" "Mozilla/5.0 (Linux; Android 6.0.1; Nexus 5X Build/MMB29P) AppleWebKit/537.36 (KHTML, like Gecko) Chrome/137.0.7151.103 Mobile Safari/537.36 (compatible; GoogleOther)"
66.249.74.78 - - [06/Jul/2025:10:42:44 -0400] "GET /q-~78cd7YNDVtgcb6K08TiyU9bmeSzXFt2Z15515/ HTTP/1.1" 404 1251 "-" "Mozilla/5.0 (Linux; Android 6.0.1; Nexus 5X Build/MMB29P) AppleWebKit/537.36 (KHTML, like Gecko) Chrome/137.0.7151.103 Mobile Safari/537.36 (compatible; GoogleOther)"
66.249.74.78 - - [06/Jul/2025:10:42:47 -0400] "GET /q-~241h8Ka2y8ktT74UwN5eOJm8nXyHdzHLD41672/ HTTP/1.1" 404 1251 "-" "Mozilla/5.0 (Linux; Android 6.0.1; Nexus 5X Build/MMB29P) AppleWebKit/537.36 (KHTML, like Gecko) Chrome/137.0.7151.103 Mobile Safari/537.36 (compatible; GoogleOther)"
66.249.74.78 - - [06/Jul/2025:10:42:49 -0400] "GET /q-~242dS3cRRvI4EbUn5bYuhplWGn9d6gijL42361/ HTTP/1.1" 404 1251 "-" "Mozilla/5.0 (Linux; Android 6.0.1; Nexus 5X Build/MMB29P) AppleWebKit/537.36 (KHTML, like Gecko) Chrome/137.0.7151.103 Mobile Safari/537.36 (compatible; GoogleOther)"
66.249.74.78 - - [06/Jul/2025:10:42:51 -0400] "GET /q-~204uBu5Fvt10VtKY6kLIpYt1GhonoRJQw13859/ HTTP/1.1" 404 1251 "-" "Mozilla/5.0 (Linux; Android 6.0.1; Nexus 5X Build/MMB29P) AppleWebKit/537.36 (KHTML, like Gecko) Chrome/137.0.7151.103 Mobile Safari/537.36 (compatible; GoogleOther)"
66.249.74.78 - - [06/Jul/2025:10:42:54 -0400] "GET /q-~139eAPpl8RhfA1ebJGrW8bGQveDvaH5bj39718/ HTTP/1.1" 404 1251 "-" "Mozilla/5.0 (Linux; Android 6.0.1; Nexus 5X Build/MMB29P) AppleWebKit/537.36 (KHTML, like Gecko) Chrome/137.0.7151.103 Mobile Safari/537.36 (compatible; GoogleOther)"
66.249.74.78 - - [06/Jul/2025:10:44:31 -0400] "GET /q-~2LOElHW1HFiYtLRuxhWk68CR889iVnW26311/ HTTP/1.1" 404 1251 "-" "Mozilla/5.0 (Linux; Android 6.0.1; Nexus 5X Build/MMB29P) AppleWebKit/537.36 (KHTML, like Gecko) Chrome/137.0.7151.103 Mobile Safari/537.36 (compatible; Googlebot/2.1; +http://www.google.com/bot.html)"
66.249.74.65 - - [06/Jul/2025:10:45:34 -0400] "GET /q-~274hIccOzCKN6qEDVGKFSHzhZc1NRCM3g40449/ HTTP/1.1" 404 1251 "-" "Mozilla/5.0 (Linux; Android 6.0.1; Nexus 5X Build/MMB29P) AppleWebKit/537.36 (KHTML, like Gecko) Chrome/137.0.7151.103 Mobile Safari/537.36 (compatible; Googlebot/2.1; +http://www.google.com/bot.html)"
66.249.74.78 - - [06/Jul/2025:10:45:48 -0400] "GET /q-~254S0dYZA0A8IwAhEkGY6ucUd92xog7Xm2693/ HTTP/1.1" 404 1251 "-" "Mozilla/5.0 (Linux; Android 6.0.1; Nexus 5X Build/MMB29P) AppleWebKit/537.36 (KHTML, like Gecko) Chrome/137.0.7151.103 Mobile Safari/537.36 (compatible; Googlebot/2.1; +http://www.google.com/bot.html)"
66.249.74.65 - - [06/Jul/2025:10:46:00 -0400] "GET /items/xyfpg43/3199?key=bucket HTTP/1.1" 404 1251 "-" "Mozilla/5.0 (Linux; Android 6.0.1; Nexus 5X Build/MMB29P) AppleWebKit/537.36 (KHTML, like Gecko) Chrome/137.0.7151.103 Mobile Safari/537.36 (compatible; GoogleOther)"
52.167.144.20 - - [06/Jul/2025:10:46:02 -0400] "GET /facture/zuiT4fUb.htm HTTP/1.1" 404 1251 "-" "Mozilla/5.0 AppleWebKit/537.36 (KHTML, like Gecko; compatible; bingbot/2.0; +http://www.bing.com/bingbot.htm) Chrome/116.0.1938.76 Safari/537.36"
40.77.167.150 - - [06/Jul/2025:10:46:49 -0400] "GET /authors HTTP/1.1" 404 1251 "-" "Mozilla/5.0 AppleWebKit/537.36 (KHTML, like Gecko; compatible; bingbot/2.0; +http://www.bing.com/bingbot.htm) Chrome/116.0.1938.76 Safari/537.36"
66.249.74.78 - - [06/Jul/2025:10:47:01 -0400] "GET /q-~42o9v9WMnYWPtN0PPtamT9ygmoMV8r1p13787/ HTTP/1.1" 404 1251 "-" "Mozilla/5.0 (compatible; Googlebot/2.1; +http://www.google.com/bot.html)"
66.249.74.78 - - [06/Jul/2025:10:47:07 -0400] "GET /items/mohzi233/17123?key=feminist HTTP/1.1" 404 1251 "-" "Mozilla/5.0 (compatible; Googlebot/2.1; +http://www.google.com/bot.html)"
66.249.74.64 - - [06/Jul/2025:10:47:08 -0400] "GET /items/anjqz187/31137?key=ignore HTTP/1.1" 404 1251 "-" "Mozilla/5.0 (compatible; Googlebot/2.1; +http://www.google.com/bot.html)"
66.249.74.78 - - [06/Jul/2025:10:47:32 -0400] "GET /q-~82TVNH08xgU0N9qjHu3R1W5uBLRTtqvF29357/ HTTP/1.1" 404 1251 "-" "Mozilla/5.0 (Linux; Android 6.0.1; Nexus 5X Build/MMB29P) AppleWebKit/537.36 (KHTML, like Gecko) Chrome/137.0.7151.103 Mobile Safari/537.36 (compatible; Googlebot/2.1; +http://www.google.com/bot.html)"
85.208.96.200 - - [06/Jul/2025:10:48:01 -0400] "GET /en/under-the-slogan-yes-to-protect-children-in-difficult-circumstances HTTP/1.1" 404 1251 "-" "Mozilla/5.0 (compatible; SemrushBot/7~bl; +http://www.semrush.com/bot.html)"
66.249.74.64 - - [06/Jul/2025:10:48:06 -0400] "GET /items/abnte26/1702?key=privilege HTTP/1.1" 404 1251 "-" "Mozilla/5.0 (Linux; Android 6.0.1; Nexus 5X Build/MMB29P) AppleWebKit/537.36 (KHTML, like Gecko) Chrome/137.0.7151.103 Mobile Safari/537.36 (compatible; Googlebot/2.1; +http://www.google.com/bot.html)"
66.249.74.78 - - [06/Jul/2025:10:48:07 -0400] "GET /items/octfb48/45494?key=lion HTTP/1.1" 404 1251 "-" "Mozilla/5.0 (compatible; Googlebot/2.1; +http://www.google.com/bot.html)"
66.249.74.64 - - [06/Jul/2025:10:48:10 -0400] "GET /q-~168YuGKgfAe9Ef33gRNXv7ezi0FWAlBZa41341/ HTTP/1.1" 404 1251 "-" "Mozilla/5.0 (compatible; Googlebot/2.1; +http://www.google.com/bot.html)"
66.249.74.78 - - [06/Jul/2025:10:48:24 -0400] "GET /items/gppls180/39052?key=enterprise HTTP/1.1" 404 1251 "-" "Mozilla/5.0 (compatible; Googlebot/2.1; +http://www.google.com/bot.html)"
66.249.74.78 - - [06/Jul/2025:10:48:26 -0400] "GET /items/qeket155/19613?key=distribute HTTP/1.1" 404 1251 "-" "Mozilla/5.0 (compatible; Googlebot/2.1; +http://www.google.com/bot.html)"
66.249.74.78 - - [06/Jul/2025:10:48:58 -0400] "GET /q-~84Gehw8k94lpadMDYinxO19fD6dG9wPF13595/ HTTP/1.1" 404 1251 "-" "Mozilla/5.0 (Linux; Android 6.0.1; Nexus 5X Build/MMB29P) AppleWebKit/537.36 (KHTML, like Gecko) Chrome/137.0.7151.103 Mobile Safari/537.36 (compatible; Googlebot/2.1; +http://www.google.com/bot.html)"
66.249.74.64 - - [06/Jul/2025:10:49:03 -0400] "GET /q-~281dOSP2Sg2ehkSIx9yzyf3FD1sRsjQky20184/ HTTP/1.1" 404 1251 "-" "Mozilla/5.0 (Linux; Android 6.0.1; Nexus 5X Build/MMB29P) AppleWebKit/537.36 (KHTML, like Gecko) Chrome/137.0.7151.103 Mobile Safari/537.36 (compatible; Googlebot/2.1; +http://www.google.com/bot.html)"
66.249.74.65 - - [06/Jul/2025:10:49:04 -0400] "GET /items/bkrsh216/36588?key=eighth HTTP/1.1" 404 1251 "-" "Mozilla/5.0 (Linux; Android 6.0.1; Nexus 5X Build/MMB29P) AppleWebKit/537.36 (KHTML, like Gecko) Chrome/137.0.7151.103 Mobile Safari/537.36 (compatible; Googlebot/2.1; +http://www.google.com/bot.html)"
66.249.74.78 - - [06/Jul/2025:10:49:07 -0400] "GET /items/frptp228/28720?key=myth HTTP/1.1" 404 1251 "-" "Mozilla/5.0 (compatible; Googlebot/2.1; +http://www.google.com/bot.html)"
66.249.74.78 - - [06/Jul/2025:10:49:11 -0400] "GET /items/rjfuj91/11897?key=DNA HTTP/1.1" 404 1251 "-" "Mozilla/5.0 (compatible; Googlebot/2.1; +http://www.google.com/bot.html)"
66.249.74.78 - - [06/Jul/2025:10:49:34 -0400] "GET /items/rrccx90/36974?key=problem HTTP/1.1" 404 1251 "-" "Mozilla/5.0 (compatible; Googlebot/2.1; +http://www.google.com/bot.html)"
66.249.74.78 - - [06/Jul/2025:10:49:48 -0400] "GET /items/kahmk23/15299?key=particular HTTP/1.1" 404 1251 "-" "Mozilla/5.0 (Linux; Android 6.0.1; Nexus 5X Build/MMB29P) AppleWebKit/537.36 (KHTML, like Gecko) Chrome/137.0.7151.103 Mobile Safari/537.36 (compatible; Googlebot/2.1; +http://www.google.com/bot.html)"
66.249.74.78 - - [06/Jul/2025:10:49:55 -0400] "GET /q-~254Z66Yf6OgM1475aDrtiCNFPk6W18y8y28773/ HTTP/1.1" 404 1251 "-" "Mozilla/5.0 (Linux; Android 6.0.1; Nexus 5X Build/MMB29P) AppleWebKit/537.36 (KHTML, like Gecko) Chrome/137.0.7151.103 Mobile Safari/537.36 (compatible; Googlebot/2.1; +http://www.google.com/bot.html)"
216.73.216.220 - - [06/Jul/2025:10:49:59 -0400] "GET /robots.txt HTTP/1.1" 304 0 "-" "Mozilla/5.0 AppleWebKit/537.36 (KHTML, like Gecko; compatible; ClaudeBot/1.0; [email protected])"
216.73.216.220 - - [06/Jul/2025:10:49:59 -0400] "GET / HTTP/1.1" 200 1470 "-" "Mozilla/5.0 AppleWebKit/537.36 (KHTML, like Gecko; compatible; ClaudeBot/1.0; [email protected])"
66.249.74.78 - - [06/Jul/2025:10:50:05 -0400] "GET /items/pptvh165/46867?key=blue HTTP/1.1" 404 1251 "-" "Mozilla/5.0 (compatible; Googlebot/2.1; +http://www.google.com/bot.html)"
66.249.74.64 - - [06/Jul/2025:10:50:19 -0400] "GET /items/fkctd176/13444?key=beneath HTTP/1.1" 404 1251 "-" "Mozilla/5.0 (compatible; Googlebot/2.1; +http://www.google.com/bot.html)"
66.249.74.64 - - [06/Jul/2025:10:50:21 -0400] "GET /items/zimcq256/1064?key=fail HTTP/1.1" 404 1251 "-" "Mozilla/5.0 (Linux; Android 6.0.1; Nexus 5X Build/MMB29P) AppleWebKit/537.36 (KHTML, like Gecko) Chrome/137.0.7151.103 Mobile Safari/537.36 (compatible; Googlebot/2.1; +http://www.google.com/bot.html)"
66.249.73.65 - - [06/Jul/2025:10:50:48 -0400] "GET /pcmypage/ HTTP/1.1" 404 1251 "-" "Mozilla/5.0 (Linux; Android 6.0.1; Nexus 5X Build/MMB29P) AppleWebKit/537.36 (KHTML, like Gecko) Chrome/137.0.7151.103 Mobile Safari/537.36 (compatible; Googlebot/2.1; +http://www.google.com/bot.html)"
66.249.74.78 - - [06/Jul/2025:10:50:58 -0400] "GET /items/fqpia39/26419?key=of HTTP/1.1" 404 1251 "-" "Mozilla/5.0 (Linux; Android 6.0.1; Nexus 5X Build/MMB29P) AppleWebKit/537.36 (KHTML, like Gecko) Chrome/137.0.7151.103 Mobile Safari/537.36 (compatible; Googlebot/2.1; +http://www.google.com/bot.html)"
66.249.74.78 - - [06/Jul/2025:10:50:58 -0400] "GET /q-~126abc1zN31DmyUn2iVqCsYNlwjHWIhER5745/ HTTP/1.1" 404 1251 "-" "Mozilla/5.0 (Linux; Android 6.0.1; Nexus 5X Build/MMB29P) AppleWebKit/537.36 (KHTML, like Gecko) Chrome/137.0.7151.103 Mobile Safari/537.36 (compatible; Googlebot/2.1; +http://www.google.com/bot.html)"
66.249.74.78 - - [06/Jul/2025:10:50:59 -0400] "GET /q-~126abc1zN31DmyUn2iVqCsYNlwjHWIhER5745/ HTTP/1.1" 404 1251 "-" "Mozilla/5.0 (compatible; Googlebot/2.1; +http://www.google.com/bot.html)"
66.249.74.65 - - [06/Jul/2025:10:51:09 -0400] "GET /items/qtyuy270/14698?key=competition HTTP/1.1" 404 1251 "-" "Mozilla/5.0 (compatible; Googlebot/2.1; +http://www.google.com/bot.html)"
66.249.74.64 - - [06/Jul/2025:10:51:18 -0400] "GET /items/xdipg215/10113?key=northern HTTP/1.1" 404 1251 "-" "Mozilla/5.0 (Linux; Android 6.0.1; Nexus 5X Build/MMB29P) AppleWebKit/537.36 (KHTML, like Gecko) Chrome/137.0.7151.103 Mobile Safari/537.36 (compatible; GoogleOther)"
66.249.74.78 - - [06/Jul/2025:10:51:29 -0400] "GET /items/jxmyc218/13716?key=fragile HTTP/1.1" 404 1251 "-" "Mozilla/5.0 (compatible; Googlebot/2.1; +http://www.google.com/bot.html)"
66.249.74.78 - - [06/Jul/2025:10:52:06 -0400] "GET /items/xuxzi253/34363?key=local HTTP/1.1" 404 1251 "-" "Mozilla/5.0 (compatible; Googlebot/2.1; +http://www.google.com/bot.html)"
66.249.74.65 - - [06/Jul/2025:10:52:07 -0400] "GET /q-~64CZVDgLp1ebuaDWkcJAM13zYHx0piXJ33929/ HTTP/1.1" 404 1251 "-" "Mozilla/5.0 (Linux; Android 6.0.1; Nexus 5X Build/MMB29P) AppleWebKit/537.36 (KHTML, like Gecko) Chrome/137.0.7151.103 Mobile Safari/537.36 (compatible; Googlebot/2.1; +http://www.google.com/bot.html)"
66.249.74.72 - - [06/Jul/2025:10:52:40 -0400] "GET /q-~229eLXQMXLSr9LzP1wjAkaIXR3SGcxK4b27002/ HTTP/1.1" 404 1251 "-" "Mozilla/5.0 (compatible; Googlebot/2.1; +http://www.google.com/bot.html)"
