20.171.207.96 - - [06/Jul/2025:17:09:16 -0400] "GET /outpatient/index.html HTTP/1.1" 404 1251 "-" "Mozilla/5.0 AppleWebKit/537.36 (KHTML, like Gecko; compatible; GPTBot/1.2; +https://openai.com/gptbot)"
66.249.74.65 - - [06/Jul/2025:17:09:17 -0400] "GET /items/mhnwl39/39389?key=community HTTP/1.1" 404 1251 "-" "Mozilla/5.0 (compatible; Googlebot/2.1; +http://www.google.com/bot.html)"
47.82.60.3 - - [06/Jul/2025:17:09:22 -0400] "GET /wp-includes/user.php HTTP/1.1" 403 1242 "https://nas-yemen.org/wp-includes/user.php" "Mozilla/5.0 (Windows NT 10.0; Win64; x64) AppleWebKit/537.36 (KHTML, like Gecko) Chrome/114.0.0.0 Safari/537.36 Edg/114.0.1823.43"
66.249.74.64 - - [06/Jul/2025:17:09:23 -0400] "GET /q-~13G5Mxg0FIptch2dNFEu4hRys1NeKItg20526/ HTTP/1.1" 404 1251 "-" "Mozilla/5.0 (Linux; Android 6.0.1; Nexus 5X Build/MMB29P) AppleWebKit/537.36 (KHTML, like Gecko) Chrome/137.0.7151.103 Mobile Safari/537.36 (compatible; GoogleOther)"
66.249.74.78 - - [06/Jul/2025:17:09:38 -0400] "GET /q-~240B1VLKoUyRaWRhwEwMTj5lVsqXfEIyV36975/ HTTP/1.1" 404 1251 "-" "Mozilla/5.0 (Linux; Android 6.0.1; Nexus 5X Build/MMB29P) AppleWebKit/537.36 (KHTML, like Gecko) Chrome/137.0.7151.103 Mobile Safari/537.36 (compatible; Googlebot/2.1; +http://www.google.com/bot.html)"
66.249.74.78 - - [06/Jul/2025:17:09:41 -0400] "GET /q-~52geWbtx1wr1XQlkZOXvNkrPyiqVbQok29321/ HTTP/1.1" 404 1251 "-" "Mozilla/5.0 (Linux; Android 6.0.1; Nexus 5X Build/MMB29P) AppleWebKit/537.36 (KHTML, like Gecko) Chrome/137.0.7151.103 Mobile Safari/537.36 (compatible; Googlebot/2.1; +http://www.google.com/bot.html)"
47.82.60.34 - - [06/Jul/2025:17:09:51 -0400] "GET /q-~215jxW9R2vC6GMcLKDmVmxWZbwo10jVke8944/ HTTP/1.1" 404 1251 "https://nas-yemen.org/q-~215jxW9R2vC6GMcLKDmVmxWZbwo10jVke8944/" "Mozilla/5.0 (Windows NT 10.0; Win64; x64) AppleWebKit/537.36 (KHTML, like Gecko) Chrome/114.0.0.0 Safari/537.36 Edg/114.0.1823.43"
47.82.60.25 - - [06/Jul/2025:17:09:56 -0400] "GET /wp-includes/feed.php HTTP/1.1" 403 1242 "https://www.nas-yemen.org/wp-includes/feed.php" "Mozilla/5.0 (Windows NT 10.0; Win64; x64) AppleWebKit/537.36 (KHTML, like Gecko) Chrome/114.0.0.0 Safari/537.36 Edg/114.0.1823.43"
47.82.60.5 - - [06/Jul/2025:17:10:05 -0400] "GET /wp-includes/blocks.php HTTP/1.1" 403 1242 "https://www.nas-yemen.org/wp-includes/blocks.php" "Mozilla/5.0 (Windows NT 10.0; Win64; x64) AppleWebKit/537.36 (KHTML, like Gecko) Chrome/114.0.0.0 Safari/537.36 Edg/114.0.1823.43"
47.82.60.25 - - [06/Jul/2025:17:10:20 -0400] "GET /wp-includes/capabilities.php HTTP/1.1" 403 1242 "https://www.nas-yemen.org/wp-includes/capabilities.php" "Mozilla/5.0 (Windows NT 10.0; Win64; x64) AppleWebKit/537.36 (KHTML, like Gecko) Chrome/114.0.0.0 Safari/537.36 Edg/114.0.1823.43"
66.249.74.65 - - [06/Jul/2025:17:10:25 -0400] "GET /items/ilora40/26704?key=because HTTP/1.1" 404 1251 "-" "Mozilla/5.0 (compatible; Googlebot/2.1; +http://www.google.com/bot.html)"
66.249.74.64 - - [06/Jul/2025:17:10:26 -0400] "GET /q-~52CZVDgLp1ebuaDWkcJAM13zYHx0piXJ33941/ HTTP/1.1" 404 1251 "-" "Mozilla/5.0 (Linux; Android 6.0.1; Nexus 5X Build/MMB29P) AppleWebKit/537.36 (KHTML, like Gecko) Chrome/137.0.7151.103 Mobile Safari/537.36 (compatible; GoogleOther)"
47.82.60.47 - - [06/Jul/2025:17:10:34 -0400] "GET /wp-includes/fonts HTTP/1.1" 301 795 "https://www.nas-yemen.org/wp-includes/fonts" "Mozilla/5.0 (Windows NT 10.0; Win64; x64) AppleWebKit/537.36 (KHTML, like Gecko) Chrome/114.0.0.0 Safari/537.36 Edg/114.0.1823.43"
47.82.60.47 - - [06/Jul/2025:17:10:34 -0400] "GET /wp-includes/fonts/ HTTP/1.1" 200 1160 "https://www.nas-yemen.org/wp-includes/fonts" "Mozilla/5.0 (Windows NT 10.0; Win64; x64) AppleWebKit/537.36 (KHTML, like Gecko) Chrome/114.0.0.0 Safari/537.36 Edg/114.0.1823.43"
47.82.60.5 - - [06/Jul/2025:17:10:50 -0400] "GET /wp-includes/load.php HTTP/1.1" 403 1242 "https://www.nas-yemen.org/wp-includes/load.php" "Mozilla/5.0 (Windows NT 10.0; Win64; x64) AppleWebKit/537.36 (KHTML, like Gecko) Chrome/114.0.0.0 Safari/537.36 Edg/114.0.1823.43"
66.249.74.64 - - [06/Jul/2025:17:10:54 -0400] "GET /q-~167QSaH8u60wN6vjuhB0BKNg1n98l8sbm16644/ HTTP/1.1" 404 1251 "-" "Mozilla/5.0 (compatible; Googlebot/2.1; +http://www.google.com/bot.html)"
66.249.74.64 - - [06/Jul/2025:17:10:55 -0400] "GET /q-~167QSaH8u60wN6vjuhB0BKNg1n98l8sbm16644/ HTTP/1.1" 404 1251 "-" "Mozilla/5.0 (Linux; Android 6.0.1; Nexus 5X Build/MMB29P) AppleWebKit/537.36 (KHTML, like Gecko) Chrome/137.0.7151.103 Mobile Safari/537.36 (compatible; Googlebot/2.1; +http://www.google.com/bot.html)"
66.249.74.72 - - [06/Jul/2025:17:11:05 -0400] "GET /q-~291uz9gKNOc0JXLYNilbJqadUawNjCrgx3102/ HTTP/1.1" 404 1251 "-" "Mozilla/5.0 (compatible; Googlebot/2.1; +http://www.google.com/bot.html)"
66.249.74.73 - - [06/Jul/2025:17:11:06 -0400] "GET /q-~95sdD5lV3gySMAFjH6eVQubjjqt2QODc31108/ HTTP/1.1" 404 1251 "-" "Mozilla/5.0 (compatible; Googlebot/2.1; +http://www.google.com/bot.html)"
66.249.74.72 - - [06/Jul/2025:17:11:06 -0400] "GET /items/sjgll105/39109?key=rise HTTP/1.1" 404 1251 "-" "Mozilla/5.0 (Linux; Android 6.0.1; Nexus 5X Build/MMB29P) AppleWebKit/537.36 (KHTML, like Gecko) Chrome/137.0.7151.103 Mobile Safari/537.36 (compatible; GoogleOther)"
66.249.74.71 - - [06/Jul/2025:17:11:12 -0400] "GET /q-~85v8fCjN8ok2qGZ3NLAmievM6Pg16tGE45700/ HTTP/1.1" 404 1251 "-" "Mozilla/5.0 (compatible; Googlebot/2.1; +http://www.google.com/bot.html)"
66.249.74.71 - - [06/Jul/2025:17:11:24 -0400] "GET /q-~199N82hMUxlP22VMmKbEKtxNnIa1hLRuy44600/ HTTP/1.1" 404 1251 "-" "Mozilla/5.0 (compatible; Googlebot/2.1; +http://www.google.com/bot.html)"
47.82.60.21 - - [06/Jul/2025:17:11:28 -0400] "GET /wp-includes/customize HTTP/1.1" 301 795 "https://www.nas-yemen.org/wp-includes/customize" "Mozilla/5.0 (Windows NT 10.0; Win64; x64) AppleWebKit/537.36 (KHTML, like Gecko) Chrome/114.0.0.0 Safari/537.36 Edg/114.0.1823.43"
47.82.60.21 - - [06/Jul/2025:17:11:28 -0400] "GET /wp-includes/customize/ HTTP/1.1" 200 1734 "https://www.nas-yemen.org/wp-includes/customize" "Mozilla/5.0 (Windows NT 10.0; Win64; x64) AppleWebKit/537.36 (KHTML, like Gecko) Chrome/114.0.0.0 Safari/537.36 Edg/114.0.1823.43"
66.249.74.71 - - [06/Jul/2025:17:11:31 -0400] "GET /items/bovhb78/5466?key=American HTTP/1.1" 404 1251 "-" "Mozilla/5.0 (compatible; Googlebot/2.1; +http://www.google.com/bot.html)"
66.249.74.71 - - [06/Jul/2025:17:11:31 -0400] "GET /items/bovhb78/5466?key=American HTTP/1.1" 404 1251 "-" "Mozilla/5.0 (Linux; Android 6.0.1; Nexus 5X Build/MMB29P) AppleWebKit/537.36 (KHTML, like Gecko) Chrome/137.0.7151.103 Mobile Safari/537.36 (compatible; Googlebot/2.1; +http://www.google.com/bot.html)"
47.82.60.24 - - [06/Jul/2025:17:11:35 -0400] "GET /wp-includes/block-template.php HTTP/1.1" 403 1242 "https://www.nas-yemen.org/wp-includes/block-template.php" "Mozilla/5.0 (Windows NT 10.0; Win64; x64) AppleWebKit/537.36 (KHTML, like Gecko) Chrome/114.0.0.0 Safari/537.36 Edg/114.0.1823.43"
66.249.74.71 - - [06/Jul/2025:17:11:46 -0400] "GET /items/gnvdk173/4821?key=merchant HTTP/1.1" 404 1251 "-" "Mozilla/5.0 (compatible; Googlebot/2.1; +http://www.google.com/bot.html)"
47.82.60.23 - - [06/Jul/2025:17:11:48 -0400] "GET /wp-includes/class-wp-role.php HTTP/1.1" 403 1242 "https://www.nas-yemen.org/wp-includes/class-wp-role.php" "Mozilla/5.0 (Windows NT 10.0; Win64; x64) AppleWebKit/537.36 (KHTML, like Gecko) Chrome/114.0.0.0 Safari/537.36 Edg/114.0.1823.43"
66.249.74.71 - - [06/Jul/2025:17:11:50 -0400] "GET /items/qmlny243/9331?key=yourself HTTP/1.1" 404 1251 "-" "Mozilla/5.0 (Linux; Android 6.0.1; Nexus 5X Build/MMB29P) AppleWebKit/537.36 (KHTML, like Gecko) Chrome/137.0.7151.103 Mobile Safari/537.36 (compatible; Googlebot/2.1; +http://www.google.com/bot.html)"
66.249.74.71 - - [06/Jul/2025:17:11:58 -0400] "GET /items/vgzsf245/2595?key=bombing HTTP/1.1" 404 1251 "-" "Mozilla/5.0 (compatible; Googlebot/2.1; +http://www.google.com/bot.html)"
66.249.74.73 - - [06/Jul/2025:17:12:06 -0400] "GET /items/dlmyh178/45322?key=succeed HTTP/1.1" 404 1251 "-" "Mozilla/5.0 (Linux; Android 6.0.1; Nexus 5X Build/MMB29P) AppleWebKit/537.36 (KHTML, like Gecko) Chrome/137.0.7151.103 Mobile Safari/537.36 (compatible; Googlebot/2.1; +http://www.google.com/bot.html)"
66.249.74.73 - - [06/Jul/2025:17:12:06 -0400] "GET /items/wjwzi261/34325?key=curious HTTP/1.1" 404 1251 "-" "Mozilla/5.0 (Linux; Android 6.0.1; Nexus 5X Build/MMB29P) AppleWebKit/537.36 (KHTML, like Gecko) Chrome/137.0.7151.103 Mobile Safari/537.36 (compatible; GoogleOther)"
47.82.60.29 - - [06/Jul/2025:17:12:16 -0400] "GET /wp-includes/class-wp-term.php HTTP/1.1" 403 1242 "https://www.nas-yemen.org/wp-includes/class-wp-term.php" "Mozilla/5.0 (Windows NT 10.0; Win64; x64) AppleWebKit/537.36 (KHTML, like Gecko) Chrome/114.0.0.0 Safari/537.36 Edg/114.0.1823.43"
47.82.60.39 - - [06/Jul/2025:17:12:17 -0400] "GET /wp-includes/class-wp-block-metadata-registry.php HTTP/1.1" 403 1242 "https://nas-yemen.org/wp-includes/class-wp-block-metadata-registry.php" "Mozilla/5.0 (Windows NT 10.0; Win64; x64) AppleWebKit/537.36 (KHTML, like Gecko) Chrome/114.0.0.0 Safari/537.36 Edg/114.0.1823.43"
66.249.74.71 - - [06/Jul/2025:17:12:25 -0400] "GET /q-~189wVQcU6e9qtdYn7BjwQgd0zQTM06pCJ15252/ HTTP/1.1" 404 1251 "-" "Mozilla/5.0 (Linux; Android 6.0.1; Nexus 5X Build/MMB29P) AppleWebKit/537.36 (KHTML, like Gecko) Chrome/137.0.7151.103 Mobile Safari/537.36 (compatible; Googlebot/2.1; +http://www.google.com/bot.html)"
47.82.60.46 - - [06/Jul/2025:17:12:28 -0400] "GET /wp-includes/class-wp-phpmailer.php HTTP/1.1" 403 1242 "https://nas-yemen.org/wp-includes/class-wp-phpmailer.php" "Mozilla/5.0 (Windows NT 10.0; Win64; x64) AppleWebKit/537.36 (KHTML, like Gecko) Chrome/114.0.0.0 Safari/537.36 Edg/114.0.1823.43"
47.82.60.46 - - [06/Jul/2025:17:12:28 -0400] "GET /wp-includes/class-wp-navigation-fallback.php HTTP/1.1" 403 1242 "https://nas-yemen.org/wp-includes/class-wp-navigation-fallback.php" "Mozilla/5.0 (Windows NT 10.0; Win64; x64) AppleWebKit/537.36 (KHTML, like Gecko) Chrome/114.0.0.0 Safari/537.36 Edg/114.0.1823.43"
47.82.60.44 - - [06/Jul/2025:17:12:32 -0400] "GET /wp-includes/block-supports HTTP/1.1" 301 795 "https://nas-yemen.org/wp-includes/block-supports" "Mozilla/5.0 (Windows NT 10.0; Win64; x64) AppleWebKit/537.36 (KHTML, like Gecko) Chrome/114.0.0.0 Safari/537.36 Edg/114.0.1823.43"
47.82.60.44 - - [06/Jul/2025:17:12:33 -0400] "GET /wp-includes/block-supports/ HTTP/1.1" 200 1298 "https://nas-yemen.org/wp-includes/block-supports" "Mozilla/5.0 (Windows NT 10.0; Win64; x64) AppleWebKit/537.36 (KHTML, like Gecko) Chrome/114.0.0.0 Safari/537.36 Edg/114.0.1823.43"
47.82.60.32 - - [06/Jul/2025:17:12:36 -0400] "GET /wp-includes/class-wp-locale.php HTTP/1.1" 403 1242 "https://www.nas-yemen.org/wp-includes/class-wp-locale.php" "Mozilla/5.0 (Windows NT 10.0; Win64; x64) AppleWebKit/537.36 (KHTML, like Gecko) Chrome/114.0.0.0 Safari/537.36 Edg/114.0.1823.43"
47.82.60.39 - - [06/Jul/2025:17:12:36 -0400] "GET /wp-includes/class-wp-url-pattern-prefixer.php HTTP/1.1" 403 1242 "https://www.nas-yemen.org/wp-includes/class-wp-url-pattern-prefixer.php" "Mozilla/5.0 (Windows NT 10.0; Win64; x64) AppleWebKit/537.36 (KHTML, like Gecko) Chrome/114.0.0.0 Safari/537.36 Edg/114.0.1823.43"
47.82.60.28 - - [06/Jul/2025:17:12:40 -0400] "GET /wp-includes/class-avif-info.php HTTP/1.1" 403 1242 "https://nas-yemen.org/wp-includes/class-avif-info.php" "Mozilla/5.0 (Windows NT 10.0; Win64; x64) AppleWebKit/537.36 (KHTML, like Gecko) Chrome/114.0.0.0 Safari/537.36 Edg/114.0.1823.43"
47.82.60.46 - - [06/Jul/2025:17:12:44 -0400] "GET /wp-includes/images HTTP/1.1" 301 795 "https://nas-yemen.org/wp-includes/images" "Mozilla/5.0 (Windows NT 10.0; Win64; x64) AppleWebKit/537.36 (KHTML, like Gecko) Chrome/114.0.0.0 Safari/537.36 Edg/114.0.1823.43"
47.82.60.46 - - [06/Jul/2025:17:12:45 -0400] "GET /wp-includes/images/ HTTP/1.1" 200 1444 "https://nas-yemen.org/wp-includes/images" "Mozilla/5.0 (Windows NT 10.0; Win64; x64) AppleWebKit/537.36 (KHTML, like Gecko) Chrome/114.0.0.0 Safari/537.36 Edg/114.0.1823.43"
47.82.60.46 - - [06/Jul/2025:17:12:48 -0400] "GET /wp-includes/feed-rss.php HTTP/1.1" 403 1242 "https://www.nas-yemen.org/wp-includes/feed-rss.php" "Mozilla/5.0 (Windows NT 10.0; Win64; x64) AppleWebKit/537.36 (KHTML, like Gecko) Chrome/114.0.0.0 Safari/537.36 Edg/114.0.1823.43"
47.82.60.39 - - [06/Jul/2025:17:12:57 -0400] "GET /wp-includes/theme-previews.php HTTP/1.1" 403 1242 "https://www.nas-yemen.org/wp-includes/theme-previews.php" "Mozilla/5.0 (Windows NT 10.0; Win64; x64) AppleWebKit/537.36 (KHTML, like Gecko) Chrome/114.0.0.0 Safari/537.36 Edg/114.0.1823.43"
47.82.60.10 - - [06/Jul/2025:17:13:04 -0400] "GET /wp-includes/class-wp-admin-bar.php HTTP/1.1" 403 1242 "https://www.nas-yemen.org/wp-includes/class-wp-admin-bar.php" "Mozilla/5.0 (Windows NT 10.0; Win64; x64) AppleWebKit/537.36 (KHTML, like Gecko) Chrome/114.0.0.0 Safari/537.36 Edg/114.0.1823.43"
66.249.74.71 - - [06/Jul/2025:17:13:07 -0400] "GET /q-~176uZtE7x4ONwTNJ8ghFzZbBBaFB19Fxe4359/ HTTP/1.1" 404 1251 "-" "Mozilla/5.0 (compatible; Googlebot/2.1; +http://www.google.com/bot.html)"
66.249.74.72 - - [06/Jul/2025:17:13:12 -0400] "GET /q-~169OcOfIwCmarlmEkd72tVrX6araIRCnO43224/ HTTP/1.1" 404 1251 "-" "Mozilla/5.0 (compatible; Googlebot/2.1; +http://www.google.com/bot.html)"
66.249.74.72 - - [06/Jul/2025:17:13:14 -0400] "GET /items/pnsfq33/43679?key=intervention HTTP/1.1" 404 1251 "-" "Mozilla/5.0 (Linux; Android 6.0.1; Nexus 5X Build/MMB29P) AppleWebKit/537.36 (KHTML, like Gecko) Chrome/137.0.7151.103 Mobile Safari/537.36 (compatible; Googlebot/2.1; +http://www.google.com/bot.html)"
66.249.74.72 - - [06/Jul/2025:17:13:16 -0400] "GET /q-~171czYlldhYCcNlVefLMFF90GodpiedTV38524/ HTTP/1.1" 404 1251 "-" "Mozilla/5.0 (Linux; Android 6.0.1; Nexus 5X Build/MMB29P) AppleWebKit/537.36 (KHTML, like Gecko) Chrome/137.0.7151.103 Mobile Safari/537.36 (compatible; Googlebot/2.1; +http://www.google.com/bot.html)"
20.171.207.96 - - [06/Jul/2025:17:13:18 -0400] "GET /sakuhin/ HTTP/1.1" 404 1251 "-" "Mozilla/5.0 AppleWebKit/537.36 (KHTML, like Gecko; compatible; GPTBot/1.2; +https://openai.com/gptbot)"
66.249.74.71 - - [06/Jul/2025:17:13:24 -0400] "GET /q-~91Krk94HFkhsY508jCfvF6lo7Lb3R0gr25778/ HTTP/1.1" 404 1251 "-" "Mozilla/5.0 (Linux; Android 6.0.1; Nexus 5X Build/MMB29P) AppleWebKit/537.36 (KHTML, like Gecko) Chrome/137.0.7151.103 Mobile Safari/537.36 (compatible; Googlebot/2.1; +http://www.google.com/bot.html)"
66.249.74.71 - - [06/Jul/2025:17:13:43 -0400] "GET /q-~75N9bc7Z0vEOjsMWi7NsFtRJTqbQXC0d19702/ HTTP/1.1" 404 1251 "-" "Mozilla/5.0 (Linux; Android 6.0.1; Nexus 5X Build/MMB29P) AppleWebKit/537.36 (KHTML, like Gecko) Chrome/137.0.7151.103 Mobile Safari/537.36 (compatible; Googlebot/2.1; +http://www.google.com/bot.html)"
66.249.74.71 - - [06/Jul/2025:17:13:51 -0400] "GET /q-~111eTu8XlgGBixaR0nFAOh3aAufm0bWLh10312/ HTTP/1.1" 404 1251 "-" "Mozilla/5.0 (Linux; Android 6.0.1; Nexus 5X Build/MMB29P) AppleWebKit/537.36 (KHTML, like Gecko) Chrome/137.0.7151.103 Mobile Safari/537.36 (compatible; Googlebot/2.1; +http://www.google.com/bot.html)"
35.190.181.162 - - [06/Jul/2025:17:13:53 -0400] "HEAD /wordpress HTTP/1.1" 404 0 "http://mail.nas-yemen.org/wordpress" "Mozilla/5.0 (Windows NT 10.0; Win64; x64) AppleWebKit/537.36 (KHTML, like Gecko) Chrome/74.0.3729.169 Safari/537.36"
35.190.181.162 - - [06/Jul/2025:17:13:53 -0400] "HEAD / HTTP/1.1" 200 0 "http://mail.nas-yemen.org/" "Mozilla/5.0 (Windows NT 10.0; Win64; x64) AppleWebKit/537.36 (KHTML, like Gecko) Chrome/74.0.3729.169 Safari/537.36"
35.190.181.162 - - [06/Jul/2025:17:13:53 -0400] "HEAD /wp HTTP/1.1" 404 0 "http://mail.nas-yemen.org/wp" "Mozilla/5.0 (Windows NT 10.0; Win64; x64) AppleWebKit/537.36 (KHTML, like Gecko) Chrome/74.0.3729.169 Safari/537.36"
35.190.181.162 - - [06/Jul/2025:17:13:53 -0400] "HEAD /bc HTTP/1.1" 404 0 "http://mail.nas-yemen.org/bc" "Mozilla/5.0 (Windows NT 10.0; Win64; x64) AppleWebKit/537.36 (KHTML, like Gecko) Chrome/74.0.3729.169 Safari/537.36"
35.190.181.162 - - [06/Jul/2025:17:13:53 -0400] "HEAD /bk HTTP/1.1" 404 0 "http://mail.nas-yemen.org/bk" "Mozilla/5.0 (Windows NT 10.0; Win64; x64) AppleWebKit/537.36 (KHTML, like Gecko) Chrome/74.0.3729.169 Safari/537.36"
35.190.181.162 - - [06/Jul/2025:17:13:54 -0400] "HEAD /backup HTTP/1.1" 404 0 "http://mail.nas-yemen.org/backup" "Mozilla/5.0 (Windows NT 10.0; Win64; x64) AppleWebKit/537.36 (KHTML, like Gecko) Chrome/74.0.3729.169 Safari/537.36"
35.190.181.162 - - [06/Jul/2025:17:13:54 -0400] "HEAD /old HTTP/1.1" 404 0 "http://mail.nas-yemen.org/old" "Mozilla/5.0 (Windows NT 10.0; Win64; x64) AppleWebKit/537.36 (KHTML, like Gecko) Chrome/74.0.3729.169 Safari/537.36"
35.190.181.162 - - [06/Jul/2025:17:13:54 -0400] "HEAD /new HTTP/1.1" 404 0 "http://mail.nas-yemen.org/new" "Mozilla/5.0 (Windows NT 10.0; Win64; x64) AppleWebKit/537.36 (KHTML, like Gecko) Chrome/74.0.3729.169 Safari/537.36"
35.190.181.162 - - [06/Jul/2025:17:13:54 -0400] "HEAD /main HTTP/1.1" 404 0 "http://mail.nas-yemen.org/main" "Mozilla/5.0 (Windows NT 10.0; Win64; x64) AppleWebKit/537.36 (KHTML, like Gecko) Chrome/74.0.3729.169 Safari/537.36"
35.190.181.162 - - [06/Jul/2025:17:13:54 -0400] "HEAD /home HTTP/1.1" 404 0 "http://mail.nas-yemen.org/home" "Mozilla/5.0 (Windows NT 10.0; Win64; x64) AppleWebKit/537.36 (KHTML, like Gecko) Chrome/74.0.3729.169 Safari/537.36"
66.249.74.73 - - [06/Jul/2025:17:14:02 -0400] "GET /q-~115mfAeByi0D3odbpnVttT4uV9TasGbPn42058/ HTTP/1.1" 404 1251 "-" "Mozilla/5.0 (compatible; Googlebot/2.1; +http://www.google.com/bot.html)"
66.249.74.72 - - [06/Jul/2025:17:14:04 -0400] "GET /q-~264Cnb5NoonKQB6d1cNZOMT70SKk06spq9969/ HTTP/1.1" 404 1251 "-" "Mozilla/5.0 (compatible; Googlebot/2.1; +http://www.google.com/bot.html)"
66.249.74.72 - - [06/Jul/2025:17:14:06 -0400] "GET /items/estxd79/47577?key=anywhere HTTP/1.1" 404 1251 "-" "Mozilla/5.0 (Linux; Android 6.0.1; Nexus 5X Build/MMB29P) AppleWebKit/537.36 (KHTML, like Gecko) Chrome/137.0.7151.103 Mobile Safari/537.36 (compatible; GoogleOther)"
66.249.74.71 - - [06/Jul/2025:17:14:10 -0400] "GET /q-~26vDMmyC8JS0XXr0ANcdXcglcHGL4ldv38383/ HTTP/1.1" 404 1251 "-" "Mozilla/5.0 (compatible; Googlebot/2.1; +http://www.google.com/bot.html)"
66.249.74.71 - - [06/Jul/2025:17:14:21 -0400] "GET /items/bsqbs175/39095?key=Greek HTTP/1.1" 404 1251 "-" "Mozilla/5.0 (compatible; Googlebot/2.1; +http://www.google.com/bot.html)"
47.82.60.43 - - [06/Jul/2025:17:14:27 -0400] "GET /wp-includes/class-wp-plugin-dependencies.php HTTP/1.1" 403 1242 "https://www.nas-yemen.org/wp-includes/class-wp-plugin-dependencies.php" "Mozilla/5.0 (Windows NT 10.0; Win64; x64) AppleWebKit/537.36 (KHTML, like Gecko) Chrome/114.0.0.0 Safari/537.36 Edg/114.0.1823.43"
66.249.74.71 - - [06/Jul/2025:17:14:46 -0400] "GET /q-~183Njx86aHqy0B0KNZLwnFqIBPwrfpU7M5264/ HTTP/1.1" 404 1251 "-" "Mozilla/5.0 (Linux; Android 6.0.1; Nexus 5X Build/MMB29P) AppleWebKit/537.36 (KHTML, like Gecko) Chrome/137.0.7151.103 Mobile Safari/537.36 (compatible; GoogleOther)"
66.249.74.71 - - [06/Jul/2025:17:15:07 -0400] "GET /q-~221nKSDBssDIlPnK69uWFB5OETz67HFkD33484/ HTTP/1.1" 404 1251 "-" "Mozilla/5.0 (compatible; Googlebot/2.1; +http://www.google.com/bot.html)"
66.249.74.71 - - [06/Jul/2025:17:15:24 -0400] "GET /q-~186HySIhSnxiqyzE3Q6iFu6enw72JiGWg30187/ HTTP/1.1" 404 1251 "-" "Mozilla/5.0 (Linux; Android 6.0.1; Nexus 5X Build/MMB29P) AppleWebKit/537.36 (KHTML, like Gecko) Chrome/137.0.7151.103 Mobile Safari/537.36 (compatible; Googlebot/2.1; +http://www.google.com/bot.html)"
208.110.64.178 - - [06/Jul/2025:17:15:36 -0400] "GET /wp-content/admin.php HTTP/1.1" 404 1251 "https://nas-yemen.org/wp-content/admin.php" "Mozilla/5.0 (Windows NT 10.0; Win64; x64) AppleWebKit/537.36 (KHTML, like Gecko) Chrome/58.0.3029.110 Safari/537.3"
66.249.74.71 - - [06/Jul/2025:17:15:40 -0400] "GET /q-~28dVdljh351nPfanOQHFosSGlYHw87EZ15781/ HTTP/1.1" 404 1251 "-" "Mozilla/5.0 (Linux; Android 6.0.1; Nexus 5X Build/MMB29P) AppleWebKit/537.36 (KHTML, like Gecko) Chrome/137.0.7151.103 Mobile Safari/537.36 (compatible; Googlebot/2.1; +http://www.google.com/bot.html)"
20.171.207.96 - - [06/Jul/2025:17:16:01 -0400] "GET /nephology/g8uet8vu8.html HTTP/1.1" 404 1251 "-" "Mozilla/5.0 AppleWebKit/537.36 (KHTML, like Gecko; compatible; GPTBot/1.2; +https://openai.com/gptbot)"
66.249.74.72 - - [06/Jul/2025:17:16:01 -0400] "GET /items/xaizd52/30802?key=existing HTTP/1.1" 404 1251 "-" "Mozilla/5.0 (Linux; Android 6.0.1; Nexus 5X Build/MMB29P) AppleWebKit/537.36 (KHTML, like Gecko) Chrome/137.0.7151.103 Mobile Safari/537.36 (compatible; Googlebot/2.1; +http://www.google.com/bot.html)"
66.249.74.64 - - [06/Jul/2025:17:16:35 -0400] "GET /items/hejly9/8325?key=minimal HTTP/1.1" 404 1251 "-" "Mozilla/5.0 (Linux; Android 6.0.1; Nexus 5X Build/MMB29P) AppleWebKit/537.36 (KHTML, like Gecko) Chrome/137.0.7151.103 Mobile Safari/537.36 (compatible; Googlebot/2.1; +http://www.google.com/bot.html)"
20.171.207.96 - - [06/Jul/2025:17:16:45 -0400] "GET /item/category/light.html HTTP/1.1" 404 1251 "-" "Mozilla/5.0 AppleWebKit/537.36 (KHTML, like Gecko; compatible; GPTBot/1.2; +https://openai.com/gptbot)"
66.249.74.78 - - [06/Jul/2025:17:16:45 -0400] "GET /items/hkabm205/49961?key=negative HTTP/1.1" 404 1251 "-" "Mozilla/5.0 (Linux; Android 6.0.1; Nexus 5X Build/MMB29P) AppleWebKit/537.36 (KHTML, like Gecko) Chrome/137.0.7151.103 Mobile Safari/537.36 (compatible; Googlebot/2.1; +http://www.google.com/bot.html)"
66.249.74.64 - - [06/Jul/2025:17:17:33 -0400] "GET /q-~71a4FrbQzDK9gh67NFidyfoLy8robREn26108/ HTTP/1.1" 404 1251 "-" "Mozilla/5.0 (Linux; Android 6.0.1; Nexus 5X Build/MMB29P) AppleWebKit/537.36 (KHTML, like Gecko) Chrome/137.0.7151.103 Mobile Safari/537.36 (compatible; GoogleOther)"
66.249.74.78 - - [06/Jul/2025:17:17:46 -0400] "GET /q-~237YZDSQoU0FQtIRqz0gOPPCJiJkJYxji20374/ HTTP/1.1" 404 1251 "-" "Mozilla/5.0 (Linux; Android 6.0.1; Nexus 5X Build/MMB29P) AppleWebKit/537.36 (KHTML, like Gecko) Chrome/137.0.7151.103 Mobile Safari/537.36 (compatible; GoogleOther)"
66.249.74.64 - - [06/Jul/2025:17:17:48 -0400] "GET /items/ezzts161/6531?key=ring HTTP/1.1" 404 1251 "-" "Mozilla/5.0 (compatible; Googlebot/2.1; +http://www.google.com/bot.html)"
66.249.74.78 - - [06/Jul/2025:17:17:56 -0400] "GET /items/bmooe34/29324?key=senior HTTP/1.1" 404 1251 "-" "Mozilla/5.0 (compatible; Googlebot/2.1; +http://www.google.com/bot.html)"
20.171.207.96 - - [06/Jul/2025:17:18:16 -0400] "GET /anlace/9ws5SXv.htm HTTP/1.1" 404 1251 "-" "Mozilla/5.0 AppleWebKit/537.36 (KHTML, like Gecko; compatible; GPTBot/1.2; +https://openai.com/gptbot)"
66.249.74.78 - - [06/Jul/2025:17:18:27 -0400] "GET /items/yekmd217/4143?key=scenario HTTP/1.1" 404 1251 "-" "Mozilla/5.0 (Linux; Android 6.0.1; Nexus 5X Build/MMB29P) AppleWebKit/537.36 (KHTML, like Gecko) Chrome/137.0.7151.103 Mobile Safari/537.36 (compatible; GoogleOther)"
66.249.74.64 - - [06/Jul/2025:17:18:54 -0400] "GET /q-~100yyohwaxB9PDvvGvPOTeuUH9WDjMSpk29851/ HTTP/1.1" 404 1251 "-" "Mozilla/5.0 (compatible; Googlebot/2.1; +http://www.google.com/bot.html)"
20.171.207.96 - - [06/Jul/2025:17:19:00 -0400] "GET /?page_id=8997 HTTP/1.1" 200 1470 "-" "Mozilla/5.0 AppleWebKit/537.36 (KHTML, like Gecko; compatible; GPTBot/1.2; +https://openai.com/gptbot)"
66.249.74.78 - - [06/Jul/2025:17:19:17 -0400] "GET /q-~253fl4gQG1HzbaEsS9msay5V6Sut91pdz34164/ HTTP/1.1" 404 1251 "-" "Mozilla/5.0 (compatible; Googlebot/2.1; +http://www.google.com/bot.html)"
66.249.74.64 - - [06/Jul/2025:17:19:26 -0400] "GET /items/nrmzj25/11295?key=type HTTP/1.1" 404 1251 "-" "Mozilla/5.0 (compatible; Googlebot/2.1; +http://www.google.com/bot.html)"
66.249.74.78 - - [06/Jul/2025:17:19:32 -0400] "GET /q-~104qmbVKIt1nxVY1LS3y17wV0EpoUtefw32971/ HTTP/1.1" 404 1251 "-" "Mozilla/5.0 (Linux; Android 6.0.1; Nexus 5X Build/MMB29P) AppleWebKit/537.36 (KHTML, like Gecko) Chrome/137.0.7151.103 Mobile Safari/537.36 (compatible; GoogleOther)"
69.197.135.226 - - [06/Jul/2025:17:19:35 -0400] "GET /wp-content/admin.php HTTP/1.1" 404 1251 "https://nas-yemen.org/wp-content/admin.php" "Mozilla/5.0 (Windows NT 10.0; Win64; x64) AppleWebKit/537.36 (KHTML, like Gecko) Chrome/58.0.3029.110 Safari/537.3"
66.249.74.78 - - [06/Jul/2025:17:19:36 -0400] "GET /items/dspes138/12646?key=potato HTTP/1.1" 404 1251 "-" "Mozilla/5.0 (compatible; Googlebot/2.1; +http://www.google.com/bot.html)"
66.249.74.78 - - [06/Jul/2025:17:19:42 -0400] "GET /q-~52ZvRH7vfKDBslbjnbuBkCMN4lvYilGX33281/ HTTP/1.1" 404 1251 "-" "Mozilla/5.0 (compatible; Googlebot/2.1; +http://www.google.com/bot.html)"
66.249.74.78 - - [06/Jul/2025:17:19:48 -0400] "GET /q-~224b5t50I9XQEUd99TnFfEC4z4rEijIis48075/ HTTP/1.1" 404 1251 "-" "Mozilla/5.0 (compatible; Googlebot/2.1; +http://www.google.com/bot.html)"
66.249.74.78 - - [06/Jul/2025:17:19:49 -0400] "GET /items/qlvsd260/42726?key=surely HTTP/1.1" 404 1251 "-" "Mozilla/5.0 (Linux; Android 6.0.1; Nexus 5X Build/MMB29P) AppleWebKit/537.36 (KHTML, like Gecko) Chrome/137.0.7151.103 Mobile Safari/537.36 (compatible; Googlebot/2.1; +http://www.google.com/bot.html)"
66.249.74.78 - - [06/Jul/2025:17:20:01 -0400] "GET /?_ga=2.198039845.1956928957.1720904209-883864482.1699013672&_bdsid=9khxwz.n~FGIAI.1766878935596.1725528451&_bd_prev_page=https://nas-yemen.org/vendor.cgi?items/nlkmt44/20128?key=offering HTTP/1.1" 200 1470 "-" "Mozilla/5.0 (Linux; Android 6.0.1; Nexus 5X Build/MMB29P) AppleWebKit/537.36 (KHTML, like Gecko) Chrome/137.0.7151.103 Mobile Safari/537.36 (compatible; Googlebot/2.1; +http://www.google.com/bot.html)"
66.249.74.64 - - [06/Jul/2025:17:20:02 -0400] "GET /items/ocbrr290/5532?key=length HTTP/1.1" 404 1251 "-" "Mozilla/5.0 (Linux; Android 6.0.1; Nexus 5X Build/MMB29P) AppleWebKit/537.36 (KHTML, like Gecko) Chrome/137.0.7151.103 Mobile Safari/537.36 (compatible; Googlebot/2.1; +http://www.google.com/bot.html)"
66.249.74.64 - - [06/Jul/2025:17:20:11 -0400] "GET /q-~212S60pa9eVxWk3XEFr97ip0ityHs2quD3971/ HTTP/1.1" 404 1251 "-" "Mozilla/5.0 (Linux; Android 6.0.1; Nexus 5X Build/MMB29P) AppleWebKit/537.36 (KHTML, like Gecko) Chrome/137.0.7151.103 Mobile Safari/537.36 (compatible; Googlebot/2.1; +http://www.google.com/bot.html)"
66.249.74.78 - - [06/Jul/2025:17:20:50 -0400] "GET /q-~213CEYMseliEjnX3lRCwcKhT8FLnE3v4h1144/ HTTP/1.1" 404 1251 "-" "Mozilla/5.0 (compatible; Googlebot/2.1; +http://www.google.com/bot.html)"
66.249.74.78 - - [06/Jul/2025:17:20:57 -0400] "GET /items/uhwly176/19724?key=football HTTP/1.1" 404 1251 "-" "Mozilla/5.0 (Linux; Android 6.0.1; Nexus 5X Build/MMB29P) AppleWebKit/537.36 (KHTML, like Gecko) Chrome/137.0.7151.103 Mobile Safari/537.36 (compatible; Googlebot/2.1; +http://www.google.com/bot.html)"
20.171.207.96 - - [06/Jul/2025:17:21:18 -0400] "GET /wp-content/plugins/fluid_forms/file-upload/server/php/?file=tf2rghf.jpg HTTP/1.1" 404 1251 "-" "Mozilla/5.0 AppleWebKit/537.36 (KHTML, like Gecko; compatible; GPTBot/1.2; +https://openai.com/gptbot)"
66.249.74.65 - - [06/Jul/2025:17:21:28 -0400] "GET /q-~32anRGoiZ5pXWUxM63ExOCvDw1mTclIM35333/ HTTP/1.1" 404 1251 "-" "Mozilla/5.0 (Linux; Android 6.0.1; Nexus 5X Build/MMB29P) AppleWebKit/537.36 (KHTML, like Gecko) Chrome/137.0.7151.103 Mobile Safari/537.36 (compatible; GoogleOther)"
66.249.74.78 - - [06/Jul/2025:17:21:38 -0400] "GET /items/ubdgl191/34463?key=doubt HTTP/1.1" 404 1251 "-" "Mozilla/5.0 (compatible; Googlebot/2.1; +http://www.google.com/bot.html)"
43.166.136.153 - - [06/Jul/2025:17:21:43 -0400] "GET / HTTP/1.1" 200 1470 "http://nas-yemen.org" "Mozilla/5.0 (iPhone; CPU iPhone OS 13_2_3 like Mac OS X) AppleWebKit/605.1.15 (KHTML, like Gecko) Version/13.0.3 Mobile/15E148 Safari/604.1"
52.185.158.37 - - [06/Jul/2025:17:21:45 -0400] "GET /wp-content/plugins/hellopress/wp_filemanager.php HTTP/1.1" 404 1251 "-" "-"
52.185.158.37 - - [06/Jul/2025:17:21:45 -0400] "GET /simple.php HTTP/1.1" 404 1251 "-" "-"
52.185.158.37 - - [06/Jul/2025:17:21:45 -0400] "GET /wp-content/themes/wp-pridmag/init.php HTTP/1.1" 404 1251 "-" "-"
52.185.158.37 - - [06/Jul/2025:17:21:45 -0400] "GET /function.php HTTP/1.1" 404 1251 "-" "-"
52.185.158.37 - - [06/Jul/2025:17:21:46 -0400] "GET /goat1.php HTTP/1.1" 404 1251 "-" "-"
52.185.158.37 - - [06/Jul/2025:17:21:46 -0400] "GET /admin/function.php HTTP/1.1" 404 1251 "-" "-"
52.185.158.37 - - [06/Jul/2025:17:21:46 -0400] "GET /css.php HTTP/1.1" 404 1251 "-" "-"
52.185.158.37 - - [06/Jul/2025:17:21:46 -0400] "GET /makeasmtp.php?p= HTTP/1.1" 404 1251 "-" "-"
52.185.158.37 - - [06/Jul/2025:17:21:46 -0400] "GET /setup-config.php HTTP/1.1" 404 1251 "-" "-"
52.185.158.37 - - [06/Jul/2025:17:21:46 -0400] "GET /moon.php HTTP/1.1" 404 1251 "-" "-"
52.185.158.37 - - [06/Jul/2025:17:21:46 -0400] "GET /upgrade.php HTTP/1.1" 404 1251 "-" "-"
52.185.158.37 - - [06/Jul/2025:17:21:47 -0400] "GET /wp-content/plugins/pwnd/as.php HTTP/1.1" 404 1251 "-" "-"
52.185.158.37 - - [06/Jul/2025:17:21:47 -0400] "GET /lv.php HTTP/1.1" 404 1251 "-" "-"
52.185.158.37 - - [06/Jul/2025:17:21:47 -0400] "GET /wp-includes/product.php HTTP/1.1" 404 1251 "-" "-"
52.185.158.37 - - [06/Jul/2025:17:21:47 -0400] "GET /wp-content/uploads/index.php HTTP/1.1" 404 1251 "-" "-"
52.185.158.37 - - [06/Jul/2025:17:21:47 -0400] "GET /ini.php HTTP/1.1" 404 1251 "-" "-"
52.185.158.37 - - [06/Jul/2025:17:21:47 -0400] "GET /wp-admin/css/about.php HTTP/1.1" 404 1251 "-" "-"
52.185.158.37 - - [06/Jul/2025:17:21:47 -0400] "GET /404.php HTTP/1.1" 404 1251 "-" "-"
52.185.158.37 - - [06/Jul/2025:17:21:48 -0400] "GET /wp-includes/certificates/about.php HTTP/1.1" 404 1251 "-" "-"
52.185.158.37 - - [06/Jul/2025:17:21:48 -0400] "GET /wp-includes/css/dist/preferences/wp-login.php HTTP/1.1" 404 1251 "-" "-"
52.185.158.37 - - [06/Jul/2025:17:21:48 -0400] "GET /web.php HTTP/1.1" 404 1251 "-" "-"
52.185.158.37 - - [06/Jul/2025:17:21:48 -0400] "GET /mah.php HTTP/1.1" 404 1251 "-" "-"
52.185.158.37 - - [06/Jul/2025:17:21:48 -0400] "GET /wp-admin/images/as.php HTTP/1.1" 404 1251 "-" "-"
52.185.158.37 - - [06/Jul/2025:17:21:49 -0400] "GET /yanz.php HTTP/1.1" 404 1251 "-" "-"
52.185.158.37 - - [06/Jul/2025:17:21:49 -0400] "GET /test.php HTTP/1.1" 404 1251 "-" "-"
52.185.158.37 - - [06/Jul/2025:17:21:49 -0400] "GET /style-engine/about.php HTTP/1.1" 404 1251 "-" "-"
52.185.158.37 - - [06/Jul/2025:17:21:49 -0400] "GET /classwithtostring.php HTTP/1.1" 404 1251 "-" "-"
52.185.158.37 - - [06/Jul/2025:17:21:49 -0400] "GET /wp-blog-header.php HTTP/1.1" 403 1242 "-" "-"
52.185.158.37 - - [06/Jul/2025:17:21:49 -0400] "GET /plugin.php HTTP/1.1" 404 1251 "-" "-"
52.185.158.37 - - [06/Jul/2025:17:21:49 -0400] "GET /wp-admin/maint/index.php HTTP/1.1" 404 1251 "-" "-"
52.185.158.37 - - [06/Jul/2025:17:21:50 -0400] "GET /wp-content/themes/twentytwentytwo/index.php HTTP/1.1" 404 1251 "-" "-"
52.185.158.37 - - [06/Jul/2025:17:21:50 -0400] "GET /wp-admin/images/xmrlpc.php?p= HTTP/1.1" 404 1251 "-" "-"
52.185.158.37 - - [06/Jul/2025:17:21:50 -0400] "GET /wp-content/plugins/pwnd/pwnd.php HTTP/1.1" 404 1251 "-" "-"
52.185.158.37 - - [06/Jul/2025:17:21:50 -0400] "GET /wp-content/themes/seotheme/mar.php HTTP/1.1" 404 1251 "-" "-"
52.185.158.37 - - [06/Jul/2025:17:21:50 -0400] "GET /wp-trackback.php HTTP/1.1" 403 1242 "-" "-"
52.185.158.37 - - [06/Jul/2025:17:21:50 -0400] "GET /wp-includes/Requests/about.php HTTP/1.1" 404 1251 "-" "-"
52.185.158.37 - - [06/Jul/2025:17:21:50 -0400] "GET /link.php HTTP/1.1" 404 1251 "-" "-"
52.185.158.37 - - [06/Jul/2025:17:21:51 -0400] "GET /bak.php HTTP/1.1" 404 1251 "-" "-"
52.185.158.37 - - [06/Jul/2025:17:21:51 -0400] "GET /wp-includes/SimplePie/wp-login.php HTTP/1.1" 404 1251 "-" "-"
52.185.158.37 - - [06/Jul/2025:17:21:51 -0400] "GET /log.php HTTP/1.1" 404 1251 "-" "-"
52.185.158.37 - - [06/Jul/2025:17:21:51 -0400] "GET /wp-admin/user/cloud.php HTTP/1.1" 404 1251 "-" "-"
66.249.74.78 - - [06/Jul/2025:17:21:51 -0400] "GET /q-~27oEk0Jbx11tGNBxPpH7bR2F2w4XS1Fc2468/ HTTP/1.1" 404 1251 "-" "Mozilla/5.0 (Linux; Android 6.0.1; Nexus 5X Build/MMB29P) AppleWebKit/537.36 (KHTML, like Gecko) Chrome/137.0.7151.103 Mobile Safari/537.36 (compatible; Googlebot/2.1; +http://www.google.com/bot.html)"
52.185.158.37 - - [06/Jul/2025:17:21:51 -0400] "GET /wp-admin/dropdown.php HTTP/1.1" 404 1251 "-" "-"
52.185.158.37 - - [06/Jul/2025:17:21:51 -0400] "GET /1.php HTTP/1.1" 404 1251 "-" "-"
52.185.158.37 - - [06/Jul/2025:17:21:51 -0400] "GET /wp-content/themes/aahana/json.php HTTP/1.1" 404 1251 "-" "-"
52.185.158.37 - - [06/Jul/2025:17:21:52 -0400] "GET /sx.php HTTP/1.1" 404 1251 "-" "-"
52.185.158.37 - - [06/Jul/2025:17:21:52 -0400] "GET /ty.php?p= HTTP/1.1" 404 1251 "-" "-"
52.185.158.37 - - [06/Jul/2025:17:21:52 -0400] "GET /13.php HTTP/1.1" 404 1251 "-" "-"
52.185.158.37 - - [06/Jul/2025:17:21:52 -0400] "GET /wso.php HTTP/1.1" 404 1251 "-" "-"
52.185.158.37 - - [06/Jul/2025:17:21:52 -0400] "GET /db.php HTTP/1.1" 404 1251 "-" "-"
52.185.158.37 - - [06/Jul/2025:17:21:52 -0400] "GET /max.php HTTP/1.1" 404 1251 "-" "-"
52.185.158.37 - - [06/Jul/2025:17:21:52 -0400] "GET /sb.php HTTP/1.1" 404 1251 "-" "-"
52.185.158.37 - - [06/Jul/2025:17:21:53 -0400] "GET /0x.php HTTP/1.1" 404 1251 "-" "-"
52.185.158.37 - - [06/Jul/2025:17:21:53 -0400] "GET /htaccess.php HTTP/1.1" 404 1251 "-" "-"
52.185.158.37 - - [06/Jul/2025:17:21:53 -0400] "GET /edit.php HTTP/1.1" 404 1251 "-" "-"
52.185.158.37 - - [06/Jul/2025:17:21:53 -0400] "GET /doc.php HTTP/1.1" 404 1251 "-" "-"
66.249.74.64 - - [06/Jul/2025:17:22:05 -0400] "GET /items/cwxrb272/22944?key=smooth HTTP/1.1" 404 1251 "-" "Mozilla/5.0 (Linux; Android 6.0.1; Nexus 5X Build/MMB29P) AppleWebKit/537.36 (KHTML, like Gecko) Chrome/137.0.7151.103 Mobile Safari/537.36 (compatible; Googlebot/2.1; +http://www.google.com/bot.html)"
66.249.74.64 - - [06/Jul/2025:17:22:07 -0400] "GET /q-~228iTWn4HTz5E8lc4E18Al0oIvMuvx8TX20747/ HTTP/1.1" 404 1251 "-" "Mozilla/5.0 (Linux; Android 6.0.1; Nexus 5X Build/MMB29P) AppleWebKit/537.36 (KHTML, like Gecko) Chrome/137.0.7151.103 Mobile Safari/537.36 (compatible; GoogleOther)"
2a03:2880:f800:16:: - - [06/Jul/2025:17:22:07 -0400] "GET /wp-includes/js/mediaelement/ HTTP/1.1" 200 1339 "-" "meta-externalagent/1.1 (+https://developers.facebook.com/docs/sharing/webmasters/crawler)"
2a03:2880:f800:1c:: - - [06/Jul/2025:17:22:16 -0400] "GET /wp-includes/assets/script-loader-react-refresh-entry.php HTTP/1.1" 403 1242 "-" "meta-externalagent/1.1 (+https://developers.facebook.com/docs/sharing/webmasters/crawler)"
66.249.74.65 - - [06/Jul/2025:17:23:00 -0400] "GET /q-~260nvr8qWm5CtUGLJ5MbRUXMPKjcGegOO23699/ HTTP/1.1" 404 1251 "-" "Mozilla/5.0 (Linux; Android 6.0.1; Nexus 5X Build/MMB29P) AppleWebKit/537.36 (KHTML, like Gecko) Chrome/137.0.7151.103 Mobile Safari/537.36 (compatible; GoogleOther)"
20.171.207.96 - - [06/Jul/2025:17:23:09 -0400] "GET /?/shakaikiban/index_html HTTP/1.1" 200 1470 "-" "Mozilla/5.0 AppleWebKit/537.36 (KHTML, like Gecko; compatible; GPTBot/1.2; +https://openai.com/gptbot)"
66.249.74.64 - - [06/Jul/2025:17:23:27 -0400] "GET /items/vggbm264/17232?key=beneath HTTP/1.1" 404 1251 "-" "Mozilla/5.0 (Linux; Android 6.0.1; Nexus 5X Build/MMB29P) AppleWebKit/537.36 (KHTML, like Gecko) Chrome/137.0.7151.103 Mobile Safari/537.36 (compatible; Googlebot/2.1; +http://www.google.com/bot.html)"
20.171.207.96 - - [06/Jul/2025:17:23:31 -0400] "GET /malvinas/2ii.shtml HTTP/1.1" 404 1251 "-" "Mozilla/5.0 AppleWebKit/537.36 (KHTML, like Gecko; compatible; GPTBot/1.2; +https://openai.com/gptbot)"
66.249.74.78 - - [06/Jul/2025:17:23:32 -0400] "GET /q-~198ZnZ9x7fafcQvgf50BArP4E0Gl0rCgT45175/ HTTP/1.1" 404 1251 "-" "Mozilla/5.0 (Linux; Android 6.0.1; Nexus 5X Build/MMB29P) AppleWebKit/537.36 (KHTML, like Gecko) Chrome/137.0.7151.103 Mobile Safari/537.36 (compatible; Googlebot/2.1; +http://www.google.com/bot.html)"
66.249.74.78 - - [06/Jul/2025:17:23:36 -0400] "GET /items/swqje107/20329?key=legend HTTP/1.1" 404 1251 "-" "Mozilla/5.0 (compatible; Googlebot/2.1; +http://www.google.com/bot.html)"
66.249.74.78 - - [06/Jul/2025:17:23:52 -0400] "GET /items/ghqtb82/37792?key=economy HTTP/1.1" 404 1251 "-" "Mozilla/5.0 (compatible; Googlebot/2.1; +http://www.google.com/bot.html)"
66.249.74.65 - - [06/Jul/2025:17:24:01 -0400] "GET /q-~178wujtkgPVhbxLiim97cirzZDJdbKicM21/ HTTP/1.1" 404 1251 "-" "Mozilla/5.0 (compatible; Googlebot/2.1; +http://www.google.com/bot.html)"
66.249.74.78 - - [06/Jul/2025:17:24:02 -0400] "GET /q-~178wujtkgPVhbxLiim97cirzZDJdbKicM21/ HTTP/1.1" 404 1251 "-" "Mozilla/5.0 (Linux; Android 6.0.1; Nexus 5X Build/MMB29P) AppleWebKit/537.36 (KHTML, like Gecko) Chrome/137.0.7151.103 Mobile Safari/537.36 (compatible; Googlebot/2.1; +http://www.google.com/bot.html)"
66.249.74.65 - - [06/Jul/2025:17:24:02 -0400] "GET /q-~180y9X5AdNRQ1UTxGvRjrKfEboNKaRwsB8289/ HTTP/1.1" 404 1251 "-" "Mozilla/5.0 (Linux; Android 6.0.1; Nexus 5X Build/MMB29P) AppleWebKit/537.36 (KHTML, like Gecko) Chrome/137.0.7151.103 Mobile Safari/537.36 (compatible; Googlebot/2.1; +http://www.google.com/bot.html)"
66.249.74.65 - - [06/Jul/2025:17:24:03 -0400] "GET /items/cqtnw86/45600?key=perceived HTTP/1.1" 404 1251 "-" "Mozilla/5.0 (Linux; Android 6.0.1; Nexus 5X Build/MMB29P) AppleWebKit/537.36 (KHTML, like Gecko) Chrome/137.0.7151.103 Mobile Safari/537.36 (compatible; Googlebot/2.1; +http://www.google.com/bot.html)"
66.249.74.78 - - [06/Jul/2025:17:24:30 -0400] "GET /q-~245gDv8g6mhth7TzWH8oPeuJEZK0DiCDO18974/ HTTP/1.1" 404 1251 "-" "Mozilla/5.0 (compatible; Googlebot/2.1; +http://www.google.com/bot.html)"
66.249.74.78 - - [06/Jul/2025:17:24:38 -0400] "GET /q-~70PJPgQQnjBBLM5tQwNpteB9SHC82TwM47575/ HTTP/1.1" 404 1251 "-" "Mozilla/5.0 (compatible; Googlebot/2.1; +http://www.google.com/bot.html)"
66.249.74.78 - - [06/Jul/2025:17:24:39 -0400] "GET /q-~241VBqnUTIClOKcmoUwzmiJRBBVgpXywO21732/ HTTP/1.1" 404 1251 "-" "Mozilla/5.0 (compatible; Googlebot/2.1; +http://www.google.com/bot.html)"
66.249.74.78 - - [06/Jul/2025:17:24:46 -0400] "GET /q-~33ITuCfVycc708XeWYnurtm0XXaKnA3Z18998/ HTTP/1.1" 404 1251 "-" "Mozilla/5.0 (compatible; Googlebot/2.1; +http://www.google.com/bot.html)"
66.249.74.78 - - [06/Jul/2025:17:24:48 -0400] "GET /q-~125fUny1ahtWWRP18wkI3ZjPz6uAWHdpR636/ HTTP/1.1" 404 1251 "-" "Mozilla/5.0 (compatible; Googlebot/2.1; +http://www.google.com/bot.html)"
66.249.74.78 - - [06/Jul/2025:17:24:55 -0400] "GET /q-~215cDdRsnaSOu6gT5OumQTlj5vSRuEaOq23798/ HTTP/1.1" 404 1251 "-" "Mozilla/5.0 (Linux; Android 6.0.1; Nexus 5X Build/MMB29P) AppleWebKit/537.36 (KHTML, like Gecko) Chrome/137.0.7151.103 Mobile Safari/537.36 (compatible; Googlebot/2.1; +http://www.google.com/bot.html)"
66.249.74.78 - - [06/Jul/2025:17:24:58 -0400] "GET /q-~57czvsr6QuDn3zlIE3MVvF96Tw0a2EfD44204/ HTTP/1.1" 404 1251 "-" "Mozilla/5.0 (Linux; Android 6.0.1; Nexus 5X Build/MMB29P) AppleWebKit/537.36 (KHTML, like Gecko) Chrome/137.0.7151.103 Mobile Safari/537.36 (compatible; Googlebot/2.1; +http://www.google.com/bot.html)"
66.249.74.65 - - [06/Jul/2025:17:25:01 -0400] "GET /q-~284ocZ07WftRoTf71fRTHqVAj12datvgO16695/ HTTP/1.1" 404 1251 "-" "Mozilla/5.0 (Linux; Android 6.0.1; Nexus 5X Build/MMB29P) AppleWebKit/537.36 (KHTML, like Gecko) Chrome/137.0.7151.103 Mobile Safari/537.36 (compatible; Googlebot/2.1; +http://www.google.com/bot.html)"
66.249.74.78 - - [06/Jul/2025:17:25:06 -0400] "GET /items/vxgjk215/37851?key=civilization HTTP/1.1" 404 1251 "-" "Mozilla/5.0 (Linux; Android 6.0.1; Nexus 5X Build/MMB29P) AppleWebKit/537.36 (KHTML, like Gecko) Chrome/137.0.7151.103 Mobile Safari/537.36 (compatible; Googlebot/2.1; +http://www.google.com/bot.html)"
66.249.74.78 - - [06/Jul/2025:17:25:07 -0400] "GET /items/llvzd286/1320?key=car HTTP/1.1" 404 1251 "-" "Mozilla/5.0 (Linux; Android 6.0.1; Nexus 5X Build/MMB29P) AppleWebKit/537.36 (KHTML, like Gecko) Chrome/137.0.7151.103 Mobile Safari/537.36 (compatible; GoogleOther)"
66.249.74.78 - - [06/Jul/2025:17:25:26 -0400] "GET /items/qayor190/42320?key=era HTTP/1.1" 404 1251 "-" "Mozilla/5.0 (compatible; Googlebot/2.1; +http://www.google.com/bot.html)"
66.249.74.78 - - [06/Jul/2025:17:25:47 -0400] "GET /q-~65BrKXsMDvrBdNERCgYPOsNpy0H1QDIh12152/ HTTP/1.1" 404 1251 "-" "Mozilla/5.0 (Linux; Android 6.0.1; Nexus 5X Build/MMB29P) AppleWebKit/537.36 (KHTML, like Gecko) Chrome/137.0.7151.103 Mobile Safari/537.36 (compatible; GoogleOther)"
66.249.74.78 - - [06/Jul/2025:17:25:54 -0400] "GET /q-~261mqBgBkUQIWRpNIf1T6yhbXLi84ALXk48212/ HTTP/1.1" 404 1251 "-" "Mozilla/5.0 (compatible; Googlebot/2.1; +http://www.google.com/bot.html)"
66.249.74.78 - - [06/Jul/2025:17:26:09 -0400] "GET /items/aowzi36/30674?key=recession HTTP/1.1" 404 1251 "-" "Mozilla/5.0 (Linux; Android 6.0.1; Nexus 5X Build/MMB29P) AppleWebKit/537.36 (KHTML, like Gecko) Chrome/137.0.7151.103 Mobile Safari/537.36 (compatible; GoogleOther)"
66.249.74.78 - - [06/Jul/2025:17:26:26 -0400] "GET /q-~265joE1b6J53NRDLrIV2BaRovog9oqN0T40588/ HTTP/1.1" 404 1251 "-" "Mozilla/5.0 (Linux; Android 6.0.1; Nexus 5X Build/MMB29P) AppleWebKit/537.36 (KHTML, like Gecko) Chrome/137.0.7151.103 Mobile Safari/537.36 (compatible; Googlebot/2.1; +http://www.google.com/bot.html)"
66.249.74.64 - - [06/Jul/2025:17:26:26 -0400] "GET /items/anbfn251/7759?key=hurricane HTTP/1.1" 404 1251 "-" "Mozilla/5.0 (compatible; Googlebot/2.1; +http://www.google.com/bot.html)"
66.249.74.71 - - [06/Jul/2025:17:26:45 -0400] "GET /items/vqnno123/24553?key=sound HTTP/1.1" 404 1251 "-" "Mozilla/5.0 (compatible; Googlebot/2.1; +http://www.google.com/bot.html)"
66.249.74.71 - - [06/Jul/2025:17:26:49 -0400] "GET /items/qtknm129/29279?key=effort HTTP/1.1" 404 1251 "-" "Mozilla/5.0 (Linux; Android 6.0.1; Nexus 5X Build/MMB29P) AppleWebKit/537.36 (KHTML, like Gecko) Chrome/137.0.7151.103 Mobile Safari/537.36 (compatible; Googlebot/2.1; +http://www.google.com/bot.html)"
66.249.74.72 - - [06/Jul/2025:17:27:06 -0400] "GET /q-~82WbWtatlRMJ8hrOlQmi6xkj5lQ5OLnl36883/ HTTP/1.1" 404 1251 "-" "Mozilla/5.0 (Linux; Android 6.0.1; Nexus 5X Build/MMB29P) AppleWebKit/537.36 (KHTML, like Gecko) Chrome/137.0.7151.103 Mobile Safari/537.36 (compatible; GoogleOther)"
66.249.73.72 - - [06/Jul/2025:17:27:08 -0400] "GET /items/mvyxj93/34621?key=active HTTP/1.1" 404 1251 "-" "Mozilla/5.0 (Linux; Android 6.0.1; Nexus 5X Build/MMB29P) AppleWebKit/537.36 (KHTML, like Gecko) Chrome/137.0.7151.103 Mobile Safari/537.36 (compatible; Googlebot/2.1; +http://www.google.com/bot.html)"
66.249.74.72 - - [06/Jul/2025:17:27:22 -0400] "GET /items/vvjjq142/19926?key=concrete HTTP/1.1" 404 1251 "-" "Mozilla/5.0 (compatible; Googlebot/2.1; +http://www.google.com/bot.html)"
66.249.74.72 - - [06/Jul/2025:17:28:03 -0400] "GET /q-~77iGRlW84tixGjsZdqWWvVUD9h03Nt0I49346/ HTTP/1.1" 404 1251 "-" "Mozilla/5.0 (compatible; Googlebot/2.1; +http://www.google.com/bot.html)"
66.249.74.72 - - [06/Jul/2025:17:28:04 -0400] "GET /q-~111J9pO6k2g3wWX5Rhenn8yIsg7mZJ9uK34858/ HTTP/1.1" 404 1251 "-" "Mozilla/5.0 (Linux; Android 6.0.1; Nexus 5X Build/MMB29P) AppleWebKit/537.36 (KHTML, like Gecko) Chrome/137.0.7151.103 Mobile Safari/537.36 (compatible; Googlebot/2.1; +http://www.google.com/bot.html)"
66.249.74.72 - - [06/Jul/2025:17:28:11 -0400] "GET /q-~279yAw6Rn3YykuoxQEAj0DTUu0zNY0Atu13852/ HTTP/1.1" 404 1251 "-" "Mozilla/5.0 (Linux; Android 6.0.1; Nexus 5X Build/MMB29P) AppleWebKit/537.36 (KHTML, like Gecko) Chrome/137.0.7151.103 Mobile Safari/537.36 (compatible; Googlebot/2.1; +http://www.google.com/bot.html)"
66.249.74.71 - - [06/Jul/2025:17:28:16 -0400] "GET /items/lrlbz141/48547?key=sense HTTP/1.1" 404 1251 "-" "Mozilla/5.0 (Linux; Android 6.0.1; Nexus 5X Build/MMB29P) AppleWebKit/537.36 (KHTML, like Gecko) Chrome/137.0.7151.103 Mobile Safari/537.36 (compatible; Googlebot/2.1; +http://www.google.com/bot.html)"
66.249.74.71 - - [06/Jul/2025:17:28:28 -0400] "GET /items/ywccx130/43204?key=productivity HTTP/1.1" 404 1251 "-" "Mozilla/5.0 (Linux; Android 6.0.1; Nexus 5X Build/MMB29P) AppleWebKit/537.36 (KHTML, like Gecko) Chrome/137.0.7151.103 Mobile Safari/537.36 (compatible; GoogleOther)"
66.249.74.71 - - [06/Jul/2025:17:28:33 -0400] "GET /items/vkkpl174/37166?key=scream HTTP/1.1" 404 1251 "-" "Mozilla/5.0 (Linux; Android 6.0.1; Nexus 5X Build/MMB29P) AppleWebKit/537.36 (KHTML, like Gecko) Chrome/137.0.7151.103 Mobile Safari/537.36 (compatible; Googlebot/2.1; +http://www.google.com/bot.html)"
114.119.146.142 - - [06/Jul/2025:17:28:42 -0400] "GET /index.php/querist/yyfO.html HTTP/1.1" 404 1251 "-" "Mozilla/5.0 (Linux; Android 7.0;) AppleWebKit/537.36 (KHTML, like Gecko) Mobile Safari/537.36 (compatible; PetalBot;+https://webmaster.petalsearch.com/site/petalbot)"
66.249.74.71 - - [06/Jul/2025:17:28:47 -0400] "GET /items/rerpe229/37357?key=acceptable HTTP/1.1" 404 1251 "-" "Mozilla/5.0 (Linux; Android 6.0.1; Nexus 5X Build/MMB29P) AppleWebKit/537.36 (KHTML, like Gecko) Chrome/137.0.7151.103 Mobile Safari/537.36 (compatible; GoogleOther)"
20.171.207.96 - - [06/Jul/2025:17:28:48 -0400] "GET /imu/nlqe9F2.htm HTTP/1.1" 404 1251 "-" "Mozilla/5.0 AppleWebKit/537.36 (KHTML, like Gecko; compatible; GPTBot/1.2; +https://openai.com/gptbot)"
66.249.74.73 - - [06/Jul/2025:17:29:14 -0400] "GET /items/eehtp279/48917?key=assess HTTP/1.1" 404 1251 "-" "Mozilla/5.0 (Linux; Android 6.0.1; Nexus 5X Build/MMB29P) AppleWebKit/537.36 (KHTML, like Gecko) Chrome/137.0.7151.103 Mobile Safari/537.36 (compatible; Googlebot/2.1; +http://www.google.com/bot.html)"
66.249.74.71 - - [06/Jul/2025:17:29:28 -0400] "GET /q-~204bC5dKB6LJgJnZn0sl5JNjbk3NpDeAL8205/ HTTP/1.1" 404 1251 "-" "Mozilla/5.0 (Linux; Android 6.0.1; Nexus 5X Build/MMB29P) AppleWebKit/537.36 (KHTML, like Gecko) Chrome/137.0.7151.103 Mobile Safari/537.36 (compatible; GoogleOther)"
20.171.207.96 - - [06/Jul/2025:17:29:34 -0400] "GET /parasitize/oHj8g.htm HTTP/1.1" 404 1251 "-" "Mozilla/5.0 AppleWebKit/537.36 (KHTML, like Gecko; compatible; GPTBot/1.2; +https://openai.com/gptbot)"
66.249.74.71 - - [06/Jul/2025:17:29:36 -0400] "GET /q-~255L2cTV8SIbrBHrOG2FRat4qIvUexHPf9030/ HTTP/1.1" 404 1251 "-" "Mozilla/5.0 (compatible; Googlebot/2.1; +http://www.google.com/bot.html)"
66.249.74.71 - - [06/Jul/2025:17:29:55 -0400] "GET /items/rnxlm81/49429?key=useful HTTP/1.1" 404 1251 "-" "Mozilla/5.0 (Linux; Android 6.0.1; Nexus 5X Build/MMB29P) AppleWebKit/537.36 (KHTML, like Gecko) Chrome/137.0.7151.103 Mobile Safari/537.36 (compatible; Googlebot/2.1; +http://www.google.com/bot.html)"
66.249.74.71 - - [06/Jul/2025:17:29:58 -0400] "GET /q-~273AwGe5ULPDF3OHFRoGfFEjZ1kVwYDBK41628/ HTTP/1.1" 404 1251 "-" "Mozilla/5.0 (compatible; Googlebot/2.1; +http://www.google.com/bot.html)"
20.171.207.96 - - [06/Jul/2025:17:29:59 -0400] "GET /keywords/5313pa.htm HTTP/1.1" 404 1251 "-" "Mozilla/5.0 AppleWebKit/537.36 (KHTML, like Gecko; compatible; GPTBot/1.2; +https://openai.com/gptbot)"
66.249.74.73 - - [06/Jul/2025:17:30:07 -0400] "GET /q-~60PoYx8dwmfQpYVRzrzf0yyOBxbZxsst47511/ HTTP/1.1" 404 1251 "-" "Mozilla/5.0 (compatible; Googlebot/2.1; +http://www.google.com/bot.html)"
66.249.74.71 - - [06/Jul/2025:17:30:08 -0400] "GET /items/fsuvo172/42592?key=crystal HTTP/1.1" 404 1251 "-" "Mozilla/5.0 (Linux; Android 6.0.1; Nexus 5X Build/MMB29P) AppleWebKit/537.36 (KHTML, like Gecko) Chrome/137.0.7151.103 Mobile Safari/537.36 (compatible; Googlebot/2.1; +http://www.google.com/bot.html)"
66.249.74.71 - - [06/Jul/2025:17:30:12 -0400] "GET /q-~292HUyh4knSbgVLauOYObLRtxXyz3c6dl32367/ HTTP/1.1" 404 1251 "-" "Mozilla/5.0 (compatible; Googlebot/2.1; +http://www.google.com/bot.html)"
66.249.74.71 - - [06/Jul/2025:17:30:19 -0400] "GET /items/aldwz115/35621?key=dump HTTP/1.1" 404 1251 "-" "Mozilla/5.0 (compatible; Googlebot/2.1; +http://www.google.com/bot.html)"
66.249.74.71 - - [06/Jul/2025:17:30:22 -0400] "GET /q-~163xVqm6XCBvCLnbKmBtmc4ka28vadIPK35012/ HTTP/1.1" 404 1251 "-" "Mozilla/5.0 (compatible; Googlebot/2.1; +http://www.google.com/bot.html)"
66.249.74.71 - - [06/Jul/2025:17:30:30 -0400] "GET /q-~68fnDL1bg4wcmhBUs9L24l7LsDIjTmzK27003/ HTTP/1.1" 404 1251 "-" "Mozilla/5.0 (Linux; Android 6.0.1; Nexus 5X Build/MMB29P) AppleWebKit/537.36 (KHTML, like Gecko) Chrome/137.0.7151.103 Mobile Safari/537.36 (compatible; GoogleOther)"
66.249.74.71 - - [06/Jul/2025:17:30:33 -0400] "GET /q-~34hNcwdQ89wEf24fjesNJiAnSvuSjWIZ10227/ HTTP/1.1" 404 1251 "-" "Mozilla/5.0 (compatible; Googlebot/2.1; +http://www.google.com/bot.html)"
66.249.74.71 - - [06/Jul/2025:17:30:34 -0400] "GET /q-~154YDzscGbEWxkwybCJNG474WZfr5Tanb26947/ HTTP/1.1" 404 1251 "-" "Mozilla/5.0 (Linux; Android 6.0.1; Nexus 5X Build/MMB29P) AppleWebKit/537.36 (KHTML, like Gecko) Chrome/137.0.7151.103 Mobile Safari/537.36 (compatible; Googlebot/2.1; +http://www.google.com/bot.html)"
66.249.74.71 - - [06/Jul/2025:17:30:48 -0400] "GET /items/iampu82/47702?key=kit HTTP/1.1" 404 1251 "-" "Mozilla/5.0 (Linux; Android 6.0.1; Nexus 5X Build/MMB29P) AppleWebKit/537.36 (KHTML, like Gecko) Chrome/137.0.7151.103 Mobile Safari/537.36 (compatible; Googlebot/2.1; +http://www.google.com/bot.html)"
66.249.74.71 - - [06/Jul/2025:17:30:59 -0400] "GET /items/tnngz139/35865?key=workout HTTP/1.1" 404 1251 "-" "Mozilla/5.0 (compatible; Googlebot/2.1; +http://www.google.com/bot.html)"
66.249.74.73 - - [06/Jul/2025:17:31:04 -0400] "GET /q-~229q3UeVAD5AaYptB0Yjkw1YaT1pSyX2c16462/ HTTP/1.1" 404 1251 "-" "Mozilla/5.0 (Linux; Android 6.0.1; Nexus 5X Build/MMB29P) AppleWebKit/537.36 (KHTML, like Gecko) Chrome/137.0.7151.103 Mobile Safari/537.36 (compatible; Googlebot/2.1; +http://www.google.com/bot.html)"
34.148.51.29 - - [06/Jul/2025:17:31:07 -0400] "GET /?SA HTTP/1.1" 200 1485 "-" "ZoominfoBot (zoominfobot at zoominfo dot com)"
66.249.74.71 - - [06/Jul/2025:17:31:13 -0400] "GET /items/ghqtb287/37587?key=patron HTTP/1.1" 404 1251 "-" "Mozilla/5.0 (compatible; Googlebot/2.1; +http://www.google.com/bot.html)"
208.110.64.178 - - [06/Jul/2025:17:31:14 -0400] "GET /wp-content/admin.php HTTP/1.1" 404 1251 "https://nas-yemen.org/wp-content/admin.php" "Mozilla/5.0 (Windows NT 10.0; Win64; x64) AppleWebKit/537.36 (KHTML, like Gecko) Chrome/58.0.3029.110 Safari/537.3"
