84.200.193.64 - - [06/Jul/2025:22:40:45 -0400] "GET /author/19/ HTTP/1.1" 404 1251 "-" "Mozilla/5.0 (Windows NT 6.3; WOW64; Trident/7.0; MDDCJS; rv:11.0) like Gecko"
84.200.193.64 - - [06/Jul/2025:22:40:46 -0400] "GET /author/20/ HTTP/1.1" 404 1251 "-" "Mozilla/5.0 (Windows NT 6.3; WOW64; Trident/7.0; MDDCJS; rv:11.0) like Gecko"
84.200.193.64 - - [06/Jul/2025:22:40:46 -0400] "GET /author/21/ HTTP/1.1" 404 1251 "-" "Mozilla/5.0 (Windows NT 6.3; WOW64; Trident/7.0; MDDCJS; rv:11.0) like Gecko"
84.200.193.64 - - [06/Jul/2025:22:40:46 -0400] "GET /author/22/ HTTP/1.1" 404 1251 "-" "Mozilla/5.0 (Windows NT 6.3; WOW64; Trident/7.0; MDDCJS; rv:11.0) like Gecko"
84.200.193.64 - - [06/Jul/2025:22:40:47 -0400] "GET /author/23/ HTTP/1.1" 404 1251 "-" "Mozilla/5.0 (Windows NT 6.3; WOW64; Trident/7.0; MDDCJS; rv:11.0) like Gecko"
84.200.193.64 - - [06/Jul/2025:22:40:47 -0400] "GET /author/24/ HTTP/1.1" 404 1251 "-" "Mozilla/5.0 (Windows NT 6.3; WOW64; Trident/7.0; MDDCJS; rv:11.0) like Gecko"
84.200.193.64 - - [06/Jul/2025:22:40:48 -0400] "GET /author/25/ HTTP/1.1" 404 1251 "-" "Mozilla/5.0 (Windows NT 6.3; WOW64; Trident/7.0; MDDCJS; rv:11.0) like Gecko"
84.200.193.64 - - [06/Jul/2025:22:40:48 -0400] "GET /author/26/ HTTP/1.1" 404 1251 "-" "Mozilla/5.0 (Windows NT 6.3; WOW64; Trident/7.0; MDDCJS; rv:11.0) like Gecko"
84.200.193.64 - - [06/Jul/2025:22:40:49 -0400] "GET /author/27/ HTTP/1.1" 404 1251 "-" "Mozilla/5.0 (Windows NT 6.3; WOW64; Trident/7.0; MDDCJS; rv:11.0) like Gecko"
84.200.193.64 - - [06/Jul/2025:22:40:49 -0400] "GET /author/28/ HTTP/1.1" 404 1251 "-" "Mozilla/5.0 (Windows NT 6.3; WOW64; Trident/7.0; MDDCJS; rv:11.0) like Gecko"
84.200.193.64 - - [06/Jul/2025:22:40:49 -0400] "GET /author/29/ HTTP/1.1" 404 1251 "-" "Mozilla/5.0 (Windows NT 6.3; WOW64; Trident/7.0; MDDCJS; rv:11.0) like Gecko"
84.200.193.64 - - [06/Jul/2025:22:40:49 -0400] "GET /author/30/ HTTP/1.1" 404 1251 "-" "Mozilla/5.0 (Windows NT 6.3; WOW64; Trident/7.0; MDDCJS; rv:11.0) like Gecko"
84.200.193.64 - - [06/Jul/2025:22:40:50 -0400] "GET /author/31/ HTTP/1.1" 404 1251 "-" "Mozilla/5.0 (Windows NT 6.3; WOW64; Trident/7.0; MDDCJS; rv:11.0) like Gecko"
84.200.193.64 - - [06/Jul/2025:22:40:50 -0400] "GET /author/32/ HTTP/1.1" 404 1251 "-" "Mozilla/5.0 (Windows NT 6.3; WOW64; Trident/7.0; MDDCJS; rv:11.0) like Gecko"
84.200.193.64 - - [06/Jul/2025:22:40:50 -0400] "GET /author/33/ HTTP/1.1" 404 1251 "-" "Mozilla/5.0 (Windows NT 6.3; WOW64; Trident/7.0; MDDCJS; rv:11.0) like Gecko"
84.200.193.64 - - [06/Jul/2025:22:40:51 -0400] "GET /author/34/ HTTP/1.1" 404 1251 "-" "Mozilla/5.0 (Windows NT 6.3; WOW64; Trident/7.0; MDDCJS; rv:11.0) like Gecko"
84.200.193.64 - - [06/Jul/2025:22:40:51 -0400] "GET /author/35/ HTTP/1.1" 404 1251 "-" "Mozilla/5.0 (Windows NT 6.3; WOW64; Trident/7.0; MDDCJS; rv:11.0) like Gecko"
84.200.193.64 - - [06/Jul/2025:22:40:52 -0400] "GET /author/36/ HTTP/1.1" 404 1251 "-" "Mozilla/5.0 (Windows NT 6.3; WOW64; Trident/7.0; MDDCJS; rv:11.0) like Gecko"
84.200.193.64 - - [06/Jul/2025:22:40:52 -0400] "GET /author/37/ HTTP/1.1" 404 1251 "-" "Mozilla/5.0 (Windows NT 6.3; WOW64; Trident/7.0; MDDCJS; rv:11.0) like Gecko"
84.200.193.64 - - [06/Jul/2025:22:40:52 -0400] "GET /author/38/ HTTP/1.1" 404 1251 "-" "Mozilla/5.0 (Windows NT 6.3; WOW64; Trident/7.0; MDDCJS; rv:11.0) like Gecko"
84.200.193.64 - - [06/Jul/2025:22:40:53 -0400] "GET /author/39/ HTTP/1.1" 404 1251 "-" "Mozilla/5.0 (Windows NT 6.3; WOW64; Trident/7.0; MDDCJS; rv:11.0) like Gecko"
66.249.74.78 - - [06/Jul/2025:22:40:53 -0400] "GET /q-~219CdqbIElyRvaYhqLq9zu72ie1n6SK4z41480/ HTTP/1.1" 404 1251 "-" "Mozilla/5.0 (Linux; Android 6.0.1; Nexus 5X Build/MMB29P) AppleWebKit/537.36 (KHTML, like Gecko) Chrome/137.0.7151.103 Mobile Safari/537.36 (compatible; Googlebot/2.1; +http://www.google.com/bot.html)"
84.200.193.64 - - [06/Jul/2025:22:40:53 -0400] "GET /author/40/ HTTP/1.1" 404 1251 "-" "Mozilla/5.0 (Windows NT 6.3; WOW64; Trident/7.0; MDDCJS; rv:11.0) like Gecko"
84.200.193.64 - - [06/Jul/2025:22:40:53 -0400] "GET /xmlrpc.php HTTP/1.1" 403 1242 "-" "Mozilla/5.0 (Windows NT 6.3; WOW64; Trident/7.0; MDDCJS; rv:11.0) like Gecko"
66.29.146.47 - - [06/Jul/2025:22:40:54 -0400] "POST /wp-cron.php?doing_wp_cron=1751856054.3619740009307861328125 HTTP/1.1" 403 1242 "-" "WordPress/6.8; https://nas-yemen.org"
84.200.193.64 - - [06/Jul/2025:22:40:54 -0400] "POST /wp-login.php HTTP/1.1" 200 2096 "-" "Mozilla/5.0 (Windows NT 6.3; WOW64; Trident/7.0; MDDCJS; rv:11.0) like Gecko"
84.200.193.64 - - [06/Jul/2025:22:40:55 -0400] "POST /wp-login.php HTTP/1.1" 200 2099 "-" "Mozilla/5.0 (Windows NT 6.3; WOW64; Trident/7.0; MDDCJS; rv:11.0) like Gecko"
84.200.193.64 - - [06/Jul/2025:22:40:56 -0400] "POST /wp-login.php HTTP/1.1" 200 2093 "-" "Mozilla/5.0 (Windows NT 6.3; WOW64; Trident/7.0; MDDCJS; rv:11.0) like Gecko"
84.200.193.64 - - [06/Jul/2025:22:40:57 -0400] "POST /wp-login.php HTTP/1.1" 200 2093 "-" "Mozilla/5.0 (Windows NT 6.3; WOW64; Trident/7.0; MDDCJS; rv:11.0) like Gecko"
66.249.74.78 - - [06/Jul/2025:22:40:57 -0400] "GET /q-~170ab1z9a4uQ3cUqSdobeo0LbdrFqMNVc769/ HTTP/1.1" 404 1251 "-" "Mozilla/5.0 (Linux; Android 6.0.1; Nexus 5X Build/MMB29P) AppleWebKit/537.36 (KHTML, like Gecko) Chrome/137.0.7151.103 Mobile Safari/537.36 (compatible; Googlebot/2.1; +http://www.google.com/bot.html)"
84.200.193.64 - - [06/Jul/2025:22:40:58 -0400] "POST /wp-login.php HTTP/1.1" 200 2093 "-" "Mozilla/5.0 (Windows NT 6.3; WOW64; Trident/7.0; MDDCJS; rv:11.0) like Gecko"
84.200.193.64 - - [06/Jul/2025:22:40:59 -0400] "POST /wp-login.php HTTP/1.1" 200 2091 "-" "Mozilla/5.0 (Windows NT 6.3; WOW64; Trident/7.0; MDDCJS; rv:11.0) like Gecko"
40.77.167.53 - - [06/Jul/2025:22:41:19 -0400] "GET /bosoinfo.html HTTP/1.1" 404 1251 "-" "Mozilla/5.0 AppleWebKit/537.36 (KHTML, like Gecko; compatible; bingbot/2.0; +http://www.bing.com/bingbot.htm) Chrome/116.0.1938.76 Safari/537.36"
66.249.74.65 - - [06/Jul/2025:22:41:23 -0400] "GET /q-~221a5bA6TkemSUjjh4azjHz5jAmBmRERG42884/ HTTP/1.1" 404 1251 "-" "Mozilla/5.0 (compatible; Googlebot/2.1; +http://www.google.com/bot.html)"
66.249.74.64 - - [06/Jul/2025:22:41:26 -0400] "GET /items/qgwrn269/26099?key=snow HTTP/1.1" 404 1251 "-" "Mozilla/5.0 (Linux; Android 6.0.1; Nexus 5X Build/MMB29P) AppleWebKit/537.36 (KHTML, like Gecko) Chrome/137.0.7151.103 Mobile Safari/537.36 (compatible; Googlebot/2.1; +http://www.google.com/bot.html)"
66.249.74.78 - - [06/Jul/2025:22:41:35 -0400] "GET /q-~224MiRkuGtcnsvHuP3d50N34ZhHSFadgV13071/ HTTP/1.1" 404 1251 "-" "Mozilla/5.0 (compatible; Googlebot/2.1; +http://www.google.com/bot.html)"
114.119.153.131 - - [06/Jul/2025:22:41:50 -0400] "GET /index.php/obscenity/e7h0wb.shtml HTTP/1.1" 404 1251 "-" "Mozilla/5.0 (Linux; Android 7.0;) AppleWebKit/537.36 (KHTML, like Gecko) Mobile Safari/537.36 (compatible; PetalBot;+https://webmaster.petalsearch.com/site/petalbot)"
66.249.74.78 - - [06/Jul/2025:22:41:52 -0400] "GET /items/yrqos115/36849?key=weakness HTTP/1.1" 404 1251 "-" "Mozilla/5.0 (Linux; Android 6.0.1; Nexus 5X Build/MMB29P) AppleWebKit/537.36 (KHTML, like Gecko) Chrome/137.0.7151.103 Mobile Safari/537.36 (compatible; Googlebot/2.1; +http://www.google.com/bot.html)"
66.249.74.78 - - [06/Jul/2025:22:42:02 -0400] "GET /q-~17kgNp7oKiW86tIoW1xv7WHcmlYWuF0Y22126/ HTTP/1.1" 404 1251 "-" "Mozilla/5.0 (compatible; Googlebot/2.1; +http://www.google.com/bot.html)"
66.249.74.71 - - [06/Jul/2025:22:42:34 -0400] "GET /q-~67VPVUBJ89mqgeen6jbqZIR0HGj1bcGZ35586/ HTTP/1.1" 404 1251 "-" "Mozilla/5.0 (compatible; Googlebot/2.1; +http://www.google.com/bot.html)"
66.249.74.72 - - [06/Jul/2025:22:42:34 -0400] "GET /q-~67VPVUBJ89mqgeen6jbqZIR0HGj1bcGZ35586/ HTTP/1.1" 404 1251 "-" "Mozilla/5.0 (Linux; Android 6.0.1; Nexus 5X Build/MMB29P) AppleWebKit/537.36 (KHTML, like Gecko) Chrome/137.0.7151.103 Mobile Safari/537.36 (compatible; Googlebot/2.1; +http://www.google.com/bot.html)"
66.249.74.71 - - [06/Jul/2025:22:42:40 -0400] "GET /items/yvngb104/4320?key=sad HTTP/1.1" 404 1251 "-" "Mozilla/5.0 (compatible; Googlebot/2.1; +http://www.google.com/bot.html)"
66.249.74.71 - - [06/Jul/2025:22:42:41 -0400] "GET /q-~293SnALaKh0PpM9sJKXTw0S0ysYjxxq3x38380/ HTTP/1.1" 404 1251 "-" "Mozilla/5.0 (Linux; Android 6.0.1; Nexus 5X Build/MMB29P) AppleWebKit/537.36 (KHTML, like Gecko) Chrome/137.0.7151.103 Mobile Safari/537.36 (compatible; Googlebot/2.1; +http://www.google.com/bot.html)"
66.249.74.71 - - [06/Jul/2025:22:42:52 -0400] "GET /q-~175YoSHu38uz8FXi4uWszQMEokhWjrzBD43360/ HTTP/1.1" 404 1251 "-" "Mozilla/5.0 (compatible; Googlebot/2.1; +http://www.google.com/bot.html)"
66.249.74.71 - - [06/Jul/2025:22:42:57 -0400] "GET /q-~216LBJiH9YxC0ucjriVVnJHS9qHtCWkIU14897/ HTTP/1.1" 404 1251 "-" "Mozilla/5.0 (Linux; Android 6.0.1; Nexus 5X Build/MMB29P) AppleWebKit/537.36 (KHTML, like Gecko) Chrome/137.0.7151.103 Mobile Safari/537.36 (compatible; Googlebot/2.1; +http://www.google.com/bot.html)"
66.249.74.73 - - [06/Jul/2025:22:43:05 -0400] "GET /items/okaog221/42661?key=nutrient HTTP/1.1" 404 1251 "-" "Mozilla/5.0 (Linux; Android 6.0.1; Nexus 5X Build/MMB29P) AppleWebKit/537.36 (KHTML, like Gecko) Chrome/137.0.7151.103 Mobile Safari/537.36 (compatible; Googlebot/2.1; +http://www.google.com/bot.html)"
66.249.74.73 - - [06/Jul/2025:22:43:05 -0400] "GET /q-~265npyTrwKUVm9gi9AdX2c3hM8gBebOTq19950/ HTTP/1.1" 404 1251 "-" "Mozilla/5.0 (Linux; Android 6.0.1; Nexus 5X Build/MMB29P) AppleWebKit/537.36 (KHTML, like Gecko) Chrome/137.0.7151.103 Mobile Safari/537.36 (compatible; GoogleOther)"
66.249.74.71 - - [06/Jul/2025:22:43:13 -0400] "GET /q-~292li4mwbOeyaPL3Cd1RClft1l7Cn2pmA49791/ HTTP/1.1" 404 1251 "-" "Mozilla/5.0 (compatible; Googlebot/2.1; +http://www.google.com/bot.html)"
114.119.133.126 - - [06/Jul/2025:22:43:13 -0400] "GET /index.php/bean/H9sqb4.html HTTP/1.1" 404 1251 "-" "Mozilla/5.0 (Linux; Android 7.0;) AppleWebKit/537.36 (KHTML, like Gecko) Mobile Safari/537.36 (compatible; PetalBot;+https://webmaster.petalsearch.com/site/petalbot)"
66.249.74.71 - - [06/Jul/2025:22:43:18 -0400] "GET /q-~177i95ApdIZcU7OtOo5bA0H89RqzIGGie12762/ HTTP/1.1" 404 1251 "-" "Mozilla/5.0 (Linux; Android 6.0.1; Nexus 5X Build/MMB29P) AppleWebKit/537.36 (KHTML, like Gecko) Chrome/137.0.7151.103 Mobile Safari/537.36 (compatible; Googlebot/2.1; +http://www.google.com/bot.html)"
66.249.74.71 - - [06/Jul/2025:22:43:19 -0400] "GET /q-~154pbKwywnub7ERc0PLt0h7ghDoLiKeqH43305/ HTTP/1.1" 404 1251 "-" "Mozilla/5.0 (compatible; Googlebot/2.1; +http://www.google.com/bot.html)"
66.249.74.71 - - [06/Jul/2025:22:43:31 -0400] "GET /items/zmpyd166/5364?key=oil HTTP/1.1" 404 1251 "-" "Mozilla/5.0 (compatible; Googlebot/2.1; +http://www.google.com/bot.html)"
66.249.74.71 - - [06/Jul/2025:22:43:34 -0400] "GET /items/vmovr127/17895?key=thumb HTTP/1.1" 404 1251 "-" "Mozilla/5.0 (compatible; Googlebot/2.1; +http://www.google.com/bot.html)"
66.249.74.71 - - [06/Jul/2025:22:43:37 -0400] "GET /items/xpgte2/47446?key=shock HTTP/1.1" 404 1251 "-" "Mozilla/5.0 (compatible; Googlebot/2.1; +http://www.google.com/bot.html)"
66.249.74.71 - - [06/Jul/2025:22:43:52 -0400] "GET /q-~106Duypt79fAjMa1wUVIlVVAU11uh9Hhy1307/ HTTP/1.1" 404 1251 "-" "Mozilla/5.0 (Linux; Android 6.0.1; Nexus 5X Build/MMB29P) AppleWebKit/537.36 (KHTML, like Gecko) Chrome/137.0.7151.103 Mobile Safari/537.36 (compatible; Googlebot/2.1; +http://www.google.com/bot.html)"
2a01:7e01::2000:2fff:fe25:5af6 - - [06/Jul/2025:22:43:58 -0400] "GET /items/raxuw35/209 HTTP/1.1" 404 1251 "-" "Fuzz Faster U Fool v2.1.0-dev"
66.249.74.72 - - [06/Jul/2025:22:44:00 -0400] "GET /q-~83uwlcVnoCzxr86dxCeZMKiI3Q5Qd65w45558/ HTTP/1.1" 404 1251 "-" "Mozilla/5.0 (compatible; Googlebot/2.1; +http://www.google.com/bot.html)"
66.249.74.72 - - [06/Jul/2025:22:44:06 -0400] "GET /q-~48F43VgS1UEoHZ79WhELCXIdSZSNsWZA49917/ HTTP/1.1" 404 1251 "-" "Mozilla/5.0 (compatible; Googlebot/2.1; +http://www.google.com/bot.html)"
66.249.74.71 - - [06/Jul/2025:22:44:17 -0400] "GET /q-~283VbWQTru2nPoCgrfGAtCrYTerEiLkTE23048/ HTTP/1.1" 404 1251 "-" "Mozilla/5.0 (Linux; Android 6.0.1; Nexus 5X Build/MMB29P) AppleWebKit/537.36 (KHTML, like Gecko) Chrome/137.0.7151.103 Mobile Safari/537.36 (compatible; Googlebot/2.1; +http://www.google.com/bot.html)"
66.249.74.71 - - [06/Jul/2025:22:44:21 -0400] "GET /q-~175ww7rI53dFxKVEUt7YxvoOy7xSFMx6d23152/ HTTP/1.1" 404 1251 "-" "Mozilla/5.0 (Linux; Android 6.0.1; Nexus 5X Build/MMB29P) AppleWebKit/537.36 (KHTML, like Gecko) Chrome/137.0.7151.103 Mobile Safari/537.36 (compatible; Googlebot/2.1; +http://www.google.com/bot.html)"
66.249.74.71 - - [06/Jul/2025:22:44:25 -0400] "GET /q-~271zptJnu55sQbspXZXZG6Od05W4rVx5v20522/ HTTP/1.1" 404 1251 "-" "Mozilla/5.0 (compatible; Googlebot/2.1; +http://www.google.com/bot.html)"
66.249.74.71 - - [06/Jul/2025:22:44:26 -0400] "GET /q-~54I9pFRfhrxhE7W5S1U5nbvpE3683nQY35129/ HTTP/1.1" 404 1251 "-" "Mozilla/5.0 (compatible; Googlebot/2.1; +http://www.google.com/bot.html)"
66.249.74.71 - - [06/Jul/2025:22:44:27 -0400] "GET /items/vwktn112/552?key=mainly HTTP/1.1" 404 1251 "-" "Mozilla/5.0 (compatible; Googlebot/2.1; +http://www.google.com/bot.html)"
66.249.74.71 - - [06/Jul/2025:22:44:50 -0400] "GET /q-~114nreOSWXaVoEDTce445PnuSwFpelGsL1825/ HTTP/1.1" 404 1251 "-" "Mozilla/5.0 (Linux; Android 6.0.1; Nexus 5X Build/MMB29P) AppleWebKit/537.36 (KHTML, like Gecko) Chrome/137.0.7151.103 Mobile Safari/537.36 (compatible; Googlebot/2.1; +http://www.google.com/bot.html)"
114.119.131.136 - - [06/Jul/2025:22:44:54 -0400] "GET /index.php/epistle/d8gO97.shtml HTTP/1.1" 404 1251 "-" "Mozilla/5.0 (Linux; Android 7.0;) AppleWebKit/537.36 (KHTML, like Gecko) Mobile Safari/537.36 (compatible; PetalBot;+https://webmaster.petalsearch.com/site/petalbot)"
66.249.73.65 - - [06/Jul/2025:22:45:29 -0400] "GET /avsoft.html HTTP/1.1" 404 1251 "-" "Mozilla/5.0 (Linux; Android 6.0.1; Nexus 5X Build/MMB29P) AppleWebKit/537.36 (KHTML, like Gecko) Chrome/137.0.7151.103 Mobile Safari/537.36 (compatible; Googlebot/2.1; +http://www.google.com/bot.html)"
66.249.74.72 - - [06/Jul/2025:22:45:34 -0400] "GET /items/gyaqk155/10961?key=rid HTTP/1.1" 404 1251 "-" "Mozilla/5.0 (Linux; Android 6.0.1; Nexus 5X Build/MMB29P) AppleWebKit/537.36 (KHTML, like Gecko) Chrome/137.0.7151.103 Mobile Safari/537.36 (compatible; Googlebot/2.1; +http://www.google.com/bot.html)"
66.249.74.71 - - [06/Jul/2025:22:45:38 -0400] "GET /items/eawwc244/4190?key=promote HTTP/1.1" 404 1251 "-" "Mozilla/5.0 (Linux; Android 6.0.1; Nexus 5X Build/MMB29P) AppleWebKit/537.36 (KHTML, like Gecko) Chrome/137.0.7151.103 Mobile Safari/537.36 (compatible; Googlebot/2.1; +http://www.google.com/bot.html)"
114.119.133.126 - - [06/Jul/2025:22:46:00 -0400] "GET /index.php/hypostyle/o3aa.htm HTTP/1.1" 404 1251 "-" "Mozilla/5.0 (Linux; Android 7.0;) AppleWebKit/537.36 (KHTML, like Gecko) Mobile Safari/537.36 (compatible; PetalBot;+https://webmaster.petalsearch.com/site/petalbot)"
66.249.74.71 - - [06/Jul/2025:22:46:08 -0400] "GET /q-~163enDzZSP4vhE5pXr3nzoohCYEmU2Bzk37826/ HTTP/1.1" 404 1251 "-" "Mozilla/5.0 (Linux; Android 6.0.1; Nexus 5X Build/MMB29P) AppleWebKit/537.36 (KHTML, like Gecko) Chrome/137.0.7151.103 Mobile Safari/537.36 (compatible; Googlebot/2.1; +http://www.google.com/bot.html)"
66.249.74.71 - - [06/Jul/2025:22:46:13 -0400] "GET /q-~140JTUyDCKEin5Pel4MXfH79838L2mnRP17875/ HTTP/1.1" 404 1251 "-" "Mozilla/5.0 (Linux; Android 6.0.1; Nexus 5X Build/MMB29P) AppleWebKit/537.36 (KHTML, like Gecko) Chrome/137.0.7151.103 Mobile Safari/537.36 (compatible; Googlebot/2.1; +http://www.google.com/bot.html)"
66.249.74.72 - - [06/Jul/2025:22:46:14 -0400] "GET /q-~267ZImkOqs6CatpdFJAxuJdI7hKA03xCf34148/ HTTP/1.1" 404 1251 "-" "Mozilla/5.0 (compatible; Googlebot/2.1; +http://www.google.com/bot.html)"
66.249.74.71 - - [06/Jul/2025:22:46:19 -0400] "GET /q-~175MPtQuRZxuLuEiZyQaIJHyZQ0QVJHEZ41100/ HTTP/1.1" 404 1251 "-" "Mozilla/5.0 (Linux; Android 6.0.1; Nexus 5X Build/MMB29P) AppleWebKit/537.36 (KHTML, like Gecko) Chrome/137.0.7151.103 Mobile Safari/537.36 (compatible; Googlebot/2.1; +http://www.google.com/bot.html)"
66.249.74.71 - - [06/Jul/2025:22:46:20 -0400] "GET /items/fqvzq248/20380?key=otherwise HTTP/1.1" 404 1251 "-" "Mozilla/5.0 (compatible; Googlebot/2.1; +http://www.google.com/bot.html)"
66.249.74.71 - - [06/Jul/2025:22:46:45 -0400] "GET /q-~168mKNjQXab9bK3ItMmhDRZtX9LIRnBaN1177/ HTTP/1.1" 404 1251 "-" "Mozilla/5.0 (Linux; Android 6.0.1; Nexus 5X Build/MMB29P) AppleWebKit/537.36 (KHTML, like Gecko) Chrome/137.0.7151.103 Mobile Safari/537.36 (compatible; Googlebot/2.1; +http://www.google.com/bot.html)"
66.249.74.71 - - [06/Jul/2025:22:46:53 -0400] "GET /q-~197i3AzdmlEtVRvLXZJlTuYU2izqgwlyb15400/ HTTP/1.1" 404 1251 "-" "Mozilla/5.0 (Linux; Android 6.0.1; Nexus 5X Build/MMB29P) AppleWebKit/537.36 (KHTML, like Gecko) Chrome/137.0.7151.103 Mobile Safari/537.36 (compatible; Googlebot/2.1; +http://www.google.com/bot.html)"
66.249.74.73 - - [06/Jul/2025:22:47:07 -0400] "GET /q-~47V6ekhwOEAgeTEES91gM4kP4DuRHsYB48878/ HTTP/1.1" 404 1251 "-" "Mozilla/5.0 (compatible; Googlebot/2.1; +http://www.google.com/bot.html)"
66.249.74.71 - - [06/Jul/2025:22:47:13 -0400] "GET /q-~96I1VcT8ayK9uc0DtiPfVqKBEl75O2pc18423/ HTTP/1.1" 404 1251 "-" "Mozilla/5.0 (compatible; Googlebot/2.1; +http://www.google.com/bot.html)"
114.119.153.131 - - [06/Jul/2025:22:47:23 -0400] "GET /index.php/hermitship/z907bLf.htm HTTP/1.1" 404 1251 "-" "Mozilla/5.0 (Linux; Android 7.0;) AppleWebKit/537.36 (KHTML, like Gecko) Mobile Safari/537.36 (compatible; PetalBot;+https://webmaster.petalsearch.com/site/petalbot)"
66.249.74.71 - - [06/Jul/2025:22:47:26 -0400] "GET /items/syzhn255/11657?key=ideological HTTP/1.1" 404 1251 "-" "Mozilla/5.0 (compatible; Googlebot/2.1; +http://www.google.com/bot.html)"
66.249.74.71 - - [06/Jul/2025:22:47:33 -0400] "GET /q-~233od3G40rBJAKDUTjavnXDojJYbmzpzj43666/ HTTP/1.1" 404 1251 "-" "Mozilla/5.0 (compatible; Googlebot/2.1; +http://www.google.com/bot.html)"
66.249.74.71 - - [06/Jul/2025:22:47:38 -0400] "GET /q-~53Gy1IbPmZ7FJ4gU2uIl1ew8yihr7KyF26834/ HTTP/1.1" 404 1251 "-" "Mozilla/5.0 (Linux; Android 6.0.1; Nexus 5X Build/MMB29P) AppleWebKit/537.36 (KHTML, like Gecko) Chrome/137.0.7151.103 Mobile Safari/537.36 (compatible; Googlebot/2.1; +http://www.google.com/bot.html)"
66.249.74.71 - - [06/Jul/2025:22:47:38 -0400] "GET /q-~267gQxpt2EHis7UKwgoSuk0JaStFBbIOe46320/ HTTP/1.1" 404 1251 "-" "Mozilla/5.0 (Linux; Android 6.0.1; Nexus 5X Build/MMB29P) AppleWebKit/537.36 (KHTML, like Gecko) Chrome/137.0.7151.103 Mobile Safari/537.36 (compatible; Googlebot/2.1; +http://www.google.com/bot.html)"
66.249.74.71 - - [06/Jul/2025:22:47:39 -0400] "GET /q-~267gQxpt2EHis7UKwgoSuk0JaStFBbIOe46320/ HTTP/1.1" 404 1251 "-" "Mozilla/5.0 (compatible; Googlebot/2.1; +http://www.google.com/bot.html)"
2a03:2880:27ff:9:: - - [06/Jul/2025:22:48:12 -0400] "GET /robots.txt HTTP/1.1" 304 0 "-" "facebookexternalhit/1.1 (+http://www.facebook.com/externalhit_uatext.php)"
66.249.74.71 - - [06/Jul/2025:22:48:13 -0400] "GET /items/nwjog105/29275?key=message HTTP/1.1" 404 1251 "-" "Mozilla/5.0 (compatible; Googlebot/2.1; +http://www.google.com/bot.html)"
66.249.74.71 - - [06/Jul/2025:22:48:22 -0400] "GET /q-~180ACUHnJwccw9PPtDJCohYRraWykqC0c24625/ HTTP/1.1" 404 1251 "-" "Mozilla/5.0 (compatible; Googlebot/2.1; +http://www.google.com/bot.html)"
66.249.74.72 - - [06/Jul/2025:22:48:26 -0400] "GET /items/lyups76/34146?key=say HTTP/1.1" 404 1251 "-" "Mozilla/5.0 (Linux; Android 6.0.1; Nexus 5X Build/MMB29P) AppleWebKit/537.36 (KHTML, like Gecko) Chrome/137.0.7151.103 Mobile Safari/537.36 (compatible; Googlebot/2.1; +http://www.google.com/bot.html)"
66.249.74.71 - - [06/Jul/2025:22:48:31 -0400] "GET /items/ffgcg164/3040?key=offense HTTP/1.1" 404 1251 "-" "Mozilla/5.0 (Linux; Android 6.0.1; Nexus 5X Build/MMB29P) AppleWebKit/537.36 (KHTML, like Gecko) Chrome/137.0.7151.103 Mobile Safari/537.36 (compatible; Googlebot/2.1; +http://www.google.com/bot.html)"
208.110.64.178 - - [06/Jul/2025:22:48:36 -0400] "GET /wp-content/admin.php HTTP/1.1" 404 1251 "https://nas-yemen.org/wp-content/admin.php" "Mozilla/5.0 (Windows NT 10.0; Win64; x64) AppleWebKit/537.36 (KHTML, like Gecko) Chrome/58.0.3029.110 Safari/537.3"
66.249.74.71 - - [06/Jul/2025:22:48:41 -0400] "GET /q-~211oJw6pqQGpexbcRGf4wsk8M4fIVuqDa27498/ HTTP/1.1" 404 1251 "-" "Mozilla/5.0 (Linux; Android 6.0.1; Nexus 5X Build/MMB29P) AppleWebKit/537.36 (KHTML, like Gecko) Chrome/137.0.7151.103 Mobile Safari/537.36 (compatible; Googlebot/2.1; +http://www.google.com/bot.html)"
66.249.74.71 - - [06/Jul/2025:22:48:48 -0400] "GET /q-~170MS4aUEyYrHu9eOXBJVnGAMq8IfLNPX15605/ HTTP/1.1" 404 1251 "-" "Mozilla/5.0 (compatible; Googlebot/2.1; +http://www.google.com/bot.html)"
66.249.74.73 - - [06/Jul/2025:22:49:03 -0400] "GET /q-~108R9xuljVZof94PSm4jbbl6109357Gzz19827/ HTTP/1.1" 404 1251 "-" "Mozilla/5.0 (compatible; Googlebot/2.1; +http://www.google.com/bot.html)"
15.204.43.173 - - [06/Jul/2025:22:49:09 -0400] "POST /xmlrpc.php HTTP/1.1" 403 1242 "https://nas-yemen.org" "Mozilla/5.0 (Windows NT 10.0; Win64; x64) AppleWebKit/537.36 (KHTML, like Gecko) Chrome/112.0.5615.138 Safari/537.36 Edg/112.0.1722.68"
66.249.74.72 - - [06/Jul/2025:22:49:13 -0400] "GET /q-~105yhX9gOv71TzufokhdF6aMbyhUbVzNa47558/ HTTP/1.1" 404 1251 "-" "Mozilla/5.0 (compatible; Googlebot/2.1; +http://www.google.com/bot.html)"
66.249.74.71 - - [06/Jul/2025:22:49:27 -0400] "GET /q-~274oEfGPBiX1vFFRpB31mhHvzxeqwfQIq31341/ HTTP/1.1" 404 1251 "-" "Mozilla/5.0 (Linux; Android 6.0.1; Nexus 5X Build/MMB29P) AppleWebKit/537.36 (KHTML, like Gecko) Chrome/137.0.7151.103 Mobile Safari/537.36 (compatible; Googlebot/2.1; +http://www.google.com/bot.html)"
66.249.74.71 - - [06/Jul/2025:22:49:39 -0400] "GET /q-~30CO0u7rV4IQYMSrAY4efJTCJJedCnot6263/ HTTP/1.1" 404 1251 "-" "Mozilla/5.0 (Linux; Android 6.0.1; Nexus 5X Build/MMB29P) AppleWebKit/537.36 (KHTML, like Gecko) Chrome/137.0.7151.103 Mobile Safari/537.36 (compatible; Googlebot/2.1; +http://www.google.com/bot.html)"
66.249.74.71 - - [06/Jul/2025:22:49:43 -0400] "GET /items/helkq166/31630?key=philosophy HTTP/1.1" 404 1251 "-" "Mozilla/5.0 (Linux; Android 6.0.1; Nexus 5X Build/MMB29P) AppleWebKit/537.36 (KHTML, like Gecko) Chrome/137.0.7151.103 Mobile Safari/537.36 (compatible; Googlebot/2.1; +http://www.google.com/bot.html)"
123.1.133.4 - - [06/Jul/2025:22:49:49 -0400] "GET /xmlrpc.php HTTP/1.1" 403 1242 "http://nas-yemen.org" "Mozilla/5.0 (Macintosh; Intel Mac OS X 10_15_7) AppleWebKit/537.36 (KHTML, like Gecko) Chrome/126.0.0.0 Safari/537.36"
66.249.74.71 - - [06/Jul/2025:22:49:53 -0400] "GET /q-~254jHD3rHOjvab8Qd3UfHxdC873UNayHC2491/ HTTP/1.1" 404 1251 "-" "Mozilla/5.0 (Linux; Android 6.0.1; Nexus 5X Build/MMB29P) AppleWebKit/537.36 (KHTML, like Gecko) Chrome/137.0.7151.103 Mobile Safari/537.36 (compatible; Googlebot/2.1; +http://www.google.com/bot.html)"
66.249.74.71 - - [06/Jul/2025:22:49:58 -0400] "GET /q-~274ZB6RvDpidtpkLyUWR7ZDlX7YoSsgAN15919/ HTTP/1.1" 404 1251 "-" "Mozilla/5.0 (Linux; Android 6.0.1; Nexus 5X Build/MMB29P) AppleWebKit/537.36 (KHTML, like Gecko) Chrome/137.0.7151.103 Mobile Safari/537.36 (compatible; Googlebot/2.1; +http://www.google.com/bot.html)"
66.249.74.71 - - [06/Jul/2025:22:50:05 -0400] "GET /q-~214UwidBUZRqUEGurXXFOiKi4pbNuqvnD46761/ HTTP/1.1" 404 1251 "-" "Mozilla/5.0 (compatible; Googlebot/2.1; +http://www.google.com/bot.html)"
66.249.74.72 - - [06/Jul/2025:22:50:15 -0400] "GET /q-~218NliYEDJzxYeEYk8AlGgslnUL1UV53s28191/ HTTP/1.1" 404 1251 "-" "Mozilla/5.0 (Linux; Android 6.0.1; Nexus 5X Build/MMB29P) AppleWebKit/537.36 (KHTML, like Gecko) Chrome/137.0.7151.103 Mobile Safari/537.36 (compatible; Googlebot/2.1; +http://www.google.com/bot.html)"
66.249.74.71 - - [06/Jul/2025:22:50:30 -0400] "GET /q-~36v0Ysy13yo12xk2b3HmPXJiTOp7Amzl38843/ HTTP/1.1" 404 1251 "-" "Mozilla/5.0 (Linux; Android 6.0.1; Nexus 5X Build/MMB29P) AppleWebKit/537.36 (KHTML, like Gecko) Chrome/137.0.7151.103 Mobile Safari/537.36 (compatible; Googlebot/2.1; +http://www.google.com/bot.html)"
66.249.74.71 - - [06/Jul/2025:22:51:28 -0400] "GET /items/ukqra115/12883?key=future HTTP/1.1" 404 1251 "-" "Mozilla/5.0 (compatible; Googlebot/2.1; +http://www.google.com/bot.html)"
66.249.74.71 - - [06/Jul/2025:22:51:53 -0400] "GET /items/zgxmo280/40240?key=same HTTP/1.1" 404 1251 "-" "Mozilla/5.0 (Linux; Android 6.0.1; Nexus 5X Build/MMB29P) AppleWebKit/537.36 (KHTML, like Gecko) Chrome/137.0.7151.103 Mobile Safari/537.36 (compatible; Googlebot/2.1; +http://www.google.com/bot.html)"
66.249.74.72 - - [06/Jul/2025:22:52:09 -0400] "GET /q-~17bawI81vnHNhCBOoLUeaf62ZiZ1yyvA34198/ HTTP/1.1" 404 1251 "-" "Mozilla/5.0 (compatible; Googlebot/2.1; +http://www.google.com/bot.html)"
66.249.74.72 - - [06/Jul/2025:22:52:19 -0400] "GET /items/nhyma11/38381?key=publisher HTTP/1.1" 404 1251 "-" "Mozilla/5.0 (Linux; Android 6.0.1; Nexus 5X Build/MMB29P) AppleWebKit/537.36 (KHTML, like Gecko) Chrome/137.0.7151.103 Mobile Safari/537.36 (compatible; Googlebot/2.1; +http://www.google.com/bot.html)"
66.249.74.71 - - [06/Jul/2025:22:52:21 -0400] "GET /items/irqrs185/9049?key=drive HTTP/1.1" 404 1251 "-" "Mozilla/5.0 (Linux; Android 6.0.1; Nexus 5X Build/MMB29P) AppleWebKit/537.36 (KHTML, like Gecko) Chrome/137.0.7151.103 Mobile Safari/537.36 (compatible; Googlebot/2.1; +http://www.google.com/bot.html)"
66.249.74.71 - - [06/Jul/2025:22:52:28 -0400] "GET /q-~229KHmUwNHv6JdEHiL9NYmgagtXuqttMZ34070/ HTTP/1.1" 404 1251 "-" "Mozilla/5.0 (Linux; Android 6.0.1; Nexus 5X Build/MMB29P) AppleWebKit/537.36 (KHTML, like Gecko) Chrome/137.0.7151.103 Mobile Safari/537.36 (compatible; Googlebot/2.1; +http://www.google.com/bot.html)"
66.249.74.71 - - [06/Jul/2025:22:52:38 -0400] "GET /q-~51BsMPX0PiguvefSTaTisIJOia0fA2tU11976/ HTTP/1.1" 404 1251 "-" "Mozilla/5.0 (Linux; Android 6.0.1; Nexus 5X Build/MMB29P) AppleWebKit/537.36 (KHTML, like Gecko) Chrome/137.0.7151.103 Mobile Safari/537.36 (compatible; Googlebot/2.1; +http://www.google.com/bot.html)"
66.249.74.71 - - [06/Jul/2025:22:52:59 -0400] "GET /items/dwfwt6/13128?key=garlic HTTP/1.1" 404 1251 "-" "Mozilla/5.0 (Linux; Android 6.0.1; Nexus 5X Build/MMB29P) AppleWebKit/537.36 (KHTML, like Gecko) Chrome/137.0.7151.103 Mobile Safari/537.36 (compatible; Googlebot/2.1; +http://www.google.com/bot.html)"
66.249.74.72 - - [06/Jul/2025:22:53:17 -0400] "GET /items/tvdkc173/28679?key=component HTTP/1.1" 404 1251 "-" "Mozilla/5.0 (Linux; Android 6.0.1; Nexus 5X Build/MMB29P) AppleWebKit/537.36 (KHTML, like Gecko) Chrome/137.0.7151.103 Mobile Safari/537.36 (compatible; Googlebot/2.1; +http://www.google.com/bot.html)"
66.249.74.71 - - [06/Jul/2025:22:53:31 -0400] "GET /q-~9VOQ9LXji81VJE3LLjwj8G2cOeRKAzk24164/ HTTP/1.1" 404 1251 "-" "Mozilla/5.0 (Linux; Android 6.0.1; Nexus 5X Build/MMB29P) AppleWebKit/537.36 (KHTML, like Gecko) Chrome/137.0.7151.103 Mobile Safari/537.36 (compatible; Googlebot/2.1; +http://www.google.com/bot.html)"
66.249.74.71 - - [06/Jul/2025:22:53:32 -0400] "GET /q-~156bLyze7ECsqjeKHW2wls4TcTRQKYjNW3279/ HTTP/1.1" 404 1251 "-" "Mozilla/5.0 (Linux; Android 6.0.1; Nexus 5X Build/MMB29P) AppleWebKit/537.36 (KHTML, like Gecko) Chrome/137.0.7151.103 Mobile Safari/537.36 (compatible; Googlebot/2.1; +http://www.google.com/bot.html)"
66.249.74.72 - - [06/Jul/2025:22:53:32 -0400] "GET /items/suvbr75/3371?key=signal HTTP/1.1" 404 1251 "-" "Mozilla/5.0 (Linux; Android 6.0.1; Nexus 5X Build/MMB29P) AppleWebKit/537.36 (KHTML, like Gecko) Chrome/137.0.7151.103 Mobile Safari/537.36 (compatible; Googlebot/2.1; +http://www.google.com/bot.html)"
66.249.74.72 - - [06/Jul/2025:22:53:34 -0400] "GET /q-~88UhlC04u8LLsVOuKPLJpSOJy3NoULRW21135/ HTTP/1.1" 404 1251 "-" "Mozilla/5.0 (Linux; Android 6.0.1; Nexus 5X Build/MMB29P) AppleWebKit/537.36 (KHTML, like Gecko) Chrome/137.0.7151.103 Mobile Safari/537.36 (compatible; Googlebot/2.1; +http://www.google.com/bot.html)"
114.119.144.65 - - [06/Jul/2025:22:53:55 -0400] "GET /index.php/whitworth/v7yx0p8.htm HTTP/1.1" 404 1251 "-" "Mozilla/5.0 (Linux; Android 7.0;) AppleWebKit/537.36 (KHTML, like Gecko) Mobile Safari/537.36 (compatible; PetalBot;+https://webmaster.petalsearch.com/site/petalbot)"
66.249.74.71 - - [06/Jul/2025:22:53:59 -0400] "GET /q-~40XmbhUnLIJrMceoqyUgryAJAXVFl4BB32373/ HTTP/1.1" 404 1251 "-" "Mozilla/5.0 (compatible; Googlebot/2.1; +http://www.google.com/bot.html)"
66.249.74.73 - - [06/Jul/2025:22:54:12 -0400] "GET /items/vtxgy54/26918?key=class HTTP/1.1" 404 1251 "-" "Mozilla/5.0 (Linux; Android 6.0.1; Nexus 5X Build/MMB29P) AppleWebKit/537.36 (KHTML, like Gecko) Chrome/137.0.7151.103 Mobile Safari/537.36 (compatible; Googlebot/2.1; +http://www.google.com/bot.html)"
66.249.74.73 - - [06/Jul/2025:22:54:16 -0400] "GET /q-~232M6ips2bGmkwBDKF49UQhrN0V3FKKsQ7353/ HTTP/1.1" 404 1251 "-" "Mozilla/5.0 (Linux; Android 6.0.1; Nexus 5X Build/MMB29P) AppleWebKit/537.36 (KHTML, like Gecko) Chrome/137.0.7151.103 Mobile Safari/537.36 (compatible; Googlebot/2.1; +http://www.google.com/bot.html)"
216.73.216.220 - - [06/Jul/2025:22:54:26 -0400] "GET / HTTP/1.1" 200 1470 "-" "Mozilla/5.0 AppleWebKit/537.36 (KHTML, like Gecko; compatible; ClaudeBot/1.0; [email protected])"
66.249.74.72 - - [06/Jul/2025:22:54:31 -0400] "GET /q-~222oV8dXtVli076LNAR80G1Q8ntgkc44b24767/ HTTP/1.1" 404 1251 "-" "Mozilla/5.0 (compatible; Googlebot/2.1; +http://www.google.com/bot.html)"
66.249.74.71 - - [06/Jul/2025:22:54:35 -0400] "GET /q-~7ZdHT9u8XdkxoPZuHVC0lm0IU5cHleC35156/ HTTP/1.1" 404 1251 "-" "Mozilla/5.0 (Linux; Android 6.0.1; Nexus 5X Build/MMB29P) AppleWebKit/537.36 (KHTML, like Gecko) Chrome/137.0.7151.103 Mobile Safari/537.36 (compatible; GoogleOther)"
57.141.0.20 - - [06/Jul/2025:22:54:44 -0400] "GET /wp-includes/Text/Diff/Renderer/ HTTP/1.1" 200 631 "-" "meta-externalagent/1.1 (+https://developers.facebook.com/docs/sharing/webmasters/crawler)"
66.249.74.71 - - [06/Jul/2025:22:54:45 -0400] "GET /items/ntzge113/47387?key=straighten HTTP/1.1" 404 1251 "-" "Mozilla/5.0 (Linux; Android 6.0.1; Nexus 5X Build/MMB29P) AppleWebKit/537.36 (KHTML, like Gecko) Chrome/137.0.7151.103 Mobile Safari/537.36 (compatible; Googlebot/2.1; +http://www.google.com/bot.html)"
66.249.74.71 - - [06/Jul/2025:22:54:45 -0400] "GET /items/zsyry188/48350?key=influence HTTP/1.1" 404 1251 "-" "Mozilla/5.0 (compatible; Googlebot/2.1; +http://www.google.com/bot.html)"
66.249.74.71 - - [06/Jul/2025:22:54:46 -0400] "GET /items/zsyry188/48350?key=influence HTTP/1.1" 404 1251 "-" "Mozilla/5.0 (Linux; Android 6.0.1; Nexus 5X Build/MMB29P) AppleWebKit/537.36 (KHTML, like Gecko) Chrome/137.0.7151.103 Mobile Safari/537.36 (compatible; Googlebot/2.1; +http://www.google.com/bot.html)"
66.249.74.71 - - [06/Jul/2025:22:54:50 -0400] "GET /q-~296QaqAEiM3ayCXejSyjQPPjgdlLIiZhM45447/ HTTP/1.1" 404 1251 "-" "Mozilla/5.0 (Linux; Android 6.0.1; Nexus 5X Build/MMB29P) AppleWebKit/537.36 (KHTML, like Gecko) Chrome/137.0.7151.103 Mobile Safari/537.36 (compatible; Googlebot/2.1; +http://www.google.com/bot.html)"
66.249.74.71 - - [06/Jul/2025:22:54:54 -0400] "GET /items/jahdr53/10949?key=steady HTTP/1.1" 404 1251 "-" "Mozilla/5.0 (Linux; Android 6.0.1; Nexus 5X Build/MMB29P) AppleWebKit/537.36 (KHTML, like Gecko) Chrome/137.0.7151.103 Mobile Safari/537.36 (compatible; Googlebot/2.1; +http://www.google.com/bot.html)"
114.119.133.253 - - [06/Jul/2025:22:55:19 -0400] "GET /index.php/mandean/1mOe.html HTTP/1.1" 404 1251 "-" "Mozilla/5.0 (Linux; Android 7.0;) AppleWebKit/537.36 (KHTML, like Gecko) Mobile Safari/537.36 (compatible; PetalBot;+https://webmaster.petalsearch.com/site/petalbot)"
66.249.74.72 - - [06/Jul/2025:22:55:40 -0400] "GET /q-~245s9qFiMqJ2EbHHJF7OKwIBOOKnSnEpM418/ HTTP/1.1" 404 1251 "-" "Mozilla/5.0 (Linux; Android 6.0.1; Nexus 5X Build/MMB29P) AppleWebKit/537.36 (KHTML, like Gecko) Chrome/137.0.7151.103 Mobile Safari/537.36 (compatible; Googlebot/2.1; +http://www.google.com/bot.html)"
40.77.167.28 - - [06/Jul/2025:22:55:42 -0400] "GET /index.php/list/ HTTP/1.1" 404 1251 "-" "Mozilla/5.0 AppleWebKit/537.36 (KHTML, like Gecko; compatible; bingbot/2.0; +http://www.bing.com/bingbot.htm) Chrome/116.0.1938.76 Safari/537.36"
66.249.74.71 - - [06/Jul/2025:22:55:55 -0400] "GET /q-~169T2idl33RJZkD8maPPeWEF3HI1R4ssp40338/ HTTP/1.1" 404 1251 "-" "Mozilla/5.0 (Linux; Android 6.0.1; Nexus 5X Build/MMB29P) AppleWebKit/537.36 (KHTML, like Gecko) Chrome/137.0.7151.103 Mobile Safari/537.36 (compatible; Googlebot/2.1; +http://www.google.com/bot.html)"
66.249.74.71 - - [06/Jul/2025:22:55:58 -0400] "GET /q-~288Eviw0i71vioSMCDPgl7c3cSuxpcvXK40895/ HTTP/1.1" 404 1251 "-" "Mozilla/5.0 (compatible; Googlebot/2.1; +http://www.google.com/bot.html)"
66.249.74.71 - - [06/Jul/2025:22:56:00 -0400] "GET /q-~172DsyBVP02Tip690FLKQ3HOmYAIiaIui39481/ HTTP/1.1" 404 1251 "-" "Mozilla/5.0 (Linux; Android 6.0.1; Nexus 5X Build/MMB29P) AppleWebKit/537.36 (KHTML, like Gecko) Chrome/137.0.7151.103 Mobile Safari/537.36 (compatible; GoogleOther)"
66.249.74.73 - - [06/Jul/2025:22:56:02 -0400] "GET /q-~169KSHqQzojtylpdF4snepqWMHEjpREyH30286/ HTTP/1.1" 404 1251 "-" "Mozilla/5.0 (Linux; Android 6.0.1; Nexus 5X Build/MMB29P) AppleWebKit/537.36 (KHTML, like Gecko) Chrome/137.0.7151.103 Mobile Safari/537.36 (compatible; GoogleOther)"
66.249.74.72 - - [06/Jul/2025:22:56:20 -0400] "GET /q-~233mNPGle6Y33UaXmFJyG3lJ9qm26gf0O4846/ HTTP/1.1" 404 1251 "-" "Mozilla/5.0 (Linux; Android 6.0.1; Nexus 5X Build/MMB29P) AppleWebKit/537.36 (KHTML, like Gecko) Chrome/137.0.7151.103 Mobile Safari/537.36 (compatible; Googlebot/2.1; +http://www.google.com/bot.html)"
66.249.74.71 - - [06/Jul/2025:22:56:27 -0400] "GET /q-~108MH6npcgE2HUY8PF6u8vVoQlea8uuof9921/ HTTP/1.1" 404 1251 "-" "Mozilla/5.0 (Linux; Android 6.0.1; Nexus 5X Build/MMB29P) AppleWebKit/537.36 (KHTML, like Gecko) Chrome/137.0.7151.103 Mobile Safari/537.36 (compatible; Googlebot/2.1; +http://www.google.com/bot.html)"
114.119.141.116 - - [06/Jul/2025:22:56:43 -0400] "GET /index.php/salable/8kBiv.shtml HTTP/1.1" 404 1251 "-" "Mozilla/5.0 (Linux; Android 7.0;) AppleWebKit/537.36 (KHTML, like Gecko) Mobile Safari/537.36 (compatible; PetalBot;+https://webmaster.petalsearch.com/site/petalbot)"
66.249.74.71 - - [06/Jul/2025:22:56:59 -0400] "GET /items/rlhra224/15234?key=two-thirds HTTP/1.1" 404 1251 "-" "Mozilla/5.0 (Linux; Android 6.0.1; Nexus 5X Build/MMB29P) AppleWebKit/537.36 (KHTML, like Gecko) Chrome/137.0.7151.103 Mobile Safari/537.36 (compatible; Googlebot/2.1; +http://www.google.com/bot.html)"
66.249.74.71 - - [06/Jul/2025:22:57:06 -0400] "GET /items/zjhue51/18819?key=absence HTTP/1.1" 404 1251 "-" "Mozilla/5.0 (Linux; Android 6.0.1; Nexus 5X Build/MMB29P) AppleWebKit/537.36 (KHTML, like Gecko) Chrome/137.0.7151.103 Mobile Safari/537.36 (compatible; Googlebot/2.1; +http://www.google.com/bot.html)"
66.249.74.73 - - [06/Jul/2025:22:57:07 -0400] "GET /items/zjhue51/18819?key=absence HTTP/1.1" 404 1251 "-" "Mozilla/5.0 (compatible; Googlebot/2.1; +http://www.google.com/bot.html)"
20.171.207.96 - - [06/Jul/2025:22:57:09 -0400] "GET /?sheepherder/1uvj6l6kh_html HTTP/1.1" 200 1470 "-" "Mozilla/5.0 AppleWebKit/537.36 (KHTML, like Gecko; compatible; GPTBot/1.2; +https://openai.com/gptbot)"
66.249.74.72 - - [06/Jul/2025:22:57:10 -0400] "GET /items/cbpme123/24269?key=sphere HTTP/1.1" 404 1251 "-" "Mozilla/5.0 (compatible; Googlebot/2.1; +http://www.google.com/bot.html)"
66.249.74.72 - - [06/Jul/2025:22:57:21 -0400] "GET /items/rcjym264/48754?key=grass HTTP/1.1" 404 1251 "-" "Mozilla/5.0 (Linux; Android 6.0.1; Nexus 5X Build/MMB29P) AppleWebKit/537.36 (KHTML, like Gecko) Chrome/137.0.7151.103 Mobile Safari/537.36 (compatible; Googlebot/2.1; +http://www.google.com/bot.html)"
66.249.74.71 - - [06/Jul/2025:22:57:26 -0400] "GET /q-~263mtpy5C7jThF9BYWSCD32OlTOdniSDj15074/ HTTP/1.1" 404 1251 "-" "Mozilla/5.0 (Linux; Android 6.0.1; Nexus 5X Build/MMB29P) AppleWebKit/537.36 (KHTML, like Gecko) Chrome/137.0.7151.103 Mobile Safari/537.36 (compatible; Googlebot/2.1; +http://www.google.com/bot.html)"
66.249.74.71 - - [06/Jul/2025:22:57:50 -0400] "GET /q-~11KCONIsahzg7gcNcN1DTkovNfenWwXy33472/ HTTP/1.1" 404 1251 "-" "Mozilla/5.0 (Linux; Android 6.0.1; Nexus 5X Build/MMB29P) AppleWebKit/537.36 (KHTML, like Gecko) Chrome/137.0.7151.103 Mobile Safari/537.36 (compatible; Googlebot/2.1; +http://www.google.com/bot.html)"
66.249.74.71 - - [06/Jul/2025:22:57:55 -0400] "GET /items/bhbqr239/579?key=engine HTTP/1.1" 404 1251 "-" "Mozilla/5.0 (compatible; Googlebot/2.1; +http://www.google.com/bot.html)"
66.249.74.71 - - [06/Jul/2025:22:57:56 -0400] "GET /items/nhwml130/15874?key=pleasure HTTP/1.1" 404 1251 "-" "Mozilla/5.0 (Linux; Android 6.0.1; Nexus 5X Build/MMB29P) AppleWebKit/537.36 (KHTML, like Gecko) Chrome/137.0.7151.103 Mobile Safari/537.36 (compatible; Googlebot/2.1; +http://www.google.com/bot.html)"
66.249.74.73 - - [06/Jul/2025:22:58:10 -0400] "GET /q-~84wVunBAg0PlwCNurPd9PMu26Zeg4iwx14947/ HTTP/1.1" 404 1251 "-" "Mozilla/5.0 (compatible; Googlebot/2.1; +http://www.google.com/bot.html)"
66.249.74.73 - - [06/Jul/2025:22:58:10 -0400] "GET /q-~130H57dileEpem4cPY0LtKcPunt2pVZJX46811/ HTTP/1.1" 404 1251 "-" "Mozilla/5.0 (Linux; Android 6.0.1; Nexus 5X Build/MMB29P) AppleWebKit/537.36 (KHTML, like Gecko) Chrome/137.0.7151.103 Mobile Safari/537.36 (compatible; Googlebot/2.1; +http://www.google.com/bot.html)"
66.249.74.71 - - [06/Jul/2025:22:58:18 -0400] "GET /q-~106rkpfgo2vSEcKca3prDBsBG0lxSHHZg3339/ HTTP/1.1" 404 1251 "-" "Mozilla/5.0 (Linux; Android 6.0.1; Nexus 5X Build/MMB29P) AppleWebKit/537.36 (KHTML, like Gecko) Chrome/137.0.7151.103 Mobile Safari/537.36 (compatible; GoogleOther)"
66.249.74.71 - - [06/Jul/2025:22:58:20 -0400] "GET /q-~14xqEGV1RZRuDWHu8UPectnAIv5YLvZM44753/ HTTP/1.1" 404 1251 "-" "Mozilla/5.0 (Linux; Android 6.0.1; Nexus 5X Build/MMB29P) AppleWebKit/537.36 (KHTML, like Gecko) Chrome/137.0.7151.103 Mobile Safari/537.36 (compatible; Googlebot/2.1; +http://www.google.com/bot.html)"
57.141.0.27 - - [06/Jul/2025:22:58:28 -0400] "GET / HTTP/1.1" 200 1473 "-" "meta-externalagent/1.1 (+https://developers.facebook.com/docs/sharing/webmasters/crawler)"
66.249.74.71 - - [06/Jul/2025:22:58:37 -0400] "GET /q-~250JdClAeG0j1fEiZRPyV2sI7DEs0i91y34763/ HTTP/1.1" 404 1251 "-" "Mozilla/5.0 (Linux; Android 6.0.1; Nexus 5X Build/MMB29P) AppleWebKit/537.36 (KHTML, like Gecko) Chrome/137.0.7151.103 Mobile Safari/537.36 (compatible; Googlebot/2.1; +http://www.google.com/bot.html)"
34.73.43.187 - - [06/Jul/2025:22:58:45 -0400] "GET /?SA HTTP/1.1" 200 1485 "-" "ZoominfoBot (zoominfobot at zoominfo dot com)"
66.249.74.71 - - [06/Jul/2025:22:58:50 -0400] "GET /q-~143R09Lj0bOka3Nvu5oNmfneJrmtsHTFI7488/ HTTP/1.1" 404 1251 "-" "Mozilla/5.0 (compatible; Googlebot/2.1; +http://www.google.com/bot.html)"
66.249.74.71 - - [06/Jul/2025:22:58:52 -0400] "GET /q-~17yhX9gOv71TzufokhdF6aMbyhUbVzNa47646/ HTTP/1.1" 404 1251 "-" "Mozilla/5.0 (compatible; Googlebot/2.1; +http://www.google.com/bot.html)"
66.249.74.72 - - [06/Jul/2025:22:59:00 -0400] "GET /q-~260ODgo1w2chKyowrpPcWMzcYTP7rHmgE13511/ HTTP/1.1" 404 1251 "-" "Mozilla/5.0 (Linux; Android 6.0.1; Nexus 5X Build/MMB29P) AppleWebKit/537.36 (KHTML, like Gecko) Chrome/137.0.7151.103 Mobile Safari/537.36 (compatible; GoogleOther)"
66.29.146.47 - - [06/Jul/2025:22:59:14 -0400] "POST /wp-cron.php?doing_wp_cron=1751857153.7506139278411865234375 HTTP/1.1" 403 1242 "-" "WordPress/6.8; https://nas-yemen.org"
18.208.110.105 - - [06/Jul/2025:22:59:06 -0400] "POST /wp-login.php HTTP/1.1" 200 2096 "-" "Mozilla/5.0"
57.141.0.20 - - [06/Jul/2025:22:59:36 -0400] "GET /wp-includes/customize/class-wp-customize-custom-css-setting.php HTTP/1.1" 403 1242 "-" "meta-externalagent/1.1 (+https://developers.facebook.com/docs/sharing/webmasters/crawler)"
66.249.74.72 - - [06/Jul/2025:22:59:38 -0400] "GET /items/egzoy86/8260?key=flat HTTP/1.1" 404 1251 "-" "Mozilla/5.0 (compatible; Googlebot/2.1; +http://www.google.com/bot.html)"
66.249.74.71 - - [06/Jul/2025:22:59:38 -0400] "GET /items/egzoy86/8260?key=flat HTTP/1.1" 404 1251 "-" "Mozilla/5.0 (Linux; Android 6.0.1; Nexus 5X Build/MMB29P) AppleWebKit/537.36 (KHTML, like Gecko) Chrome/137.0.7151.103 Mobile Safari/537.36 (compatible; Googlebot/2.1; +http://www.google.com/bot.html)"
66.249.74.71 - - [06/Jul/2025:22:59:47 -0400] "GET /items/okitj260/20842?key=anywhere HTTP/1.1" 404 1251 "-" "Mozilla/5.0 (Linux; Android 6.0.1; Nexus 5X Build/MMB29P) AppleWebKit/537.36 (KHTML, like Gecko) Chrome/137.0.7151.103 Mobile Safari/537.36 (compatible; Googlebot/2.1; +http://www.google.com/bot.html)"
66.249.74.71 - - [06/Jul/2025:22:59:51 -0400] "GET /items/wvqlg259/15135?key=painter HTTP/1.1" 404 1251 "-" "Mozilla/5.0 (Linux; Android 6.0.1; Nexus 5X Build/MMB29P) AppleWebKit/537.36 (KHTML, like Gecko) Chrome/137.0.7151.103 Mobile Safari/537.36 (compatible; Googlebot/2.1; +http://www.google.com/bot.html)"
66.249.74.71 - - [06/Jul/2025:22:59:53 -0400] "GET /q-~236vuiLqsIirVKUNR5qmenuYA51mKLxqr3069/ HTTP/1.1" 404 1251 "-" "Mozilla/5.0 (Linux; Android 6.0.1; Nexus 5X Build/MMB29P) AppleWebKit/537.36 (KHTML, like Gecko) Chrome/137.0.7151.103 Mobile Safari/537.36 (compatible; Googlebot/2.1; +http://www.google.com/bot.html)"
66.249.74.71 - - [06/Jul/2025:22:59:58 -0400] "GET /q-~152B15FMh51mXcx3j8Sklrf1mrKUQUTSf33637/ HTTP/1.1" 404 1251 "-" "Mozilla/5.0 (compatible; Googlebot/2.1; +http://www.google.com/bot.html)"
66.249.74.71 - - [06/Jul/2025:23:00:04 -0400] "GET /items/ypcng185/28209?key=equation HTTP/1.1" 404 1251 "-" "Mozilla/5.0 (compatible; Googlebot/2.1; +http://www.google.com/bot.html)"
66.249.74.72 - - [06/Jul/2025:23:00:10 -0400] "GET /items/mgwqt46/41578?key=encouraging HTTP/1.1" 404 1251 "-" "Mozilla/5.0 (Linux; Android 6.0.1; Nexus 5X Build/MMB29P) AppleWebKit/537.36 (KHTML, like Gecko) Chrome/137.0.7151.103 Mobile Safari/537.36 (compatible; Googlebot/2.1; +http://www.google.com/bot.html)"
66.249.74.71 - - [06/Jul/2025:23:00:16 -0400] "GET /q-~92qm5fBmiseRr5rmvN5FLbWpls0ngwEq32495/ HTTP/1.1" 404 1251 "-" "Mozilla/5.0 (Linux; Android 6.0.1; Nexus 5X Build/MMB29P) AppleWebKit/537.36 (KHTML, like Gecko) Chrome/137.0.7151.103 Mobile Safari/537.36 (compatible; Googlebot/2.1; +http://www.google.com/bot.html)"
66.249.74.71 - - [06/Jul/2025:23:00:17 -0400] "GET /q-~277xxqMgOo8hJPCYVxyRBtLFQpMVJk7NL29510/ HTTP/1.1" 404 1251 "-" "Mozilla/5.0 (Linux; Android 6.0.1; Nexus 5X Build/MMB29P) AppleWebKit/537.36 (KHTML, like Gecko) Chrome/137.0.7151.103 Mobile Safari/537.36 (compatible; Googlebot/2.1; +http://www.google.com/bot.html)"
66.249.74.71 - - [06/Jul/2025:23:00:28 -0400] "GET /items/yfsng102/15088?key=that HTTP/1.1" 404 1251 "-" "Mozilla/5.0 (Linux; Android 6.0.1; Nexus 5X Build/MMB29P) AppleWebKit/537.36 (KHTML, like Gecko) Chrome/137.0.7151.103 Mobile Safari/537.36 (compatible; Googlebot/2.1; +http://www.google.com/bot.html)"
66.249.74.71 - - [06/Jul/2025:23:00:31 -0400] "GET /items/lzeee22/49964?key=closer HTTP/1.1" 404 1251 "-" "Mozilla/5.0 (compatible; Googlebot/2.1; +http://www.google.com/bot.html)"
66.249.74.71 - - [06/Jul/2025:23:00:37 -0400] "GET /q-~287Ut8AVJedeYSzH6Gm0INMH51xVrW0kB22692/ HTTP/1.1" 404 1251 "-" "Mozilla/5.0 (Linux; Android 6.0.1; Nexus 5X Build/MMB29P) AppleWebKit/537.36 (KHTML, like Gecko) Chrome/137.0.7151.103 Mobile Safari/537.36 (compatible; GoogleOther)"
66.249.74.71 - - [06/Jul/2025:23:00:55 -0400] "GET /q-~24W3BGLeiG1cHoOZEojf3dcc5mNglwpx20413/ HTTP/1.1" 404 1251 "-" "Mozilla/5.0 (Linux; Android 6.0.1; Nexus 5X Build/MMB29P) AppleWebKit/537.36 (KHTML, like Gecko) Chrome/137.0.7151.103 Mobile Safari/537.36 (compatible; Googlebot/2.1; +http://www.google.com/bot.html)"
69.197.135.226 - - [06/Jul/2025:23:01:10 -0400] "GET /wp-content/admin.php HTTP/1.1" 404 1251 "https://nas-yemen.org/wp-content/admin.php" "Mozilla/5.0 (Windows NT 10.0; Win64; x64) AppleWebKit/537.36 (KHTML, like Gecko) Chrome/58.0.3029.110 Safari/537.3"
66.249.74.72 - - [06/Jul/2025:23:01:12 -0400] "GET /q-~110wXArH73E628YzEfY42wjnb2yXjA3jx46045/ HTTP/1.1" 404 1251 "-" "Mozilla/5.0 (Linux; Android 6.0.1; Nexus 5X Build/MMB29P) AppleWebKit/537.36 (KHTML, like Gecko) Chrome/137.0.7151.103 Mobile Safari/537.36 (compatible; Googlebot/2.1; +http://www.google.com/bot.html)"
57.141.0.27 - - [06/Jul/2025:23:01:13 -0400] "GET / HTTP/1.1" 200 1470 "-" "meta-externalagent/1.1 (+https://developers.facebook.com/docs/sharing/webmasters/crawler)"
66.249.74.71 - - [06/Jul/2025:23:01:24 -0400] "GET /items/rjvzp300/43822?key=readily HTTP/1.1" 404 1251 "-" "Mozilla/5.0 (compatible; Googlebot/2.1; +http://www.google.com/bot.html)"
66.249.74.71 - - [06/Jul/2025:23:02:00 -0400] "GET /q-~269d6RxTguTJTYIbvNKmvxzIEUirRXJrN14738/ HTTP/1.1" 404 1251 "-" "Mozilla/5.0 (Linux; Android 6.0.1; Nexus 5X Build/MMB29P) AppleWebKit/537.36 (KHTML, like Gecko) Chrome/137.0.7151.103 Mobile Safari/537.36 (compatible; GoogleOther)"
66.249.74.73 - - [06/Jul/2025:23:02:04 -0400] "GET /q-~49zOD3PZ5gw3hWa4Tu29ad8Br8sTwkAq44878/ HTTP/1.1" 404 1251 "-" "Mozilla/5.0 (Linux; Android 6.0.1; Nexus 5X Build/MMB29P) AppleWebKit/537.36 (KHTML, like Gecko) Chrome/137.0.7151.103 Mobile Safari/537.36 (compatible; Googlebot/2.1; +http://www.google.com/bot.html)"
66.249.74.72 - - [06/Jul/2025:23:02:15 -0400] "GET /items/kotkx232/41460?key=weaken HTTP/1.1" 404 1251 "-" "Mozilla/5.0 (Linux; Android 6.0.1; Nexus 5X Build/MMB29P) AppleWebKit/537.36 (KHTML, like Gecko) Chrome/137.0.7151.103 Mobile Safari/537.36 (compatible; Googlebot/2.1; +http://www.google.com/bot.html)"
66.249.74.71 - - [06/Jul/2025:23:02:26 -0400] "GET /?_ga=2.198039845.1956928957.1720904209-883864482.1699013672&_bdsid=9khxwz.n~FGIAI.1766878935596.1725528451&_bd_prev_page=https://nas-yemen.org/vendor.cgi?items/bdeat146/48674?key=content HTTP/1.1" 200 1470 "-" "Mozilla/5.0 (Linux; Android 6.0.1; Nexus 5X Build/MMB29P) AppleWebKit/537.36 (KHTML, like Gecko) Chrome/137.0.7151.103 Mobile Safari/537.36 (compatible; Googlebot/2.1; +http://www.google.com/bot.html)"
66.249.73.64 - - [06/Jul/2025:23:02:27 -0400] "GET /items/xmmbl54/35142?key=thick HTTP/1.1" 404 1251 "-" "Mozilla/5.0 (Linux; Android 6.0.1; Nexus 5X Build/MMB29P) AppleWebKit/537.36 (KHTML, like Gecko) Chrome/137.0.7151.103 Mobile Safari/537.36 (compatible; Googlebot/2.1; +http://www.google.com/bot.html)"
66.249.74.71 - - [06/Jul/2025:23:02:27 -0400] "GET /q-~188JpETOjjhCCPvbm5DDHRXPvk31XOXWY10953/ HTTP/1.1" 404 1251 "-" "Mozilla/5.0 (Linux; Android 6.0.1; Nexus 5X Build/MMB29P) AppleWebKit/537.36 (KHTML, like Gecko) Chrome/137.0.7151.103 Mobile Safari/537.36 (compatible; Googlebot/2.1; +http://www.google.com/bot.html)"
66.249.74.71 - - [06/Jul/2025:23:02:35 -0400] "GET /q-~255JRadr7KrcJfkeOHtNXfLLQVT9G2LXW2900/ HTTP/1.1" 404 1251 "-" "Mozilla/5.0 (Linux; Android 6.0.1; Nexus 5X Build/MMB29P) AppleWebKit/537.36 (KHTML, like Gecko) Chrome/137.0.7151.103 Mobile Safari/537.36 (compatible; Googlebot/2.1; +http://www.google.com/bot.html)"
66.249.74.78 - - [06/Jul/2025:23:02:55 -0400] "GET /q-~55nhhIdy2ckNql8xEi18TBueeSIR4ZOG44086/ HTTP/1.1" 404 1251 "-" "Mozilla/5.0 (Linux; Android 6.0.1; Nexus 5X Build/MMB29P) AppleWebKit/537.36 (KHTML, like Gecko) Chrome/137.0.7151.103 Mobile Safari/537.36 (compatible; GoogleOther)"
66.249.74.78 - - [06/Jul/2025:23:03:01 -0400] "GET /items/kkanx119/15661?key=traffic HTTP/1.1" 404 1251 "-" "Mozilla/5.0 (compatible; Googlebot/2.1; +http://www.google.com/bot.html)"
66.249.74.64 - - [06/Jul/2025:23:03:01 -0400] "GET /items/qavai90/24568?key=mathematics HTTP/1.1" 404 1251 "-" "Mozilla/5.0 (compatible; Googlebot/2.1; +http://www.google.com/bot.html)"
66.249.74.64 - - [06/Jul/2025:23:03:16 -0400] "GET /q-~71iOFLv8j3OEroybTfdSryKkHRJTOffs4374/ HTTP/1.1" 404 1251 "-" "Mozilla/5.0 (compatible; Googlebot/2.1; +http://www.google.com/bot.html)"
66.249.74.64 - - [06/Jul/2025:23:03:17 -0400] "GET /q-~229tSGpnE38PBrEFz0KWqt5tQRK7tbYSX9660/ HTTP/1.1" 404 1251 "-" "Mozilla/5.0 (Linux; Android 6.0.1; Nexus 5X Build/MMB29P) AppleWebKit/537.36 (KHTML, like Gecko) Chrome/137.0.7151.103 Mobile Safari/537.36 (compatible; Googlebot/2.1; +http://www.google.com/bot.html)"
66.249.74.64 - - [06/Jul/2025:23:03:19 -0400] "GET /items/noztj199/45257?key=movement HTTP/1.1" 404 1251 "-" "Mozilla/5.0 (Linux; Android 6.0.1; Nexus 5X Build/MMB29P) AppleWebKit/537.36 (KHTML, like Gecko) Chrome/137.0.7151.103 Mobile Safari/537.36 (compatible; Googlebot/2.1; +http://www.google.com/bot.html)"
66.249.74.78 - - [06/Jul/2025:23:03:21 -0400] "GET /q-~171FExwGMTk9ctBKOtCD3Od5heDTdj9xI12982/ HTTP/1.1" 404 1251 "-" "Mozilla/5.0 (Linux; Android 6.0.1; Nexus 5X Build/MMB29P) AppleWebKit/537.36 (KHTML, like Gecko) Chrome/137.0.7151.103 Mobile Safari/537.36 (compatible; Googlebot/2.1; +http://www.google.com/bot.html)"
66.249.74.78 - - [06/Jul/2025:23:03:38 -0400] "GET /q-~106tF4w7AsJpbOA4kpk7YeewyzSa6OYJr24045/ HTTP/1.1" 404 1251 "-" "Mozilla/5.0 (compatible; Googlebot/2.1; +http://www.google.com/bot.html)"
66.249.74.78 - - [06/Jul/2025:23:03:53 -0400] "GET /q-~49otTx7zrZn4jwCaWJNG39Ske0DjSmEV178/ HTTP/1.1" 404 1251 "-" "Mozilla/5.0 (compatible; Googlebot/2.1; +http://www.google.com/bot.html)"
66.249.74.78 - - [06/Jul/2025:23:03:59 -0400] "GET /q-~146bqTbO4dVFVr5zgvAsyyPQZjjiQAUVO47599/ HTTP/1.1" 404 1251 "-" "Mozilla/5.0 (Linux; Android 6.0.1; Nexus 5X Build/MMB29P) AppleWebKit/537.36 (KHTML, like Gecko) Chrome/137.0.7151.103 Mobile Safari/537.36 (compatible; Googlebot/2.1; +http://www.google.com/bot.html)"
66.249.74.78 - - [06/Jul/2025:23:04:28 -0400] "GET /q-~182S23wPD5HrEwXPn6hFnJeHGy6GlBqLZ48831/ HTTP/1.1" 404 1251 "-" "Mozilla/5.0 (Linux; Android 6.0.1; Nexus 5X Build/MMB29P) AppleWebKit/537.36 (KHTML, like Gecko) Chrome/137.0.7151.103 Mobile Safari/537.36 (compatible; Googlebot/2.1; +http://www.google.com/bot.html)"
66.249.74.65 - - [06/Jul/2025:23:04:29 -0400] "GET /items/kumpf46/48658?key=scenario HTTP/1.1" 404 1251 "-" "Mozilla/5.0 (compatible; Googlebot/2.1; +http://www.google.com/bot.html)"
66.249.74.65 - - [06/Jul/2025:23:04:32 -0400] "GET /q-~299VEzc6qJzFZ9lvHHe3X9xG0EK9VdlpM42648/ HTTP/1.1" 404 1251 "-" "Mozilla/5.0 (compatible; Googlebot/2.1; +http://www.google.com/bot.html)"
