47.82.60.1 - - [06/Jul/2025:17:57:40 -0400] "GET /items/rlphl119/2433?key=judge HTTP/1.1" 404 1251 "https://nas-yemen.org/items/rlphl119/2433?key=judge" "Mozilla/5.0 (Windows NT 10.0; Win64; x64) AppleWebKit/537.36 (KHTML, like Gecko) Chrome/114.0.0.0 Safari/537.36 Edg/114.0.1823.43"
66.249.73.65 - - [06/Jul/2025:17:57:42 -0400] "GET /q-~273XOWJ4SgFa2BqQGvESRkGmQyi56v48r9898/ HTTP/1.1" 404 1251 "-" "Mozilla/5.0 (Linux; Android 6.0.1; Nexus 5X Build/MMB29P) AppleWebKit/537.36 (KHTML, like Gecko) Chrome/137.0.7151.103 Mobile Safari/537.36 (compatible; Googlebot/2.1; +http://www.google.com/bot.html)"
47.82.60.19 - - [06/Jul/2025:17:57:45 -0400] "GET /wp-includes/class-wp-http-cookie.php HTTP/1.1" 403 1242 "https://www.nas-yemen.org/wp-includes/class-wp-http-cookie.php" "Mozilla/5.0 (Windows NT 10.0; Win64; x64) AppleWebKit/537.36 (KHTML, like Gecko) Chrome/114.0.0.0 Safari/537.36 Edg/114.0.1823.43"
47.82.60.17 - - [06/Jul/2025:17:57:55 -0400] "GET /items/yglmx149/18395?key=which HTTP/1.1" 404 1251 "https://nas-yemen.org/items/yglmx149/18395?key=which" "Mozilla/5.0 (Windows NT 10.0; Win64; x64) AppleWebKit/537.36 (KHTML, like Gecko) Chrome/114.0.0.0 Safari/537.36 Edg/114.0.1823.43"
66.249.74.78 - - [06/Jul/2025:17:58:00 -0400] "GET /q-~290BgbmU2HYD3IL8tXZnpzzse3Eps4Czs36147/ HTTP/1.1" 404 1251 "-" "Mozilla/5.0 (Linux; Android 6.0.1; Nexus 5X Build/MMB29P) AppleWebKit/537.36 (KHTML, like Gecko) Chrome/137.0.7151.103 Mobile Safari/537.36 (compatible; Googlebot/2.1; +http://www.google.com/bot.html)"
66.249.74.78 - - [06/Jul/2025:17:58:05 -0400] "GET /items/hhhxd162/31520?key=yellow HTTP/1.1" 404 1251 "-" "Mozilla/5.0 (compatible; Googlebot/2.1; +http://www.google.com/bot.html)"
47.82.60.2 - - [06/Jul/2025:17:58:06 -0400] "GET /wp-includes/SimplePie HTTP/1.1" 301 795 "https://www.nas-yemen.org/wp-includes/SimplePie" "Mozilla/5.0 (Windows NT 10.0; Win64; x64) AppleWebKit/537.36 (KHTML, like Gecko) Chrome/114.0.0.0 Safari/537.36 Edg/114.0.1823.43"
47.82.60.2 - - [06/Jul/2025:17:58:06 -0400] "GET /wp-includes/SimplePie/ HTTP/1.1" 200 697 "https://www.nas-yemen.org/wp-includes/SimplePie" "Mozilla/5.0 (Windows NT 10.0; Win64; x64) AppleWebKit/537.36 (KHTML, like Gecko) Chrome/114.0.0.0 Safari/537.36 Edg/114.0.1823.43"
66.249.74.78 - - [06/Jul/2025:17:58:11 -0400] "GET /items/cpjjh211/14173?key=grade HTTP/1.1" 404 1251 "-" "Mozilla/5.0 (Linux; Android 6.0.1; Nexus 5X Build/MMB29P) AppleWebKit/537.36 (KHTML, like Gecko) Chrome/137.0.7151.103 Mobile Safari/537.36 (compatible; GoogleOther)"
20.171.207.96 - - [06/Jul/2025:17:58:22 -0400] "GET /hypostyle/yoejje4/751cj.html HTTP/1.1" 404 1251 "-" "Mozilla/5.0 AppleWebKit/537.36 (KHTML, like Gecko; compatible; GPTBot/1.2; +https://openai.com/gptbot)"
66.249.74.78 - - [06/Jul/2025:17:58:30 -0400] "GET /items/xkuip183/20823?key=gentle HTTP/1.1" 404 1251 "-" "Mozilla/5.0 (compatible; Googlebot/2.1; +http://www.google.com/bot.html)"
20.171.207.96 - - [06/Jul/2025:17:58:33 -0400] "GET /recommend/ HTTP/1.1" 404 1251 "-" "Mozilla/5.0 AppleWebKit/537.36 (KHTML, like Gecko; compatible; GPTBot/1.2; +https://openai.com/gptbot)"
66.249.74.78 - - [06/Jul/2025:17:58:48 -0400] "GET /q-~114T5MXZJ6nT4ZqDWPO485bilQ3OrEoij10429/ HTTP/1.1" 404 1251 "-" "Mozilla/5.0 (Linux; Android 6.0.1; Nexus 5X Build/MMB29P) AppleWebKit/537.36 (KHTML, like Gecko) Chrome/137.0.7151.103 Mobile Safari/537.36 (compatible; Googlebot/2.1; +http://www.google.com/bot.html)"
47.82.60.57 - - [06/Jul/2025:17:59:05 -0400] "GET /wp-includes/class-wp-block-type.php HTTP/1.1" 403 1242 "https://www.nas-yemen.org/wp-includes/class-wp-block-type.php" "Mozilla/5.0 (Windows NT 10.0; Win64; x64) AppleWebKit/537.36 (KHTML, like Gecko) Chrome/114.0.0.0 Safari/537.36 Edg/114.0.1823.43"
47.82.60.7 - - [06/Jul/2025:17:59:08 -0400] "GET /items/pyesi283/25717?key=clear HTTP/1.1" 404 1251 "https://nas-yemen.org/items/pyesi283/25717?key=clear" "Mozilla/5.0 (Windows NT 10.0; Win64; x64) AppleWebKit/537.36 (KHTML, like Gecko) Chrome/114.0.0.0 Safari/537.36 Edg/114.0.1823.43"
66.249.74.65 - - [06/Jul/2025:17:59:15 -0400] "GET /q-~162dqvv9UM4LZkecQmI7Pjo5mS72IQzfh15213/ HTTP/1.1" 404 1251 "-" "Mozilla/5.0 (compatible; Googlebot/2.1; +http://www.google.com/bot.html)"
66.249.74.78 - - [06/Jul/2025:17:59:21 -0400] "GET /q-~219yIrzofosWc907evOz3StjBFUnOMrWT21900/ HTTP/1.1" 404 1251 "-" "Mozilla/5.0 (compatible; Googlebot/2.1; +http://www.google.com/bot.html)"
66.249.74.78 - - [06/Jul/2025:17:59:23 -0400] "GET /items/gvxnu88/11388?key=obvious HTTP/1.1" 404 1251 "-" "Mozilla/5.0 (Linux; Android 6.0.1; Nexus 5X Build/MMB29P) AppleWebKit/537.36 (KHTML, like Gecko) Chrome/137.0.7151.103 Mobile Safari/537.36 (compatible; Googlebot/2.1; +http://www.google.com/bot.html)"
66.249.74.78 - - [06/Jul/2025:17:59:33 -0400] "GET /q-~205lCeD7MRgpl5pd9Nka4IdmybFv2Z4JZ13072/ HTTP/1.1" 404 1251 "-" "Mozilla/5.0 (compatible; Googlebot/2.1; +http://www.google.com/bot.html)"
66.249.74.78 - - [06/Jul/2025:17:59:43 -0400] "GET /q-~205JHtT5cehzkHi8lEBdt72esIzeyGgrV23224/ HTTP/1.1" 404 1251 "-" "Mozilla/5.0 (Linux; Android 6.0.1; Nexus 5X Build/MMB29P) AppleWebKit/537.36 (KHTML, like Gecko) Chrome/137.0.7151.103 Mobile Safari/537.36 (compatible; Googlebot/2.1; +http://www.google.com/bot.html)"
66.249.74.78 - - [06/Jul/2025:17:59:47 -0400] "GET /q-~263c97CvMpLuYM6w9ghZYiDWw1CMK75gS44482/ HTTP/1.1" 404 1251 "-" "Mozilla/5.0 (Linux; Android 6.0.1; Nexus 5X Build/MMB29P) AppleWebKit/537.36 (KHTML, like Gecko) Chrome/137.0.7151.103 Mobile Safari/537.36 (compatible; Googlebot/2.1; +http://www.google.com/bot.html)"
66.249.74.78 - - [06/Jul/2025:17:59:52 -0400] "GET /q-~54QV3aSonkewukdvy5yorZk3S5YSYVTA25473/ HTTP/1.1" 404 1251 "-" "Mozilla/5.0 (Linux; Android 6.0.1; Nexus 5X Build/MMB29P) AppleWebKit/537.36 (KHTML, like Gecko) Chrome/137.0.7151.103 Mobile Safari/537.36 (compatible; Googlebot/2.1; +http://www.google.com/bot.html)"
66.249.74.78 - - [06/Jul/2025:17:59:54 -0400] "GET /q-~10ZlZBeTb5f7RJTJdmZLqSgLaDDJQf8d48065/ HTTP/1.1" 404 1251 "-" "Mozilla/5.0 (compatible; Googlebot/2.1; +http://www.google.com/bot.html)"
66.249.74.78 - - [06/Jul/2025:18:00:00 -0400] "GET /items/sglya2/23754?key=implementation HTTP/1.1" 404 1251 "-" "Mozilla/5.0 (Linux; Android 6.0.1; Nexus 5X Build/MMB29P) AppleWebKit/537.36 (KHTML, like Gecko) Chrome/137.0.7151.103 Mobile Safari/537.36 (compatible; Googlebot/2.1; +http://www.google.com/bot.html)"
66.249.74.78 - - [06/Jul/2025:18:00:17 -0400] "GET /q-~164b2MUDe0GfqeKripaHLLFh8iPpSrkKX1281/ HTTP/1.1" 404 1251 "-" "Mozilla/5.0 (compatible; Googlebot/2.1; +http://www.google.com/bot.html)"
47.82.60.30 - - [06/Jul/2025:18:00:28 -0400] "GET /q-~172I22Hq26swuI81HrjUmRuRDzTfZRKAE25733/ HTTP/1.1" 404 1251 "https://nas-yemen.org/q-~172I22Hq26swuI81HrjUmRuRDzTfZRKAE25733/" "Mozilla/5.0 (Windows NT 10.0; Win64; x64) AppleWebKit/537.36 (KHTML, like Gecko) Chrome/114.0.0.0 Safari/537.36 Edg/114.0.1823.43"
66.249.74.78 - - [06/Jul/2025:18:00:35 -0400] "GET /items/zzoqy250/15482?key=low HTTP/1.1" 404 1251 "-" "Mozilla/5.0 (Linux; Android 6.0.1; Nexus 5X Build/MMB29P) AppleWebKit/537.36 (KHTML, like Gecko) Chrome/137.0.7151.103 Mobile Safari/537.36 (compatible; Googlebot/2.1; +http://www.google.com/bot.html)"
47.82.60.31 - - [06/Jul/2025:18:00:40 -0400] "GET /items/vsrbp104/48484?key=yesterday HTTP/1.1" 404 1251 "https://nas-yemen.org/items/vsrbp104/48484?key=yesterday" "Mozilla/5.0 (Windows NT 10.0; Win64; x64) AppleWebKit/537.36 (KHTML, like Gecko) Chrome/114.0.0.0 Safari/537.36 Edg/114.0.1823.43"
66.249.74.78 - - [06/Jul/2025:18:00:40 -0400] "GET /q-~174uAP0s9grXNbaX2EDj0RvoXZAC12MOO47355/ HTTP/1.1" 404 1251 "-" "Mozilla/5.0 (compatible; Googlebot/2.1; +http://www.google.com/bot.html)"
66.249.74.78 - - [06/Jul/2025:18:00:53 -0400] "GET /q-~105ruxDPwgWoAepb0Q6er6yy1ukE74sCZ43194/ HTTP/1.1" 404 1251 "-" "Mozilla/5.0 (Linux; Android 6.0.1; Nexus 5X Build/MMB29P) AppleWebKit/537.36 (KHTML, like Gecko) Chrome/137.0.7151.103 Mobile Safari/537.36 (compatible; Googlebot/2.1; +http://www.google.com/bot.html)"
66.249.74.78 - - [06/Jul/2025:18:01:10 -0400] "GET /q-~38Q0L7SkRdEVgU0W6idn4aMzPgCBhPmU42329/ HTTP/1.1" 404 1251 "-" "Mozilla/5.0 (Linux; Android 6.0.1; Nexus 5X Build/MMB29P) AppleWebKit/537.36 (KHTML, like Gecko) Chrome/137.0.7151.103 Mobile Safari/537.36 (compatible; Googlebot/2.1; +http://www.google.com/bot.html)"
66.249.74.65 - - [06/Jul/2025:18:01:11 -0400] "GET /items/ccllb141/31227?key=parish HTTP/1.1" 404 1251 "-" "Mozilla/5.0 (Linux; Android 6.0.1; Nexus 5X Build/MMB29P) AppleWebKit/537.36 (KHTML, like Gecko) Chrome/137.0.7151.103 Mobile Safari/537.36 (compatible; Googlebot/2.1; +http://www.google.com/bot.html)"
66.249.74.78 - - [06/Jul/2025:18:01:11 -0400] "GET /items/zrmts14/11654?key=tell HTTP/1.1" 404 1251 "-" "Mozilla/5.0 (Linux; Android 6.0.1; Nexus 5X Build/MMB29P) AppleWebKit/537.36 (KHTML, like Gecko) Chrome/137.0.7151.103 Mobile Safari/537.36 (compatible; GoogleOther)"
47.82.60.37 - - [06/Jul/2025:18:01:16 -0400] "GET /wp-includes/category-template.php HTTP/1.1" 403 1242 "https://www.nas-yemen.org/wp-includes/category-template.php" "Mozilla/5.0 (Windows NT 10.0; Win64; x64) AppleWebKit/537.36 (KHTML, like Gecko) Chrome/114.0.0.0 Safari/537.36 Edg/114.0.1823.43"
66.249.74.64 - - [06/Jul/2025:18:01:20 -0400] "GET /q-~74eCQhrB86Bl4kJ7seDwwvDiuJOBfAOm21533/ HTTP/1.1" 404 1251 "-" "Mozilla/5.0 (Linux; Android 6.0.1; Nexus 5X Build/MMB29P) AppleWebKit/537.36 (KHTML, like Gecko) Chrome/137.0.7151.103 Mobile Safari/537.36 (compatible; Googlebot/2.1; +http://www.google.com/bot.html)"
47.82.60.41 - - [06/Jul/2025:18:01:25 -0400] "GET /wp-includes/category-template.php HTTP/1.1" 403 1242 "https://nas-yemen.org/wp-includes/category-template.php" "Mozilla/5.0 (Windows NT 10.0; Win64; x64) AppleWebKit/537.36 (KHTML, like Gecko) Chrome/114.0.0.0 Safari/537.36 Edg/114.0.1823.43"
47.82.60.23 - - [06/Jul/2025:18:01:26 -0400] "GET /wp-includes/class-wp-taxonomy.php HTTP/1.1" 403 1242 "https://www.nas-yemen.org/wp-includes/class-wp-taxonomy.php" "Mozilla/5.0 (Windows NT 10.0; Win64; x64) AppleWebKit/537.36 (KHTML, like Gecko) Chrome/114.0.0.0 Safari/537.36 Edg/114.0.1823.43"
66.249.74.78 - - [06/Jul/2025:18:01:33 -0400] "GET /items/zvuag253/7489?key=membership HTTP/1.1" 404 1251 "-" "Mozilla/5.0 (compatible; Googlebot/2.1; +http://www.google.com/bot.html)"
47.82.60.28 - - [06/Jul/2025:18:01:50 -0400] "GET /wp-includes/class-wp-user.php HTTP/1.1" 403 1242 "https://www.nas-yemen.org/wp-includes/class-wp-user.php" "Mozilla/5.0 (Windows NT 10.0; Win64; x64) AppleWebKit/537.36 (KHTML, like Gecko) Chrome/114.0.0.0 Safari/537.36 Edg/114.0.1823.43"
66.249.74.78 - - [06/Jul/2025:18:01:51 -0400] "GET /items/ninhr22/9672?key=favor HTTP/1.1" 404 1251 "-" "Mozilla/5.0 (Linux; Android 6.0.1; Nexus 5X Build/MMB29P) AppleWebKit/537.36 (KHTML, like Gecko) Chrome/137.0.7151.103 Mobile Safari/537.36 (compatible; GoogleOther)"
66.249.74.78 - - [06/Jul/2025:18:01:57 -0400] "GET /items/cvwxe104/6224?key=traditionally HTTP/1.1" 404 1251 "-" "Mozilla/5.0 (compatible; Googlebot/2.1; +http://www.google.com/bot.html)"
20.171.207.96 - - [06/Jul/2025:18:02:16 -0400] "GET /multivalve/efl6y.html HTTP/1.1" 404 1251 "-" "Mozilla/5.0 AppleWebKit/537.36 (KHTML, like Gecko; compatible; GPTBot/1.2; +https://openai.com/gptbot)"
66.249.74.64 - - [06/Jul/2025:18:02:17 -0400] "GET /q-~245A6Vc8p6AA3mcJLko9WywM8w8MsMLDn26136/ HTTP/1.1" 404 1251 "-" "Mozilla/5.0 (Linux; Android 6.0.1; Nexus 5X Build/MMB29P) AppleWebKit/537.36 (KHTML, like Gecko) Chrome/137.0.7151.103 Mobile Safari/537.36 (compatible; Googlebot/2.1; +http://www.google.com/bot.html)"
66.249.74.64 - - [06/Jul/2025:18:02:19 -0400] "GET /items/fljdk116/12160?key=lobby HTTP/1.1" 404 1251 "-" "Mozilla/5.0 (Linux; Android 6.0.1; Nexus 5X Build/MMB29P) AppleWebKit/537.36 (KHTML, like Gecko) Chrome/137.0.7151.103 Mobile Safari/537.36 (compatible; Googlebot/2.1; +http://www.google.com/bot.html)"
66.249.74.78 - - [06/Jul/2025:18:02:37 -0400] "GET /q-~192K9psgqXcOFWFgBGRrGTQwzXX9AuFZw45753/ HTTP/1.1" 404 1251 "-" "Mozilla/5.0 (compatible; Googlebot/2.1; +http://www.google.com/bot.html)"
47.82.60.31 - - [06/Jul/2025:18:02:37 -0400] "GET /wp-includes/global-styles-and-settings.php HTTP/1.1" 403 1242 "https://www.nas-yemen.org/wp-includes/global-styles-and-settings.php" "Mozilla/5.0 (Windows NT 10.0; Win64; x64) AppleWebKit/537.36 (KHTML, like Gecko) Chrome/114.0.0.0 Safari/537.36 Edg/114.0.1823.43"
66.249.74.65 - - [06/Jul/2025:18:03:00 -0400] "GET /q-~53wepNkxAjtbvIFkTVgP8LHQAMX65UzP8038/ HTTP/1.1" 404 1251 "-" "Mozilla/5.0 (Linux; Android 6.0.1; Nexus 5X Build/MMB29P) AppleWebKit/537.36 (KHTML, like Gecko) Chrome/137.0.7151.103 Mobile Safari/537.36 (compatible; Googlebot/2.1; +http://www.google.com/bot.html)"
66.249.74.78 - - [06/Jul/2025:18:03:07 -0400] "GET /q-~66XOCrwo2vuxsvPBqBkn9MNft7sOgxnE30971/ HTTP/1.1" 404 1251 "-" "Mozilla/5.0 (Linux; Android 6.0.1; Nexus 5X Build/MMB29P) AppleWebKit/537.36 (KHTML, like Gecko) Chrome/137.0.7151.103 Mobile Safari/537.36 (compatible; Googlebot/2.1; +http://www.google.com/bot.html)"
47.82.60.10 - - [06/Jul/2025:18:03:17 -0400] "GET /q-~54LBaD9demDDxrXgk8B81MsUTlUJaMnv24827/ HTTP/1.1" 404 1251 "https://nas-yemen.org/q-~54LBaD9demDDxrXgk8B81MsUTlUJaMnv24827/" "Mozilla/5.0 (Windows NT 10.0; Win64; x64) AppleWebKit/537.36 (KHTML, like Gecko) Chrome/114.0.0.0 Safari/537.36 Edg/114.0.1823.43"
66.249.74.78 - - [06/Jul/2025:18:03:19 -0400] "GET /q-~232Nzo1qfTtCLxW8yh4f1RLYiNSQijvoQ39935/ HTTP/1.1" 404 1251 "-" "Mozilla/5.0 (Linux; Android 6.0.1; Nexus 5X Build/MMB29P) AppleWebKit/537.36 (KHTML, like Gecko) Chrome/137.0.7151.103 Mobile Safari/537.36 (compatible; Googlebot/2.1; +http://www.google.com/bot.html)"
66.249.74.78 - - [06/Jul/2025:18:03:25 -0400] "GET /items/zviwz212/41566?key=imagination HTTP/1.1" 404 1251 "-" "Mozilla/5.0 (compatible; Googlebot/2.1; +http://www.google.com/bot.html)"
66.249.74.78 - - [06/Jul/2025:18:03:29 -0400] "GET /items/yirpc46/42466?key=bug HTTP/1.1" 404 1251 "-" "Mozilla/5.0 (compatible; Googlebot/2.1; +http://www.google.com/bot.html)"
66.249.74.78 - - [06/Jul/2025:18:03:34 -0400] "GET /items/coeax250/27148?key=author HTTP/1.1" 404 1251 "-" "Mozilla/5.0 (Linux; Android 6.0.1; Nexus 5X Build/MMB29P) AppleWebKit/537.36 (KHTML, like Gecko) Chrome/137.0.7151.103 Mobile Safari/537.36 (compatible; Googlebot/2.1; +http://www.google.com/bot.html)"
47.82.60.6 - - [06/Jul/2025:18:03:35 -0400] "GET /items/ausyz244/510?key=apartment HTTP/1.1" 404 1251 "https://nas-yemen.org/items/ausyz244/510?key=apartment" "Mozilla/5.0 (Windows NT 10.0; Win64; x64) AppleWebKit/537.36 (KHTML, like Gecko) Chrome/114.0.0.0 Safari/537.36 Edg/114.0.1823.43"
66.249.74.78 - - [06/Jul/2025:18:03:38 -0400] "GET /items/lcruw270/36212?key=clothing HTTP/1.1" 404 1251 "-" "Mozilla/5.0 (compatible; Googlebot/2.1; +http://www.google.com/bot.html)"
47.82.60.32 - - [06/Jul/2025:18:03:52 -0400] "GET /wp-includes/block-patterns.php HTTP/1.1" 403 1242 "https://www.nas-yemen.org/wp-includes/block-patterns.php" "Mozilla/5.0 (Windows NT 10.0; Win64; x64) AppleWebKit/537.36 (KHTML, like Gecko) Chrome/114.0.0.0 Safari/537.36 Edg/114.0.1823.43"
66.249.74.78 - - [06/Jul/2025:18:03:57 -0400] "GET /q-~76tAtfm2WAAyUmgvCbOCIqlsmYz4mDXj31325/ HTTP/1.1" 404 1251 "-" "Mozilla/5.0 (compatible; Googlebot/2.1; +http://www.google.com/bot.html)"
66.249.74.78 - - [06/Jul/2025:18:04:05 -0400] "GET /items/aduvz181/41187?key=possibly HTTP/1.1" 404 1251 "-" "Mozilla/5.0 (compatible; Googlebot/2.1; +http://www.google.com/bot.html)"
20.171.207.96 - - [06/Jul/2025:18:04:52 -0400] "GET /bauk/og5beqouuor.html HTTP/1.1" 404 1251 "-" "Mozilla/5.0 AppleWebKit/537.36 (KHTML, like Gecko; compatible; GPTBot/1.2; +https://openai.com/gptbot)"
66.249.74.64 - - [06/Jul/2025:18:05:07 -0400] "GET /items/kcrsa134/27852?key=bike HTTP/1.1" 404 1251 "-" "Mozilla/5.0 (compatible; Googlebot/2.1; +http://www.google.com/bot.html)"
47.82.60.20 - - [06/Jul/2025:18:05:11 -0400] "GET /wp-includes/embed-template.php HTTP/1.1" 403 1242 "https://nas-yemen.org/wp-includes/embed-template.php" "Mozilla/5.0 (Windows NT 10.0; Win64; x64) AppleWebKit/537.36 (KHTML, like Gecko) Chrome/114.0.0.0 Safari/537.36 Edg/114.0.1823.43"
47.82.60.3 - - [06/Jul/2025:18:05:19 -0400] "GET /wp-includes/class-wp-url-pattern-prefixer.php HTTP/1.1" 403 1242 "https://nas-yemen.org/wp-includes/class-wp-url-pattern-prefixer.php" "Mozilla/5.0 (Windows NT 10.0; Win64; x64) AppleWebKit/537.36 (KHTML, like Gecko) Chrome/114.0.0.0 Safari/537.36 Edg/114.0.1823.43"
66.249.74.64 - - [06/Jul/2025:18:05:24 -0400] "GET /q-~228UtAsCNuLPRNt1QS018nvDJEkXk585E33241/ HTTP/1.1" 404 1251 "-" "Mozilla/5.0 (Linux; Android 6.0.1; Nexus 5X Build/MMB29P) AppleWebKit/537.36 (KHTML, like Gecko) Chrome/137.0.7151.103 Mobile Safari/537.36 (compatible; Googlebot/2.1; +http://www.google.com/bot.html)"
66.249.74.78 - - [06/Jul/2025:18:05:26 -0400] "GET /items/ghkoq269/36749?key=viewer HTTP/1.1" 404 1251 "-" "Mozilla/5.0 (Linux; Android 6.0.1; Nexus 5X Build/MMB29P) AppleWebKit/537.36 (KHTML, like Gecko) Chrome/137.0.7151.103 Mobile Safari/537.36 (compatible; Googlebot/2.1; +http://www.google.com/bot.html)"
66.249.74.78 - - [06/Jul/2025:18:05:32 -0400] "GET /q-~19WHhd90fmgVhXx20UnRNUtIiga91J2c15528/ HTTP/1.1" 404 1251 "-" "Mozilla/5.0 (Linux; Android 6.0.1; Nexus 5X Build/MMB29P) AppleWebKit/537.36 (KHTML, like Gecko) Chrome/137.0.7151.103 Mobile Safari/537.36 (compatible; GoogleOther)"
66.249.74.78 - - [06/Jul/2025:18:05:34 -0400] "GET /q-~266vQCGcaD5FLjnhMNNB7NwgmWB4NUwrW43553/ HTTP/1.1" 404 1251 "-" "Mozilla/5.0 (Linux; Android 6.0.1; Nexus 5X Build/MMB29P) AppleWebKit/537.36 (KHTML, like Gecko) Chrome/137.0.7151.103 Mobile Safari/537.36 (compatible; Googlebot/2.1; +http://www.google.com/bot.html)"
66.249.74.78 - - [06/Jul/2025:18:05:42 -0400] "GET /items/agnuc82/6758?key=functional HTTP/1.1" 404 1251 "-" "Mozilla/5.0 (Linux; Android 6.0.1; Nexus 5X Build/MMB29P) AppleWebKit/537.36 (KHTML, like Gecko) Chrome/137.0.7151.103 Mobile Safari/537.36 (compatible; Googlebot/2.1; +http://www.google.com/bot.html)"
66.249.74.78 - - [06/Jul/2025:18:05:43 -0400] "GET /q-~236EzOjbPAiM7SAiCwiPz046EQgQryoOo44247/ HTTP/1.1" 404 1251 "-" "Mozilla/5.0 (compatible; Googlebot/2.1; +http://www.google.com/bot.html)"
66.249.74.78 - - [06/Jul/2025:18:05:46 -0400] "GET /items/wqzva140/33548?key=rabbit HTTP/1.1" 404 1251 "-" "Mozilla/5.0 (Linux; Android 6.0.1; Nexus 5X Build/MMB29P) AppleWebKit/537.36 (KHTML, like Gecko) Chrome/137.0.7151.103 Mobile Safari/537.36 (compatible; Googlebot/2.1; +http://www.google.com/bot.html)"
66.249.74.78 - - [06/Jul/2025:18:06:25 -0400] "GET /items/qexmd267/45799?key=breeze HTTP/1.1" 404 1251 "-" "Mozilla/5.0 (compatible; Googlebot/2.1; +http://www.google.com/bot.html)"
66.249.74.78 - - [06/Jul/2025:18:06:36 -0400] "GET /q-~197jBgShmeM0b5vuY4IJvmCcYO9r5MURZ9960/ HTTP/1.1" 404 1251 "-" "Mozilla/5.0 (Linux; Android 6.0.1; Nexus 5X Build/MMB29P) AppleWebKit/537.36 (KHTML, like Gecko) Chrome/137.0.7151.103 Mobile Safari/537.36 (compatible; Googlebot/2.1; +http://www.google.com/bot.html)"
66.29.146.47 - - [06/Jul/2025:18:06:39 -0400] "POST /wp-cron.php?doing_wp_cron=1751839599.2925360202789306640625 HTTP/1.1" 403 1242 "-" "WordPress/6.8; https://nas-yemen.org"
18.118.6.14 - - [06/Jul/2025:18:06:34 -0400] "GET /wp-login.php HTTP/1.1" 200 1942 "-" "Mozilla/5.0"
18.118.6.14 - - [06/Jul/2025:18:06:39 -0400] "GET /?author=1 HTTP/1.1" 200 1470 "-" "Mozilla/5.0"
18.118.6.14 - - [06/Jul/2025:18:06:39 -0400] "GET /?feed=rss2 HTTP/1.1" 200 1470 "-" "Mozilla/5.0"
20.171.207.96 - - [06/Jul/2025:18:06:47 -0400] "GET /wp-includes/class-wordpress-license.php HTTP/1.1" 404 1251 "-" "Mozilla/5.0 AppleWebKit/537.36 (KHTML, like Gecko; compatible; GPTBot/1.2; +https://openai.com/gptbot)"
20.171.207.96 - - [06/Jul/2025:18:06:53 -0400] "GET /?forensics/nEmZ76s_html HTTP/1.1" 200 1470 "-" "Mozilla/5.0 AppleWebKit/537.36 (KHTML, like Gecko; compatible; GPTBot/1.2; +https://openai.com/gptbot)"
20.171.207.96 - - [06/Jul/2025:18:06:54 -0400] "GET /?SA HTTP/1.1" 200 1482 "-" "Mozilla/5.0 AppleWebKit/537.36 (KHTML, like Gecko; compatible; GPTBot/1.2; +https://openai.com/gptbot)"
20.171.207.96 - - [06/Jul/2025:18:06:55 -0400] "GET /?SD HTTP/1.1" 200 1482 "-" "Mozilla/5.0 AppleWebKit/537.36 (KHTML, like Gecko; compatible; GPTBot/1.2; +https://openai.com/gptbot)"
66.249.74.78 - - [06/Jul/2025:18:06:56 -0400] "GET /items/exvhr207/13983?key=star HTTP/1.1" 404 1251 "-" "Mozilla/5.0 (Linux; Android 6.0.1; Nexus 5X Build/MMB29P) AppleWebKit/537.36 (KHTML, like Gecko) Chrome/137.0.7151.103 Mobile Safari/537.36 (compatible; Googlebot/2.1; +http://www.google.com/bot.html)"
47.82.60.24 - - [06/Jul/2025:18:06:59 -0400] "GET /items/rsuiv102/20242?key=alcohol HTTP/1.1" 404 1251 "https://nas-yemen.org/items/rsuiv102/20242?key=alcohol" "Mozilla/5.0 (Windows NT 10.0; Win64; x64) AppleWebKit/537.36 (KHTML, like Gecko) Chrome/114.0.0.0 Safari/537.36 Edg/114.0.1823.43"
66.249.74.64 - - [06/Jul/2025:18:07:04 -0400] "GET /q-~79RKZl8lHqJFx5wxq64PUVJuNfzftvgh24302/ HTTP/1.1" 404 1251 "-" "Mozilla/5.0 (compatible; Googlebot/2.1; +http://www.google.com/bot.html)"
66.249.74.78 - - [06/Jul/2025:18:07:19 -0400] "GET /items/tcivt66/8552?key=uncertain HTTP/1.1" 404 1251 "-" "Mozilla/5.0 (compatible; Googlebot/2.1; +http://www.google.com/bot.html)"
47.82.60.44 - - [06/Jul/2025:18:07:39 -0400] "GET /wp-includes/class-pop3.php HTTP/1.1" 403 1242 "https://www.nas-yemen.org/wp-includes/class-pop3.php" "Mozilla/5.0 (Windows NT 10.0; Win64; x64) AppleWebKit/537.36 (KHTML, like Gecko) Chrome/114.0.0.0 Safari/537.36 Edg/114.0.1823.43"
66.249.74.71 - - [06/Jul/2025:18:07:40 -0400] "GET /items/waxgm195/25357?key=involved HTTP/1.1" 404 1251 "-" "Mozilla/5.0 (Linux; Android 6.0.1; Nexus 5X Build/MMB29P) AppleWebKit/537.36 (KHTML, like Gecko) Chrome/137.0.7151.103 Mobile Safari/537.36 (compatible; Googlebot/2.1; +http://www.google.com/bot.html)"
66.249.74.71 - - [06/Jul/2025:18:07:51 -0400] "GET /q-~199E8fTrPjszPtIMSt0S2sZAQhGp9uoVM20300/ HTTP/1.1" 404 1251 "-" "Mozilla/5.0 (Linux; Android 6.0.1; Nexus 5X Build/MMB29P) AppleWebKit/537.36 (KHTML, like Gecko) Chrome/137.0.7151.103 Mobile Safari/537.36 (compatible; Googlebot/2.1; +http://www.google.com/bot.html)"
66.249.74.71 - - [06/Jul/2025:18:07:54 -0400] "GET /items/zwhux123/38021?key=night HTTP/1.1" 404 1251 "-" "Mozilla/5.0 (Linux; Android 6.0.1; Nexus 5X Build/MMB29P) AppleWebKit/537.36 (KHTML, like Gecko) Chrome/137.0.7151.103 Mobile Safari/537.36 (compatible; Googlebot/2.1; +http://www.google.com/bot.html)"
66.249.74.71 - - [06/Jul/2025:18:07:58 -0400] "GET /q-~200xuAOVW6TKnoFjpQaotQAabPVuLNQsv18111/ HTTP/1.1" 404 1251 "-" "Mozilla/5.0 (compatible; Googlebot/2.1; +http://www.google.com/bot.html)"
66.249.74.72 - - [06/Jul/2025:18:08:11 -0400] "GET /q-~249QRHAS3yM71v7aLpziw4o9psP3k12PN44406/ HTTP/1.1" 404 1251 "-" "Mozilla/5.0 (compatible; Googlebot/2.1; +http://www.google.com/bot.html)"
20.171.207.96 - - [06/Jul/2025:18:08:12 -0400] "GET /unicolour/wxeo2rx.html HTTP/1.1" 404 1251 "-" "Mozilla/5.0 AppleWebKit/537.36 (KHTML, like Gecko; compatible; GPTBot/1.2; +https://openai.com/gptbot)"
66.249.74.72 - - [06/Jul/2025:18:08:18 -0400] "GET /items/pkbag163/40887?key=politician HTTP/1.1" 404 1251 "-" "Mozilla/5.0 (Linux; Android 6.0.1; Nexus 5X Build/MMB29P) AppleWebKit/537.36 (KHTML, like Gecko) Chrome/137.0.7151.103 Mobile Safari/537.36 (compatible; Googlebot/2.1; +http://www.google.com/bot.html)"
47.82.60.29 - - [06/Jul/2025:18:08:33 -0400] "GET /wp-includes/class-wp-textdomain-registry.php HTTP/1.1" 403 1242 "https://www.nas-yemen.org/wp-includes/class-wp-textdomain-registry.php" "Mozilla/5.0 (Windows NT 10.0; Win64; x64) AppleWebKit/537.36 (KHTML, like Gecko) Chrome/114.0.0.0 Safari/537.36 Edg/114.0.1823.43"
66.249.74.71 - - [06/Jul/2025:18:08:34 -0400] "GET /q-~193rqKmogmwwogKgv5qsuGGxbxeWLfQ7X45664/ HTTP/1.1" 404 1251 "-" "Mozilla/5.0 (compatible; Googlebot/2.1; +http://www.google.com/bot.html)"
47.82.60.20 - - [06/Jul/2025:18:08:36 -0400] "GET /items/oecdl171/32515?key=output HTTP/1.1" 404 1251 "https://nas-yemen.org/items/oecdl171/32515?key=output" "Mozilla/5.0 (Windows NT 10.0; Win64; x64) AppleWebKit/537.36 (KHTML, like Gecko) Chrome/114.0.0.0 Safari/537.36 Edg/114.0.1823.43"
66.249.74.71 - - [06/Jul/2025:18:08:37 -0400] "GET /q-~300MjbOLd7T4ioJI54FdkobNyyjxCYhKX37947/ HTTP/1.1" 404 1251 "-" "Mozilla/5.0 (Linux; Android 6.0.1; Nexus 5X Build/MMB29P) AppleWebKit/537.36 (KHTML, like Gecko) Chrome/137.0.7151.103 Mobile Safari/537.36 (compatible; Googlebot/2.1; +http://www.google.com/bot.html)"
66.249.74.71 - - [06/Jul/2025:18:08:44 -0400] "GET /q-~264ipfFuNUFMaKgiRcpEk2e6K9Ks4nFoR41427/ HTTP/1.1" 404 1251 "-" "Mozilla/5.0 (Linux; Android 6.0.1; Nexus 5X Build/MMB29P) AppleWebKit/537.36 (KHTML, like Gecko) Chrome/137.0.7151.103 Mobile Safari/537.36 (compatible; Googlebot/2.1; +http://www.google.com/bot.html)"
47.82.60.31 - - [06/Jul/2025:18:09:02 -0400] "GET /items/hpaeo277/10541?key=nervous HTTP/1.1" 404 1251 "https://nas-yemen.org/items/hpaeo277/10541?key=nervous" "Mozilla/5.0 (Windows NT 10.0; Win64; x64) AppleWebKit/537.36 (KHTML, like Gecko) Chrome/114.0.0.0 Safari/537.36 Edg/114.0.1823.43"
204.12.252.98 - - [06/Jul/2025:18:09:08 -0400] "GET /wp-content/admin.php HTTP/1.1" 404 1251 "https://nas-yemen.org/wp-content/admin.php" "Mozilla/5.0 (Windows NT 10.0; Win64; x64) AppleWebKit/537.36 (KHTML, like Gecko) Chrome/58.0.3029.110 Safari/537.3"
66.249.74.72 - - [06/Jul/2025:18:09:12 -0400] "GET /items/lkddr257/35275?key=sprinkle HTTP/1.1" 404 1251 "-" "Mozilla/5.0 (Linux; Android 6.0.1; Nexus 5X Build/MMB29P) AppleWebKit/537.36 (KHTML, like Gecko) Chrome/137.0.7151.103 Mobile Safari/537.36 (compatible; GoogleOther)"
47.82.60.42 - - [06/Jul/2025:18:09:15 -0400] "GET /wp-includes/class-wp-block-bindings-source.php HTTP/1.1" 403 1242 "https://nas-yemen.org/wp-includes/class-wp-block-bindings-source.php" "Mozilla/5.0 (Windows NT 10.0; Win64; x64) AppleWebKit/537.36 (KHTML, like Gecko) Chrome/114.0.0.0 Safari/537.36 Edg/114.0.1823.43"
66.249.74.72 - - [06/Jul/2025:18:09:23 -0400] "GET /q-~105G1tgpHz9hc1ylh2c4nBCsloYn17HKW26338/ HTTP/1.1" 404 1251 "-" "Mozilla/5.0 (compatible; Googlebot/2.1; +http://www.google.com/bot.html)"
47.82.60.22 - - [06/Jul/2025:18:09:27 -0400] "GET /wp-includes/shortcodes.php HTTP/1.1" 403 1242 "https://nas-yemen.org/wp-includes/shortcodes.php" "Mozilla/5.0 (Windows NT 10.0; Win64; x64) AppleWebKit/537.36 (KHTML, like Gecko) Chrome/114.0.0.0 Safari/537.36 Edg/114.0.1823.43"
66.249.74.71 - - [06/Jul/2025:18:09:28 -0400] "GET /items/alikx16/42562?key=over HTTP/1.1" 404 1251 "-" "Mozilla/5.0 (compatible; Googlebot/2.1; +http://www.google.com/bot.html)"
114.119.153.131 - - [06/Jul/2025:18:09:59 -0400] "GET /index.php/sahaptan/Jboo.htm HTTP/1.1" 404 1251 "-" "Mozilla/5.0 (Linux; Android 7.0;) AppleWebKit/537.36 (KHTML, like Gecko) Mobile Safari/537.36 (compatible; PetalBot;+https://webmaster.petalsearch.com/site/petalbot)"
66.249.74.71 - - [06/Jul/2025:18:10:06 -0400] "GET /q-~52AcXe0c0UgDwVSSHPgNhRoCDB3CmwYZ20367/ HTTP/1.1" 404 1251 "-" "Mozilla/5.0 (compatible; Googlebot/2.1; +http://www.google.com/bot.html)"
47.82.60.16 - - [06/Jul/2025:18:10:16 -0400] "GET /wp-includes/class-wp-customize-panel.php HTTP/1.1" 403 1242 "https://nas-yemen.org/wp-includes/class-wp-customize-panel.php" "Mozilla/5.0 (Windows NT 10.0; Win64; x64) AppleWebKit/537.36 (KHTML, like Gecko) Chrome/114.0.0.0 Safari/537.36 Edg/114.0.1823.43"
66.249.74.71 - - [06/Jul/2025:18:10:21 -0400] "GET /items/bwkht227/28499?key=disc HTTP/1.1" 404 1251 "-" "Mozilla/5.0 (Linux; Android 6.0.1; Nexus 5X Build/MMB29P) AppleWebKit/537.36 (KHTML, like Gecko) Chrome/137.0.7151.103 Mobile Safari/537.36 (compatible; Googlebot/2.1; +http://www.google.com/bot.html)"
66.249.74.71 - - [06/Jul/2025:18:10:40 -0400] "GET /q-~78PbKR7p4iKMmMybwa7jeQdGnX2OJk5J40075/ HTTP/1.1" 404 1251 "-" "Mozilla/5.0 (compatible; Googlebot/2.1; +http://www.google.com/bot.html)"
66.249.74.71 - - [06/Jul/2025:18:10:55 -0400] "GET /items/bghly275/445?key=increasing HTTP/1.1" 404 1251 "-" "Mozilla/5.0 (Linux; Android 6.0.1; Nexus 5X Build/MMB29P) AppleWebKit/537.36 (KHTML, like Gecko) Chrome/137.0.7151.103 Mobile Safari/537.36 (compatible; Googlebot/2.1; +http://www.google.com/bot.html)"
114.119.144.65 - - [06/Jul/2025:18:10:55 -0400] "GET /index.php/kempis/xkSr.html HTTP/1.1" 404 1251 "-" "Mozilla/5.0 (Linux; Android 7.0;) AppleWebKit/537.36 (KHTML, like Gecko) Mobile Safari/537.36 (compatible; PetalBot;+https://webmaster.petalsearch.com/site/petalbot)"
47.82.60.15 - - [06/Jul/2025:18:11:03 -0400] "GET /items/ehavq205/41131?key=accuse HTTP/1.1" 404 1251 "https://nas-yemen.org/items/ehavq205/41131?key=accuse" "Mozilla/5.0 (Windows NT 10.0; Win64; x64) AppleWebKit/537.36 (KHTML, like Gecko) Chrome/114.0.0.0 Safari/537.36 Edg/114.0.1823.43"
47.82.60.68 - - [06/Jul/2025:18:11:04 -0400] "GET /wp-includes/atomlib.php HTTP/1.1" 403 1242 "https://nas-yemen.org/wp-includes/atomlib.php" "Mozilla/5.0 (Windows NT 10.0; Win64; x64) AppleWebKit/537.36 (KHTML, like Gecko) Chrome/114.0.0.0 Safari/537.36 Edg/114.0.1823.43"
47.82.60.25 - - [06/Jul/2025:18:11:24 -0400] "GET /wp-includes/class-wp.php HTTP/1.1" 403 1242 "https://nas-yemen.org/wp-includes/class-wp.php" "Mozilla/5.0 (Windows NT 10.0; Win64; x64) AppleWebKit/537.36 (KHTML, like Gecko) Chrome/114.0.0.0 Safari/537.36 Edg/114.0.1823.43"
66.249.74.72 - - [06/Jul/2025:18:11:35 -0400] "GET /q-~66q5GFKPnQgZQqK9t5XE4F1fz3wWG82s905/ HTTP/1.1" 404 1251 "-" "Mozilla/5.0 (Linux; Android 6.0.1; Nexus 5X Build/MMB29P) AppleWebKit/537.36 (KHTML, like Gecko) Chrome/137.0.7151.103 Mobile Safari/537.36 (compatible; Googlebot/2.1; +http://www.google.com/bot.html)"
66.249.74.71 - - [06/Jul/2025:18:11:57 -0400] "GET /q-~80wrl9eslaIZd086BvhMc4cR22AElySz34701/ HTTP/1.1" 404 1251 "-" "Mozilla/5.0 (compatible; Googlebot/2.1; +http://www.google.com/bot.html)"
66.249.74.71 - - [06/Jul/2025:18:12:02 -0400] "GET /items/hffcw52/24520?key=indicate HTTP/1.1" 404 1251 "-" "Mozilla/5.0 (compatible; Googlebot/2.1; +http://www.google.com/bot.html)"
66.249.74.71 - - [06/Jul/2025:18:12:10 -0400] "GET /q-~292LALy6e75Le4qjJOq5ZMlXhIsuZcsdW8285/ HTTP/1.1" 404 1251 "-" "Mozilla/5.0 (Linux; Android 6.0.1; Nexus 5X Build/MMB29P) AppleWebKit/537.36 (KHTML, like Gecko) Chrome/137.0.7151.103 Mobile Safari/537.36 (compatible; Googlebot/2.1; +http://www.google.com/bot.html)"
66.249.74.71 - - [06/Jul/2025:18:12:10 -0400] "GET /q-~292LALy6e75Le4qjJOq5ZMlXhIsuZcsdW8285/ HTTP/1.1" 404 1251 "-" "Mozilla/5.0 (Linux; Android 6.0.1; Nexus 5X Build/MMB29P) AppleWebKit/537.36 (KHTML, like Gecko) Chrome/137.0.7151.103 Mobile Safari/537.36 (compatible; Googlebot/2.1; +http://www.google.com/bot.html)"
66.249.74.71 - - [06/Jul/2025:18:12:17 -0400] "GET /q-~248V2v2aPFQirJgYOr69zxlw1n1sTfCWB8171/ HTTP/1.1" 404 1251 "-" "Mozilla/5.0 (compatible; Googlebot/2.1; +http://www.google.com/bot.html)"
47.82.60.15 - - [06/Jul/2025:18:12:27 -0400] "GET /wp-includes/Requests HTTP/1.1" 301 795 "https://www.nas-yemen.org/wp-includes/Requests" "Mozilla/5.0 (Windows NT 10.0; Win64; x64) AppleWebKit/537.36 (KHTML, like Gecko) Chrome/114.0.0.0 Safari/537.36 Edg/114.0.1823.43"
47.82.60.15 - - [06/Jul/2025:18:12:28 -0400] "GET /wp-includes/Requests/ HTTP/1.1" 200 637 "https://www.nas-yemen.org/wp-includes/Requests" "Mozilla/5.0 (Windows NT 10.0; Win64; x64) AppleWebKit/537.36 (KHTML, like Gecko) Chrome/114.0.0.0 Safari/537.36 Edg/114.0.1823.43"
66.249.74.71 - - [06/Jul/2025:18:12:37 -0400] "GET /q-~95ZocO5Y0Tw9VffPRw98xAZ0mWdA1J9f1470/ HTTP/1.1" 404 1251 "-" "Mozilla/5.0 (compatible; Googlebot/2.1; +http://www.google.com/bot.html)"
216.73.217.1 - - [06/Jul/2025:18:12:45 -0400] "GET /robots.txt HTTP/1.1" 304 0 "-" "Mozilla/5.0 AppleWebKit/537.36 (KHTML, like Gecko; compatible; ClaudeBot/1.0; [email protected])"
216.73.217.1 - - [06/Jul/2025:18:12:45 -0400] "GET /en/implementation-of-the-first-phase-of-the-livelihood-project HTTP/1.1" 404 1251 "-" "Mozilla/5.0 AppleWebKit/537.36 (KHTML, like Gecko; compatible; ClaudeBot/1.0; [email protected])"
47.82.60.10 - - [06/Jul/2025:18:12:46 -0400] "GET /wp-includes/class-wp-classic-to-block-menu-converter.php HTTP/1.1" 403 1242 "https://www.nas-yemen.org/wp-includes/class-wp-classic-to-block-menu-converter.php" "Mozilla/5.0 (Windows NT 10.0; Win64; x64) AppleWebKit/537.36 (KHTML, like Gecko) Chrome/114.0.0.0 Safari/537.36 Edg/114.0.1823.43"
66.249.74.78 - - [06/Jul/2025:18:12:52 -0400] "GET /items/ekkup209/20085?key=breakfast HTTP/1.1" 404 1251 "-" "Mozilla/5.0 (Linux; Android 6.0.1; Nexus 5X Build/MMB29P) AppleWebKit/537.36 (KHTML, like Gecko) Chrome/137.0.7151.103 Mobile Safari/537.36 (compatible; GoogleOther)"
66.249.74.64 - - [06/Jul/2025:18:13:05 -0400] "GET /items/ycjfw189/19663?key=grain HTTP/1.1" 404 1251 "-" "Mozilla/5.0 (compatible; Googlebot/2.1; +http://www.google.com/bot.html)"
66.249.74.78 - - [06/Jul/2025:18:13:27 -0400] "GET /items/cxpnn221/17817?key=experience HTTP/1.1" 404 1251 "-" "Mozilla/5.0 (compatible; Googlebot/2.1; +http://www.google.com/bot.html)"
66.249.74.78 - - [06/Jul/2025:18:13:35 -0400] "GET /items/sstly52/20700?key=beer HTTP/1.1" 404 1251 "-" "Mozilla/5.0 (compatible; Googlebot/2.1; +http://www.google.com/bot.html)"
2a01:96e0:0:545:3::6 - - [06/Jul/2025:18:13:37 -0400] "POST /xmlrpc.php HTTP/1.1" 403 1242 "https://nas-yemen.org" "Mozilla/5.0 (Macintosh; Intel Mac OS X 14_4_1) AppleWebKit/605.1.15 (KHTML, like Gecko) Version/17.3.1 Safari/605.1.15"
66.249.74.78 - - [06/Jul/2025:18:13:38 -0400] "GET /q-~271dPSffzPlPZMsmYFFaDayqGKLTXD6Op45590/ HTTP/1.1" 404 1251 "-" "Mozilla/5.0 (compatible; Googlebot/2.1; +http://www.google.com/bot.html)"
47.82.60.5 - - [06/Jul/2025:18:14:01 -0400] "GET /wp-includes/class-wp-text-diff-renderer-inline.php HTTP/1.1" 403 1242 "https://nas-yemen.org/wp-includes/class-wp-text-diff-renderer-inline.php" "Mozilla/5.0 (Windows NT 10.0; Win64; x64) AppleWebKit/537.36 (KHTML, like Gecko) Chrome/114.0.0.0 Safari/537.36 Edg/114.0.1823.43"
66.249.74.64 - - [06/Jul/2025:18:14:05 -0400] "GET /items/lspij191/22587?key=Mr HTTP/1.1" 404 1251 "-" "Mozilla/5.0 (Linux; Android 6.0.1; Nexus 5X Build/MMB29P) AppleWebKit/537.36 (KHTML, like Gecko) Chrome/137.0.7151.103 Mobile Safari/537.36 (compatible; Googlebot/2.1; +http://www.google.com/bot.html)"
2001:41d0:80b:b700:: - - [06/Jul/2025:18:14:17 -0400] "GET /xmlrpc.php HTTP/1.1" 403 1242 "http://nas-yemen.org" "Mozilla/5.0 (Windows NT 10.0; Win64; x64) AppleWebKit/537.36 (KHTML, like Gecko) Chrome/116.0.5845.96 Safari/537.36 Edg/116.0.1938.62"
47.82.60.38 - - [06/Jul/2025:18:14:33 -0400] "GET /wp-includes/Requests HTTP/1.1" 301 795 "https://nas-yemen.org/wp-includes/Requests" "Mozilla/5.0 (Windows NT 10.0; Win64; x64) AppleWebKit/537.36 (KHTML, like Gecko) Chrome/114.0.0.0 Safari/537.36 Edg/114.0.1823.43"
47.82.60.38 - - [06/Jul/2025:18:14:34 -0400] "GET /wp-includes/Requests/ HTTP/1.1" 200 633 "https://nas-yemen.org/wp-includes/Requests" "Mozilla/5.0 (Windows NT 10.0; Win64; x64) AppleWebKit/537.36 (KHTML, like Gecko) Chrome/114.0.0.0 Safari/537.36 Edg/114.0.1823.43"
66.249.74.64 - - [06/Jul/2025:18:14:36 -0400] "GET /q-~234vbSPeYJNqlxi9Vyn7IGBBvufQ1phXn43929/ HTTP/1.1" 404 1251 "-" "Mozilla/5.0 (compatible; Googlebot/2.1; +http://www.google.com/bot.html)"
47.82.60.32 - - [06/Jul/2025:18:14:52 -0400] "GET /wp-includes/class-walker-page-dropdown.php HTTP/1.1" 403 1242 "https://nas-yemen.org/wp-includes/class-walker-page-dropdown.php" "Mozilla/5.0 (Windows NT 10.0; Win64; x64) AppleWebKit/537.36 (KHTML, like Gecko) Chrome/114.0.0.0 Safari/537.36 Edg/114.0.1823.43"
66.249.74.78 - - [06/Jul/2025:18:14:54 -0400] "GET /items/ooead293/44775?key=anxiety HTTP/1.1" 404 1251 "-" "Mozilla/5.0 (compatible; Googlebot/2.1; +http://www.google.com/bot.html)"
47.82.60.31 - - [06/Jul/2025:18:15:00 -0400] "GET /wp-includes/ms-blogs.php HTTP/1.1" 403 1242 "https://www.nas-yemen.org/wp-includes/ms-blogs.php" "Mozilla/5.0 (Windows NT 10.0; Win64; x64) AppleWebKit/537.36 (KHTML, like Gecko) Chrome/114.0.0.0 Safari/537.36 Edg/114.0.1823.43"
34.148.51.29 - - [06/Jul/2025:18:15:03 -0400] "GET /wp-signup.php HTTP/1.1" 403 1242 "-" "ZoominfoBot (zoominfobot at zoominfo dot com)"
66.249.74.78 - - [06/Jul/2025:18:15:27 -0400] "GET /q-~290LTMRHLRntgyYzatpISPMZxazCrqAfY38921/ HTTP/1.1" 404 1251 "-" "Mozilla/5.0 (Linux; Android 6.0.1; Nexus 5X Build/MMB29P) AppleWebKit/537.36 (KHTML, like Gecko) Chrome/137.0.7151.103 Mobile Safari/537.36 (compatible; Googlebot/2.1; +http://www.google.com/bot.html)"
66.249.74.78 - - [06/Jul/2025:18:15:30 -0400] "GET /items/pctip197/41661?key=significance HTTP/1.1" 404 1251 "-" "Mozilla/5.0 (Linux; Android 6.0.1; Nexus 5X Build/MMB29P) AppleWebKit/537.36 (KHTML, like Gecko) Chrome/137.0.7151.103 Mobile Safari/537.36 (compatible; Googlebot/2.1; +http://www.google.com/bot.html)"
66.249.74.78 - - [06/Jul/2025:18:15:38 -0400] "GET /items/oodbg201/28705?key=sorry HTTP/1.1" 404 1251 "-" "Mozilla/5.0 (compatible; Googlebot/2.1; +http://www.google.com/bot.html)"
66.249.74.64 - - [06/Jul/2025:18:16:23 -0400] "GET /items/uvyne114/34030?key=marry HTTP/1.1" 404 1251 "-" "Mozilla/5.0 (compatible; Googlebot/2.1; +http://www.google.com/bot.html)"
34.148.51.29 - - [06/Jul/2025:18:16:26 -0400] "GET /php.ini HTTP/1.1" 403 1242 "-" "ZoominfoBot (zoominfobot at zoominfo dot com)"
66.249.74.78 - - [06/Jul/2025:18:16:33 -0400] "GET /items/elnvy12/27214?key=source HTTP/1.1" 404 1251 "-" "Mozilla/5.0 (Linux; Android 6.0.1; Nexus 5X Build/MMB29P) AppleWebKit/537.36 (KHTML, like Gecko) Chrome/137.0.7151.103 Mobile Safari/537.36 (compatible; GoogleOther)"
20.171.207.96 - - [06/Jul/2025:18:16:43 -0400] "GET /%E8%85%8E%E8%87%93%E7%97%85%E3%82%92%E6%B2%BB%E3%81%99%E6%9C%AC-%E3%83%93%E3%82%BF%E3%83%9F%E3%83%B3%E6%96%87%E5%BA%AB-%E5%A0%80%E7%94%B0-%E4%BF%AE/dp/4837612431/ref=sr_1_cc_1?ie=utf8&qid=1339715516&s=aps&sr=1-1-catcorr HTTP/1.1" 404 1251 "-" "Mozilla/5.0 AppleWebKit/537.36 (KHTML, like Gecko; compatible; GPTBot/1.2; +https://openai.com/gptbot)"
66.29.146.47 - - [06/Jul/2025:18:16:44 -0400] "POST /wp-cron.php?doing_wp_cron=1751840204.4540688991546630859375 HTTP/1.1" 403 1242 "-" "WordPress/6.8; https://nas-yemen.org"
18.208.110.105 - - [06/Jul/2025:18:16:39 -0400] "POST /wp-login.php HTTP/1.1" 200 2096 "-" "Mozilla/5.0"
66.249.74.78 - - [06/Jul/2025:18:16:45 -0400] "GET /q-~24q4azatdqMifw7LbvTM932qfZhI5izn32647/ HTTP/1.1" 404 1251 "-" "Mozilla/5.0 (compatible; Googlebot/2.1; +http://www.google.com/bot.html)"
66.249.74.78 - - [06/Jul/2025:18:16:49 -0400] "GET /items/blqfn192/47664?key=enthusiasm HTTP/1.1" 404 1251 "-" "Mozilla/5.0 (compatible; Googlebot/2.1; +http://www.google.com/bot.html)"
66.249.74.78 - - [06/Jul/2025:18:16:49 -0400] "GET /q-~112Rm2KU85t5vDEQaJo9DnoWnRK3Gozzd11537/ HTTP/1.1" 404 1251 "-" "Mozilla/5.0 (compatible; Googlebot/2.1; +http://www.google.com/bot.html)"
66.249.74.65 - - [06/Jul/2025:18:17:19 -0400] "GET /q-~63nw3muJnQ8GSw0T5Vl35mtvIrBSG78A20496/ HTTP/1.1" 404 1251 "-" "Mozilla/5.0 (Linux; Android 6.0.1; Nexus 5X Build/MMB29P) AppleWebKit/537.36 (KHTML, like Gecko) Chrome/137.0.7151.103 Mobile Safari/537.36 (compatible; Googlebot/2.1; +http://www.google.com/bot.html)"
66.249.74.78 - - [06/Jul/2025:18:17:40 -0400] "GET /q-~26W2HplcqXhbp4E0o9YKyvUO477dyHwv15683/ HTTP/1.1" 404 1251 "-" "Mozilla/5.0 (Linux; Android 6.0.1; Nexus 5X Build/MMB29P) AppleWebKit/537.36 (KHTML, like Gecko) Chrome/137.0.7151.103 Mobile Safari/537.36 (compatible; Googlebot/2.1; +http://www.google.com/bot.html)"
66.249.74.78 - - [06/Jul/2025:18:17:42 -0400] "GET /items/sujbx220/44322?key=membership HTTP/1.1" 404 1251 "-" "Mozilla/5.0 (compatible; Googlebot/2.1; +http://www.google.com/bot.html)"
66.249.74.78 - - [06/Jul/2025:18:17:43 -0400] "GET /q-~193EG18AK8D9MppWbkOwB4cpv2Dbn90SH19002/ HTTP/1.1" 404 1251 "-" "Mozilla/5.0 (Linux; Android 6.0.1; Nexus 5X Build/MMB29P) AppleWebKit/537.36 (KHTML, like Gecko) Chrome/137.0.7151.103 Mobile Safari/537.36 (compatible; Googlebot/2.1; +http://www.google.com/bot.html)"
66.249.74.65 - - [06/Jul/2025:18:18:42 -0400] "GET /q-~204wgR1MmkMZ9Oo21h1UgtJT8xxHwa8Et31267/ HTTP/1.1" 404 1251 "-" "Mozilla/5.0 (compatible; Googlebot/2.1; +http://www.google.com/bot.html)"
66.249.74.78 - - [06/Jul/2025:18:18:54 -0400] "GET /q-~261thhckMVNGjocaC6k2HsDzQoiDJlGJQ4612/ HTTP/1.1" 404 1251 "-" "Mozilla/5.0 (compatible; Googlebot/2.1; +http://www.google.com/bot.html)"
66.249.74.65 - - [06/Jul/2025:18:19:18 -0400] "GET /q-~225P6RFCsq2nywLR0kD1qHFVJfQwXXbGX31812/ HTTP/1.1" 404 1251 "-" "Mozilla/5.0 (compatible; Googlebot/2.1; +http://www.google.com/bot.html)"
66.249.74.65 - - [06/Jul/2025:18:19:21 -0400] "GET /q-~78y2dPb3weVXOGHYQPZfIsgUvyizFT4Z13587/ HTTP/1.1" 404 1251 "-" "Mozilla/5.0 (compatible; Googlebot/2.1; +http://www.google.com/bot.html)"
20.171.207.96 - - [06/Jul/2025:18:19:42 -0400] "GET /benempt/legC9Dy.htm HTTP/1.1" 404 1251 "-" "Mozilla/5.0 AppleWebKit/537.36 (KHTML, like Gecko; compatible; GPTBot/1.2; +https://openai.com/gptbot)"
66.249.74.64 - - [06/Jul/2025:18:19:51 -0400] "GET /q-~178UDGFzw0ogUlrpixz7viCMnFkceq4hJ42867/ HTTP/1.1" 404 1251 "-" "Mozilla/5.0 (Linux; Android 6.0.1; Nexus 5X Build/MMB29P) AppleWebKit/537.36 (KHTML, like Gecko) Chrome/137.0.7151.103 Mobile Safari/537.36 (compatible; Googlebot/2.1; +http://www.google.com/bot.html)"
66.249.74.65 - - [06/Jul/2025:18:20:13 -0400] "GET /items/gbgwj156/3174?key=testing HTTP/1.1" 404 1251 "-" "Mozilla/5.0 (Linux; Android 6.0.1; Nexus 5X Build/MMB29P) AppleWebKit/537.36 (KHTML, like Gecko) Chrome/137.0.7151.103 Mobile Safari/537.36 (compatible; GoogleOther)"
66.249.74.64 - - [06/Jul/2025:18:20:17 -0400] "GET /q-~172COUlaPkaj8KGjlLUqZwWWwRCcLL34W39227/ HTTP/1.1" 404 1251 "-" "Mozilla/5.0 (compatible; Googlebot/2.1; +http://www.google.com/bot.html)"
66.249.74.78 - - [06/Jul/2025:18:20:25 -0400] "GET /q-~95b3sTvuEERLtzc6ypEOSTLmvg0cECfO19104/ HTTP/1.1" 404 1251 "-" "Mozilla/5.0 (compatible; Googlebot/2.1; +http://www.google.com/bot.html)"
66.249.74.78 - - [06/Jul/2025:18:20:29 -0400] "GET /q-~118O9yASwQdWbKw1qvqKrNtG994oERfbu38953/ HTTP/1.1" 404 1251 "-" "Mozilla/5.0 (Linux; Android 6.0.1; Nexus 5X Build/MMB29P) AppleWebKit/537.36 (KHTML, like Gecko) Chrome/137.0.7151.103 Mobile Safari/537.36 (compatible; Googlebot/2.1; +http://www.google.com/bot.html)"
216.73.216.220 - - [06/Jul/2025:18:20:46 -0400] "GET / HTTP/1.1" 200 1470 "-" "Mozilla/5.0 AppleWebKit/537.36 (KHTML, like Gecko; compatible; ClaudeBot/1.0; [email protected])"
20.171.207.96 - - [06/Jul/2025:18:20:53 -0400] "GET /?fluidics/uGkaYs3di_htm HTTP/1.1" 200 1470 "-" "Mozilla/5.0 AppleWebKit/537.36 (KHTML, like Gecko; compatible; GPTBot/1.2; +https://openai.com/gptbot)"
66.249.74.78 - - [06/Jul/2025:18:21:01 -0400] "GET /q-~222YfKmHT1ExbchdE1vqNeJhS4k7gg6xs39981/ HTTP/1.1" 404 1251 "-" "Mozilla/5.0 (Linux; Android 6.0.1; Nexus 5X Build/MMB29P) AppleWebKit/537.36 (KHTML, like Gecko) Chrome/137.0.7151.103 Mobile Safari/537.36 (compatible; Googlebot/2.1; +http://www.google.com/bot.html)"
66.249.74.78 - - [06/Jul/2025:18:21:28 -0400] "GET /items/hnstt2/17962?key=fan HTTP/1.1" 404 1251 "-" "Mozilla/5.0 (compatible; Googlebot/2.1; +http://www.google.com/bot.html)"
66.249.74.78 - - [06/Jul/2025:18:22:16 -0400] "GET /q-~10QNLlEtdd8rmglkg3z790Rf8A2ACCjR30015/ HTTP/1.1" 404 1251 "-" "Mozilla/5.0 (compatible; Googlebot/2.1; +http://www.google.com/bot.html)"
66.249.74.78 - - [06/Jul/2025:18:22:43 -0400] "GET /items/hpzda68/46036?key=conservation HTTP/1.1" 404 1251 "-" "Mozilla/5.0 (Linux; Android 6.0.1; Nexus 5X Build/MMB29P) AppleWebKit/537.36 (KHTML, like Gecko) Chrome/137.0.7151.103 Mobile Safari/537.36 (compatible; Googlebot/2.1; +http://www.google.com/bot.html)"
66.249.74.78 - - [06/Jul/2025:18:22:45 -0400] "GET /items/kkmeh50/3518?key=would HTTP/1.1" 404 1251 "-" "Mozilla/5.0 (Linux; Android 6.0.1; Nexus 5X Build/MMB29P) AppleWebKit/537.36 (KHTML, like Gecko) Chrome/137.0.7151.103 Mobile Safari/537.36 (compatible; Googlebot/2.1; +http://www.google.com/bot.html)"
66.249.74.78 - - [06/Jul/2025:18:22:58 -0400] "GET /items/wcdgd77/15309?key=evening HTTP/1.1" 404 1251 "-" "Mozilla/5.0 (Linux; Android 6.0.1; Nexus 5X Build/MMB29P) AppleWebKit/537.36 (KHTML, like Gecko) Chrome/137.0.7151.103 Mobile Safari/537.36 (compatible; Googlebot/2.1; +http://www.google.com/bot.html)"
66.249.74.78 - - [06/Jul/2025:18:22:58 -0400] "GET /q-~243K5NJ3TW99lq2ZlQweYuxWku8616nUF10232/ HTTP/1.1" 404 1251 "-" "Mozilla/5.0 (compatible; Googlebot/2.1; +http://www.google.com/bot.html)"
66.249.74.64 - - [06/Jul/2025:18:23:38 -0400] "GET /items/isztm181/17097?key=consumer HTTP/1.1" 404 1251 "-" "Mozilla/5.0 (compatible; Googlebot/2.1; +http://www.google.com/bot.html)"
66.249.74.78 - - [06/Jul/2025:18:23:42 -0400] "GET /q-~19kqLbSSSKyhpIqmSG5BWYfmvEdmIVwr9750/ HTTP/1.1" 404 1251 "-" "Mozilla/5.0 (Linux; Android 6.0.1; Nexus 5X Build/MMB29P) AppleWebKit/537.36 (KHTML, like Gecko) Chrome/137.0.7151.103 Mobile Safari/537.36 (compatible; Googlebot/2.1; +http://www.google.com/bot.html)"
114.119.131.136 - - [06/Jul/2025:18:23:43 -0400] "GET /index.php/vlb/x1pnx3Sjy.shtml HTTP/1.1" 404 1251 "-" "Mozilla/5.0 (Linux; Android 7.0;) AppleWebKit/537.36 (KHTML, like Gecko) Mobile Safari/537.36 (compatible; PetalBot;+https://webmaster.petalsearch.com/site/petalbot)"
66.249.74.78 - - [06/Jul/2025:18:23:43 -0400] "GET /q-~199sSHggf93DeNkTyjAXK2zU73SGuW3Oj46192/ HTTP/1.1" 404 1251 "-" "Mozilla/5.0 (compatible; Googlebot/2.1; +http://www.google.com/bot.html)"
66.249.74.71 - - [06/Jul/2025:18:23:52 -0400] "GET /q-~68sTBpU3sXW4RmjmuwHfeSgqT2VY6sZF2539/ HTTP/1.1" 404 1251 "-" "Mozilla/5.0 (Linux; Android 6.0.1; Nexus 5X Build/MMB29P) AppleWebKit/537.36 (KHTML, like Gecko) Chrome/137.0.7151.103 Mobile Safari/537.36 (compatible; Googlebot/2.1; +http://www.google.com/bot.html)"
66.249.74.71 - - [06/Jul/2025:18:23:54 -0400] "GET /q-~45ihGHVk7DGyj5QzMM6zdoYbMY3UYXEO38360/ HTTP/1.1" 404 1251 "-" "Mozilla/5.0 (Linux; Android 6.0.1; Nexus 5X Build/MMB29P) AppleWebKit/537.36 (KHTML, like Gecko) Chrome/137.0.7151.103 Mobile Safari/537.36 (compatible; GoogleOther)"
66.249.74.71 - - [06/Jul/2025:18:23:56 -0400] "GET /q-~295xrAUTQ9Jt6L0Ohez2g4QwVSQp8UxUJ17916/ HTTP/1.1" 404 1251 "-" "Mozilla/5.0 (Linux; Android 6.0.1; Nexus 5X Build/MMB29P) AppleWebKit/537.36 (KHTML, like Gecko) Chrome/137.0.7151.103 Mobile Safari/537.36 (compatible; Googlebot/2.1; +http://www.google.com/bot.html)"
66.249.74.71 - - [06/Jul/2025:18:23:58 -0400] "GET /q-~127RMiO1hPlp0SUmcaPbOfyTJ4IuqwTMV37052/ HTTP/1.1" 404 1251 "-" "Mozilla/5.0 (Linux; Android 6.0.1; Nexus 5X Build/MMB29P) AppleWebKit/537.36 (KHTML, like Gecko) Chrome/137.0.7151.103 Mobile Safari/537.36 (compatible; Googlebot/2.1; +http://www.google.com/bot.html)"
66.249.74.71 - - [06/Jul/2025:18:23:59 -0400] "GET /q-~40AL5bT1P52Rn7LOAbKei0Hr9oGb9Voc18019/ HTTP/1.1" 404 1251 "-" "Mozilla/5.0 (Linux; Android 6.0.1; Nexus 5X Build/MMB29P) AppleWebKit/537.36 (KHTML, like Gecko) Chrome/137.0.7151.103 Mobile Safari/537.36 (compatible; Googlebot/2.1; +http://www.google.com/bot.html)"
66.249.74.71 - - [06/Jul/2025:18:24:46 -0400] "GET /q-~237TyoA7ye5vq9bCyoCa0eGB3Kf2XVDSB8000/ HTTP/1.1" 404 1251 "-" "Mozilla/5.0 (compatible; Googlebot/2.1; +http://www.google.com/bot.html)"
114.119.148.103 - - [06/Jul/2025:18:25:08 -0400] "GET /index.php/shaoxing/Etkro.html HTTP/1.1" 404 1251 "-" "Mozilla/5.0 (Linux; Android 7.0;) AppleWebKit/537.36 (KHTML, like Gecko) Mobile Safari/537.36 (compatible; PetalBot;+https://webmaster.petalsearch.com/site/petalbot)"
20.171.207.96 - - [06/Jul/2025:18:25:15 -0400] "GET /corporeity/9ixmh9r.shtml HTTP/1.1" 404 1251 "-" "Mozilla/5.0 AppleWebKit/537.36 (KHTML, like Gecko; compatible; GPTBot/1.2; +https://openai.com/gptbot)"
66.249.74.73 - - [06/Jul/2025:18:25:23 -0400] "GET /items/wivro164/12450?key=participation HTTP/1.1" 404 1251 "-" "Mozilla/5.0 (compatible; Googlebot/2.1; +http://www.google.com/bot.html)"
66.249.74.73 - - [06/Jul/2025:18:26:12 -0400] "GET /q-~153pPhkRDQ0o294j3KG3L4BdGaSejibIE4172/ HTTP/1.1" 404 1251 "-" "Mozilla/5.0 (Linux; Android 6.0.1; Nexus 5X Build/MMB29P) AppleWebKit/537.36 (KHTML, like Gecko) Chrome/137.0.7151.103 Mobile Safari/537.36 (compatible; Googlebot/2.1; +http://www.google.com/bot.html)"
66.249.74.71 - - [06/Jul/2025:18:26:12 -0400] "GET /q-~61nhIgBY98fJBuc4YWUGx3p35CiFFrtu2812/ HTTP/1.1" 404 1251 "-" "Mozilla/5.0 (compatible; Googlebot/2.1; +http://www.google.com/bot.html)"
114.119.153.131 - - [06/Jul/2025:18:26:30 -0400] "GET /index.php/kuwait/ySzpD.shtml HTTP/1.1" 404 1251 "-" "Mozilla/5.0 (Linux; Android 7.0;) AppleWebKit/537.36 (KHTML, like Gecko) Mobile Safari/537.36 (compatible; PetalBot;+https://webmaster.petalsearch.com/site/petalbot)"
85.208.96.196 - - [06/Jul/2025:18:26:34 -0400] "GET /robots.txt HTTP/1.1" 304 0 "-" "Mozilla/5.0 (compatible; SemrushBot/7~bl; +http://www.semrush.com/bot.html)"
85.208.96.194 - - [06/Jul/2025:18:26:34 -0400] "GET /en/about/info HTTP/1.1" 404 1251 "-" "Mozilla/5.0 (compatible; SemrushBot/7~bl; +http://www.semrush.com/bot.html)"
66.249.74.72 - - [06/Jul/2025:18:26:54 -0400] "GET /q-~199QriA4Lpjxw6bkhnNmCDmBLAkHWdyvW39496/ HTTP/1.1" 404 1251 "-" "Mozilla/5.0 (Linux; Android 6.0.1; Nexus 5X Build/MMB29P) AppleWebKit/537.36 (KHTML, like Gecko) Chrome/137.0.7151.103 Mobile Safari/537.36 (compatible; Googlebot/2.1; +http://www.google.com/bot.html)"
20.171.207.96 - - [06/Jul/2025:18:26:58 -0400] "GET /?bitters_end/ HTTP/1.1" 200 1470 "-" "Mozilla/5.0 AppleWebKit/537.36 (KHTML, like Gecko; compatible; GPTBot/1.2; +https://openai.com/gptbot)"
66.249.74.72 - - [06/Jul/2025:18:27:03 -0400] "GET /q-~83JhhZHmFj6dOJrh8vvsAnQHGSqXZ8sv36136/ HTTP/1.1" 404 1251 "-" "Mozilla/5.0 (compatible; Googlebot/2.1; +http://www.google.com/bot.html)"
66.249.74.71 - - [06/Jul/2025:18:27:34 -0400] "GET /items/bcaqv97/4315?key=suburban HTTP/1.1" 404 1251 "-" "Mozilla/5.0 (Linux; Android 6.0.1; Nexus 5X Build/MMB29P) AppleWebKit/537.36 (KHTML, like Gecko) Chrome/137.0.7151.103 Mobile Safari/537.36 (compatible; GoogleOther)"
