66.249.74.71 - - [06/Jul/2025:09:20:25 -0400] "GET /items/arhgo125/30131?key=convention HTTP/1.1" 404 1251 "-" "Mozilla/5.0 (compatible; Googlebot/2.1; +http://www.google.com/bot.html)"
47.82.60.35 - - [06/Jul/2025:09:20:33 -0400] "GET /wp-includes/formatting.php HTTP/1.1" 403 1242 "https://www.nas-yemen.org/wp-includes/formatting.php" "Mozilla/5.0 (Windows NT 10.0; Win64; x64) AppleWebKit/537.36 (KHTML, like Gecko) Chrome/114.0.0.0 Safari/537.36 Edg/114.0.1823.43"
66.249.74.71 - - [06/Jul/2025:09:20:34 -0400] "GET /items/fkhkf164/282?key=radio HTTP/1.1" 404 1251 "-" "Mozilla/5.0 (Linux; Android 6.0.1; Nexus 5X Build/MMB29P) AppleWebKit/537.36 (KHTML, like Gecko) Chrome/137.0.7151.103 Mobile Safari/537.36 (compatible; Googlebot/2.1; +http://www.google.com/bot.html)"
66.249.74.71 - - [06/Jul/2025:09:20:44 -0400] "GET /items/wlzxb272/10060?key=annually HTTP/1.1" 404 1251 "-" "Mozilla/5.0 (compatible; Googlebot/2.1; +http://www.google.com/bot.html)"
47.82.60.3 - - [06/Jul/2025:09:20:53 -0400] "GET /items/ksvdz212/36402?key=tube HTTP/1.1" 404 1251 "https://nas-yemen.org/items/ksvdz212/36402?key=tube" "Mozilla/5.0 (Windows NT 10.0; Win64; x64) AppleWebKit/537.36 (KHTML, like Gecko) Chrome/114.0.0.0 Safari/537.36 Edg/114.0.1823.43"
66.249.74.71 - - [06/Jul/2025:09:20:55 -0400] "GET /q-~269Ykn5pVoNaVh4Wf4V8vXKVi6fAPxfed11250/ HTTP/1.1" 404 1251 "-" "Mozilla/5.0 (compatible; Googlebot/2.1; +http://www.google.com/bot.html)"
66.249.74.71 - - [06/Jul/2025:09:20:55 -0400] "GET /q-~269Ykn5pVoNaVh4Wf4V8vXKVi6fAPxfed11250/ HTTP/1.1" 404 1251 "-" "Mozilla/5.0 (Linux; Android 6.0.1; Nexus 5X Build/MMB29P) AppleWebKit/537.36 (KHTML, like Gecko) Chrome/137.0.7151.103 Mobile Safari/537.36 (compatible; Googlebot/2.1; +http://www.google.com/bot.html)"
114.119.133.253 - - [06/Jul/2025:09:21:12 -0400] "GET /index.php/gnomic/6oQa.shtml HTTP/1.1" 404 1251 "-" "Mozilla/5.0 (Linux; Android 7.0;) AppleWebKit/537.36 (KHTML, like Gecko) Mobile Safari/537.36 (compatible; PetalBot;+https://webmaster.petalsearch.com/site/petalbot)"
66.249.74.73 - - [06/Jul/2025:09:21:16 -0400] "GET /q-~109T1sZQ9N2dtGisnWPfa1MBLColk83NB13414/ HTTP/1.1" 404 1251 "-" "Mozilla/5.0 (compatible; Googlebot/2.1; +http://www.google.com/bot.html)"
66.249.74.71 - - [06/Jul/2025:09:21:26 -0400] "GET /q-~270FEUdtwtqIK6rAuv0vyOpI1HcEjEmAJ16561/ HTTP/1.1" 404 1251 "-" "Mozilla/5.0 (Linux; Android 6.0.1; Nexus 5X Build/MMB29P) AppleWebKit/537.36 (KHTML, like Gecko) Chrome/137.0.7151.103 Mobile Safari/537.36 (compatible; Googlebot/2.1; +http://www.google.com/bot.html)"
66.249.74.71 - - [06/Jul/2025:09:21:32 -0400] "GET /q-~115dlxgiPdAvFTSwVbUIff5XzjgAbDeeE36044/ HTTP/1.1" 404 1251 "-" "Mozilla/5.0 (Linux; Android 6.0.1; Nexus 5X Build/MMB29P) AppleWebKit/537.36 (KHTML, like Gecko) Chrome/137.0.7151.103 Mobile Safari/537.36 (compatible; Googlebot/2.1; +http://www.google.com/bot.html)"
47.82.60.33 - - [06/Jul/2025:09:21:33 -0400] "GET /items/erhtk227/21317?key=park HTTP/1.1" 404 1251 "https://nas-yemen.org/items/erhtk227/21317?key=park" "Mozilla/5.0 (Windows NT 10.0; Win64; x64) AppleWebKit/537.36 (KHTML, like Gecko) Chrome/114.0.0.0 Safari/537.36 Edg/114.0.1823.43"
66.249.74.71 - - [06/Jul/2025:09:21:39 -0400] "GET /items/gkkuo84/19308?key=evolve HTTP/1.1" 404 1251 "-" "Mozilla/5.0 (compatible; Googlebot/2.1; +http://www.google.com/bot.html)"
66.249.74.71 - - [06/Jul/2025:09:21:46 -0400] "GET /items/mgcvu94/8398?key=premium HTTP/1.1" 404 1251 "-" "Mozilla/5.0 (Linux; Android 6.0.1; Nexus 5X Build/MMB29P) AppleWebKit/537.36 (KHTML, like Gecko) Chrome/137.0.7151.103 Mobile Safari/537.36 (compatible; Googlebot/2.1; +http://www.google.com/bot.html)"
74.125.217.71 - - [06/Jul/2025:09:21:52 -0400] "GET /items/enfna152/13622 HTTP/1.1" 404 1251 "-" "Mozilla/5.0 (Linux; Android 6.0.1; Nexus 5X Build/MMB29P) AppleWebKit/537.36 (KHTML, like Gecko) Chrome/137.0.7151.103 Mobile Safari/537.36 (compatible; AdsBot-Google-Mobile; +http://www.google.com/mobile/adsbot.html)"
74.125.217.71 - - [06/Jul/2025:09:21:56 -0400] "GET /items/hvele168/13962 HTTP/1.1" 404 1251 "-" "Mozilla/5.0 (Linux; Android 6.0.1; Nexus 5X Build/MMB29P) AppleWebKit/537.36 (KHTML, like Gecko) Chrome/137.0.7151.103 Mobile Safari/537.36 (compatible; AdsBot-Google-Mobile; +http://www.google.com/mobile/adsbot.html)"
74.125.217.71 - - [06/Jul/2025:09:22:00 -0400] "GET /items/ogeol115/43899 HTTP/1.1" 404 1251 "-" "Mozilla/5.0 (Linux; Android 6.0.1; Nexus 5X Build/MMB29P) AppleWebKit/537.36 (KHTML, like Gecko) Chrome/137.0.7151.103 Mobile Safari/537.36 (compatible; AdsBot-Google-Mobile; +http://www.google.com/mobile/adsbot.html)"
47.82.60.19 - - [06/Jul/2025:09:22:09 -0400] "GET /q-~275pJWhOqNLKkOan7Igkx85reo44ZTNmX4214/ HTTP/1.1" 404 1251 "https://nas-yemen.org/q-~275pJWhOqNLKkOan7Igkx85reo44ZTNmX4214/" "Mozilla/5.0 (Windows NT 10.0; Win64; x64) AppleWebKit/537.36 (KHTML, like Gecko) Chrome/114.0.0.0 Safari/537.36 Edg/114.0.1823.43"
20.171.207.96 - - [06/Jul/2025:09:22:12 -0400] "GET /?/agent/index.html HTTP/1.1" 200 1470 "-" "Mozilla/5.0 AppleWebKit/537.36 (KHTML, like Gecko; compatible; GPTBot/1.2; +https://openai.com/gptbot)"
66.249.74.71 - - [06/Jul/2025:09:22:13 -0400] "GET /q-~269AKK9ngeh8ZnDJXilPbmDHe4GttkDSu20804/ HTTP/1.1" 404 1251 "-" "Mozilla/5.0 (compatible; Googlebot/2.1; +http://www.google.com/bot.html)"
66.249.74.71 - - [06/Jul/2025:09:22:22 -0400] "GET /q-~66kwiZcJCcgT3HjsQrPzA9Bw6TMtocoZ8179/ HTTP/1.1" 404 1251 "-" "Mozilla/5.0 (Linux; Android 6.0.1; Nexus 5X Build/MMB29P) AppleWebKit/537.36 (KHTML, like Gecko) Chrome/137.0.7151.103 Mobile Safari/537.36 (compatible; Googlebot/2.1; +http://www.google.com/bot.html)"
47.82.60.12 - - [06/Jul/2025:09:22:24 -0400] "GET /items/fychh37/17165?key=rolling HTTP/1.1" 404 1251 "https://nas-yemen.org/items/fychh37/17165?key=rolling" "Mozilla/5.0 (Windows NT 10.0; Win64; x64) AppleWebKit/537.36 (KHTML, like Gecko) Chrome/114.0.0.0 Safari/537.36 Edg/114.0.1823.43"
47.82.60.2 - - [06/Jul/2025:09:22:30 -0400] "GET /q-~18Gi1e35Brl3PQ2ZSVH4BY2qF2Dx8ovE13247/ HTTP/1.1" 404 1251 "https://nas-yemen.org/q-~18Gi1e35Brl3PQ2ZSVH4BY2qF2Dx8ovE13247/" "Mozilla/5.0 (Windows NT 10.0; Win64; x64) AppleWebKit/537.36 (KHTML, like Gecko) Chrome/114.0.0.0 Safari/537.36 Edg/114.0.1823.43"
114.119.141.116 - - [06/Jul/2025:09:22:36 -0400] "GET /index.php/gigmanity/mno5Slh/GLwqyK5g.shtml HTTP/1.1" 404 1251 "-" "Mozilla/5.0 (Linux; Android 7.0;) AppleWebKit/537.36 (KHTML, like Gecko) Mobile Safari/537.36 (compatible; PetalBot;+https://webmaster.petalsearch.com/site/petalbot)"
43.131.36.84 - - [06/Jul/2025:09:22:47 -0400] "GET / HTTP/1.1" 200 1473 "http://www.nas-yemen.org" "Mozilla/5.0 (iPhone; CPU iPhone OS 13_2_3 like Mac OS X) AppleWebKit/605.1.15 (KHTML, like Gecko) Version/13.0.3 Mobile/15E148 Safari/604.1"
52.167.144.164 - - [06/Jul/2025:09:22:52 -0400] "GET /index.php/koumoku.html HTTP/1.1" 404 1251 "-" "Mozilla/5.0 AppleWebKit/537.36 (KHTML, like Gecko; compatible; bingbot/2.0; +http://www.bing.com/bingbot.htm) Chrome/116.0.1938.76 Safari/537.36"
66.249.74.71 - - [06/Jul/2025:09:22:55 -0400] "GET /q-~49CfPT3Bvdr1qLGuBm3vFibHc8rAPTtz8664/ HTTP/1.1" 404 1251 "-" "Mozilla/5.0 (Linux; Android 6.0.1; Nexus 5X Build/MMB29P) AppleWebKit/537.36 (KHTML, like Gecko) Chrome/137.0.7151.103 Mobile Safari/537.36 (compatible; Googlebot/2.1; +http://www.google.com/bot.html)"
66.249.74.71 - - [06/Jul/2025:09:22:59 -0400] "GET /items/zqiqd151/3561?key=leap HTTP/1.1" 404 1251 "-" "Mozilla/5.0 (Linux; Android 6.0.1; Nexus 5X Build/MMB29P) AppleWebKit/537.36 (KHTML, like Gecko) Chrome/137.0.7151.103 Mobile Safari/537.36 (compatible; GoogleOther)"
47.82.60.3 - - [06/Jul/2025:09:23:07 -0400] "GET /wp-includes/https-migration.php HTTP/1.1" 403 1242 "https://www.nas-yemen.org/wp-includes/https-migration.php" "Mozilla/5.0 (Windows NT 10.0; Win64; x64) AppleWebKit/537.36 (KHTML, like Gecko) Chrome/114.0.0.0 Safari/537.36 Edg/114.0.1823.43"
66.249.74.71 - - [06/Jul/2025:09:23:34 -0400] "GET /q-~255E7FLQA8e3y5QSj68F5cSqi6Nm0mwFA5934/ HTTP/1.1" 404 1251 "-" "Mozilla/5.0 (compatible; Googlebot/2.1; +http://www.google.com/bot.html)"
114.119.133.126 - - [06/Jul/2025:09:24:00 -0400] "GET /index.php/fugacious/Wdlw3j0.htm HTTP/1.1" 404 1251 "-" "Mozilla/5.0 (Linux; Android 7.0;) AppleWebKit/537.36 (KHTML, like Gecko) Mobile Safari/537.36 (compatible; PetalBot;+https://webmaster.petalsearch.com/site/petalbot)"
185.191.171.18 - - [06/Jul/2025:09:24:01 -0400] "GET /en/awareness HTTP/1.1" 404 1251 "-" "Mozilla/5.0 (compatible; SemrushBot/7~bl; +http://www.semrush.com/bot.html)"
66.249.74.71 - - [06/Jul/2025:09:24:15 -0400] "GET /q-~280PaVdakTzpGv4Z4WcW8hTtRh67un88L12027/ HTTP/1.1" 404 1251 "-" "Mozilla/5.0 (compatible; Googlebot/2.1; +http://www.google.com/bot.html)"
66.249.74.71 - - [06/Jul/2025:09:24:30 -0400] "GET /q-~213ocXIB7LwYRSXYcILoWe6az9SngJZec18926/ HTTP/1.1" 404 1251 "-" "Mozilla/5.0 (compatible; Googlebot/2.1; +http://www.google.com/bot.html)"
47.82.60.13 - - [06/Jul/2025:09:24:56 -0400] "GET /items/lfwia267/2455?key=easily HTTP/1.1" 404 1251 "https://nas-yemen.org/items/lfwia267/2455?key=easily" "Mozilla/5.0 (Windows NT 10.0; Win64; x64) AppleWebKit/537.36 (KHTML, like Gecko) Chrome/114.0.0.0 Safari/537.36 Edg/114.0.1823.43"
47.82.60.19 - - [06/Jul/2025:09:24:58 -0400] "GET /q-~217KhnNnKUhIn1PG9ibbFhqmipuj69Arv2270/ HTTP/1.1" 404 1251 "https://nas-yemen.org/q-~217KhnNnKUhIn1PG9ibbFhqmipuj69Arv2270/" "Mozilla/5.0 (Windows NT 10.0; Win64; x64) AppleWebKit/537.36 (KHTML, like Gecko) Chrome/114.0.0.0 Safari/537.36 Edg/114.0.1823.43"
66.249.74.71 - - [06/Jul/2025:09:25:15 -0400] "GET /items/ipwup190/8804?key=producer HTTP/1.1" 404 1251 "-" "Mozilla/5.0 (Linux; Android 6.0.1; Nexus 5X Build/MMB29P) AppleWebKit/537.36 (KHTML, like Gecko) Chrome/137.0.7151.103 Mobile Safari/537.36 (compatible; Googlebot/2.1; +http://www.google.com/bot.html)"
47.82.60.39 - - [06/Jul/2025:09:25:19 -0400] "GET /wp-includes/blocks HTTP/1.1" 301 795 "https://nas-yemen.org/wp-includes/blocks" "Mozilla/5.0 (Windows NT 10.0; Win64; x64) AppleWebKit/537.36 (KHTML, like Gecko) Chrome/114.0.0.0 Safari/537.36 Edg/114.0.1823.43"
47.82.60.39 - - [06/Jul/2025:09:25:19 -0400] "GET /wp-includes/blocks/ HTTP/1.1" 200 6 "https://nas-yemen.org/wp-includes/blocks" "Mozilla/5.0 (Windows NT 10.0; Win64; x64) AppleWebKit/537.36 (KHTML, like Gecko) Chrome/114.0.0.0 Safari/537.36 Edg/114.0.1823.43"
114.119.133.253 - - [06/Jul/2025:09:25:23 -0400] "GET /index.php/gapemouthed/me6zuv4wa.shtml HTTP/1.1" 404 1251 "-" "Mozilla/5.0 (Linux; Android 7.0;) AppleWebKit/537.36 (KHTML, like Gecko) Mobile Safari/537.36 (compatible; PetalBot;+https://webmaster.petalsearch.com/site/petalbot)"
47.82.60.47 - - [06/Jul/2025:09:25:57 -0400] "GET /q-~12CaC0TOp98LLyvjoBYpMGGRImZNToRw36155/ HTTP/1.1" 404 1251 "https://nas-yemen.org/q-~12CaC0TOp98LLyvjoBYpMGGRImZNToRw36155/" "Mozilla/5.0 (Windows NT 10.0; Win64; x64) AppleWebKit/537.36 (KHTML, like Gecko) Chrome/114.0.0.0 Safari/537.36 Edg/114.0.1823.43"
66.249.74.72 - - [06/Jul/2025:09:25:57 -0400] "GET /q-~254pzv3MZYusqUCW5k4L0dznZDVDlNZOB28777/ HTTP/1.1" 404 1251 "-" "Mozilla/5.0 (Linux; Android 6.0.1; Nexus 5X Build/MMB29P) AppleWebKit/537.36 (KHTML, like Gecko) Chrome/137.0.7151.103 Mobile Safari/537.36 (compatible; GoogleOther)"
66.249.74.72 - - [06/Jul/2025:09:26:40 -0400] "GET /q-~30hnICxGG6r3oqU2qkMdN0GL9joQKveg35869/ HTTP/1.1" 404 1251 "-" "Mozilla/5.0 (Linux; Android 6.0.1; Nexus 5X Build/MMB29P) AppleWebKit/537.36 (KHTML, like Gecko) Chrome/137.0.7151.103 Mobile Safari/537.36 (compatible; GoogleOther)"
114.119.146.142 - - [06/Jul/2025:09:26:46 -0400] "GET /index.php/tenderee/xd2zmuv9.html HTTP/1.1" 404 1251 "-" "Mozilla/5.0 (Linux; Android 7.0;) AppleWebKit/537.36 (KHTML, like Gecko) Mobile Safari/537.36 (compatible; PetalBot;+https://webmaster.petalsearch.com/site/petalbot)"
47.82.60.49 - - [06/Jul/2025:09:26:47 -0400] "GET /wp-includes/script-loader.php HTTP/1.1" 403 1242 "https://nas-yemen.org/wp-includes/script-loader.php" "Mozilla/5.0 (Windows NT 10.0; Win64; x64) AppleWebKit/537.36 (KHTML, like Gecko) Chrome/114.0.0.0 Safari/537.36 Edg/114.0.1823.43"
47.82.60.29 - - [06/Jul/2025:09:26:55 -0400] "GET /items/yozen290/43752?key=nomination HTTP/1.1" 404 1251 "https://nas-yemen.org/items/yozen290/43752?key=nomination" "Mozilla/5.0 (Windows NT 10.0; Win64; x64) AppleWebKit/537.36 (KHTML, like Gecko) Chrome/114.0.0.0 Safari/537.36 Edg/114.0.1823.43"
47.82.60.49 - - [06/Jul/2025:09:26:58 -0400] "GET /items/wvaqx160/12958?key=abuse HTTP/1.1" 404 1251 "https://nas-yemen.org/items/wvaqx160/12958?key=abuse" "Mozilla/5.0 (Windows NT 10.0; Win64; x64) AppleWebKit/537.36 (KHTML, like Gecko) Chrome/114.0.0.0 Safari/537.36 Edg/114.0.1823.43"
66.249.74.72 - - [06/Jul/2025:09:27:04 -0400] "GET /q-~69Gpd7fs2edmfmOQUSDALVqkd2pzJbPI13896/ HTTP/1.1" 404 1251 "-" "Mozilla/5.0 (Linux; Android 6.0.1; Nexus 5X Build/MMB29P) AppleWebKit/537.36 (KHTML, like Gecko) Chrome/137.0.7151.103 Mobile Safari/537.36 (compatible; GoogleOther)"
66.249.74.72 - - [06/Jul/2025:09:27:09 -0400] "GET /q-~156J6K10XUBY0Mwbf4mPo4kNcSCtBf93m13495/ HTTP/1.1" 404 1251 "-" "Mozilla/5.0 (compatible; Googlebot/2.1; +http://www.google.com/bot.html)"
47.82.60.6 - - [06/Jul/2025:09:27:18 -0400] "GET /wp-includes/class-wp-text-diff-renderer-table.php HTTP/1.1" 403 1242 "https://www.nas-yemen.org/wp-includes/class-wp-text-diff-renderer-table.php" "Mozilla/5.0 (Windows NT 10.0; Win64; x64) AppleWebKit/537.36 (KHTML, like Gecko) Chrome/114.0.0.0 Safari/537.36 Edg/114.0.1823.43"
66.249.74.71 - - [06/Jul/2025:09:27:21 -0400] "GET /q-~164xzCYellmKGgdHACJNX9uBd7qezkDYh27661/ HTTP/1.1" 404 1251 "-" "Mozilla/5.0 (compatible; Googlebot/2.1; +http://www.google.com/bot.html)"
66.249.74.71 - - [06/Jul/2025:09:27:23 -0400] "GET /q-~92bitQINK7Tc3VZeXoZ295REqGREa3Lo4491/ HTTP/1.1" 404 1251 "-" "Mozilla/5.0 (compatible; Googlebot/2.1; +http://www.google.com/bot.html)"
47.82.60.40 - - [06/Jul/2025:09:27:26 -0400] "GET /wp-includes/spl-autoload-compat.php HTTP/1.1" 403 1242 "https://www.nas-yemen.org/wp-includes/spl-autoload-compat.php" "Mozilla/5.0 (Windows NT 10.0; Win64; x64) AppleWebKit/537.36 (KHTML, like Gecko) Chrome/114.0.0.0 Safari/537.36 Edg/114.0.1823.43"
47.82.60.25 - - [06/Jul/2025:09:27:27 -0400] "GET /wp-includes/class-wpdb.php HTTP/1.1" 403 1242 "https://nas-yemen.org/wp-includes/class-wpdb.php" "Mozilla/5.0 (Windows NT 10.0; Win64; x64) AppleWebKit/537.36 (KHTML, like Gecko) Chrome/114.0.0.0 Safari/537.36 Edg/114.0.1823.43"
66.249.74.72 - - [06/Jul/2025:09:28:05 -0400] "GET /q-~176Dw210el4rFx36W0B5mEi2ZQTp9gSax42615/ HTTP/1.1" 404 1251 "-" "Mozilla/5.0 (compatible; Googlebot/2.1; +http://www.google.com/bot.html)"
66.249.74.72 - - [06/Jul/2025:09:28:10 -0400] "GET /q-~96BeC8TdUDFenFcz9WlRCWPkyTcHxSHI35085/ HTTP/1.1" 404 1251 "-" "Mozilla/5.0 (compatible; Googlebot/2.1; +http://www.google.com/bot.html)"
114.119.146.142 - - [06/Jul/2025:09:28:11 -0400] "GET /index.php/kinchin/rx0b56z.htm HTTP/1.1" 404 1251 "-" "Mozilla/5.0 (Linux; Android 7.0;) AppleWebKit/537.36 (KHTML, like Gecko) Mobile Safari/537.36 (compatible; PetalBot;+https://webmaster.petalsearch.com/site/petalbot)"
47.82.60.4 - - [06/Jul/2025:09:28:23 -0400] "GET /wp-includes/ms-default-constants.php HTTP/1.1" 403 1242 "https://nas-yemen.org/wp-includes/ms-default-constants.php" "Mozilla/5.0 (Windows NT 10.0; Win64; x64) AppleWebKit/537.36 (KHTML, like Gecko) Chrome/114.0.0.0 Safari/537.36 Edg/114.0.1823.43"
66.249.74.71 - - [06/Jul/2025:09:28:43 -0400] "GET /q-~27Uqun1MOPKB0LWH0fCzsEYbFoopo9TR41066/ HTTP/1.1" 404 1251 "-" "Mozilla/5.0 (Linux; Android 6.0.1; Nexus 5X Build/MMB29P) AppleWebKit/537.36 (KHTML, like Gecko) Chrome/137.0.7151.103 Mobile Safari/537.36 (compatible; Googlebot/2.1; +http://www.google.com/bot.html)"
66.249.74.71 - - [06/Jul/2025:09:28:56 -0400] "GET /q-~217HywiahNvWI94zS6zi46cl3YYrzh7qH38296/ HTTP/1.1" 404 1251 "-" "Mozilla/5.0 (Linux; Android 6.0.1; Nexus 5X Build/MMB29P) AppleWebKit/537.36 (KHTML, like Gecko) Chrome/137.0.7151.103 Mobile Safari/537.36 (compatible; Googlebot/2.1; +http://www.google.com/bot.html)"
47.82.60.14 - - [06/Jul/2025:09:28:59 -0400] "GET /wp-includes/class-wp-user-request.php HTTP/1.1" 403 1242 "https://www.nas-yemen.org/wp-includes/class-wp-user-request.php" "Mozilla/5.0 (Windows NT 10.0; Win64; x64) AppleWebKit/537.36 (KHTML, like Gecko) Chrome/114.0.0.0 Safari/537.36 Edg/114.0.1823.43"
66.249.74.71 - - [06/Jul/2025:09:29:01 -0400] "GET /q-~38QhRySY9kjBTZI4DK64qo5lS4y0BleA16575/ HTTP/1.1" 404 1251 "-" "Mozilla/5.0 (Linux; Android 6.0.1; Nexus 5X Build/MMB29P) AppleWebKit/537.36 (KHTML, like Gecko) Chrome/137.0.7151.103 Mobile Safari/537.36 (compatible; Googlebot/2.1; +http://www.google.com/bot.html)"
66.249.74.73 - - [06/Jul/2025:09:29:02 -0400] "GET /q-~240O7kQT2BXNX2360Ao6WmDoZFZX1WGcg26591/ HTTP/1.1" 404 1251 "-" "Mozilla/5.0 (Linux; Android 6.0.1; Nexus 5X Build/MMB29P) AppleWebKit/537.36 (KHTML, like Gecko) Chrome/137.0.7151.103 Mobile Safari/537.36 (compatible; Googlebot/2.1; +http://www.google.com/bot.html)"
47.82.60.44 - - [06/Jul/2025:09:29:07 -0400] "GET /wp-includes/interactivity-api HTTP/1.1" 301 795 "https://nas-yemen.org/wp-includes/interactivity-api" "Mozilla/5.0 (Windows NT 10.0; Win64; x64) AppleWebKit/537.36 (KHTML, like Gecko) Chrome/114.0.0.0 Safari/537.36 Edg/114.0.1823.43"
47.82.60.44 - - [06/Jul/2025:09:29:07 -0400] "GET /wp-includes/interactivity-api/ HTTP/1.1" 200 688 "https://nas-yemen.org/wp-includes/interactivity-api" "Mozilla/5.0 (Windows NT 10.0; Win64; x64) AppleWebKit/537.36 (KHTML, like Gecko) Chrome/114.0.0.0 Safari/537.36 Edg/114.0.1823.43"
47.82.60.28 - - [06/Jul/2025:09:29:27 -0400] "GET /wp-includes/pluggable-deprecated.php HTTP/1.1" 403 1242 "https://nas-yemen.org/wp-includes/pluggable-deprecated.php" "Mozilla/5.0 (Windows NT 10.0; Win64; x64) AppleWebKit/537.36 (KHTML, like Gecko) Chrome/114.0.0.0 Safari/537.36 Edg/114.0.1823.43"
66.249.74.72 - - [06/Jul/2025:09:29:33 -0400] "GET /items/halrj204/5386?key=amendment HTTP/1.1" 404 1251 "-" "Mozilla/5.0 (compatible; Googlebot/2.1; +http://www.google.com/bot.html)"
114.119.144.65 - - [06/Jul/2025:09:29:36 -0400] "GET /index.php/lender/9bz3f.html HTTP/1.1" 404 1251 "-" "Mozilla/5.0 (Linux; Android 7.0;) AppleWebKit/537.36 (KHTML, like Gecko) Mobile Safari/537.36 (compatible; PetalBot;+https://webmaster.petalsearch.com/site/petalbot)"
66.249.74.71 - - [06/Jul/2025:09:29:41 -0400] "GET /items/iypos263/30755?key=cave HTTP/1.1" 404 1251 "-" "Mozilla/5.0 (Linux; Android 6.0.1; Nexus 5X Build/MMB29P) AppleWebKit/537.36 (KHTML, like Gecko) Chrome/137.0.7151.103 Mobile Safari/537.36 (compatible; Googlebot/2.1; +http://www.google.com/bot.html)"
66.249.74.71 - - [06/Jul/2025:09:29:47 -0400] "GET /items/dhcxo164/36644?key=clinic HTTP/1.1" 404 1251 "-" "Mozilla/5.0 (Linux; Android 6.0.1; Nexus 5X Build/MMB29P) AppleWebKit/537.36 (KHTML, like Gecko) Chrome/137.0.7151.103 Mobile Safari/537.36 (compatible; Googlebot/2.1; +http://www.google.com/bot.html)"
47.82.60.14 - - [06/Jul/2025:09:30:00 -0400] "GET /wp-includes/fonts.php HTTP/1.1" 403 1242 "https://nas-yemen.org/wp-includes/fonts.php" "Mozilla/5.0 (Windows NT 10.0; Win64; x64) AppleWebKit/537.36 (KHTML, like Gecko) Chrome/114.0.0.0 Safari/537.36 Edg/114.0.1823.43"
66.249.74.73 - - [06/Jul/2025:09:30:23 -0400] "GET /items/bnjgx146/30010?key=democratic HTTP/1.1" 404 1251 "-" "Mozilla/5.0 (Linux; Android 6.0.1; Nexus 5X Build/MMB29P) AppleWebKit/537.36 (KHTML, like Gecko) Chrome/137.0.7151.103 Mobile Safari/537.36 (compatible; Googlebot/2.1; +http://www.google.com/bot.html)"
66.249.74.72 - - [06/Jul/2025:09:30:32 -0400] "GET /q-~232v5PtkZCkm5yTxdQoNBhKsgL3zXJ8hj18235/ HTTP/1.1" 404 1251 "-" "Mozilla/5.0 (Linux; Android 6.0.1; Nexus 5X Build/MMB29P) AppleWebKit/537.36 (KHTML, like Gecko) Chrome/137.0.7151.103 Mobile Safari/537.36 (compatible; Googlebot/2.1; +http://www.google.com/bot.html)"
47.82.60.46 - - [06/Jul/2025:09:30:39 -0400] "GET /wp-includes/class-wp-metadata-lazyloader.php HTTP/1.1" 403 1242 "https://www.nas-yemen.org/wp-includes/class-wp-metadata-lazyloader.php" "Mozilla/5.0 (Windows NT 10.0; Win64; x64) AppleWebKit/537.36 (KHTML, like Gecko) Chrome/114.0.0.0 Safari/537.36 Edg/114.0.1823.43"
66.249.74.71 - - [06/Jul/2025:09:30:42 -0400] "GET /items/lvdfs49/32367?key=assemble HTTP/1.1" 404 1251 "-" "Mozilla/5.0 (Linux; Android 6.0.1; Nexus 5X Build/MMB29P) AppleWebKit/537.36 (KHTML, like Gecko) Chrome/137.0.7151.103 Mobile Safari/537.36 (compatible; Googlebot/2.1; +http://www.google.com/bot.html)"
66.249.74.71 - - [06/Jul/2025:09:30:47 -0400] "GET /items/qpgky280/43906?key=much HTTP/1.1" 404 1251 "-" "Mozilla/5.0 (Linux; Android 6.0.1; Nexus 5X Build/MMB29P) AppleWebKit/537.36 (KHTML, like Gecko) Chrome/137.0.7151.103 Mobile Safari/537.36 (compatible; Googlebot/2.1; +http://www.google.com/bot.html)"
66.249.74.71 - - [06/Jul/2025:09:30:50 -0400] "GET /q-~96PrCMDyzZRv2jBrTgRtc2WFuzZSFMfH6515/ HTTP/1.1" 404 1251 "-" "Mozilla/5.0 (Linux; Android 6.0.1; Nexus 5X Build/MMB29P) AppleWebKit/537.36 (KHTML, like Gecko) Chrome/137.0.7151.103 Mobile Safari/537.36 (compatible; Googlebot/2.1; +http://www.google.com/bot.html)"
114.119.133.253 - - [06/Jul/2025:09:30:57 -0400] "GET /index.php/flagellatory/2WqLyj2/yuTkQDz.html HTTP/1.1" 404 1251 "-" "Mozilla/5.0 (Linux; Android 7.0;) AppleWebKit/537.36 (KHTML, like Gecko) Mobile Safari/537.36 (compatible; PetalBot;+https://webmaster.petalsearch.com/site/petalbot)"
66.249.74.71 - - [06/Jul/2025:09:31:06 -0400] "GET /q-~284oLBE2AqOWeknZ96LhUdyPPXRsLnDYm28657/ HTTP/1.1" 404 1251 "-" "Mozilla/5.0 (compatible; Googlebot/2.1; +http://www.google.com/bot.html)"
66.249.74.71 - - [06/Jul/2025:09:31:09 -0400] "GET /q-~148LDD3737TtAUpnU4yC5XlhK8r3JWtUh23031/ HTTP/1.1" 404 1251 "-" "Mozilla/5.0 (Linux; Android 6.0.1; Nexus 5X Build/MMB29P) AppleWebKit/537.36 (KHTML, like Gecko) Chrome/137.0.7151.103 Mobile Safari/537.36 (compatible; GoogleOther)"
66.249.74.72 - - [06/Jul/2025:09:31:10 -0400] "GET /items/vqnbs80/10860?key=obviously HTTP/1.1" 404 1251 "-" "Mozilla/5.0 (compatible; Googlebot/2.1; +http://www.google.com/bot.html)"
66.249.74.71 - - [06/Jul/2025:09:31:18 -0400] "GET /items/ddyii167/19689?key=stake HTTP/1.1" 404 1251 "-" "Mozilla/5.0 (Linux; Android 6.0.1; Nexus 5X Build/MMB29P) AppleWebKit/537.36 (KHTML, like Gecko) Chrome/137.0.7151.103 Mobile Safari/537.36 (compatible; Googlebot/2.1; +http://www.google.com/bot.html)"
66.249.74.73 - - [06/Jul/2025:09:32:00 -0400] "GET /items/sifpg41/40133?key=considerably HTTP/1.1" 404 1251 "-" "Mozilla/5.0 (compatible; Googlebot/2.1; +http://www.google.com/bot.html)"
114.119.144.65 - - [06/Jul/2025:09:32:21 -0400] "GET /index.php/fill/5jbDbyh/9gb3oxc1.htm HTTP/1.1" 404 1251 "-" "Mozilla/5.0 (Linux; Android 7.0;) AppleWebKit/537.36 (KHTML, like Gecko) Mobile Safari/537.36 (compatible; PetalBot;+https://webmaster.petalsearch.com/site/petalbot)"
66.249.74.72 - - [06/Jul/2025:09:32:30 -0400] "GET /items/dlwos82/46190?key=grand HTTP/1.1" 404 1251 "-" "Mozilla/5.0 (Linux; Android 6.0.1; Nexus 5X Build/MMB29P) AppleWebKit/537.36 (KHTML, like Gecko) Chrome/137.0.7151.103 Mobile Safari/537.36 (compatible; Googlebot/2.1; +http://www.google.com/bot.html)"
66.249.74.72 - - [06/Jul/2025:09:32:33 -0400] "GET /items/zpizn34/40184?key=treaty HTTP/1.1" 404 1251 "-" "Mozilla/5.0 (Linux; Android 6.0.1; Nexus 5X Build/MMB29P) AppleWebKit/537.36 (KHTML, like Gecko) Chrome/137.0.7151.103 Mobile Safari/537.36 (compatible; Googlebot/2.1; +http://www.google.com/bot.html)"
66.249.74.71 - - [06/Jul/2025:09:32:52 -0400] "GET /q-~212fMNQ7hEKC8p6nKsRajoXVbZnaGEzLT2843/ HTTP/1.1" 404 1251 "-" "Mozilla/5.0 (Linux; Android 6.0.1; Nexus 5X Build/MMB29P) AppleWebKit/537.36 (KHTML, like Gecko) Chrome/137.0.7151.103 Mobile Safari/537.36 (compatible; GoogleOther)"
66.249.74.71 - - [06/Jul/2025:09:32:53 -0400] "GET /q-~15w064HzsZPT2d5dSATxzwqclVUcKx1Q43436/ HTTP/1.1" 404 1251 "-" "Mozilla/5.0 (Linux; Android 6.0.1; Nexus 5X Build/MMB29P) AppleWebKit/537.36 (KHTML, like Gecko) Chrome/137.0.7151.103 Mobile Safari/537.36 (compatible; Googlebot/2.1; +http://www.google.com/bot.html)"
66.249.74.65 - - [06/Jul/2025:09:33:10 -0400] "GET /items/sbnqc184/13252?key=trip HTTP/1.1" 404 1251 "-" "Mozilla/5.0 (compatible; Googlebot/2.1; +http://www.google.com/bot.html)"
66.249.74.78 - - [06/Jul/2025:09:33:26 -0400] "GET /q-~116rIf5miWhBrp04BcnhkEj3N3QjOwiwi29437/ HTTP/1.1" 404 1251 "-" "Mozilla/5.0 (Linux; Android 6.0.1; Nexus 5X Build/MMB29P) AppleWebKit/537.36 (KHTML, like Gecko) Chrome/137.0.7151.103 Mobile Safari/537.36 (compatible; Googlebot/2.1; +http://www.google.com/bot.html)"
216.73.216.220 - - [06/Jul/2025:09:33:35 -0400] "GET / HTTP/1.1" 200 1470 "-" "Mozilla/5.0 AppleWebKit/537.36 (KHTML, like Gecko; compatible; ClaudeBot/1.0; [email protected])"
66.249.74.78 - - [06/Jul/2025:09:33:37 -0400] "GET /q-~56vZJtwXD0aEI379vbwxIP6JjBvvlI2H25337/ HTTP/1.1" 404 1251 "-" "Mozilla/5.0 (Linux; Android 6.0.1; Nexus 5X Build/MMB29P) AppleWebKit/537.36 (KHTML, like Gecko) Chrome/137.0.7151.103 Mobile Safari/537.36 (compatible; Googlebot/2.1; +http://www.google.com/bot.html)"
114.119.133.126 - - [06/Jul/2025:09:33:44 -0400] "GET /index.php/esro/f72zZd5kovy.shtml HTTP/1.1" 404 1251 "-" "Mozilla/5.0 (Linux; Android 7.0;) AppleWebKit/537.36 (KHTML, like Gecko) Mobile Safari/537.36 (compatible; PetalBot;+https://webmaster.petalsearch.com/site/petalbot)"
66.249.74.78 - - [06/Jul/2025:09:34:05 -0400] "GET /robots.txt HTTP/1.1" 304 0 "-" "Mozilla/5.0 (compatible; Googlebot/2.1; +http://www.google.com/bot.html)"
66.249.74.64 - - [06/Jul/2025:09:34:06 -0400] "GET /q-~27cPfsE2g2laT87TSyNUk64Lg4EphIWN9680/ HTTP/1.1" 404 1251 "-" "Mozilla/5.0 (compatible; Googlebot/2.1; +http://www.google.com/bot.html)"
66.249.74.78 - - [06/Jul/2025:09:34:30 -0400] "GET /q-~166J2h3tuzMGCKRrRBKNK3CUXy89eXpIq3383/ HTTP/1.1" 404 1251 "-" "Mozilla/5.0 (Linux; Android 6.0.1; Nexus 5X Build/MMB29P) AppleWebKit/537.36 (KHTML, like Gecko) Chrome/137.0.7151.103 Mobile Safari/537.36 (compatible; Googlebot/2.1; +http://www.google.com/bot.html)"
114.119.146.142 - - [06/Jul/2025:09:35:08 -0400] "GET /index.php/piaster/hOdnyiv82u.shtml HTTP/1.1" 404 1251 "-" "Mozilla/5.0 (Linux; Android 7.0;) AppleWebKit/537.36 (KHTML, like Gecko) Mobile Safari/537.36 (compatible; PetalBot;+https://webmaster.petalsearch.com/site/petalbot)"
66.249.74.64 - - [06/Jul/2025:09:35:09 -0400] "GET /q-~26l3bvpxHBm9sz4SVJt3GYQeeLfLgecI18359/ HTTP/1.1" 404 1251 "-" "Mozilla/5.0 (Linux; Android 6.0.1; Nexus 5X Build/MMB29P) AppleWebKit/537.36 (KHTML, like Gecko) Chrome/137.0.7151.103 Mobile Safari/537.36 (compatible; Googlebot/2.1; +http://www.google.com/bot.html)"
66.249.74.78 - - [06/Jul/2025:09:35:15 -0400] "GET /q-~21jxHPHepEdZWCmpCFNCI74Kf1M5A6TH14316/ HTTP/1.1" 404 1251 "-" "Mozilla/5.0 (Linux; Android 6.0.1; Nexus 5X Build/MMB29P) AppleWebKit/537.36 (KHTML, like Gecko) Chrome/137.0.7151.103 Mobile Safari/537.36 (compatible; GoogleOther)"
66.249.74.78 - - [06/Jul/2025:09:35:42 -0400] "GET /items/vapwz291/18333?key=ride HTTP/1.1" 404 1251 "-" "Mozilla/5.0 (Linux; Android 6.0.1; Nexus 5X Build/MMB29P) AppleWebKit/537.36 (KHTML, like Gecko) Chrome/137.0.7151.103 Mobile Safari/537.36 (compatible; Googlebot/2.1; +http://www.google.com/bot.html)"
66.249.74.78 - - [06/Jul/2025:09:35:58 -0400] "GET /items/ieyny220/22138?key=generate HTTP/1.1" 404 1251 "-" "Mozilla/5.0 (compatible; Googlebot/2.1; +http://www.google.com/bot.html)"
66.249.74.65 - - [06/Jul/2025:09:36:25 -0400] "GET /items/zpzoh67/24849?key=judge HTTP/1.1" 404 1251 "-" "Mozilla/5.0 (compatible; Googlebot/2.1; +http://www.google.com/bot.html)"
204.12.252.98 - - [06/Jul/2025:09:36:26 -0400] "GET /wp-content/admin.php HTTP/1.1" 404 1251 "https://nas-yemen.org/wp-content/admin.php" "Mozilla/5.0 (Windows NT 10.0; Win64; x64) AppleWebKit/537.36 (KHTML, like Gecko) Chrome/58.0.3029.110 Safari/537.3"
114.119.144.65 - - [06/Jul/2025:09:36:32 -0400] "GET /index.php/dytiscid/s08jeLqnK.shtml HTTP/1.1" 404 1251 "-" "Mozilla/5.0 (Linux; Android 7.0;) AppleWebKit/537.36 (KHTML, like Gecko) Mobile Safari/537.36 (compatible; PetalBot;+https://webmaster.petalsearch.com/site/petalbot)"
66.249.74.64 - - [06/Jul/2025:09:36:35 -0400] "GET /q-~152Sgl425BwHDsVtzpzsaHgRknjZdflLt44231/ HTTP/1.1" 404 1251 "-" "Mozilla/5.0 (compatible; Googlebot/2.1; +http://www.google.com/bot.html)"
66.249.74.78 - - [06/Jul/2025:09:36:46 -0400] "GET /q-~192QGzuBuQUDOo8AtCrOU26a8FPpzVotX46635/ HTTP/1.1" 404 1251 "-" "Mozilla/5.0 (Linux; Android 6.0.1; Nexus 5X Build/MMB29P) AppleWebKit/537.36 (KHTML, like Gecko) Chrome/137.0.7151.103 Mobile Safari/537.36 (compatible; Googlebot/2.1; +http://www.google.com/bot.html)"
66.249.74.78 - - [06/Jul/2025:09:36:55 -0400] "GET /q-~192rfZPf35eSfkhH82DpP0grclgQ2jc9f5925/ HTTP/1.1" 404 1251 "-" "Mozilla/5.0 (Linux; Android 6.0.1; Nexus 5X Build/MMB29P) AppleWebKit/537.36 (KHTML, like Gecko) Chrome/137.0.7151.103 Mobile Safari/537.36 (compatible; Googlebot/2.1; +http://www.google.com/bot.html)"
66.249.74.65 - - [06/Jul/2025:09:37:18 -0400] "GET /q-~30hCTOw6dSRc05p49GDhYRZQnWoEYzdZ8711/ HTTP/1.1" 404 1251 "-" "Mozilla/5.0 (compatible; Googlebot/2.1; +http://www.google.com/bot.html)"
66.249.74.64 - - [06/Jul/2025:09:37:49 -0400] "GET /q-~278exRre9UwqX1ym66Ep3lQl3N5C9B1SR7743/ HTTP/1.1" 404 1251 "-" "Mozilla/5.0 (compatible; Googlebot/2.1; +http://www.google.com/bot.html)"
114.119.131.136 - - [06/Jul/2025:09:37:58 -0400] "GET /index.php/income/9f9J6ln.htm HTTP/1.1" 404 1251 "-" "Mozilla/5.0 (Linux; Android 7.0;) AppleWebKit/537.36 (KHTML, like Gecko) Mobile Safari/537.36 (compatible; PetalBot;+https://webmaster.petalsearch.com/site/petalbot)"
66.249.74.65 - - [06/Jul/2025:09:38:06 -0400] "GET /q-~28rYeaiUZxqRfzgKlCk5zCotHQH9bdJa27961/ HTTP/1.1" 404 1251 "-" "Mozilla/5.0 (Linux; Android 6.0.1; Nexus 5X Build/MMB29P) AppleWebKit/537.36 (KHTML, like Gecko) Chrome/137.0.7151.103 Mobile Safari/537.36 (compatible; Googlebot/2.1; +http://www.google.com/bot.html)"
66.249.74.78 - - [06/Jul/2025:09:38:20 -0400] "GET /items/mtxwz28/3998?key=grade HTTP/1.1" 404 1251 "-" "Mozilla/5.0 (Linux; Android 6.0.1; Nexus 5X Build/MMB29P) AppleWebKit/537.36 (KHTML, like Gecko) Chrome/137.0.7151.103 Mobile Safari/537.36 (compatible; Googlebot/2.1; +http://www.google.com/bot.html)"
66.249.73.71 - - [06/Jul/2025:09:38:31 -0400] "GET /items/gsotb16/482?key=operating HTTP/1.1" 404 1251 "-" "Mozilla/5.0 (Linux; Android 6.0.1; Nexus 5X Build/MMB29P) AppleWebKit/537.36 (KHTML, like Gecko) Chrome/137.0.7151.103 Mobile Safari/537.36 (compatible; Googlebot/2.1; +http://www.google.com/bot.html)"
66.249.74.65 - - [06/Jul/2025:09:39:19 -0400] "GET /items/ziaop288/456?key=Islam HTTP/1.1" 404 1251 "-" "Mozilla/5.0 (compatible; Googlebot/2.1; +http://www.google.com/bot.html)"
114.119.131.136 - - [06/Jul/2025:09:39:19 -0400] "GET /index.php/fluoroform/ex6ub.htm HTTP/1.1" 404 1251 "-" "Mozilla/5.0 (Linux; Android 7.0;) AppleWebKit/537.36 (KHTML, like Gecko) Mobile Safari/537.36 (compatible; PetalBot;+https://webmaster.petalsearch.com/site/petalbot)"
66.249.74.64 - - [06/Jul/2025:09:39:20 -0400] "GET /q-~284Wv5GydBQOE1j4Gl81dOzuEpzQ3gq2L19191/ HTTP/1.1" 404 1251 "-" "Mozilla/5.0 (Linux; Android 6.0.1; Nexus 5X Build/MMB29P) AppleWebKit/537.36 (KHTML, like Gecko) Chrome/137.0.7151.103 Mobile Safari/537.36 (compatible; GoogleOther)"
66.249.74.78 - - [06/Jul/2025:09:39:26 -0400] "GET /items/njelj112/7434?key=cab HTTP/1.1" 404 1251 "-" "Mozilla/5.0 (Linux; Android 6.0.1; Nexus 5X Build/MMB29P) AppleWebKit/537.36 (KHTML, like Gecko) Chrome/137.0.7151.103 Mobile Safari/537.36 (compatible; Googlebot/2.1; +http://www.google.com/bot.html)"
66.249.74.78 - - [06/Jul/2025:09:39:33 -0400] "GET /items/jyqrt95/16951?key=pregnancy HTTP/1.1" 404 1251 "-" "Mozilla/5.0 (Linux; Android 6.0.1; Nexus 5X Build/MMB29P) AppleWebKit/537.36 (KHTML, like Gecko) Chrome/137.0.7151.103 Mobile Safari/537.36 (compatible; Googlebot/2.1; +http://www.google.com/bot.html)"
66.249.74.78 - - [06/Jul/2025:09:39:38 -0400] "GET /q-~144gkCfvDL4hc6FTElzH7ro1x7dNsipZg33703/ HTTP/1.1" 404 1251 "-" "Mozilla/5.0 (compatible; Googlebot/2.1; +http://www.google.com/bot.html)"
66.249.74.78 - - [06/Jul/2025:09:39:48 -0400] "GET /items/vujps56/32552?key=basement HTTP/1.1" 404 1251 "-" "Mozilla/5.0 (Linux; Android 6.0.1; Nexus 5X Build/MMB29P) AppleWebKit/537.36 (KHTML, like Gecko) Chrome/137.0.7151.103 Mobile Safari/537.36 (compatible; GoogleOther)"
66.249.74.78 - - [06/Jul/2025:09:39:59 -0400] "GET /items/ulrrf46/10612?key=wedding HTTP/1.1" 404 1251 "-" "Mozilla/5.0 (Linux; Android 6.0.1; Nexus 5X Build/MMB29P) AppleWebKit/537.36 (KHTML, like Gecko) Chrome/137.0.7151.103 Mobile Safari/537.36 (compatible; Googlebot/2.1; +http://www.google.com/bot.html)"
66.249.74.78 - - [06/Jul/2025:09:40:00 -0400] "GET /q-~169hA5zdqKRl0XtFV84YC11yuDcpEd5Et43670/ HTTP/1.1" 404 1251 "-" "Mozilla/5.0 (Linux; Android 6.0.1; Nexus 5X Build/MMB29P) AppleWebKit/537.36 (KHTML, like Gecko) Chrome/137.0.7151.103 Mobile Safari/537.36 (compatible; Googlebot/2.1; +http://www.google.com/bot.html)"
91.84.109.110 - - [06/Jul/2025:09:40:32 -0400] "GET / HTTP/1.1" 200 1470 "-" "Mozilla/5.0 (Macintosh; Intel Mac OS X 10_15_7) AppleWebKit/537.36 (KHTML, like Gecko) Chrome/133.0.0.0 Safari/537.36"
91.84.109.110 - - [06/Jul/2025:09:40:33 -0400] "GET /wp-blog-header.php HTTP/1.1" 403 1242 "-" "Mozilla/5.0 (Macintosh; Intel Mac OS X 10_15_7) AppleWebKit/537.36 (KHTML, like Gecko) Chrome/133.0.0.0 Safari/537.36"
91.84.109.110 - - [06/Jul/2025:09:40:33 -0400] "GET /wp-comments-post.php HTTP/1.1" 403 1242 "-" "Mozilla/5.0 (Macintosh; Intel Mac OS X 10_15_7) AppleWebKit/537.36 (KHTML, like Gecko) Chrome/133.0.0.0 Safari/537.36"
66.29.146.47 - - [06/Jul/2025:09:40:41 -0400] "POST /wp-cron.php?doing_wp_cron=1751809241.4680678844451904296875 HTTP/1.1" 403 1242 "-" "WordPress/6.8; https://nas-yemen.org"
91.84.109.110 - - [06/Jul/2025:09:40:34 -0400] "GET /wp-login.php HTTP/1.1" 200 1942 "-" "Mozilla/5.0 (Macintosh; Intel Mac OS X 10_15_7) AppleWebKit/537.36 (KHTML, like Gecko) Chrome/133.0.0.0 Safari/537.36"
114.119.133.253 - - [06/Jul/2025:09:40:42 -0400] "GET /index.php/dytiscid/eV92.html HTTP/1.1" 404 1251 "-" "Mozilla/5.0 (Linux; Android 7.0;) AppleWebKit/537.36 (KHTML, like Gecko) Mobile Safari/537.36 (compatible; PetalBot;+https://webmaster.petalsearch.com/site/petalbot)"
91.84.109.110 - - [06/Jul/2025:09:40:42 -0400] "GET /wp-login.php?action=lostpassword HTTP/1.1" 200 1177 "-" "Mozilla/5.0 (Macintosh; Intel Mac OS X 10_15_7) AppleWebKit/537.36 (KHTML, like Gecko) Chrome/133.0.0.0 Safari/537.36"
212.244.120.133 - - [06/Jul/2025:09:40:44 -0400] "POST /wp-login.php?action=lostpassword HTTP/1.1" 200 1281 "-" "Mozilla/5.0 (Macintosh; Intel Mac OS X 10_15_7) AppleWebKit/537.36 (KHTML, like Gecko) Chrome/133.0.0.0 Safari/537.36"
212.244.120.133 - - [06/Jul/2025:09:40:46 -0400] "POST /wp-login.php?action=lostpassword HTTP/1.1" 200 1250 "-" "Mozilla/5.0 (Windows NT 10.0; Win64; x64) AppleWebKit/537.36 (KHTML, like Gecko) Chrome/120.0.0.0 Safari/537.36"
91.84.109.110 - - [06/Jul/2025:09:40:47 -0400] "GET /wp-signup.php HTTP/1.1" 403 1242 "-" "Mozilla/5.0 (Macintosh; Intel Mac OS X 10_15_7) AppleWebKit/537.36 (KHTML, like Gecko) Chrome/133.0.0.0 Safari/537.36"
66.249.74.64 - - [06/Jul/2025:09:41:04 -0400] "GET /q-~32Anejwje4EAkTGVuIlg3xZliWZOJDOJ35519/ HTTP/1.1" 404 1251 "-" "Mozilla/5.0 (Linux; Android 6.0.1; Nexus 5X Build/MMB29P) AppleWebKit/537.36 (KHTML, like Gecko) Chrome/137.0.7151.103 Mobile Safari/537.36 (compatible; Googlebot/2.1; +http://www.google.com/bot.html)"
66.249.74.78 - - [06/Jul/2025:09:41:13 -0400] "GET /q-~122KF0mmkOfxQiAdAbW84t1baBQ5vMOID4285/ HTTP/1.1" 404 1251 "-" "Mozilla/5.0 (compatible; Googlebot/2.1; +http://www.google.com/bot.html)"
66.249.74.78 - - [06/Jul/2025:09:41:44 -0400] "GET /q-~298ZLVZ5UrKNxuzcHl3fbv2bghqae5mmZ15611/ HTTP/1.1" 404 1251 "-" "Mozilla/5.0 (Linux; Android 6.0.1; Nexus 5X Build/MMB29P) AppleWebKit/537.36 (KHTML, like Gecko) Chrome/137.0.7151.103 Mobile Safari/537.36 (compatible; Googlebot/2.1; +http://www.google.com/bot.html)"
114.119.146.142 - - [06/Jul/2025:09:42:05 -0400] "GET /index.php/lictor/eWwso2.html HTTP/1.1" 404 1251 "-" "Mozilla/5.0 (Linux; Android 7.0;) AppleWebKit/537.36 (KHTML, like Gecko) Mobile Safari/537.36 (compatible; PetalBot;+https://webmaster.petalsearch.com/site/petalbot)"
66.249.74.78 - - [06/Jul/2025:09:42:22 -0400] "GET /q-~177NEc2UFkp9regpbtZisnN5220CPGUxA47540/ HTTP/1.1" 404 1251 "-" "Mozilla/5.0 (Linux; Android 6.0.1; Nexus 5X Build/MMB29P) AppleWebKit/537.36 (KHTML, like Gecko) Chrome/137.0.7151.103 Mobile Safari/537.36 (compatible; Googlebot/2.1; +http://www.google.com/bot.html)"
66.249.74.64 - - [06/Jul/2025:09:42:22 -0400] "GET /q-~215IrGtIS2uqRvXImzK1DCCX95OPIOr7P20366/ HTTP/1.1" 404 1251 "-" "Mozilla/5.0 (Linux; Android 6.0.1; Nexus 5X Build/MMB29P) AppleWebKit/537.36 (KHTML, like Gecko) Chrome/137.0.7151.103 Mobile Safari/537.36 (compatible; Googlebot/2.1; +http://www.google.com/bot.html)"
66.249.74.64 - - [06/Jul/2025:09:42:47 -0400] "GET /q-~152wUAwFKlifRiiGlFFWEmHEBgQxExdNy1269/ HTTP/1.1" 404 1251 "-" "Mozilla/5.0 (compatible; Googlebot/2.1; +http://www.google.com/bot.html)"
66.249.74.78 - - [06/Jul/2025:09:42:53 -0400] "GET /q-~42Ag88grJ4mhXkq8zv6n3vr7VHct8SHi49211/ HTTP/1.1" 404 1251 "-" "Mozilla/5.0 (compatible; Googlebot/2.1; +http://www.google.com/bot.html)"
66.249.74.78 - - [06/Jul/2025:09:42:55 -0400] "GET /q-~52lCCyYyhULHIorfl6IK9sMjMyLppLYt39897/ HTTP/1.1" 404 1251 "-" "Mozilla/5.0 (compatible; Googlebot/2.1; +http://www.google.com/bot.html)"
66.249.74.65 - - [06/Jul/2025:09:43:04 -0400] "GET /items/elfss194/48310?key=beg HTTP/1.1" 404 1251 "-" "Mozilla/5.0 (compatible; Googlebot/2.1; +http://www.google.com/bot.html)"
66.249.74.71 - - [06/Jul/2025:09:43:26 -0400] "GET /q-~298NZrtbuOl2TRO9vUlz2ScJr0788XECl40291/ HTTP/1.1" 404 1251 "-" "Mozilla/5.0 (Linux; Android 6.0.1; Nexus 5X Build/MMB29P) AppleWebKit/537.36 (KHTML, like Gecko) Chrome/137.0.7151.103 Mobile Safari/537.36 (compatible; GoogleOther)"
114.119.133.126 - - [06/Jul/2025:09:43:29 -0400] "GET /index.php/dytiscid/0ih1s.html HTTP/1.1" 404 1251 "-" "Mozilla/5.0 (Linux; Android 7.0;) AppleWebKit/537.36 (KHTML, like Gecko) Mobile Safari/537.36 (compatible; PetalBot;+https://webmaster.petalsearch.com/site/petalbot)"
66.249.74.71 - - [06/Jul/2025:09:43:32 -0400] "GET /q-~41uiRAYs4lJ2xmK40uEjWOhF9QQqQFpl29898/ HTTP/1.1" 404 1251 "-" "Mozilla/5.0 (Linux; Android 6.0.1; Nexus 5X Build/MMB29P) AppleWebKit/537.36 (KHTML, like Gecko) Chrome/137.0.7151.103 Mobile Safari/537.36 (compatible; Googlebot/2.1; +http://www.google.com/bot.html)"
66.249.74.71 - - [06/Jul/2025:09:43:49 -0400] "GET /items/mnrdq202/3288?key=encounter HTTP/1.1" 404 1251 "-" "Mozilla/5.0 (compatible; Googlebot/2.1; +http://www.google.com/bot.html)"
66.249.74.71 - - [06/Jul/2025:09:43:55 -0400] "GET /q-~2AHcO63xHBHY1wilA04m1YliTYS6tBy38085/ HTTP/1.1" 404 1251 "-" "Mozilla/5.0 (Linux; Android 6.0.1; Nexus 5X Build/MMB29P) AppleWebKit/537.36 (KHTML, like Gecko) Chrome/137.0.7151.103 Mobile Safari/537.36 (compatible; Googlebot/2.1; +http://www.google.com/bot.html)"
66.249.74.72 - - [06/Jul/2025:09:44:07 -0400] "GET /q-~58WcWYXudqsJz3TVbTiKE12ofeSVFcBn20155/ HTTP/1.1" 404 1251 "-" "Mozilla/5.0 (compatible; Googlebot/2.1; +http://www.google.com/bot.html)"
66.249.74.71 - - [06/Jul/2025:09:44:35 -0400] "GET /q-~128qymEHlQk6sveKXERIyL88bGU3p1OvX35787/ HTTP/1.1" 404 1251 "-" "Mozilla/5.0 (compatible; Googlebot/2.1; +http://www.google.com/bot.html)"
66.249.74.71 - - [06/Jul/2025:09:44:54 -0400] "GET /q-~172lHvbIMkEISZPsUjCM5GcjOnRMSxCDS6043/ HTTP/1.1" 404 1251 "-" "Mozilla/5.0 (Linux; Android 6.0.1; Nexus 5X Build/MMB29P) AppleWebKit/537.36 (KHTML, like Gecko) Chrome/137.0.7151.103 Mobile Safari/537.36 (compatible; Googlebot/2.1; +http://www.google.com/bot.html)"
93.158.91.24 - - [06/Jul/2025:09:44:57 -0400] "GET / HTTP/1.1" 200 1470 "-" "Mozilla/5.0 (Windows NT 10.0; Win64; x64) AppleWebKit/537.36 (KHTML, like Gecko) Chrome/105.0.0.0 Safari/537.36"
93.158.91.24 - - [06/Jul/2025:09:44:59 -0400] "GET /favicon.ico HTTP/1.1" 200 34494 "-" "Mozilla/5.0 (Windows NT 10.0; Win64; x64) AppleWebKit/537.36 (KHTML, like Gecko) Chrome/105.0.0.0 Safari/537.36"
66.249.74.71 - - [06/Jul/2025:09:45:56 -0400] "GET /items/zshqx270/27588?key=engage HTTP/1.1" 404 1251 "-" "Mozilla/5.0 (compatible; Googlebot/2.1; +http://www.google.com/bot.html)"
66.249.74.72 - - [06/Jul/2025:09:46:07 -0400] "GET /items/qestt270/19338?key=plane HTTP/1.1" 404 1251 "-" "Mozilla/5.0 (Linux; Android 6.0.1; Nexus 5X Build/MMB29P) AppleWebKit/537.36 (KHTML, like Gecko) Chrome/137.0.7151.103 Mobile Safari/537.36 (compatible; Googlebot/2.1; +http://www.google.com/bot.html)"
66.249.74.73 - - [06/Jul/2025:09:46:11 -0400] "GET /q-~209mEQWKNpsjJDOFnbpbZCxutNJqjveSB3488/ HTTP/1.1" 404 1251 "-" "Mozilla/5.0 (compatible; Googlebot/2.1; +http://www.google.com/bot.html)"
66.249.74.71 - - [06/Jul/2025:09:46:15 -0400] "GET /items/wtlun57/4175?key=evening HTTP/1.1" 404 1251 "-" "Mozilla/5.0 (compatible; Googlebot/2.1; +http://www.google.com/bot.html)"
66.249.74.72 - - [06/Jul/2025:09:46:16 -0400] "GET /items/zyomu218/14608?key=soccer HTTP/1.1" 404 1251 "-" "Mozilla/5.0 (compatible; Googlebot/2.1; +http://www.google.com/bot.html)"
66.249.74.71 - - [06/Jul/2025:09:46:26 -0400] "GET /items/hyhjy23/39483?key=little HTTP/1.1" 404 1251 "-" "Mozilla/5.0 (compatible; Googlebot/2.1; +http://www.google.com/bot.html)"
66.249.74.71 - - [06/Jul/2025:09:46:32 -0400] "GET /q-~91TzKSrfNLOsjapga11USWjfDgqNOwsG36692/ HTTP/1.1" 404 1251 "-" "Mozilla/5.0 (compatible; Googlebot/2.1; +http://www.google.com/bot.html)"
66.249.74.71 - - [06/Jul/2025:09:46:38 -0400] "GET /q-~50MNY54ev4lJDS4515BMGC3pFH8UyB0r20045/ HTTP/1.1" 404 1251 "-" "Mozilla/5.0 (Linux; Android 6.0.1; Nexus 5X Build/MMB29P) AppleWebKit/537.36 (KHTML, like Gecko) Chrome/137.0.7151.103 Mobile Safari/537.36 (compatible; GoogleOther)"
66.249.74.71 - - [06/Jul/2025:09:46:43 -0400] "GET /q-~77O9dhXWr7Ip5ODC2Q7B3mgSmu02kqzJ47956/ HTTP/1.1" 404 1251 "-" "Mozilla/5.0 (Linux; Android 6.0.1; Nexus 5X Build/MMB29P) AppleWebKit/537.36 (KHTML, like Gecko) Chrome/137.0.7151.103 Mobile Safari/537.36 (compatible; GoogleOther)"
114.119.133.126 - - [06/Jul/2025:09:47:26 -0400] "GET /index.php/smellie/XgkXk.shtml HTTP/1.1" 404 1251 "-" "Mozilla/5.0 (Linux; Android 7.0;) AppleWebKit/537.36 (KHTML, like Gecko) Mobile Safari/537.36 (compatible; PetalBot;+https://webmaster.petalsearch.com/site/petalbot)"
66.249.74.71 - - [06/Jul/2025:09:47:31 -0400] "GET /items/ddvcj300/31976?key=interact HTTP/1.1" 404 1251 "-" "Mozilla/5.0 (Linux; Android 6.0.1; Nexus 5X Build/MMB29P) AppleWebKit/537.36 (KHTML, like Gecko) Chrome/137.0.7151.103 Mobile Safari/537.36 (compatible; GoogleOther)"
66.249.74.72 - - [06/Jul/2025:09:47:37 -0400] "GET /q-~270lacIJ5nfFjytWwIqW83yte8vaPx9cv34165/ HTTP/1.1" 404 1251 "-" "Mozilla/5.0 (Linux; Android 6.0.1; Nexus 5X Build/MMB29P) AppleWebKit/537.36 (KHTML, like Gecko) Chrome/137.0.7151.103 Mobile Safari/537.36 (compatible; Googlebot/2.1; +http://www.google.com/bot.html)"
66.249.74.72 - - [06/Jul/2025:09:48:00 -0400] "GET /q-~289aVhkL7eogtt917mSsuFakpdL11tuYc29182/ HTTP/1.1" 404 1251 "-" "Mozilla/5.0 (compatible; Googlebot/2.1; +http://www.google.com/bot.html)"
66.249.74.71 - - [06/Jul/2025:09:48:06 -0400] "GET /q-~247ksQ9NRpSk8Y6SkVuVaBpHA2fl3LuvJ4672/ HTTP/1.1" 404 1251 "-" "Mozilla/5.0 (Linux; Android 6.0.1; Nexus 5X Build/MMB29P) AppleWebKit/537.36 (KHTML, like Gecko) Chrome/137.0.7151.103 Mobile Safari/537.36 (compatible; Googlebot/2.1; +http://www.google.com/bot.html)"
66.249.74.72 - - [06/Jul/2025:09:48:06 -0400] "GET /q-~247ksQ9NRpSk8Y6SkVuVaBpHA2fl3LuvJ4672/ HTTP/1.1" 404 1251 "-" "Mozilla/5.0 (compatible; Googlebot/2.1; +http://www.google.com/bot.html)"
114.119.144.65 - - [06/Jul/2025:09:48:07 -0400] "GET /index.php/mandean/jqkr.html HTTP/1.1" 404 1251 "-" "Mozilla/5.0 (Linux; Android 7.0;) AppleWebKit/537.36 (KHTML, like Gecko) Mobile Safari/537.36 (compatible; PetalBot;+https://webmaster.petalsearch.com/site/petalbot)"
114.119.146.142 - - [06/Jul/2025:09:48:36 -0400] "GET /index.php/lipography/0YnO.shtml HTTP/1.1" 404 1251 "-" "Mozilla/5.0 (Linux; Android 7.0;) AppleWebKit/537.36 (KHTML, like Gecko) Mobile Safari/537.36 (compatible; PetalBot;+https://webmaster.petalsearch.com/site/petalbot)"
66.249.74.71 - - [06/Jul/2025:09:49:16 -0400] "GET /q-~290sxgUS2pC4Je0UDVk7d0AUgYdZmTIQx5859/ HTTP/1.1" 404 1251 "-" "Mozilla/5.0 (compatible; Googlebot/2.1; +http://www.google.com/bot.html)"
66.249.74.72 - - [06/Jul/2025:09:49:22 -0400] "GET /q-~183N1g4BcsiGAMNEF4ZutqS2UmQzDuecn34692/ HTTP/1.1" 404 1251 "-" "Mozilla/5.0 (compatible; Googlebot/2.1; +http://www.google.com/bot.html)"
2a03:2880:f800:7:: - - [06/Jul/2025:09:49:30 -0400] "GET /?sitemap806.xml HTTP/1.1" 200 1470 "-" "meta-externalagent/1.1 (+https://developers.facebook.com/docs/sharing/webmasters/crawler)"
66.249.74.71 - - [06/Jul/2025:09:49:39 -0400] "GET /items/dvcpb14/44332?key=tough HTTP/1.1" 404 1251 "-" "Mozilla/5.0 (compatible; Googlebot/2.1; +http://www.google.com/bot.html)"
66.249.74.71 - - [06/Jul/2025:09:49:58 -0400] "GET /q-~16OAP9g1grkTWrDjXzoe3nFeEdLFvytJ31503/ HTTP/1.1" 404 1251 "-" "Mozilla/5.0 (Linux; Android 6.0.1; Nexus 5X Build/MMB29P) AppleWebKit/537.36 (KHTML, like Gecko) Chrome/137.0.7151.103 Mobile Safari/537.36 (compatible; Googlebot/2.1; +http://www.google.com/bot.html)"
43.153.96.233 - - [06/Jul/2025:09:50:07 -0400] "GET / HTTP/1.1" 200 1470 "http://nas-yemen.org" "Mozilla/5.0 (iPhone; CPU iPhone OS 13_2_3 like Mac OS X) AppleWebKit/605.1.15 (KHTML, like Gecko) Version/13.0.3 Mobile/15E148 Safari/604.1"
66.249.74.71 - - [06/Jul/2025:09:50:30 -0400] "GET /q-~44eYJnQSytG05uIXWSguuwMCwQn8xsyY827/ HTTP/1.1" 404 1251 "-" "Mozilla/5.0 (Linux; Android 6.0.1; Nexus 5X Build/MMB29P) AppleWebKit/537.36 (KHTML, like Gecko) Chrome/137.0.7151.103 Mobile Safari/537.36 (compatible; Googlebot/2.1; +http://www.google.com/bot.html)"
66.249.74.73 - - [06/Jul/2025:09:50:31 -0400] "GET /items/tjnwr233/38219?key=French HTTP/1.1" 404 1251 "-" "Mozilla/5.0 (Linux; Android 6.0.1; Nexus 5X Build/MMB29P) AppleWebKit/537.36 (KHTML, like Gecko) Chrome/137.0.7151.103 Mobile Safari/537.36 (compatible; Googlebot/2.1; +http://www.google.com/bot.html)"
66.249.74.71 - - [06/Jul/2025:09:50:49 -0400] "GET /q-~44RVXtFLpA5aemz400xiY7gqQp7ktn8d18455/ HTTP/1.1" 404 1251 "-" "Mozilla/5.0 (Linux; Android 6.0.1; Nexus 5X Build/MMB29P) AppleWebKit/537.36 (KHTML, like Gecko) Chrome/137.0.7151.103 Mobile Safari/537.36 (compatible; Googlebot/2.1; +http://www.google.com/bot.html)"
66.249.74.71 - - [06/Jul/2025:09:50:56 -0400] "GET /q-~136ACUHnJwccw9PPtDJCohYRraWykqC0c24669/ HTTP/1.1" 404 1251 "-" "Mozilla/5.0 (Linux; Android 6.0.1; Nexus 5X Build/MMB29P) AppleWebKit/537.36 (KHTML, like Gecko) Chrome/137.0.7151.103 Mobile Safari/537.36 (compatible; Googlebot/2.1; +http://www.google.com/bot.html)"
114.119.146.142 - - [06/Jul/2025:09:50:57 -0400] "GET /index.php/tenderee/2j1pk.htm HTTP/1.1" 404 1251 "-" "Mozilla/5.0 (Linux; Android 7.0;) AppleWebKit/537.36 (KHTML, like Gecko) Mobile Safari/537.36 (compatible; PetalBot;+https://webmaster.petalsearch.com/site/petalbot)"
66.249.74.71 - - [06/Jul/2025:09:50:58 -0400] "GET /items/oqskd152/27142?key=suspicious HTTP/1.1" 404 1251 "-" "Mozilla/5.0 (Linux; Android 6.0.1; Nexus 5X Build/MMB29P) AppleWebKit/537.36 (KHTML, like Gecko) Chrome/137.0.7151.103 Mobile Safari/537.36 (compatible; Googlebot/2.1; +http://www.google.com/bot.html)"
66.249.74.71 - - [06/Jul/2025:09:51:21 -0400] "GET /items/rtaqc81/41391?key=magnetic HTTP/1.1" 404 1251 "-" "Mozilla/5.0 (Linux; Android 6.0.1; Nexus 5X Build/MMB29P) AppleWebKit/537.36 (KHTML, like Gecko) Chrome/137.0.7151.103 Mobile Safari/537.36 (compatible; Googlebot/2.1; +http://www.google.com/bot.html)"
66.249.74.72 - - [06/Jul/2025:09:51:37 -0400] "GET /q-~116rbNYm0DMxoO46O9vMMdBlzzfy6rI5Q30757/ HTTP/1.1" 404 1251 "-" "Mozilla/5.0 (Linux; Android 6.0.1; Nexus 5X Build/MMB29P) AppleWebKit/537.36 (KHTML, like Gecko) Chrome/137.0.7151.103 Mobile Safari/537.36 (compatible; GoogleOther)"
66.249.74.72 - - [06/Jul/2025:09:51:40 -0400] "GET /items/okggw30/37032?key=regulator HTTP/1.1" 404 1251 "-" "Mozilla/5.0 (Linux; Android 6.0.1; Nexus 5X Build/MMB29P) AppleWebKit/537.36 (KHTML, like Gecko) Chrome/137.0.7151.103 Mobile Safari/537.36 (compatible; Googlebot/2.1; +http://www.google.com/bot.html)"
66.249.74.71 - - [06/Jul/2025:09:51:50 -0400] "GET /q-~204VQQDnHxmhQtS3uMKKeF9UDp1SDX0ob38493/ HTTP/1.1" 404 1251 "-" "Mozilla/5.0 (compatible; Googlebot/2.1; +http://www.google.com/bot.html)"
114.119.131.136 - - [06/Jul/2025:09:52:10 -0400] "GET /index.php/incompetency/b28d2WCqy.shtml HTTP/1.1" 404 1251 "-" "Mozilla/5.0 (Linux; Android 7.0;) AppleWebKit/537.36 (KHTML, like Gecko) Mobile Safari/537.36 (compatible; PetalBot;+https://webmaster.petalsearch.com/site/petalbot)"
66.249.74.72 - - [06/Jul/2025:09:52:37 -0400] "GET /q-~67j0rudnGN2jtkHSd0CISHsgQVLeTJQZ14788/ HTTP/1.1" 404 1251 "-" "Mozilla/5.0 (Linux; Android 6.0.1; Nexus 5X Build/MMB29P) AppleWebKit/537.36 (KHTML, like Gecko) Chrome/137.0.7151.103 Mobile Safari/537.36 (compatible; Googlebot/2.1; +http://www.google.com/bot.html)"
204.12.252.98 - - [06/Jul/2025:09:52:46 -0400] "GET /wp-content/admin.php HTTP/1.1" 404 1251 "https://nas-yemen.org/wp-content/admin.php" "Mozilla/5.0 (Windows NT 10.0; Win64; x64) AppleWebKit/537.36 (KHTML, like Gecko) Chrome/58.0.3029.110 Safari/537.3"
66.249.74.72 - - [06/Jul/2025:09:52:46 -0400] "GET /q-~71CqzVaRopr1cFbAicByEbzPbTBVGiBp1086/ HTTP/1.1" 404 1251 "-" "Mozilla/5.0 (compatible; Googlebot/2.1; +http://www.google.com/bot.html)"
66.249.74.71 - - [06/Jul/2025:09:52:49 -0400] "GET /q-~61TEmBBWIdz6SXQD2qZ0EfyXxy53xidI36870/ HTTP/1.1" 404 1251 "-" "Mozilla/5.0 (compatible; Googlebot/2.1; +http://www.google.com/bot.html)"
