66.249.74.73 - - [06/Jul/2025:15:49:01 -0400] "GET /q-~159PxoxgfmjEcKE8wFVeYPlNY5eO1mzKb26776/ HTTP/1.1" 404 1251 "-" "Mozilla/5.0 (Linux; Android 6.0.1; Nexus 5X Build/MMB29P) AppleWebKit/537.36 (KHTML, like Gecko) Chrome/137.0.7151.103 Mobile Safari/537.36 (compatible; Googlebot/2.1; +http://www.google.com/bot.html)"
66.249.74.71 - - [06/Jul/2025:15:49:04 -0400] "GET /items/ypekw78/43980?key=theme HTTP/1.1" 404 1251 "-" "Mozilla/5.0 (compatible; Googlebot/2.1; +http://www.google.com/bot.html)"
114.119.133.253 - - [06/Jul/2025:15:49:08 -0400] "GET /index.php/scottishry/oiKx5l7m7.htm HTTP/1.1" 404 1251 "-" "Mozilla/5.0 (Linux; Android 7.0;) AppleWebKit/537.36 (KHTML, like Gecko) Mobile Safari/537.36 (compatible; PetalBot;+https://webmaster.petalsearch.com/site/petalbot)"
66.249.74.72 - - [06/Jul/2025:15:49:40 -0400] "GET /q-~145J6UnxLR0lGMrtQmLlmo67bccOGjnjj22320/ HTTP/1.1" 404 1251 "-" "Mozilla/5.0 (compatible; Googlebot/2.1; +http://www.google.com/bot.html)"
66.249.74.72 - - [06/Jul/2025:15:49:43 -0400] "GET /q-~188JpETOjjhCCPvbm5DDHRXPvk31XOXWY10953/ HTTP/1.1" 404 1251 "-" "Mozilla/5.0 (compatible; Googlebot/2.1; +http://www.google.com/bot.html)"
66.249.74.71 - - [06/Jul/2025:15:49:52 -0400] "GET /q-~44SknL8GQ9tl3RcgZL3qWZj5j0RfmjKx37913/ HTTP/1.1" 404 1251 "-" "Mozilla/5.0 (compatible; Googlebot/2.1; +http://www.google.com/bot.html)"
66.249.74.71 - - [06/Jul/2025:15:49:56 -0400] "GET /q-~276tAyslwuKK3tPdW1rbpdo5tMq0uJw8p25095/ HTTP/1.1" 404 1251 "-" "Mozilla/5.0 (compatible; Googlebot/2.1; +http://www.google.com/bot.html)"
66.249.74.73 - - [06/Jul/2025:15:50:05 -0400] "GET /items/aqhub56/27810?key=else HTTP/1.1" 404 1251 "-" "Mozilla/5.0 (compatible; Googlebot/2.1; +http://www.google.com/bot.html)"
66.249.74.72 - - [06/Jul/2025:15:50:13 -0400] "GET /items/eozwe93/34713?key=supplier HTTP/1.1" 404 1251 "-" "Mozilla/5.0 (Linux; Android 6.0.1; Nexus 5X Build/MMB29P) AppleWebKit/537.36 (KHTML, like Gecko) Chrome/137.0.7151.103 Mobile Safari/537.36 (compatible; Googlebot/2.1; +http://www.google.com/bot.html)"
66.249.74.72 - - [06/Jul/2025:15:50:14 -0400] "GET /q-~143gcezGKVGyu94XO0Qu5drZXXP8fNiQe43788/ HTTP/1.1" 404 1251 "-" "Mozilla/5.0 (compatible; Googlebot/2.1; +http://www.google.com/bot.html)"
66.249.74.71 - - [06/Jul/2025:15:50:19 -0400] "GET /items/etrsz104/11352?key=habitat HTTP/1.1" 404 1251 "-" "Mozilla/5.0 (compatible; Googlebot/2.1; +http://www.google.com/bot.html)"
114.119.131.136 - - [06/Jul/2025:15:50:32 -0400] "GET /index.php/adjuratory/ylo6.html HTTP/1.1" 404 1251 "-" "Mozilla/5.0 (Linux; Android 7.0;) AppleWebKit/537.36 (KHTML, like Gecko) Mobile Safari/537.36 (compatible; PetalBot;+https://webmaster.petalsearch.com/site/petalbot)"
66.249.74.71 - - [06/Jul/2025:15:50:42 -0400] "GET /q-~181qAmmsJjOhOnEtBJ2udxy4GOWwhs7Dc47636/ HTTP/1.1" 404 1251 "-" "Mozilla/5.0 (Linux; Android 6.0.1; Nexus 5X Build/MMB29P) AppleWebKit/537.36 (KHTML, like Gecko) Chrome/137.0.7151.103 Mobile Safari/537.36 (compatible; Googlebot/2.1; +http://www.google.com/bot.html)"
66.249.74.71 - - [06/Jul/2025:15:50:48 -0400] "GET /q-~16zXuZuQKdzwQtWuB3WRUZIWur6bqoqp17537/ HTTP/1.1" 404 1251 "-" "Mozilla/5.0 (compatible; Googlebot/2.1; +http://www.google.com/bot.html)"
66.249.74.71 - - [06/Jul/2025:15:50:50 -0400] "GET /items/ikllx208/364?key=regardless HTTP/1.1" 404 1251 "-" "Mozilla/5.0 (Linux; Android 6.0.1; Nexus 5X Build/MMB29P) AppleWebKit/537.36 (KHTML, like Gecko) Chrome/137.0.7151.103 Mobile Safari/537.36 (compatible; GoogleOther)"
66.249.74.71 - - [06/Jul/2025:15:50:51 -0400] "GET /q-~290gvm3pw3aDWV7uhzEx4Y6uSHIDSUv9t18951/ HTTP/1.1" 404 1251 "-" "Mozilla/5.0 (Linux; Android 6.0.1; Nexus 5X Build/MMB29P) AppleWebKit/537.36 (KHTML, like Gecko) Chrome/137.0.7151.103 Mobile Safari/537.36 (compatible; Googlebot/2.1; +http://www.google.com/bot.html)"
34.148.51.29 - - [06/Jul/2025:15:51:17 -0400] "GET /sig.html HTTP/1.1" 200 964 "-" "ZoominfoBot (zoominfobot at zoominfo dot com)"
66.249.74.73 - - [06/Jul/2025:15:51:38 -0400] "GET /items/zuxrr252/16228?key=sir HTTP/1.1" 404 1251 "-" "Mozilla/5.0 (compatible; Googlebot/2.1; +http://www.google.com/bot.html)"
66.249.74.71 - - [06/Jul/2025:15:52:04 -0400] "GET /items/cmbmb146/22962?key=tendency HTTP/1.1" 404 1251 "-" "Mozilla/5.0 (compatible; Googlebot/2.1; +http://www.google.com/bot.html)"
66.249.74.71 - - [06/Jul/2025:15:52:10 -0400] "GET /q-~223KWtUJ4xOCgUY7g0Mwz8fcBwJUZpOsp40136/ HTTP/1.1" 404 1251 "-" "Mozilla/5.0 (Linux; Android 6.0.1; Nexus 5X Build/MMB29P) AppleWebKit/537.36 (KHTML, like Gecko) Chrome/137.0.7151.103 Mobile Safari/537.36 (compatible; Googlebot/2.1; +http://www.google.com/bot.html)"
66.249.74.72 - - [06/Jul/2025:15:52:13 -0400] "GET /items/mjbaq43/25379?key=straw HTTP/1.1" 404 1251 "-" "Mozilla/5.0 (Linux; Android 6.0.1; Nexus 5X Build/MMB29P) AppleWebKit/537.36 (KHTML, like Gecko) Chrome/137.0.7151.103 Mobile Safari/537.36 (compatible; Googlebot/2.1; +http://www.google.com/bot.html)"
4.227.36.58 - - [06/Jul/2025:15:52:24 -0400] "GET /robots.txt HTTP/1.1" 200 108 "-" "Mozilla/5.0 AppleWebKit/537.36 (KHTML, like Gecko; compatible; GPTBot/1.2; +https://openai.com/gptbot)"
4.227.36.54 - - [06/Jul/2025:15:52:24 -0400] "GET /robots.txt HTTP/1.1" 304 0 "http://nas-yemen.org/robots.txt" "Mozilla/5.0 AppleWebKit/537.36 (KHTML, like Gecko; compatible; GPTBot/1.2; +https://openai.com/gptbot)"
20.171.207.137 - - [06/Jul/2025:15:52:24 -0400] "GET /en_US/%D9%85%D8%A8%D8%A7%D8%AF%D8%A6%D9%86%D8%A7 HTTP/1.1" 404 1251 "-" "Mozilla/5.0 AppleWebKit/537.36 (KHTML, like Gecko; compatible; GPTBot/1.2; +https://openai.com/gptbot)"
20.171.207.96 - - [06/Jul/2025:15:52:24 -0400] "GET /tan.php HTTP/1.1" 404 1251 "-" "Mozilla/5.0 AppleWebKit/537.36 (KHTML, like Gecko; compatible; GPTBot/1.2; +https://openai.com/gptbot)"
66.249.74.71 - - [06/Jul/2025:15:52:25 -0400] "GET /items/mzrhg239/4927?key=wine HTTP/1.1" 404 1251 "-" "Mozilla/5.0 (Linux; Android 6.0.1; Nexus 5X Build/MMB29P) AppleWebKit/537.36 (KHTML, like Gecko) Chrome/137.0.7151.103 Mobile Safari/537.36 (compatible; Googlebot/2.1; +http://www.google.com/bot.html)"
4.227.36.66 - - [06/Jul/2025:15:52:26 -0400] "GET /robots.txt HTTP/1.1" 200 108 "http://mail.nas-yemen.org/robots.txt" "Mozilla/5.0 AppleWebKit/537.36 (KHTML, like Gecko; compatible; GPTBot/1.2; +https://openai.com/gptbot)"
20.171.207.215 - - [06/Jul/2025:15:52:27 -0400] "GET /wp-content/languages/themes/class_api.php HTTP/1.1" 404 1251 "-" "Mozilla/5.0 AppleWebKit/537.36 (KHTML, like Gecko; compatible; GPTBot/1.2; +https://openai.com/gptbot)"
20.171.207.137 - - [06/Jul/2025:15:52:27 -0400] "GET /wp-content/plugins/admin_ips.txt HTTP/1.1" 404 1251 "-" "Mozilla/5.0 AppleWebKit/537.36 (KHTML, like Gecko; compatible; GPTBot/1.2; +https://openai.com/gptbot)"
20.171.207.96 - - [06/Jul/2025:15:52:28 -0400] "GET /rex.php HTTP/1.1" 404 1251 "-" "Mozilla/5.0 AppleWebKit/537.36 (KHTML, like Gecko; compatible; GPTBot/1.2; +https://openai.com/gptbot)"
20.171.207.215 - - [06/Jul/2025:15:52:30 -0400] "GET /zero.php HTTP/1.1" 404 1251 "-" "Mozilla/5.0 AppleWebKit/537.36 (KHTML, like Gecko; compatible; GPTBot/1.2; +https://openai.com/gptbot)"
20.171.207.137 - - [06/Jul/2025:15:52:30 -0400] "GET /en_US/event/board-meeting HTTP/1.1" 404 1251 "-" "Mozilla/5.0 AppleWebKit/537.36 (KHTML, like Gecko; compatible; GPTBot/1.2; +https://openai.com/gptbot)"
20.171.207.96 - - [06/Jul/2025:15:52:30 -0400] "GET /stindex.php HTTP/1.1" 404 1251 "-" "Mozilla/5.0 AppleWebKit/537.36 (KHTML, like Gecko; compatible; GPTBot/1.2; +https://openai.com/gptbot)"
20.171.207.215 - - [06/Jul/2025:15:52:33 -0400] "GET /woh.php HTTP/1.1" 404 1251 "-" "Mozilla/5.0 AppleWebKit/537.36 (KHTML, like Gecko; compatible; GPTBot/1.2; +https://openai.com/gptbot)"
20.171.207.137 - - [06/Jul/2025:15:52:34 -0400] "GET /wp-content/uploads/2020/02/index.php HTTP/1.1" 404 1251 "-" "Mozilla/5.0 AppleWebKit/537.36 (KHTML, like Gecko; compatible; GPTBot/1.2; +https://openai.com/gptbot)"
20.171.207.96 - - [06/Jul/2025:15:52:34 -0400] "GET /wp-admin/network/network.php HTTP/1.1" 404 1251 "-" "Mozilla/5.0 AppleWebKit/537.36 (KHTML, like Gecko; compatible; GPTBot/1.2; +https://openai.com/gptbot)"
20.171.207.215 - - [06/Jul/2025:15:52:36 -0400] "GET /wp-includes/images/include.php HTTP/1.1" 404 1251 "-" "Mozilla/5.0 AppleWebKit/537.36 (KHTML, like Gecko; compatible; GPTBot/1.2; +https://openai.com/gptbot)"
20.171.207.137 - - [06/Jul/2025:15:52:37 -0400] "GET /ar/campaign_category/water HTTP/1.1" 404 1251 "-" "Mozilla/5.0 AppleWebKit/537.36 (KHTML, like Gecko; compatible; GPTBot/1.2; +https://openai.com/gptbot)"
20.171.207.96 - - [06/Jul/2025:15:52:37 -0400] "GET /alwso.php HTTP/1.1" 404 1251 "-" "Mozilla/5.0 AppleWebKit/537.36 (KHTML, like Gecko; compatible; GPTBot/1.2; +https://openai.com/gptbot)"
20.171.207.215 - - [06/Jul/2025:15:52:39 -0400] "GET /classwithtostring.php HTTP/1.1" 404 1251 "-" "Mozilla/5.0 AppleWebKit/537.36 (KHTML, like Gecko; compatible; GPTBot/1.2; +https://openai.com/gptbot)"
20.171.207.96 - - [06/Jul/2025:15:52:40 -0400] "GET /wp-aespa.php HTTP/1.1" 404 1251 "-" "Mozilla/5.0 AppleWebKit/537.36 (KHTML, like Gecko; compatible; GPTBot/1.2; +https://openai.com/gptbot)"
66.249.74.71 - - [06/Jul/2025:15:52:42 -0400] "GET /q-~299LrfiNLXf3yDBdn7iWC7pv1rMiy0Xlq14854/ HTTP/1.1" 404 1251 "-" "Mozilla/5.0 (Linux; Android 6.0.1; Nexus 5X Build/MMB29P) AppleWebKit/537.36 (KHTML, like Gecko) Chrome/137.0.7151.103 Mobile Safari/537.36 (compatible; Googlebot/2.1; +http://www.google.com/bot.html)"
20.171.207.215 - - [06/Jul/2025:15:52:42 -0400] "GET /classfuns.php HTTP/1.1" 404 1251 "-" "Mozilla/5.0 AppleWebKit/537.36 (KHTML, like Gecko; compatible; GPTBot/1.2; +https://openai.com/gptbot)"
20.171.207.96 - - [06/Jul/2025:15:52:43 -0400] "GET /contents.php HTTP/1.1" 404 1251 "-" "Mozilla/5.0 AppleWebKit/537.36 (KHTML, like Gecko; compatible; GPTBot/1.2; +https://openai.com/gptbot)"
20.171.207.215 - - [06/Jul/2025:15:52:45 -0400] "GET /tempfuns.php HTTP/1.1" 404 1251 "-" "Mozilla/5.0 AppleWebKit/537.36 (KHTML, like Gecko; compatible; GPTBot/1.2; +https://openai.com/gptbot)"
20.171.207.96 - - [06/Jul/2025:15:52:46 -0400] "GET /e.php HTTP/1.1" 404 1251 "-" "Mozilla/5.0 AppleWebKit/537.36 (KHTML, like Gecko; compatible; GPTBot/1.2; +https://openai.com/gptbot)"
20.171.207.215 - - [06/Jul/2025:15:52:49 -0400] "GET /class_api.php HTTP/1.1" 404 1251 "-" "Mozilla/5.0 AppleWebKit/537.36 (KHTML, like Gecko; compatible; GPTBot/1.2; +https://openai.com/gptbot)"
20.171.207.96 - - [06/Jul/2025:15:52:50 -0400] "GET /bean/2spdqlh.html HTTP/1.1" 404 1251 "-" "Mozilla/5.0 AppleWebKit/537.36 (KHTML, like Gecko; compatible; GPTBot/1.2; +https://openai.com/gptbot)"
20.171.207.215 - - [06/Jul/2025:15:52:52 -0400] "GET /simple.php HTTP/1.1" 404 1251 "-" "Mozilla/5.0 AppleWebKit/537.36 (KHTML, like Gecko; compatible; GPTBot/1.2; +https://openai.com/gptbot)"
20.171.207.96 - - [06/Jul/2025:15:52:53 -0400] "GET /wp-plugins.php HTTP/1.1" 404 1251 "-" "Mozilla/5.0 AppleWebKit/537.36 (KHTML, like Gecko; compatible; GPTBot/1.2; +https://openai.com/gptbot)"
20.171.207.215 - - [06/Jul/2025:15:52:55 -0400] "GET /adminfuns.php HTTP/1.1" 404 1251 "-" "Mozilla/5.0 AppleWebKit/537.36 (KHTML, like Gecko; compatible; GPTBot/1.2; +https://openai.com/gptbot)"
20.171.207.96 - - [06/Jul/2025:15:52:56 -0400] "GET /wp-admin/991176.php HTTP/1.1" 404 1251 "-" "Mozilla/5.0 AppleWebKit/537.36 (KHTML, like Gecko; compatible; GPTBot/1.2; +https://openai.com/gptbot)"
20.171.207.215 - - [06/Jul/2025:15:52:58 -0400] "GET /wp-content/themes/hello-element/footer.php HTTP/1.1" 404 1251 "-" "Mozilla/5.0 AppleWebKit/537.36 (KHTML, like Gecko; compatible; GPTBot/1.2; +https://openai.com/gptbot)"
66.249.74.71 - - [06/Jul/2025:15:52:59 -0400] "GET /q-~142MoPOlprB1BFAKLn01QeEnNOJsLTOBy15957/ HTTP/1.1" 404 1251 "-" "Mozilla/5.0 (Linux; Android 6.0.1; Nexus 5X Build/MMB29P) AppleWebKit/537.36 (KHTML, like Gecko) Chrome/137.0.7151.103 Mobile Safari/537.36 (compatible; GoogleOther)"
20.171.207.96 - - [06/Jul/2025:15:52:59 -0400] "GET /wp-configs.php HTTP/1.1" 404 1251 "-" "Mozilla/5.0 AppleWebKit/537.36 (KHTML, like Gecko; compatible; GPTBot/1.2; +https://openai.com/gptbot)"
20.171.207.215 - - [06/Jul/2025:15:53:01 -0400] "GET /.well-known/pki-validation/class_api.php HTTP/1.1" 404 1251 "-" "Mozilla/5.0 AppleWebKit/537.36 (KHTML, like Gecko; compatible; GPTBot/1.2; +https://openai.com/gptbot)"
20.171.207.96 - - [06/Jul/2025:15:53:02 -0400] "GET /tgw.php HTTP/1.1" 404 1251 "-" "Mozilla/5.0 AppleWebKit/537.36 (KHTML, like Gecko; compatible; GPTBot/1.2; +https://openai.com/gptbot)"
20.171.207.215 - - [06/Jul/2025:15:53:04 -0400] "GET /cgi-bin/class_api.php HTTP/1.1" 404 1251 "-" "Mozilla/5.0 AppleWebKit/537.36 (KHTML, like Gecko; compatible; GPTBot/1.2; +https://openai.com/gptbot)"
66.249.74.72 - - [06/Jul/2025:15:53:05 -0400] "GET /q-~233cihoB8smU3ttgt3qUqal0sZCkouEnL25930/ HTTP/1.1" 404 1251 "-" "Mozilla/5.0 (compatible; Googlebot/2.1; +http://www.google.com/bot.html)"
20.171.207.96 - - [06/Jul/2025:15:53:06 -0400] "GET /miwa.php HTTP/1.1" 404 1251 "-" "Mozilla/5.0 AppleWebKit/537.36 (KHTML, like Gecko; compatible; GPTBot/1.2; +https://openai.com/gptbot)"
66.249.74.73 - - [06/Jul/2025:15:53:07 -0400] "GET /q-~104Y9EpVyJlEoy6CtIz5sV1KuuTn30WjR21763/ HTTP/1.1" 404 1251 "-" "Mozilla/5.0 (Linux; Android 6.0.1; Nexus 5X Build/MMB29P) AppleWebKit/537.36 (KHTML, like Gecko) Chrome/137.0.7151.103 Mobile Safari/537.36 (compatible; Googlebot/2.1; +http://www.google.com/bot.html)"
20.171.207.96 - - [06/Jul/2025:15:53:09 -0400] "GET /.tmb/admin.php HTTP/1.1" 404 1251 "-" "Mozilla/5.0 AppleWebKit/537.36 (KHTML, like Gecko; compatible; GPTBot/1.2; +https://openai.com/gptbot)"
20.171.207.215 - - [06/Jul/2025:15:53:11 -0400] "GET /assets/class_api.php HTTP/1.1" 404 1251 "-" "Mozilla/5.0 AppleWebKit/537.36 (KHTML, like Gecko; compatible; GPTBot/1.2; +https://openai.com/gptbot)"
20.171.207.96 - - [06/Jul/2025:15:53:12 -0400] "GET /inc/f.php HTTP/1.1" 404 1251 "-" "Mozilla/5.0 AppleWebKit/537.36 (KHTML, like Gecko; compatible; GPTBot/1.2; +https://openai.com/gptbot)"
20.171.207.215 - - [06/Jul/2025:15:53:14 -0400] "GET /images/atomlib.php HTTP/1.1" 404 1251 "-" "Mozilla/5.0 AppleWebKit/537.36 (KHTML, like Gecko; compatible; GPTBot/1.2; +https://openai.com/gptbot)"
20.171.207.96 - - [06/Jul/2025:15:53:15 -0400] "GET /gank.php.PhP HTTP/1.1" 404 1251 "-" "Mozilla/5.0 AppleWebKit/537.36 (KHTML, like Gecko; compatible; GPTBot/1.2; +https://openai.com/gptbot)"
66.249.74.78 - - [06/Jul/2025:15:53:17 -0400] "GET /q-~275nTuYVUU6a4ku4MKCe8AF7K7fQXo1JS43720/ HTTP/1.1" 404 1251 "-" "Mozilla/5.0 (Linux; Android 6.0.1; Nexus 5X Build/MMB29P) AppleWebKit/537.36 (KHTML, like Gecko) Chrome/137.0.7151.103 Mobile Safari/537.36 (compatible; Googlebot/2.1; +http://www.google.com/bot.html)"
20.171.207.96 - - [06/Jul/2025:15:53:18 -0400] "GET /.well-known/wso112233.php HTTP/1.1" 404 1251 "-" "Mozilla/5.0 AppleWebKit/537.36 (KHTML, like Gecko; compatible; GPTBot/1.2; +https://openai.com/gptbot)"
20.171.207.215 - - [06/Jul/2025:15:53:20 -0400] "GET /cgi-bin/license.php HTTP/1.1" 404 1251 "-" "Mozilla/5.0 AppleWebKit/537.36 (KHTML, like Gecko; compatible; GPTBot/1.2; +https://openai.com/gptbot)"
20.171.207.96 - - [06/Jul/2025:15:53:21 -0400] "GET /bean/2spdqlh.html HTTP/1.1" 404 1251 "-" "Mozilla/5.0 AppleWebKit/537.36 (KHTML, like Gecko; compatible; GPTBot/1.2; +https://openai.com/gptbot)"
20.171.207.215 - - [06/Jul/2025:15:53:23 -0400] "GET /.tmb/moon.php HTTP/1.1" 404 1251 "-" "Mozilla/5.0 AppleWebKit/537.36 (KHTML, like Gecko; compatible; GPTBot/1.2; +https://openai.com/gptbot)"
20.171.207.96 - - [06/Jul/2025:15:53:24 -0400] "GET /media-admin.php/404.php HTTP/1.1" 404 1251 "-" "Mozilla/5.0 AppleWebKit/537.36 (KHTML, like Gecko; compatible; GPTBot/1.2; +https://openai.com/gptbot)"
20.171.207.215 - - [06/Jul/2025:15:53:26 -0400] "GET /cgi-bin/sgd.php HTTP/1.1" 404 1251 "-" "Mozilla/5.0 AppleWebKit/537.36 (KHTML, like Gecko; compatible; GPTBot/1.2; +https://openai.com/gptbot)"
20.171.207.96 - - [06/Jul/2025:15:53:28 -0400] "GET /wp-content/plugins/pretty-link/app/views/admin/upgrade/categories.php HTTP/1.1" 404 1251 "-" "Mozilla/5.0 AppleWebKit/537.36 (KHTML, like Gecko; compatible; GPTBot/1.2; +https://openai.com/gptbot)"
20.171.207.215 - - [06/Jul/2025:15:53:29 -0400] "GET /.tmb/mariju.php HTTP/1.1" 404 1251 "-" "Mozilla/5.0 AppleWebKit/537.36 (KHTML, like Gecko; compatible; GPTBot/1.2; +https://openai.com/gptbot)"
66.249.74.78 - - [06/Jul/2025:15:53:30 -0400] "GET /items/ulryh62/39128?key=sad HTTP/1.1" 404 1251 "-" "Mozilla/5.0 (compatible; Googlebot/2.1; +http://www.google.com/bot.html)"
20.171.207.96 - - [06/Jul/2025:15:53:31 -0400] "GET /wp-admin/maint/wp-aespa.php HTTP/1.1" 404 1251 "-" "Mozilla/5.0 AppleWebKit/537.36 (KHTML, like Gecko; compatible; GPTBot/1.2; +https://openai.com/gptbot)"
20.171.207.215 - - [06/Jul/2025:15:53:33 -0400] "GET /wp-admin/network/class_api.php HTTP/1.1" 404 1251 "-" "Mozilla/5.0 AppleWebKit/537.36 (KHTML, like Gecko; compatible; GPTBot/1.2; +https://openai.com/gptbot)"
20.171.207.96 - - [06/Jul/2025:15:53:34 -0400] "GET /wp-content/vz.php HTTP/1.1" 404 1251 "-" "Mozilla/5.0 AppleWebKit/537.36 (KHTML, like Gecko; compatible; GPTBot/1.2; +https://openai.com/gptbot)"
20.171.207.96 - - [06/Jul/2025:15:53:37 -0400] "GET /wp-content/plugins/wp-strongs/wp-strongs.php HTTP/1.1" 404 1251 "-" "Mozilla/5.0 AppleWebKit/537.36 (KHTML, like Gecko; compatible; GPTBot/1.2; +https://openai.com/gptbot)"
20.171.207.215 - - [06/Jul/2025:15:53:39 -0400] "GET /.well-known/pki-validation/atomlib.php HTTP/1.1" 404 1251 "-" "Mozilla/5.0 AppleWebKit/537.36 (KHTML, like Gecko; compatible; GPTBot/1.2; +https://openai.com/gptbot)"
20.171.207.96 - - [06/Jul/2025:15:53:40 -0400] "GET /wp-content/plugins/wp-stream/wp-stream.php HTTP/1.1" 404 1251 "-" "Mozilla/5.0 AppleWebKit/537.36 (KHTML, like Gecko; compatible; GPTBot/1.2; +https://openai.com/gptbot)"
66.249.74.78 - - [06/Jul/2025:15:53:41 -0400] "GET /items/rdkek224/16198?key=subsidy HTTP/1.1" 404 1251 "-" "Mozilla/5.0 (Linux; Android 6.0.1; Nexus 5X Build/MMB29P) AppleWebKit/537.36 (KHTML, like Gecko) Chrome/137.0.7151.103 Mobile Safari/537.36 (compatible; Googlebot/2.1; +http://www.google.com/bot.html)"
20.171.207.215 - - [06/Jul/2025:15:53:42 -0400] "GET /cgi-bin/moon.php HTTP/1.1" 404 1251 "-" "Mozilla/5.0 AppleWebKit/537.36 (KHTML, like Gecko; compatible; GPTBot/1.2; +https://openai.com/gptbot)"
20.171.207.96 - - [06/Jul/2025:15:53:44 -0400] "GET /wp-admin/ffAA531.php HTTP/1.1" 404 1251 "-" "Mozilla/5.0 AppleWebKit/537.36 (KHTML, like Gecko; compatible; GPTBot/1.2; +https://openai.com/gptbot)"
66.249.74.78 - - [06/Jul/2025:15:53:45 -0400] "GET /q-~14PpsCKwkjRVej6XSWZSOl9SZG5VGYdk21539/ HTTP/1.1" 404 1251 "-" "Mozilla/5.0 (Linux; Android 6.0.1; Nexus 5X Build/MMB29P) AppleWebKit/537.36 (KHTML, like Gecko) Chrome/137.0.7151.103 Mobile Safari/537.36 (compatible; Googlebot/2.1; +http://www.google.com/bot.html)"
20.171.207.215 - - [06/Jul/2025:15:53:45 -0400] "GET /.tmb/class_api.php HTTP/1.1" 404 1251 "-" "Mozilla/5.0 AppleWebKit/537.36 (KHTML, like Gecko; compatible; GPTBot/1.2; +https://openai.com/gptbot)"
20.171.207.96 - - [06/Jul/2025:15:53:47 -0400] "GET /wp-content/uploads/estate_templates/wpbricks/doc.php HTTP/1.1" 404 1251 "-" "Mozilla/5.0 AppleWebKit/537.36 (KHTML, like Gecko; compatible; GPTBot/1.2; +https://openai.com/gptbot)"
20.171.207.215 - - [06/Jul/2025:15:53:48 -0400] "GET /wp-admin/includes/class_api.php HTTP/1.1" 404 1251 "-" "Mozilla/5.0 AppleWebKit/537.36 (KHTML, like Gecko; compatible; GPTBot/1.2; +https://openai.com/gptbot)"
20.171.207.96 - - [06/Jul/2025:15:53:50 -0400] "GET /wp-content/local.php HTTP/1.1" 404 1251 "-" "Mozilla/5.0 AppleWebKit/537.36 (KHTML, like Gecko; compatible; GPTBot/1.2; +https://openai.com/gptbot)"
66.249.74.78 - - [06/Jul/2025:15:53:53 -0400] "GET /q-~142JrAdNDnl0AaQy9jCnsaZVPY6McRZQj37709/ HTTP/1.1" 404 1251 "-" "Mozilla/5.0 (Linux; Android 6.0.1; Nexus 5X Build/MMB29P) AppleWebKit/537.36 (KHTML, like Gecko) Chrome/137.0.7151.103 Mobile Safari/537.36 (compatible; GoogleOther)"
20.171.207.96 - - [06/Jul/2025:15:53:53 -0400] "GET /wp-content/themes/noriumportfolio/img_screen.php HTTP/1.1" 404 1251 "-" "Mozilla/5.0 AppleWebKit/537.36 (KHTML, like Gecko; compatible; GPTBot/1.2; +https://openai.com/gptbot)"
20.171.207.96 - - [06/Jul/2025:15:53:56 -0400] "GET /insonify/Cp1hyoz/q14yp8.htm HTTP/1.1" 404 1251 "-" "Mozilla/5.0 AppleWebKit/537.36 (KHTML, like Gecko; compatible; GPTBot/1.2; +https://openai.com/gptbot)"
66.249.74.78 - - [06/Jul/2025:15:53:57 -0400] "GET /items/zxyae276/39234?key=cooking HTTP/1.1" 404 1251 "-" "Mozilla/5.0 (Linux; Android 6.0.1; Nexus 5X Build/MMB29P) AppleWebKit/537.36 (KHTML, like Gecko) Chrome/137.0.7151.103 Mobile Safari/537.36 (compatible; Googlebot/2.1; +http://www.google.com/bot.html)"
20.171.207.215 - - [06/Jul/2025:15:53:58 -0400] "GET /wp-includes/random_compat/class_api.php HTTP/1.1" 404 1251 "-" "Mozilla/5.0 AppleWebKit/537.36 (KHTML, like Gecko; compatible; GPTBot/1.2; +https://openai.com/gptbot)"
20.171.207.96 - - [06/Jul/2025:15:54:00 -0400] "GET /assets/images/doc.php HTTP/1.1" 404 1251 "-" "Mozilla/5.0 AppleWebKit/537.36 (KHTML, like Gecko; compatible; GPTBot/1.2; +https://openai.com/gptbot)"
20.171.207.215 - - [06/Jul/2025:15:54:01 -0400] "GET /wp-content/themes/twentyfive/include.php HTTP/1.1" 404 1251 "-" "Mozilla/5.0 AppleWebKit/537.36 (KHTML, like Gecko; compatible; GPTBot/1.2; +https://openai.com/gptbot)"
20.171.207.96 - - [06/Jul/2025:15:54:03 -0400] "GET /wp-content/themes/skatepark/img_screen.php HTTP/1.1" 404 1251 "-" "Mozilla/5.0 AppleWebKit/537.36 (KHTML, like Gecko; compatible; GPTBot/1.2; +https://openai.com/gptbot)"
20.171.207.215 - - [06/Jul/2025:15:54:04 -0400] "GET /wp-admin/js/widgets/license.php HTTP/1.1" 404 1251 "-" "Mozilla/5.0 AppleWebKit/537.36 (KHTML, like Gecko; compatible; GPTBot/1.2; +https://openai.com/gptbot)"
20.171.207.96 - - [06/Jul/2025:15:54:06 -0400] "GET /unenvious/sk5pbywpy0.htm HTTP/1.1" 404 1251 "-" "Mozilla/5.0 AppleWebKit/537.36 (KHTML, like Gecko; compatible; GPTBot/1.2; +https://openai.com/gptbot)"
20.171.207.215 - - [06/Jul/2025:15:54:07 -0400] "GET /wp-admin/images/moon.php HTTP/1.1" 404 1251 "-" "Mozilla/5.0 AppleWebKit/537.36 (KHTML, like Gecko; compatible; GPTBot/1.2; +https://openai.com/gptbot)"
20.171.207.96 - - [06/Jul/2025:15:54:09 -0400] "GET /wp-admin/images/file.php HTTP/1.1" 404 1251 "-" "Mozilla/5.0 AppleWebKit/537.36 (KHTML, like Gecko; compatible; GPTBot/1.2; +https://openai.com/gptbot)"
20.171.207.215 - - [06/Jul/2025:15:54:10 -0400] "GET /wp-includes/widgets/include.php HTTP/1.1" 404 1251 "-" "Mozilla/5.0 AppleWebKit/537.36 (KHTML, like Gecko; compatible; GPTBot/1.2; +https://openai.com/gptbot)"
66.249.74.64 - - [06/Jul/2025:15:54:12 -0400] "GET /items/anbrk241/11113?key=dependent HTTP/1.1" 404 1251 "-" "Mozilla/5.0 (compatible; Googlebot/2.1; +http://www.google.com/bot.html)"
20.171.207.96 - - [06/Jul/2025:15:54:12 -0400] "GET /wp-content/wp-aespa.php HTTP/1.1" 404 1251 "-" "Mozilla/5.0 AppleWebKit/537.36 (KHTML, like Gecko; compatible; GPTBot/1.2; +https://openai.com/gptbot)"
20.171.207.215 - - [06/Jul/2025:15:54:13 -0400] "GET /wp-admin/js/widgets/sgd.php HTTP/1.1" 404 1251 "-" "Mozilla/5.0 AppleWebKit/537.36 (KHTML, like Gecko; compatible; GPTBot/1.2; +https://openai.com/gptbot)"
20.171.207.96 - - [06/Jul/2025:15:54:15 -0400] "GET /hydrofracturing/pzwgppn.htm HTTP/1.1" 404 1251 "-" "Mozilla/5.0 AppleWebKit/537.36 (KHTML, like Gecko; compatible; GPTBot/1.2; +https://openai.com/gptbot)"
20.171.207.215 - - [06/Jul/2025:15:54:16 -0400] "GET /common/img/class_api.php HTTP/1.1" 404 1251 "-" "Mozilla/5.0 AppleWebKit/537.36 (KHTML, like Gecko; compatible; GPTBot/1.2; +https://openai.com/gptbot)"
66.249.74.64 - - [06/Jul/2025:15:54:17 -0400] "GET /q-~138esOWCxNxJPGgy31CHDpibCJUeXjiEF40173/ HTTP/1.1" 404 1251 "-" "Mozilla/5.0 (Linux; Android 6.0.1; Nexus 5X Build/MMB29P) AppleWebKit/537.36 (KHTML, like Gecko) Chrome/137.0.7151.103 Mobile Safari/537.36 (compatible; Googlebot/2.1; +http://www.google.com/bot.html)"
66.249.74.64 - - [06/Jul/2025:15:54:18 -0400] "GET /q-~30JMwjCXWU9xJNDC6y0amfLfYVxoUQPk40035/ HTTP/1.1" 404 1251 "-" "Mozilla/5.0 (compatible; Googlebot/2.1; +http://www.google.com/bot.html)"
20.171.207.96 - - [06/Jul/2025:15:54:18 -0400] "GET /cgi-bin/ccx/index.php HTTP/1.1" 404 1251 "-" "Mozilla/5.0 AppleWebKit/537.36 (KHTML, like Gecko; compatible; GPTBot/1.2; +https://openai.com/gptbot)"
20.171.207.215 - - [06/Jul/2025:15:54:19 -0400] "GET /wp-admin/images/class.api.php HTTP/1.1" 404 1251 "-" "Mozilla/5.0 AppleWebKit/537.36 (KHTML, like Gecko; compatible; GPTBot/1.2; +https://openai.com/gptbot)"
20.171.207.96 - - [06/Jul/2025:15:54:21 -0400] "GET /wp-content/themes/distance-lite/languages/namespaces.php HTTP/1.1" 404 1251 "-" "Mozilla/5.0 AppleWebKit/537.36 (KHTML, like Gecko; compatible; GPTBot/1.2; +https://openai.com/gptbot)"
20.171.207.215 - - [06/Jul/2025:15:54:23 -0400] "GET /wp-admin/maint/atomlib.php HTTP/1.1" 404 1251 "-" "Mozilla/5.0 AppleWebKit/537.36 (KHTML, like Gecko; compatible; GPTBot/1.2; +https://openai.com/gptbot)"
20.171.207.96 - - [06/Jul/2025:15:54:24 -0400] "GET /wp-content/plugins/woocommerce/includes/shortcodes/index.php HTTP/1.1" 404 1251 "-" "Mozilla/5.0 AppleWebKit/537.36 (KHTML, like Gecko; compatible; GPTBot/1.2; +https://openai.com/gptbot)"
20.171.207.215 - - [06/Jul/2025:15:54:26 -0400] "GET /wp-admin/js/widgets/moon.php HTTP/1.1" 404 1251 "-" "Mozilla/5.0 AppleWebKit/537.36 (KHTML, like Gecko; compatible; GPTBot/1.2; +https://openai.com/gptbot)"
20.171.207.96 - - [06/Jul/2025:15:54:27 -0400] "GET /wp-admin/includes/about.php HTTP/1.1" 404 1251 "-" "Mozilla/5.0 AppleWebKit/537.36 (KHTML, like Gecko; compatible; GPTBot/1.2; +https://openai.com/gptbot)"
20.171.207.215 - - [06/Jul/2025:15:54:29 -0400] "GET /wp-admin/includes/moon.php HTTP/1.1" 404 1251 "-" "Mozilla/5.0 AppleWebKit/537.36 (KHTML, like Gecko; compatible; GPTBot/1.2; +https://openai.com/gptbot)"
20.171.207.96 - - [06/Jul/2025:15:54:31 -0400] "GET /wp-content/themes/noriumportfolio/doc.php HTTP/1.1" 404 1251 "-" "Mozilla/5.0 AppleWebKit/537.36 (KHTML, like Gecko; compatible; GPTBot/1.2; +https://openai.com/gptbot)"
20.171.207.215 - - [06/Jul/2025:15:54:32 -0400] "GET /wp-admin/includes/atomlib.php HTTP/1.1" 404 1251 "-" "Mozilla/5.0 AppleWebKit/537.36 (KHTML, like Gecko; compatible; GPTBot/1.2; +https://openai.com/gptbot)"
20.171.207.96 - - [06/Jul/2025:15:54:34 -0400] "GET /wp-content/themes/skatepark/img_screen.php HTTP/1.1" 404 1251 "-" "Mozilla/5.0 AppleWebKit/537.36 (KHTML, like Gecko; compatible; GPTBot/1.2; +https://openai.com/gptbot)"
20.171.207.215 - - [06/Jul/2025:15:54:35 -0400] "GET /wp-content/languages/themes/atomlib.php HTTP/1.1" 404 1251 "-" "Mozilla/5.0 AppleWebKit/537.36 (KHTML, like Gecko; compatible; GPTBot/1.2; +https://openai.com/gptbot)"
66.249.74.78 - - [06/Jul/2025:15:54:35 -0400] "GET /q-~180q6jgnf3p2dnl3JNicWmmVjXU9IvKRu2251/ HTTP/1.1" 404 1251 "-" "Mozilla/5.0 (Linux; Android 6.0.1; Nexus 5X Build/MMB29P) AppleWebKit/537.36 (KHTML, like Gecko) Chrome/137.0.7151.103 Mobile Safari/537.36 (compatible; Googlebot/2.1; +http://www.google.com/bot.html)"
20.171.207.96 - - [06/Jul/2025:15:54:37 -0400] "GET /wp-content/themes/twentytwentytwo/assets/fonts/index.php HTTP/1.1" 404 1251 "-" "Mozilla/5.0 AppleWebKit/537.36 (KHTML, like Gecko; compatible; GPTBot/1.2; +https://openai.com/gptbot)"
20.171.207.215 - - [06/Jul/2025:15:54:38 -0400] "GET /wp-content/plugins/include.php HTTP/1.1" 404 1251 "-" "Mozilla/5.0 AppleWebKit/537.36 (KHTML, like Gecko; compatible; GPTBot/1.2; +https://openai.com/gptbot)"
20.171.207.96 - - [06/Jul/2025:15:54:40 -0400] "GET /ccx/index.php HTTP/1.1" 404 1251 "-" "Mozilla/5.0 AppleWebKit/537.36 (KHTML, like Gecko; compatible; GPTBot/1.2; +https://openai.com/gptbot)"
20.171.207.215 - - [06/Jul/2025:15:54:41 -0400] "GET /wp-content/themes/wp-pridmag/up.php HTTP/1.1" 404 1251 "-" "Mozilla/5.0 AppleWebKit/537.36 (KHTML, like Gecko; compatible; GPTBot/1.2; +https://openai.com/gptbot)"
20.171.207.96 - - [06/Jul/2025:15:54:43 -0400] "GET /wp-content/plugins/wp-doft/noimg.php HTTP/1.1" 404 1251 "-" "Mozilla/5.0 AppleWebKit/537.36 (KHTML, like Gecko; compatible; GPTBot/1.2; +https://openai.com/gptbot)"
20.171.207.215 - - [06/Jul/2025:15:54:44 -0400] "GET /wp-content/themes/tflow/up.php HTTP/1.1" 404 1251 "-" "Mozilla/5.0 AppleWebKit/537.36 (KHTML, like Gecko; compatible; GPTBot/1.2; +https://openai.com/gptbot)"
66.249.74.78 - - [06/Jul/2025:15:54:45 -0400] "GET /q-~30HkGVs4wNunvc16mqYClHj3rrr4uY0U16691/ HTTP/1.1" 404 1251 "-" "Mozilla/5.0 (Linux; Android 6.0.1; Nexus 5X Build/MMB29P) AppleWebKit/537.36 (KHTML, like Gecko) Chrome/137.0.7151.103 Mobile Safari/537.36 (compatible; GoogleOther)"
20.171.207.96 - - [06/Jul/2025:15:54:47 -0400] "GET /wp-admin/js/404.php HTTP/1.1" 404 1251 "-" "Mozilla/5.0 AppleWebKit/537.36 (KHTML, like Gecko; compatible; GPTBot/1.2; +https://openai.com/gptbot)"
20.171.207.215 - - [06/Jul/2025:15:54:48 -0400] "GET /wp-admin/includes/license.php HTTP/1.1" 404 1251 "-" "Mozilla/5.0 AppleWebKit/537.36 (KHTML, like Gecko; compatible; GPTBot/1.2; +https://openai.com/gptbot)"
20.171.207.96 - - [06/Jul/2025:15:54:50 -0400] "GET /wp-content/themes/enron/doc.php HTTP/1.1" 404 1251 "-" "Mozilla/5.0 AppleWebKit/537.36 (KHTML, like Gecko; compatible; GPTBot/1.2; +https://openai.com/gptbot)"
20.171.207.215 - - [06/Jul/2025:15:54:51 -0400] "GET /wp-content/languages/class_api.php HTTP/1.1" 404 1251 "-" "Mozilla/5.0 AppleWebKit/537.36 (KHTML, like Gecko; compatible; GPTBot/1.2; +https://openai.com/gptbot)"
20.171.207.96 - - [06/Jul/2025:15:54:53 -0400] "GET /wp-content/themes/skatepark/doc.php HTTP/1.1" 404 1251 "-" "Mozilla/5.0 AppleWebKit/537.36 (KHTML, like Gecko; compatible; GPTBot/1.2; +https://openai.com/gptbot)"
20.171.207.215 - - [06/Jul/2025:15:54:54 -0400] "GET /wp-admin/js/widgets/class.api.php HTTP/1.1" 404 1251 "-" "Mozilla/5.0 AppleWebKit/537.36 (KHTML, like Gecko; compatible; GPTBot/1.2; +https://openai.com/gptbot)"
20.171.207.96 - - [06/Jul/2025:15:54:56 -0400] "GET /wp-admin/includes/ccx/index.php HTTP/1.1" 404 1251 "-" "Mozilla/5.0 AppleWebKit/537.36 (KHTML, like Gecko; compatible; GPTBot/1.2; +https://openai.com/gptbot)"
66.249.74.78 - - [06/Jul/2025:15:54:56 -0400] "GET /q-~17cJAAkLjzsg7PGiPzNvqtgqEzaH10EY37528/ HTTP/1.1" 404 1251 "-" "Mozilla/5.0 (Linux; Android 6.0.1; Nexus 5X Build/MMB29P) AppleWebKit/537.36 (KHTML, like Gecko) Chrome/137.0.7151.103 Mobile Safari/537.36 (compatible; Googlebot/2.1; +http://www.google.com/bot.html)"
20.171.207.215 - - [06/Jul/2025:15:54:57 -0400] "GET /wp-admin/js/widgets/class_api.php HTTP/1.1" 404 1251 "-" "Mozilla/5.0 AppleWebKit/537.36 (KHTML, like Gecko; compatible; GPTBot/1.2; +https://openai.com/gptbot)"
20.171.207.96 - - [06/Jul/2025:15:54:59 -0400] "GET /wp-content/ffAA531.php HTTP/1.1" 404 1251 "-" "Mozilla/5.0 AppleWebKit/537.36 (KHTML, like Gecko; compatible; GPTBot/1.2; +https://openai.com/gptbot)"
20.171.207.215 - - [06/Jul/2025:15:55:00 -0400] "GET /wp-includes/certificates/moon.php HTTP/1.1" 404 1251 "-" "Mozilla/5.0 AppleWebKit/537.36 (KHTML, like Gecko; compatible; GPTBot/1.2; +https://openai.com/gptbot)"
20.171.207.96 - - [06/Jul/2025:15:55:03 -0400] "GET /homee/xml.php HTTP/1.1" 404 1251 "-" "Mozilla/5.0 AppleWebKit/537.36 (KHTML, like Gecko; compatible; GPTBot/1.2; +https://openai.com/gptbot)"
20.171.207.215 - - [06/Jul/2025:15:55:03 -0400] "GET /wp-content/themes/travel/issue.php HTTP/1.1" 404 1251 "-" "Mozilla/5.0 AppleWebKit/537.36 (KHTML, like Gecko; compatible; GPTBot/1.2; +https://openai.com/gptbot)"
20.171.207.96 - - [06/Jul/2025:15:55:06 -0400] "GET /wp-content/plugins/backup-backup/includes/y HTTP/1.1" 404 1251 "-" "Mozilla/5.0 AppleWebKit/537.36 (KHTML, like Gecko; compatible; GPTBot/1.2; +https://openai.com/gptbot)"
20.171.207.215 - - [06/Jul/2025:15:55:06 -0400] "GET /wp-includes/IXR/class_api.php HTTP/1.1" 404 1251 "-" "Mozilla/5.0 AppleWebKit/537.36 (KHTML, like Gecko; compatible; GPTBot/1.2; +https://openai.com/gptbot)"
20.171.207.96 - - [06/Jul/2025:15:55:09 -0400] "GET /wp-includes/pomo/class-wp-sitemap-mna.php HTTP/1.1" 404 1251 "-" "Mozilla/5.0 AppleWebKit/537.36 (KHTML, like Gecko; compatible; GPTBot/1.2; +https://openai.com/gptbot)"
20.171.207.215 - - [06/Jul/2025:15:55:09 -0400] "GET /wp-content/plugins/WordPressCore/include.php HTTP/1.1" 404 1251 "-" "Mozilla/5.0 AppleWebKit/537.36 (KHTML, like Gecko; compatible; GPTBot/1.2; +https://openai.com/gptbot)"
20.171.207.96 - - [06/Jul/2025:15:55:12 -0400] "GET /wp-content/themes/twentytwentytwo/assets/videos/index.php HTTP/1.1" 404 1251 "-" "Mozilla/5.0 AppleWebKit/537.36 (KHTML, like Gecko; compatible; GPTBot/1.2; +https://openai.com/gptbot)"
20.171.207.215 - - [06/Jul/2025:15:55:13 -0400] "GET /wp-content/upgrade/class_api.php HTTP/1.1" 404 1251 "-" "Mozilla/5.0 AppleWebKit/537.36 (KHTML, like Gecko; compatible; GPTBot/1.2; +https://openai.com/gptbot)"
20.171.207.96 - - [06/Jul/2025:15:55:15 -0400] "GET /wp-admin/maint/ccx/index.php HTTP/1.1" 404 1251 "-" "Mozilla/5.0 AppleWebKit/537.36 (KHTML, like Gecko; compatible; GPTBot/1.2; +https://openai.com/gptbot)"
20.171.207.215 - - [06/Jul/2025:15:55:16 -0400] "GET /wp-includes/IXR/moon.php HTTP/1.1" 404 1251 "-" "Mozilla/5.0 AppleWebKit/537.36 (KHTML, like Gecko; compatible; GPTBot/1.2; +https://openai.com/gptbot)"
20.171.207.96 - - [06/Jul/2025:15:55:18 -0400] "GET /wp-content/plugins/trigonometry/tan.php HTTP/1.1" 404 1251 "-" "Mozilla/5.0 AppleWebKit/537.36 (KHTML, like Gecko; compatible; GPTBot/1.2; +https://openai.com/gptbot)"
20.171.207.215 - - [06/Jul/2025:15:55:19 -0400] "GET /wp-includes/IXR/class.api.php HTTP/1.1" 404 1251 "-" "Mozilla/5.0 AppleWebKit/537.36 (KHTML, like Gecko; compatible; GPTBot/1.2; +https://openai.com/gptbot)"
20.171.207.96 - - [06/Jul/2025:15:55:21 -0400] "GET /wp-content/plugins/patior/index.php HTTP/1.1" 404 1251 "-" "Mozilla/5.0 AppleWebKit/537.36 (KHTML, like Gecko; compatible; GPTBot/1.2; +https://openai.com/gptbot)"
66.249.74.65 - - [06/Jul/2025:15:55:22 -0400] "GET /q-~70oqlK1uWmzzvqaVnv1poXtYNBkq5iVK29417/ HTTP/1.1" 404 1251 "-" "Mozilla/5.0 (compatible; Googlebot/2.1; +http://www.google.com/bot.html)"
20.171.207.215 - - [06/Jul/2025:15:55:22 -0400] "GET /wp-content/upgrade/moon.php HTTP/1.1" 404 1251 "-" "Mozilla/5.0 AppleWebKit/537.36 (KHTML, like Gecko; compatible; GPTBot/1.2; +https://openai.com/gptbot)"
20.171.207.96 - - [06/Jul/2025:15:55:25 -0400] "GET /hypoproteinemia/ufKojb.htm HTTP/1.1" 404 1251 "-" "Mozilla/5.0 AppleWebKit/537.36 (KHTML, like Gecko; compatible; GPTBot/1.2; +https://openai.com/gptbot)"
20.171.207.215 - - [06/Jul/2025:15:55:25 -0400] "GET /wp-admin/js/widgets/class.api.php HTTP/1.1" 404 1251 "-" "Mozilla/5.0 AppleWebKit/537.36 (KHTML, like Gecko; compatible; GPTBot/1.2; +https://openai.com/gptbot)"
20.171.207.96 - - [06/Jul/2025:15:55:28 -0400] "GET /wp-admin/mah.php HTTP/1.1" 404 1251 "-" "Mozilla/5.0 AppleWebKit/537.36 (KHTML, like Gecko; compatible; GPTBot/1.2; +https://openai.com/gptbot)"
20.171.207.215 - - [06/Jul/2025:15:55:28 -0400] "GET /wp-includes/ID3/moon.php HTTP/1.1" 404 1251 "-" "Mozilla/5.0 AppleWebKit/537.36 (KHTML, like Gecko; compatible; GPTBot/1.2; +https://openai.com/gptbot)"
20.171.207.96 - - [06/Jul/2025:15:55:31 -0400] "GET /wp-includes/991176.php HTTP/1.1" 404 1251 "-" "Mozilla/5.0 AppleWebKit/537.36 (KHTML, like Gecko; compatible; GPTBot/1.2; +https://openai.com/gptbot)"
20.171.207.215 - - [06/Jul/2025:15:55:31 -0400] "GET /wp-includes/Requests/class_api.php HTTP/1.1" 404 1251 "-" "Mozilla/5.0 AppleWebKit/537.36 (KHTML, like Gecko; compatible; GPTBot/1.2; +https://openai.com/gptbot)"
66.249.74.78 - - [06/Jul/2025:15:55:32 -0400] "GET /items/wghuv137/27835?key=Ms HTTP/1.1" 404 1251 "-" "Mozilla/5.0 (Linux; Android 6.0.1; Nexus 5X Build/MMB29P) AppleWebKit/537.36 (KHTML, like Gecko) Chrome/137.0.7151.103 Mobile Safari/537.36 (compatible; Googlebot/2.1; +http://www.google.com/bot.html)"
20.171.207.96 - - [06/Jul/2025:15:55:34 -0400] "GET /wp-content/themes/twentythree/inc/index.php HTTP/1.1" 404 1251 "-" "Mozilla/5.0 AppleWebKit/537.36 (KHTML, like Gecko; compatible; GPTBot/1.2; +https://openai.com/gptbot)"
20.171.207.215 - - [06/Jul/2025:15:55:34 -0400] "GET /wp-admin/user/moon.php HTTP/1.1" 404 1251 "-" "Mozilla/5.0 AppleWebKit/537.36 (KHTML, like Gecko; compatible; GPTBot/1.2; +https://openai.com/gptbot)"
66.249.74.64 - - [06/Jul/2025:15:55:35 -0400] "GET /q-~165ObTxfN2Q9RFDAnjd1NMf0vlzZv473N31618/ HTTP/1.1" 404 1251 "-" "Mozilla/5.0 (compatible; Googlebot/2.1; +http://www.google.com/bot.html)"
20.171.207.96 - - [06/Jul/2025:15:55:37 -0400] "GET /wp-includes/block-patterns/ccx/index.php HTTP/1.1" 404 1251 "-" "Mozilla/5.0 AppleWebKit/537.36 (KHTML, like Gecko; compatible; GPTBot/1.2; +https://openai.com/gptbot)"
20.171.207.215 - - [06/Jul/2025:15:55:38 -0400] "GET /wp-content/themes/atomlib.php HTTP/1.1" 404 1251 "-" "Mozilla/5.0 AppleWebKit/537.36 (KHTML, like Gecko; compatible; GPTBot/1.2; +https://openai.com/gptbot)"
20.171.207.96 - - [06/Jul/2025:15:55:40 -0400] "GET /wp-includes/block-supports/ccx/index.php HTTP/1.1" 404 1251 "-" "Mozilla/5.0 AppleWebKit/537.36 (KHTML, like Gecko; compatible; GPTBot/1.2; +https://openai.com/gptbot)"
20.171.207.215 - - [06/Jul/2025:15:55:41 -0400] "GET /wp-content/themes/sketch/404.php HTTP/1.1" 404 1251 "-" "Mozilla/5.0 AppleWebKit/537.36 (KHTML, like Gecko; compatible; GPTBot/1.2; +https://openai.com/gptbot)"
20.171.207.96 - - [06/Jul/2025:15:55:43 -0400] "GET /wp-content/plugins/pretty-link/app/views/admin/upgrade/tags.php HTTP/1.1" 404 1251 "-" "Mozilla/5.0 AppleWebKit/537.36 (KHTML, like Gecko; compatible; GPTBot/1.2; +https://openai.com/gptbot)"
20.171.207.215 - - [06/Jul/2025:15:55:44 -0400] "GET /wp-includes/rest-api/fields/cache/index.php HTTP/1.1" 404 1251 "-" "Mozilla/5.0 AppleWebKit/537.36 (KHTML, like Gecko; compatible; GPTBot/1.2; +https://openai.com/gptbot)"
20.171.207.96 - - [06/Jul/2025:15:55:46 -0400] "GET /wp-includes/sodium_compat/ccx/index.php HTTP/1.1" 404 1251 "-" "Mozilla/5.0 AppleWebKit/537.36 (KHTML, like Gecko; compatible; GPTBot/1.2; +https://openai.com/gptbot)"
20.171.207.215 - - [06/Jul/2025:15:55:47 -0400] "GET /wp-admin/user/class_api.php HTTP/1.1" 404 1251 "-" "Mozilla/5.0 AppleWebKit/537.36 (KHTML, like Gecko; compatible; GPTBot/1.2; +https://openai.com/gptbot)"
66.249.74.78 - - [06/Jul/2025:15:55:50 -0400] "GET /items/jixpp57/7779?key=snap HTTP/1.1" 404 1251 "-" "Mozilla/5.0 (compatible; Googlebot/2.1; +http://www.google.com/bot.html)"
20.171.207.96 - - [06/Jul/2025:15:55:50 -0400] "GET /doc.php/404.php HTTP/1.1" 404 1251 "-" "Mozilla/5.0 AppleWebKit/537.36 (KHTML, like Gecko; compatible; GPTBot/1.2; +https://openai.com/gptbot)"
20.171.207.215 - - [06/Jul/2025:15:55:50 -0400] "GET /wp-admin/css/atomlib.php HTTP/1.1" 404 1251 "-" "Mozilla/5.0 AppleWebKit/537.36 (KHTML, like Gecko; compatible; GPTBot/1.2; +https://openai.com/gptbot)"
20.171.207.96 - - [06/Jul/2025:15:55:53 -0400] "GET /wp-content/themes/ccx/index.php HTTP/1.1" 404 1251 "-" "Mozilla/5.0 AppleWebKit/537.36 (KHTML, like Gecko; compatible; GPTBot/1.2; +https://openai.com/gptbot)"
20.171.207.215 - - [06/Jul/2025:15:55:53 -0400] "GET /common/css/class_api.php HTTP/1.1" 404 1251 "-" "Mozilla/5.0 AppleWebKit/537.36 (KHTML, like Gecko; compatible; GPTBot/1.2; +https://openai.com/gptbot)"
20.171.207.96 - - [06/Jul/2025:15:55:56 -0400] "GET /wp-content/plugins/wp-doftx/noimg.php HTTP/1.1" 404 1251 "-" "Mozilla/5.0 AppleWebKit/537.36 (KHTML, like Gecko; compatible; GPTBot/1.2; +https://openai.com/gptbot)"
20.171.207.215 - - [06/Jul/2025:15:55:57 -0400] "GET /wp-admin/css/colors/blue/license.php HTTP/1.1" 404 1251 "-" "Mozilla/5.0 AppleWebKit/537.36 (KHTML, like Gecko; compatible; GPTBot/1.2; +https://openai.com/gptbot)"
20.171.207.96 - - [06/Jul/2025:15:55:59 -0400] "GET /wp-includes/theme-compat/ccx/index.php HTTP/1.1" 404 1251 "-" "Mozilla/5.0 AppleWebKit/537.36 (KHTML, like Gecko; compatible; GPTBot/1.2; +https://openai.com/gptbot)"
20.171.207.215 - - [06/Jul/2025:15:56:00 -0400] "GET /wp-admin/css/colors/blue/atomlib.php HTTP/1.1" 404 1251 "-" "Mozilla/5.0 AppleWebKit/537.36 (KHTML, like Gecko; compatible; GPTBot/1.2; +https://openai.com/gptbot)"
20.171.207.96 - - [06/Jul/2025:15:56:02 -0400] "GET /wp-includes/Text/network.php HTTP/1.1" 404 1251 "-" "Mozilla/5.0 AppleWebKit/537.36 (KHTML, like Gecko; compatible; GPTBot/1.2; +https://openai.com/gptbot)"
20.171.207.215 - - [06/Jul/2025:15:56:03 -0400] "GET /css/license.php HTTP/1.1" 404 1251 "-" "Mozilla/5.0 AppleWebKit/537.36 (KHTML, like Gecko; compatible; GPTBot/1.2; +https://openai.com/gptbot)"
20.171.207.96 - - [06/Jul/2025:15:56:05 -0400] "GET /wp-content/themes/jobart/doc.php HTTP/1.1" 404 1251 "-" "Mozilla/5.0 AppleWebKit/537.36 (KHTML, like Gecko; compatible; GPTBot/1.2; +https://openai.com/gptbot)"
66.249.74.78 - - [06/Jul/2025:15:56:05 -0400] "GET /items/tkwan83/43147?key=pull HTTP/1.1" 404 1251 "-" "Mozilla/5.0 (compatible; Googlebot/2.1; +http://www.google.com/bot.html)"
20.171.207.96 - - [06/Jul/2025:15:56:09 -0400] "GET /wp-content/plugins/cach/coment/index.php HTTP/1.1" 404 1251 "-" "Mozilla/5.0 AppleWebKit/537.36 (KHTML, like Gecko; compatible; GPTBot/1.2; +https://openai.com/gptbot)"
66.249.74.64 - - [06/Jul/2025:15:56:09 -0400] "GET /items/uhsmh98/3370?key=secret HTTP/1.1" 404 1251 "-" "Mozilla/5.0 (Linux; Android 6.0.1; Nexus 5X Build/MMB29P) AppleWebKit/537.36 (KHTML, like Gecko) Chrome/137.0.7151.103 Mobile Safari/537.36 (compatible; Googlebot/2.1; +http://www.google.com/bot.html)"
20.171.207.96 - - [06/Jul/2025:15:56:12 -0400] "GET /wp-content/plugins/cpsc.php HTTP/1.1" 404 1251 "-" "Mozilla/5.0 AppleWebKit/537.36 (KHTML, like Gecko; compatible; GPTBot/1.2; +https://openai.com/gptbot)"
20.171.207.96 - - [06/Jul/2025:15:56:15 -0400] "GET /wp-admin/vim/patior/index.php HTTP/1.1" 404 1251 "-" "Mozilla/5.0 AppleWebKit/537.36 (KHTML, like Gecko; compatible; GPTBot/1.2; +https://openai.com/gptbot)"
20.171.207.96 - - [06/Jul/2025:15:56:18 -0400] "GET /wp-includes/sodium_compat/src/Core/Poly1305/index.php HTTP/1.1" 404 1251 "-" "Mozilla/5.0 AppleWebKit/537.36 (KHTML, like Gecko; compatible; GPTBot/1.2; +https://openai.com/gptbot)"
20.171.207.96 - - [06/Jul/2025:15:56:21 -0400] "GET /wp-includes/js/tinymce/plugins/compat3x/index.php HTTP/1.1" 404 1251 "-" "Mozilla/5.0 AppleWebKit/537.36 (KHTML, like Gecko; compatible; GPTBot/1.2; +https://openai.com/gptbot)"
66.249.74.64 - - [06/Jul/2025:15:56:23 -0400] "GET /q-~158yunZ7lrlQk8qJOb0dkQJqBQ5nErP5e37931/ HTTP/1.1" 404 1251 "-" "Mozilla/5.0 (Linux; Android 6.0.1; Nexus 5X Build/MMB29P) AppleWebKit/537.36 (KHTML, like Gecko) Chrome/137.0.7151.103 Mobile Safari/537.36 (compatible; Googlebot/2.1; +http://www.google.com/bot.html)"
20.171.207.96 - - [06/Jul/2025:15:56:24 -0400] "GET /wp-includes/js/500.php HTTP/1.1" 404 1251 "-" "Mozilla/5.0 AppleWebKit/537.36 (KHTML, like Gecko; compatible; GPTBot/1.2; +https://openai.com/gptbot)"
20.171.207.96 - - [06/Jul/2025:15:56:27 -0400] "GET /wp-includes/js/patior/index.php HTTP/1.1" 404 1251 "-" "Mozilla/5.0 AppleWebKit/537.36 (KHTML, like Gecko; compatible; GPTBot/1.2; +https://openai.com/gptbot)"
20.171.207.96 - - [06/Jul/2025:15:56:30 -0400] "GET /wp-includes/customize/ccx/index.php HTTP/1.1" 404 1251 "-" "Mozilla/5.0 AppleWebKit/537.36 (KHTML, like Gecko; compatible; GPTBot/1.2; +https://openai.com/gptbot)"
20.171.207.96 - - [06/Jul/2025:15:56:33 -0400] "GET /wp-content/plugins/editor/fx.php HTTP/1.1" 404 1251 "-" "Mozilla/5.0 AppleWebKit/537.36 (KHTML, like Gecko; compatible; GPTBot/1.2; +https://openai.com/gptbot)"
20.171.207.96 - - [06/Jul/2025:15:56:37 -0400] "GET /wp-includes/fonts/ccx/index.php HTTP/1.1" 404 1251 "-" "Mozilla/5.0 AppleWebKit/537.36 (KHTML, like Gecko; compatible; GPTBot/1.2; +https://openai.com/gptbot)"
20.171.207.96 - - [06/Jul/2025:15:56:40 -0400] "GET /wp-includes/js/ccx/index.php HTTP/1.1" 404 1251 "-" "Mozilla/5.0 AppleWebKit/537.36 (KHTML, like Gecko; compatible; GPTBot/1.2; +https://openai.com/gptbot)"
20.171.207.96 - - [06/Jul/2025:15:56:43 -0400] "GET /wp-admin/images/ccx/index.php HTTP/1.1" 404 1251 "-" "Mozilla/5.0 AppleWebKit/537.36 (KHTML, like Gecko; compatible; GPTBot/1.2; +https://openai.com/gptbot)"
20.171.207.96 - - [06/Jul/2025:15:56:46 -0400] "GET /wp-content/uploads/patior/index.php HTTP/1.1" 404 1251 "-" "Mozilla/5.0 AppleWebKit/537.36 (KHTML, like Gecko; compatible; GPTBot/1.2; +https://openai.com/gptbot)"
20.171.207.96 - - [06/Jul/2025:15:56:49 -0400] "GET /wp-includes/php-compat/ccx/index.php HTTP/1.1" 404 1251 "-" "Mozilla/5.0 AppleWebKit/537.36 (KHTML, like Gecko; compatible; GPTBot/1.2; +https://openai.com/gptbot)"
20.171.207.96 - - [06/Jul/2025:15:56:52 -0400] "GET /wp-content/plugins/kona-instagram-feed-for-gutenberg/FoxWSOv1.php HTTP/1.1" 404 1251 "-" "Mozilla/5.0 AppleWebKit/537.36 (KHTML, like Gecko; compatible; GPTBot/1.2; +https://openai.com/gptbot)"
66.249.74.78 - - [06/Jul/2025:15:56:54 -0400] "GET /q-~101AQae2k46dYnHZeHBtLAdsI9I001LAE49086/ HTTP/1.1" 404 1251 "-" "Mozilla/5.0 (compatible; Googlebot/2.1; +http://www.google.com/bot.html)"
20.171.207.96 - - [06/Jul/2025:15:56:56 -0400] "GET /wp-includes/SimplePie/patior/index.php HTTP/1.1" 404 1251 "-" "Mozilla/5.0 AppleWebKit/537.36 (KHTML, like Gecko; compatible; GPTBot/1.2; +https://openai.com/gptbot)"
20.171.207.96 - - [06/Jul/2025:15:56:59 -0400] "GET /wp-content/themes/pas.php HTTP/1.1" 404 1251 "-" "Mozilla/5.0 AppleWebKit/537.36 (KHTML, like Gecko; compatible; GPTBot/1.2; +https://openai.com/gptbot)"
20.171.207.96 - - [06/Jul/2025:15:57:02 -0400] "GET /wp-content/themes/pss.php HTTP/1.1" 404 1251 "-" "Mozilla/5.0 AppleWebKit/537.36 (KHTML, like Gecko; compatible; GPTBot/1.2; +https://openai.com/gptbot)"
66.249.74.64 - - [06/Jul/2025:15:57:04 -0400] "GET /q-~77ffu4rTVPmyfDKj0b2LO8tJDjhEg4cA47322/ HTTP/1.1" 404 1251 "-" "Mozilla/5.0 (Linux; Android 6.0.1; Nexus 5X Build/MMB29P) AppleWebKit/537.36 (KHTML, like Gecko) Chrome/137.0.7151.103 Mobile Safari/537.36 (compatible; Googlebot/2.1; +http://www.google.com/bot.html)"
66.249.74.65 - - [06/Jul/2025:15:57:05 -0400] "GET /items/wpnyx297/46897?key=swing HTTP/1.1" 404 1251 "-" "Mozilla/5.0 (Linux; Android 6.0.1; Nexus 5X Build/MMB29P) AppleWebKit/537.36 (KHTML, like Gecko) Chrome/137.0.7151.103 Mobile Safari/537.36 (compatible; Googlebot/2.1; +http://www.google.com/bot.html)"
20.171.207.96 - - [06/Jul/2025:15:57:05 -0400] "GET /wp-includes/sodium_compat/namespaced/Core/ChaCha20/index.php HTTP/1.1" 404 1251 "-" "Mozilla/5.0 AppleWebKit/537.36 (KHTML, like Gecko; compatible; GPTBot/1.2; +https://openai.com/gptbot)"
208.110.64.178 - - [06/Jul/2025:15:57:06 -0400] "GET /wp-content/admin.php HTTP/1.1" 404 1251 "https://nas-yemen.org/wp-content/admin.php" "Mozilla/5.0 (Windows NT 10.0; Win64; x64) AppleWebKit/537.36 (KHTML, like Gecko) Chrome/58.0.3029.110 Safari/537.3"
20.171.207.96 - - [06/Jul/2025:15:57:08 -0400] "GET /wp-admin/images/patior/index.php HTTP/1.1" 404 1251 "-" "Mozilla/5.0 AppleWebKit/537.36 (KHTML, like Gecko; compatible; GPTBot/1.2; +https://openai.com/gptbot)"
66.249.74.64 - - [06/Jul/2025:15:57:11 -0400] "GET /items/zhchn185/28249?key=array HTTP/1.1" 404 1251 "-" "Mozilla/5.0 (compatible; Googlebot/2.1; +http://www.google.com/bot.html)"
20.171.207.96 - - [06/Jul/2025:15:57:11 -0400] "GET /wp-includes/ID3/ccx/index.php HTTP/1.1" 404 1251 "-" "Mozilla/5.0 AppleWebKit/537.36 (KHTML, like Gecko; compatible; GPTBot/1.2; +https://openai.com/gptbot)"
66.249.74.64 - - [06/Jul/2025:15:57:13 -0400] "GET /items/dglat283/15179?key=against HTTP/1.1" 404 1251 "-" "Mozilla/5.0 (Linux; Android 6.0.1; Nexus 5X Build/MMB29P) AppleWebKit/537.36 (KHTML, like Gecko) Chrome/137.0.7151.103 Mobile Safari/537.36 (compatible; Googlebot/2.1; +http://www.google.com/bot.html)"
20.171.207.96 - - [06/Jul/2025:15:57:15 -0400] "GET /wp-includes/images/ccx/index.php HTTP/1.1" 404 1251 "-" "Mozilla/5.0 AppleWebKit/537.36 (KHTML, like Gecko; compatible; GPTBot/1.2; +https://openai.com/gptbot)"
20.171.207.96 - - [06/Jul/2025:15:57:18 -0400] "GET /wp-includes/widgets/ccx/index.php HTTP/1.1" 404 1251 "-" "Mozilla/5.0 AppleWebKit/537.36 (KHTML, like Gecko; compatible; GPTBot/1.2; +https://openai.com/gptbot)"
20.171.207.96 - - [06/Jul/2025:15:57:21 -0400] "GET /wp-includes/blocks/ccx/index.php HTTP/1.1" 404 1251 "-" "Mozilla/5.0 AppleWebKit/537.36 (KHTML, like Gecko; compatible; GPTBot/1.2; +https://openai.com/gptbot)"
66.249.74.78 - - [06/Jul/2025:15:57:22 -0400] "GET /q-~174nju1RHiZZq3CqnDJKtt4DbjgJDhE3T2063/ HTTP/1.1" 404 1251 "-" "Mozilla/5.0 (Linux; Android 6.0.1; Nexus 5X Build/MMB29P) AppleWebKit/537.36 (KHTML, like Gecko) Chrome/137.0.7151.103 Mobile Safari/537.36 (compatible; Googlebot/2.1; +http://www.google.com/bot.html)"
66.249.74.78 - - [06/Jul/2025:15:57:22 -0400] "GET /q-~224Uey4Zjvf90oZoVEgW0YrU3sXvtK2li569/ HTTP/1.1" 404 1251 "-" "Mozilla/5.0 (Linux; Android 6.0.1; Nexus 5X Build/MMB29P) AppleWebKit/537.36 (KHTML, like Gecko) Chrome/137.0.7151.103 Mobile Safari/537.36 (compatible; Googlebot/2.1; +http://www.google.com/bot.html)"
20.171.207.96 - - [06/Jul/2025:15:57:24 -0400] "GET /wp-includes/assets/ccx/index.php HTTP/1.1" 404 1251 "-" "Mozilla/5.0 AppleWebKit/537.36 (KHTML, like Gecko; compatible; GPTBot/1.2; +https://openai.com/gptbot)"
20.171.207.96 - - [06/Jul/2025:15:57:27 -0400] "GET /wp-includes/SimplePie/ccx/index.php HTTP/1.1" 404 1251 "-" "Mozilla/5.0 AppleWebKit/537.36 (KHTML, like Gecko; compatible; GPTBot/1.2; +https://openai.com/gptbot)"
20.171.207.96 - - [06/Jul/2025:15:57:30 -0400] "GET /wp-includes/js/tinymce/plugins/paste/index.php HTTP/1.1" 404 1251 "-" "Mozilla/5.0 AppleWebKit/537.36 (KHTML, like Gecko; compatible; GPTBot/1.2; +https://openai.com/gptbot)"
20.171.207.96 - - [06/Jul/2025:15:57:33 -0400] "GET /wp-content/uploads/ccx/index.php HTTP/1.1" 404 1251 "-" "Mozilla/5.0 AppleWebKit/537.36 (KHTML, like Gecko; compatible; GPTBot/1.2; +https://openai.com/gptbot)"
