52.0.105.244 - - [07/Jul/2025:08:44:40 -0400] "GET /228ef4/?loknya=/proc/thread-self/root/proc/thread-self/root/proc/self/root/lib/gems/ HTTP/1.1" 200 8275 "-" "Mozilla/5.0 AppleWebKit/537.36 (KHTML, like Gecko; compatible; Amazonbot/0.1; +https://developer.amazon.com/support/amazonbot) Chrome/119.0.6045.214 Safari/537.36"
216.73.216.243 - - [07/Jul/2025:08:44:40 -0400] "GET /228ef4/index.php?lokasie=%2Fbin%2Fmysqldump&loknya=%2Fbin HTTP/1.1" 200 728794 "-" "Mozilla/5.0 AppleWebKit/537.36 (KHTML, like Gecko; compatible; ClaudeBot/1.0; [email protected])"
216.73.216.243 - - [07/Jul/2025:08:44:42 -0400] "GET /228ef4/?lokasie=%2Fhome%2Fakhalid%2Fmail%2Fnew%2F1740071865.M664381P1325447.premium229.web-hosting.com%2CS%3D2832%2CW%3D2912&loknya=%2Fhome%2Fakhalid%2Fmail%2Fnew HTTP/1.1" 200 8958 "-" "Mozilla/5.0 AppleWebKit/537.36 (KHTML, like Gecko; compatible; ClaudeBot/1.0; [email protected])"
216.73.216.243 - - [07/Jul/2025:08:44:43 -0400] "GET /228ef4/?loknya=%2Fhome%2Fakhalid%2Flscache%2F2%2F6%2Fe HTTP/1.1" 200 8832 "-" "Mozilla/5.0 AppleWebKit/537.36 (KHTML, like Gecko; compatible; ClaudeBot/1.0; [email protected])"
216.73.216.243 - - [07/Jul/2025:08:44:44 -0400] "GET /228ef4/?lokasie=%2Fhome%2Fakhalid%2Fmail%2Fnew%2F1748394597.M855439P3054902.premium229.web-hosting.com%2CS%3D4526%2CW%3D4633&loknya=%2Fhome%2Fakhalid%2Fmail%2Fnew HTTP/1.1" 200 9562 "-" "Mozilla/5.0 AppleWebKit/537.36 (KHTML, like Gecko; compatible; ClaudeBot/1.0; [email protected])"
52.45.29.57 - - [07/Jul/2025:08:44:44 -0400] "GET /228ef4/?loknya=/proc/thread-self/root/home/akhalid/dangroup.sa/wp-content/plugins/wcf-addons-pro/assets/css/ HTTP/1.1" 200 8529 "-" "Mozilla/5.0 AppleWebKit/537.36 (KHTML, like Gecko; compatible; Amazonbot/0.1; +https://developer.amazon.com/support/amazonbot) Chrome/119.0.6045.214 Safari/537.36"
216.73.216.243 - - [07/Jul/2025:08:44:45 -0400] "GET /228ef4/?lokasie=%2Fhome%2Fakhalid%2Fmail%2Fnew%2F1706957423.M974242P2764724.premium229.web-hosting.com%2CS%3D3232%2CW%3D3323&loknya=%2Fhome%2Fakhalid%2Fmail%2Fnew HTTP/1.1" 200 9187 "-" "Mozilla/5.0 AppleWebKit/537.36 (KHTML, like Gecko; compatible; ClaudeBot/1.0; [email protected])"
216.73.216.243 - - [07/Jul/2025:08:44:46 -0400] "GET /228ef4/index.php?lokasie=%2Fbin%2Fcrontab&loknya=%2Fbin HTTP/1.1" 200 8436 "-" "Mozilla/5.0 AppleWebKit/537.36 (KHTML, like Gecko; compatible; ClaudeBot/1.0; [email protected])"
20.171.207.219 - - [07/Jul/2025:08:44:47 -0400] "GET /228ef4/index.php?loknya=%2F.%2Fpro%2Fself%2Froot%2Fhome%2Fkhlid%2F.%2Flshe%2F%2F HTTP/1.1" 200 8125 "-" "Mozilla/5.0 AppleWebKit/537.36 (KHTML, like Gecko; compatible; GPTBot/1.2; +https://openai.com/gptbot)"
216.73.216.243 - - [07/Jul/2025:08:44:47 -0400] "GET /228ef4/?lokasie=%2Fhome%2Fakhalid%2Fmail%2Fnew%2F1676920402.M9984P458538.premium229.web-hosting.com%2CS%3D2997%2CW%3D3079&loknya=%2Fhome%2Fakhalid%2Fmail%2Fnew HTTP/1.1" 200 9054 "-" "Mozilla/5.0 AppleWebKit/537.36 (KHTML, like Gecko; compatible; ClaudeBot/1.0; [email protected])"
3.235.215.92 - - [07/Jul/2025:08:44:48 -0400] "GET /228ef4/index.php?loknya=/proc/self/root/proc/thread-self/root/lib/firmware/nvidia/gm204/acr HTTP/1.1" 200 8391 "-" "Mozilla/5.0 AppleWebKit/537.36 (KHTML, like Gecko; compatible; Amazonbot/0.1; +https://developer.amazon.com/support/amazonbot) Chrome/119.0.6045.214 Safari/537.36"
20.171.207.219 - - [07/Jul/2025:08:44:48 -0400] "GET /228ef4/index.php?loknya=%2F.%2Fproc%2Fself%2Froot%2Fhome%2Fakhali%2F.%2Flscache%2F2%2F5%2F HTTP/1.1" 200 8138 "-" "Mozilla/5.0 AppleWebKit/537.36 (KHTML, like Gecko; compatible; GPTBot/1.2; +https://openai.com/gptbot)"
216.73.216.243 - - [07/Jul/2025:08:44:48 -0400] "GET /wp-includes/css/dist/format-library/style.min.css HTTP/1.1" 200 411 "-" "Mozilla/5.0 AppleWebKit/537.36 (KHTML, like Gecko; compatible; ClaudeBot/1.0; [email protected])"
216.73.216.243 - - [07/Jul/2025:08:44:49 -0400] "GET /228ef4/index.php?lokasie=%2Flib64%2FlibodbcmyS.so.2&loknya=%2Flib64 HTTP/1.1" 200 11733 "-" "Mozilla/5.0 AppleWebKit/537.36 (KHTML, like Gecko; compatible; ClaudeBot/1.0; [email protected])"
20.171.207.219 - - [07/Jul/2025:08:44:49 -0400] "GET /228ef4/index.php?loknya=%2F.%2Fproc%2Fsel%2Froot%2Fhome%2Fakhalid%2F.%2Flscache%2F2%2F9%2F HTTP/1.1" 200 8173 "-" "Mozilla/5.0 AppleWebKit/537.36 (KHTML, like Gecko; compatible; GPTBot/1.2; +https://openai.com/gptbot)"
216.73.216.243 - - [07/Jul/2025:08:44:50 -0400] "GET /228ef4/?loknya=%2Fhome%2Fakhalid%2Fmail%2F.info%40nas-yemen_org%2F.Sent HTTP/1.1" 200 8507 "-" "Mozilla/5.0 AppleWebKit/537.36 (KHTML, like Gecko; compatible; ClaudeBot/1.0; [email protected])"
20.171.207.219 - - [07/Jul/2025:08:44:50 -0400] "GET /228ef4/index.php?loknya=%2F.%2Fpro%2Fself%2Froot%2Fhome%2Fakhalid%2F.%2Flsahe%2F2%2F8%2F HTTP/1.1" 200 8171 "-" "Mozilla/5.0 AppleWebKit/537.36 (KHTML, like Gecko; compatible; GPTBot/1.2; +https://openai.com/gptbot)"
216.73.216.243 - - [07/Jul/2025:08:44:51 -0400] "GET /228ef4/?lokasie=%2Fhome%2Fakhalid%2Fmail%2Fnew%2F1704879938.M372475P973896.premium229.web-hosting.com%2CS%3D3066%2CW%3D3148&loknya=%2Fhome%2Fakhalid%2Fmail%2Fnew HTTP/1.1" 200 9072 "-" "Mozilla/5.0 AppleWebKit/537.36 (KHTML, like Gecko; compatible; ClaudeBot/1.0; [email protected])"
20.171.207.219 - - [07/Jul/2025:08:44:51 -0400] "GET /228ef4/index.php?lokasie=%2F.%2Fproc%2Fself%2Froot%2Fusr%2Fshare%2Fman%2Fman3%2Fxcb_randr_create_mode_reply.3.gz&loknya=%2F.%2Fproc%2Fself%2Froot%2Fusr%2Fshare%2Fman%2Fman3 HTTP/1.1" 200 7987 "-" "Mozilla/5.0 AppleWebKit/537.36 (KHTML, like Gecko; compatible; GPTBot/1.2; +https://openai.com/gptbot)"
100.28.204.82 - - [07/Jul/2025:08:44:52 -0400] "GET /228ef4/?loknya=/proc/thread-self/root/proc/thread-self/root/usr/share/locale/km/ HTTP/1.1" 200 8321 "-" "Mozilla/5.0 AppleWebKit/537.36 (KHTML, like Gecko; compatible; Amazonbot/0.1; +https://developer.amazon.com/support/amazonbot) Chrome/119.0.6045.214 Safari/537.36"
216.73.216.243 - - [07/Jul/2025:08:44:52 -0400] "GET /228ef4/?lokasie=%2Fhome%2Fakhalid%2Fmail%2Fnew%2F1736507440.M525847P551896.premium229.web-hosting.com%2CS%3D2833%2CW%3D2913&loknya=%2Fhome%2Fakhalid%2Fmail%2Fnew HTTP/1.1" 200 8982 "-" "Mozilla/5.0 AppleWebKit/537.36 (KHTML, like Gecko; compatible; ClaudeBot/1.0; [email protected])"
20.171.207.219 - - [07/Jul/2025:08:44:53 -0400] "GET /228ef4/index.php?lokasie=%2F.%2Fproc%2Fself%2Froot%2Fusr%2Fshare%2Fman%2Fman3%2Fxcb_lookup_color_unchecked.3.gz&loknya=%2F.%2Fproc%2Fself%2Froot%2Fusr%2Fshare%2Fman%2Fman3 HTTP/1.1" 200 7991 "-" "Mozilla/5.0 AppleWebKit/537.36 (KHTML, like Gecko; compatible; GPTBot/1.2; +https://openai.com/gptbot)"
216.73.216.243 - - [07/Jul/2025:08:44:53 -0400] "GET /228ef4/?lokasie=%2Fhome%2Fakhalid%2Fmail%2Fnew%2F1739912781.M124966P1946908.premium229.web-hosting.com%2CS%3D2832%2CW%3D2912&loknya=%2Fhome%2Fakhalid%2Fmail%2Fnew HTTP/1.1" 200 8986 "-" "Mozilla/5.0 AppleWebKit/537.36 (KHTML, like Gecko; compatible; ClaudeBot/1.0; [email protected])"
20.171.207.219 - - [07/Jul/2025:08:44:54 -0400] "GET /228ef4/index.php?lokasie=%2F.%2Fproc%2Fself%2Froot%2Fusr%2Fshare%2Fman%2Fman3%2Fxcb_alloc_color_planes_pixels_end.3.gz&loknya=%2F.%2Fproc%2Fself%2Froot%2Fusr%2Fshare%2Fman%2Fman3 HTTP/1.1" 200 7984 "-" "Mozilla/5.0 AppleWebKit/537.36 (KHTML, like Gecko; compatible; GPTBot/1.2; +https://openai.com/gptbot)"
216.73.216.243 - - [07/Jul/2025:08:44:54 -0400] "GET /228ef4/?lokasie=%2Fhome%2Fakhalid%2Fmail%2Fnew%2F1731451436.M719618P2310266.premium229.web-hosting.com%2CS%3D3003%2CW%3D3085&loknya=%2Fhome%2Fakhalid%2Fmail%2Fnew HTTP/1.1" 200 9056 "-" "Mozilla/5.0 AppleWebKit/537.36 (KHTML, like Gecko; compatible; ClaudeBot/1.0; [email protected])"
20.171.207.219 - - [07/Jul/2025:08:44:55 -0400] "GET /228ef4/index.php?lokasie=%2F.%2Fproc%2Fself%2Froot%2Fusr%2Fshare%2Fman%2Fman3%2Fmysql_stmt_result_metadata.3.gz&loknya=%2F.%2Fproc%2Fself%2Froot%2Fusr%2Fshare%2Fman%2Fman3 HTTP/1.1" 200 8659 "-" "Mozilla/5.0 AppleWebKit/537.36 (KHTML, like Gecko; compatible; GPTBot/1.2; +https://openai.com/gptbot)"
216.73.216.243 - - [07/Jul/2025:08:44:55 -0400] "GET /228ef4/?lokasie=%2Flib%2Fpolkit-1%2Fpolkitd&loknya=%2Flib%2Fpolkit-1 HTTP/1.1" 200 56952 "-" "Mozilla/5.0 AppleWebKit/537.36 (KHTML, like Gecko; compatible; ClaudeBot/1.0; [email protected])"
216.73.216.243 - - [07/Jul/2025:08:44:56 -0400] "GET /228ef4/?loknya=%2Fhome%2Fakhalid%2Fmail%2Fshabwahrefinery.com%2Fsalah HTTP/1.1" 200 8911 "-" "Mozilla/5.0 AppleWebKit/537.36 (KHTML, like Gecko; compatible; ClaudeBot/1.0; [email protected])"
20.171.207.219 - - [07/Jul/2025:08:44:56 -0400] "GET /228ef4/index.php?lokasie=%2F.%2Fproc%2Fself%2Froot%2Fusr%2Fshare%2Fman%2Fman3%2Fxcb_randr_get_screen_resources_names_end.3.gz&loknya=%2F.%2Fproc%2Fself%2Froot%2Fusr%2Fshare%2Fman%2Fman3 HTTP/1.1" 200 8010 "-" "Mozilla/5.0 AppleWebKit/537.36 (KHTML, like Gecko; compatible; GPTBot/1.2; +https://openai.com/gptbot)"
44.223.115.10 - - [07/Jul/2025:08:44:56 -0400] "GET /228ef4/?loknya=/proc/thread-self/root/proc/thread-self/root/opt/alt/python39/lib64/python3.9/ HTTP/1.1" 200 14350 "-" "Mozilla/5.0 AppleWebKit/537.36 (KHTML, like Gecko; compatible; Amazonbot/0.1; +https://developer.amazon.com/support/amazonbot) Chrome/119.0.6045.214 Safari/537.36"
216.73.216.243 - - [07/Jul/2025:08:44:57 -0400] "GET /228ef4/?lokasie=%2Flib64%2Fpkgconfig%2Fgssrpc.pc&loknya=%2Flib64%2Fpkgconfig HTTP/1.1" 200 7979 "-" "Mozilla/5.0 AppleWebKit/537.36 (KHTML, like Gecko; compatible; ClaudeBot/1.0; [email protected])"
20.171.207.219 - - [07/Jul/2025:08:44:57 -0400] "GET /228ef4/index.php?lokasie=%2F.%2Fproc%2Fself%2Froot%2Fusr%2Fshare%2Fman%2Fman3%2Fselinux_check_passwd_access.3.gz&loknya=%2F.%2Fproc%2Fself%2Froot%2Fusr%2Fshare%2Fman%2Fman3 HTTP/1.1" 200 7975 "-" "Mozilla/5.0 AppleWebKit/537.36 (KHTML, like Gecko; compatible; GPTBot/1.2; +https://openai.com/gptbot)"
216.73.216.243 - - [07/Jul/2025:08:44:58 -0400] "GET /228ef4/?lokasie=%2Fhome%2Fakhalid%2Fmail%2Fnew%2F1743531620.M310783P25132.premium229.web-hosting.com%2CS%3D4546%2CW%3D4653&loknya=%2Fhome%2Fakhalid%2Fmail%2Fnew HTTP/1.1" 200 9587 "-" "Mozilla/5.0 AppleWebKit/537.36 (KHTML, like Gecko; compatible; ClaudeBot/1.0; [email protected])"
20.171.207.219 - - [07/Jul/2025:08:44:58 -0400] "GET /228ef4/index.php?lokasie=%2F.%2Fhome%2Fakhalid%2F.%2Fdangroup.sa%2Fwp-admin%2Fuser%2Fadmin.php&loknya=%2F.%2Fhome%2Fakhalid%2F.%2Fdangroup.sa%2Fwp-admin%2Fuser HTTP/1.1" 200 8235 "-" "Mozilla/5.0 AppleWebKit/537.36 (KHTML, like Gecko; compatible; GPTBot/1.2; +https://openai.com/gptbot)"
216.73.216.243 - - [07/Jul/2025:08:44:59 -0400] "GET /228ef4/?lokasie=%2Fhome%2Fakhalid%2Fmail%2Fnew%2F1731282206.M277746P199025.premium229.web-hosting.com%2CS%3D3208%2CW%3D3285&loknya=%2Fhome%2Fakhalid%2Fmail%2Fnew HTTP/1.1" 200 9152 "-" "Mozilla/5.0 AppleWebKit/537.36 (KHTML, like Gecko; compatible; ClaudeBot/1.0; [email protected])"
20.171.207.219 - - [07/Jul/2025:08:45:00 -0400] "GET /228ef4/index.php?lokasie=%2F.%2Fhome%2Fakhalid%2F.%2Flscache%2F5%2F5%2Fe%2F55ecf228a5261fa5&loknya=%2F.%2Fhome%2Fakhalid%2F.%2Flscache%2F5%2F5%2Fe HTTP/1.1" 200 8185 "-" "Mozilla/5.0 AppleWebKit/537.36 (KHTML, like Gecko; compatible; GPTBot/1.2; +https://openai.com/gptbot)"
52.4.213.199 - - [07/Jul/2025:08:45:00 -0400] "GET /228ef4/index.php?loknya=/proc/thread-self/root/proc/thread-self/root/lib/node_modules/npm/node_modules/jsbn HTTP/1.1" 200 8545 "-" "Mozilla/5.0 AppleWebKit/537.36 (KHTML, like Gecko; compatible; Amazonbot/0.1; +https://developer.amazon.com/support/amazonbot) Chrome/119.0.6045.214 Safari/537.36"
66.249.69.198 - - [07/Jul/2025:08:45:00 -0400] "GET /search.php?73chk42463.html HTTP/1.1" 404 1251 "-" "Mozilla/5.0 (Linux; Android 6.0.1; Nexus 5X Build/MMB29P) AppleWebKit/537.36 (KHTML, like Gecko) Chrome/137.0.7151.103 Mobile Safari/537.36 (compatible; Googlebot/2.1; +http://www.google.com/bot.html)"
216.73.216.243 - - [07/Jul/2025:08:45:00 -0400] "GET /228ef4/?lokasie=%2Fhome%2Fakhalid%2Fmail%2Fnew%2F1721898584.M696003P1421799.premium229.web-hosting.com%2CS%3D4177%2CW%3D4281&loknya=%2Fhome%2Fakhalid%2Fmail%2Fnew HTTP/1.1" 200 9620 "-" "Mozilla/5.0 AppleWebKit/537.36 (KHTML, like Gecko; compatible; ClaudeBot/1.0; [email protected])"
20.171.207.219 - - [07/Jul/2025:08:45:01 -0400] "GET /228ef4/index.php?lokasie=%2Fhome%2F.%2Fakhalid%2F.%2Flscache%2Ff%2F2%2F3%2Ff232f873ff07a82a&loknya=%2Fhome%2F.%2Fakhalid%2F.%2Flscache%2Ff%2F2%2F3 HTTP/1.1" 200 8193 "-" "Mozilla/5.0 AppleWebKit/537.36 (KHTML, like Gecko; compatible; GPTBot/1.2; +https://openai.com/gptbot)"
216.73.216.243 - - [07/Jul/2025:08:45:01 -0400] "GET /228ef4/?lokasie=%2Fhome%2Fakhalid%2Fmail%2Fnew%2F1707700506.M487451P3580184.premium229.web-hosting.com%2CS%3D2904%2CW%3D2983&loknya=%2Fhome%2Fakhalid%2Fmail%2Fnew HTTP/1.1" 200 8995 "-" "Mozilla/5.0 AppleWebKit/537.36 (KHTML, like Gecko; compatible; ClaudeBot/1.0; [email protected])"
20.171.207.219 - - [07/Jul/2025:08:45:02 -0400] "GET /228ef4/index.php?lokasie=%2F.%2Fhome%2Fakhalid%2F.%2Flscache%2F4%2F2%2F2%2F422bfcc44022f1cf&loknya=%2F.%2Fhome%2Fakhalid%2F.%2Flscache%2F4%2F2%2F2 HTTP/1.1" 200 8183 "-" "Mozilla/5.0 AppleWebKit/537.36 (KHTML, like Gecko; compatible; GPTBot/1.2; +https://openai.com/gptbot)"
216.73.216.243 - - [07/Jul/2025:08:45:02 -0400] "GET /228ef4/index.php?loknya=%2Fvar%2Fphp HTTP/1.1" 200 8200 "-" "Mozilla/5.0 AppleWebKit/537.36 (KHTML, like Gecko; compatible; ClaudeBot/1.0; [email protected])"
216.73.216.243 - - [07/Jul/2025:08:45:03 -0400] "GET /228ef4/?lokasie=%2Fhome%2Fakhalid%2Fmail%2Fnew%2F1689165280.M3330P3606621.premium229.web-hosting.com%2CS%3D2861%2CW%3D2937&loknya=%2Fhome%2Fakhalid%2Fmail%2Fnew HTTP/1.1" 200 8983 "-" "Mozilla/5.0 AppleWebKit/537.36 (KHTML, like Gecko; compatible; ClaudeBot/1.0; [email protected])"
20.171.207.219 - - [07/Jul/2025:08:45:03 -0400] "GET /228ef4/index.php?lokasie=%2Fhome%2F.%2Fakhalid%2F.%2Flscache%2F4%2F9%2F2%2F49281e9ca4faba2a&loknya=%2Fhome%2F.%2Fakhalid%2F.%2Flscache%2F4%2F9%2F2 HTTP/1.1" 200 8223 "-" "Mozilla/5.0 AppleWebKit/537.36 (KHTML, like Gecko; compatible; GPTBot/1.2; +https://openai.com/gptbot)"
216.73.216.243 - - [07/Jul/2025:08:45:04 -0400] "GET /228ef4/?loknya=%2Flib%2Flocale%2Fen_HK.utf8 HTTP/1.1" 200 8754 "-" "Mozilla/5.0 AppleWebKit/537.36 (KHTML, like Gecko; compatible; ClaudeBot/1.0; [email protected])"
20.171.207.219 - - [07/Jul/2025:08:45:04 -0400] "GET /228ef4/index.php?lokasie=%2Fhome%2Fakhalid%2F.%2F.%2Flscache%2F2%2F2%2Ff%2F22f95c0ac71a4872&loknya=%2Fhome%2Fakhalid%2F.%2F.%2Flscache%2F2%2F2%2Ff HTTP/1.1" 200 8201 "-" "Mozilla/5.0 AppleWebKit/537.36 (KHTML, like Gecko; compatible; GPTBot/1.2; +https://openai.com/gptbot)"
216.73.216.243 - - [07/Jul/2025:08:45:05 -0400] "GET /228ef4/?lokasie=%2Fhome%2Fakhalid%2Fmail%2Fnew%2F1693437758.M576555P1839794.premium229.web-hosting.com%2CS%3D2992%2CW%3D3074&loknya=%2Fhome%2Fakhalid%2Fmail%2Fnew HTTP/1.1" 200 9050 "-" "Mozilla/5.0 AppleWebKit/537.36 (KHTML, like Gecko; compatible; ClaudeBot/1.0; [email protected])"
20.171.207.219 - - [07/Jul/2025:08:45:05 -0400] "GET /228ef4/index.php?lokasie=%2Fhome%2Fakhalid%2F.%2F.%2Flscache%2F1%2F2%2F4%2F1241dd1daa3aa3e8&loknya=%2Fhome%2Fakhalid%2F.%2F.%2Flscache%2F1%2F2%2F4 HTTP/1.1" 200 8223 "-" "Mozilla/5.0 AppleWebKit/537.36 (KHTML, like Gecko; compatible; GPTBot/1.2; +https://openai.com/gptbot)"
44.215.61.66 - - [07/Jul/2025:08:45:07 -0400] "GET /228ef4/index.php?loknya=/proc/self/root/proc/thread-self/root/proc/thread-self/root/etc/pam.d HTTP/1.1" 403 1242 "-" "Mozilla/5.0 AppleWebKit/537.36 (KHTML, like Gecko; compatible; Amazonbot/0.1; +https://developer.amazon.com/support/amazonbot) Chrome/119.0.6045.214 Safari/537.36"
20.171.207.219 - - [07/Jul/2025:08:45:07 -0400] "GET /228ef4/index.php?lokasie=%2F.%2Fhome%2Fakhalid%2F.%2Flscache%2F2%2F5%2Fe%2F25e0fe0d52a2d533&loknya=%2F.%2Fhome%2Fakhalid%2F.%2Flscache%2F2%2F5%2Fe HTTP/1.1" 200 28188 "-" "Mozilla/5.0 AppleWebKit/537.36 (KHTML, like Gecko; compatible; GPTBot/1.2; +https://openai.com/gptbot)"
216.73.216.243 - - [07/Jul/2025:08:45:07 -0400] "GET /228ef4/?lokasie=%2Fhome%2Fakhalid%2Fmail%2Fnew%2F1742416134.M687101P2758791.premium229.web-hosting.com%2CS%3D4549%2CW%3D4656&loknya=%2Fhome%2Fakhalid%2Fmail%2Fnew HTTP/1.1" 200 9575 "-" "Mozilla/5.0 AppleWebKit/537.36 (KHTML, like Gecko; compatible; ClaudeBot/1.0; [email protected])"
20.171.207.219 - - [07/Jul/2025:08:45:08 -0400] "GET /228ef4/index.php?lokasie=%2Fhome%2Fakhalid%2F.%2F.%2Flscache%2Fe%2F2%2F3%2Fe23d2cc38622ec68&loknya=%2Fhome%2Fakhalid%2F.%2F.%2Flscache%2Fe%2F2%2F3 HTTP/1.1" 200 9821 "-" "Mozilla/5.0 AppleWebKit/537.36 (KHTML, like Gecko; compatible; GPTBot/1.2; +https://openai.com/gptbot)"
34.195.248.30 - - [07/Jul/2025:08:45:08 -0400] "GET /228ef4/?lokasie=/proc/thread-self/root/opt/alt/ruby33/share/gems/gems/rdoc-6.6.3.1/lib/rdoc/servlet.rb&loknya=/proc/thread-self/root/opt/alt/ruby33/share/gems/gems/rdoc-6.6.3.1/lib/rdoc HTTP/1.1" 200 12253 "-" "Mozilla/5.0 AppleWebKit/537.36 (KHTML, like Gecko; compatible; Amazonbot/0.1; +https://developer.amazon.com/support/amazonbot) Chrome/119.0.6045.214 Safari/537.36"
20.171.207.219 - - [07/Jul/2025:08:45:09 -0400] "GET /228ef4/index.php?lokasie=%2F.%2Fhome%2Fakhalid%2F.%2Flscache%2Fc%2F2%2F2%2Fc22f42b19d5e6a88&loknya=%2F.%2Fhome%2Fakhalid%2F.%2Flscache%2Fc%2F2%2F2 HTTP/1.1" 200 8188 "-" "Mozilla/5.0 AppleWebKit/537.36 (KHTML, like Gecko; compatible; GPTBot/1.2; +https://openai.com/gptbot)"
216.73.216.243 - - [07/Jul/2025:08:45:09 -0400] "GET /228ef4/?lokasie=%2Fhome%2Fakhalid%2Fmail%2Fnew%2F1668575911.M459458P2943721.premium229.web-hosting.com%2CS%3D2868%2CW%3D2944&loknya=%2Fhome%2Fakhalid%2Fmail%2Fnew HTTP/1.1" 200 9033 "-" "Mozilla/5.0 AppleWebKit/537.36 (KHTML, like Gecko; compatible; ClaudeBot/1.0; [email protected])"
20.171.207.219 - - [07/Jul/2025:08:45:10 -0400] "GET /228ef4/index.php?lokasie=%2Fhome%2Fakhalid%2F.%2F.%2Flscache%2F2%2F8%2Fd%2F28d9472a7da0e840&loknya=%2Fhome%2Fakhalid%2F.%2F.%2Flscache%2F2%2F8%2Fd HTTP/1.1" 200 8182 "-" "Mozilla/5.0 AppleWebKit/537.36 (KHTML, like Gecko; compatible; GPTBot/1.2; +https://openai.com/gptbot)"
216.73.216.243 - - [07/Jul/2025:08:45:10 -0400] "GET /228ef4/?lokasie=%2Fhome%2Fakhalid%2Fmail%2Fnew%2F1738380622.M743087P3216097.premium229.web-hosting.com%2CS%3D3267%2CW%3D3351&loknya=%2Fhome%2Fakhalid%2Fmail%2Fnew HTTP/1.1" 200 9260 "-" "Mozilla/5.0 AppleWebKit/537.36 (KHTML, like Gecko; compatible; ClaudeBot/1.0; [email protected])"
20.171.207.219 - - [07/Jul/2025:08:45:12 -0400] "GET /228ef4/index.php?lokasie=%2Fhome%2Fakhalid%2F.%2F.%2Flscache%2F2%2Fe%2F0%2F2e02e6d60d96f29d&loknya=%2Fhome%2Fakhalid%2F.%2F.%2Flscache%2F2%2Fe%2F0 HTTP/1.1" 200 8231 "-" "Mozilla/5.0 AppleWebKit/537.36 (KHTML, like Gecko; compatible; GPTBot/1.2; +https://openai.com/gptbot)"
54.209.100.30 - - [07/Jul/2025:08:45:12 -0400] "GET /228ef4/?loknya=/proc/thread-self/root/proc/thread-self/root/home/akhalid/www/wp-includes/blocks/ HTTP/1.1" 200 12718 "-" "Mozilla/5.0 AppleWebKit/537.36 (KHTML, like Gecko; compatible; Amazonbot/0.1; +https://developer.amazon.com/support/amazonbot) Chrome/119.0.6045.214 Safari/537.36"
20.171.207.219 - - [07/Jul/2025:08:45:13 -0400] "GET /228ef4/index.php?lokasie=%2F.%2Fhome%2Fakhalid%2F.%2Flscache%2Fa%2Fc%2F3%2Fac3ee16228526255&loknya=%2F.%2Fhome%2Fakhalid%2F.%2Flscache%2Fa%2Fc%2F3 HTTP/1.1" 200 8226 "-" "Mozilla/5.0 AppleWebKit/537.36 (KHTML, like Gecko; compatible; GPTBot/1.2; +https://openai.com/gptbot)"
20.171.207.219 - - [07/Jul/2025:08:45:14 -0400] "GET /228ef4/index.php?lokasie=%2Fhome%2Fakhalid%2F.%2F.%2Flscache%2F8%2F2%2F2%2F8227a6e9fc9ad5c1&loknya=%2Fhome%2Fakhalid%2F.%2F.%2Flscache%2F8%2F2%2F2 HTTP/1.1" 200 8203 "-" "Mozilla/5.0 AppleWebKit/537.36 (KHTML, like Gecko; compatible; GPTBot/1.2; +https://openai.com/gptbot)"
216.73.216.195 - - [07/Jul/2025:08:45:14 -0400] "GET /228ef4/?lokasie=%2Fhome%2Fakhalid%2Fglobal-site%2Fwp-includes%2Fjs%2Fjquery%2Fui%2Feffect-pulsate.min.js&loknya=%2Fhome%2Fakhalid%2Fglobal-site%2Fwp-includes%2Fjs%2Fjquery%2Fui HTTP/1.1" 200 8312 "-" "Mozilla/5.0 AppleWebKit/537.36 (KHTML, like Gecko; compatible; ClaudeBot/1.0; [email protected])"
216.73.216.195 - - [07/Jul/2025:08:45:15 -0400] "GET /228ef4/?lokasie=%2Fusr%2Flib%2Fpython3.6%2Fsite-packages%2Ftuned%2Fprofiles%2F%2Flocator.py&loknya=%2Fusr%2Flib%2Fpython3.6%2Fsite-packages%2Ftuned%2Fprofiles%2F HTTP/1.1" 200 9337 "-" "Mozilla/5.0 AppleWebKit/537.36 (KHTML, like Gecko; compatible; ClaudeBot/1.0; [email protected])"
20.171.207.219 - - [07/Jul/2025:08:45:15 -0400] "GET /228ef4/index.php?lokasie=%2F.%2Fhome%2Fakhalid%2F.%2Flscache%2Fc%2F4%2Fc%2Fc4c220272f543e77&loknya=%2F.%2Fhome%2Fakhalid%2F.%2Flscache%2Fc%2F4%2Fc HTTP/1.1" 200 8206 "-" "Mozilla/5.0 AppleWebKit/537.36 (KHTML, like Gecko; compatible; GPTBot/1.2; +https://openai.com/gptbot)"
52.0.63.151 - - [07/Jul/2025:08:45:16 -0400] "GET /228ef4/?loknya=/proc/thread-self/root/proc/thread-self/root/proc/thread-self/root/opt/alt/php53/etc HTTP/1.1" 200 9201 "-" "Mozilla/5.0 AppleWebKit/537.36 (KHTML, like Gecko; compatible; Amazonbot/0.1; +https://developer.amazon.com/support/amazonbot) Chrome/119.0.6045.214 Safari/537.36"
20.171.207.219 - - [07/Jul/2025:08:45:16 -0400] "GET /228ef4/index.php?lokasie=%2Fhome%2Fakhalid%2F.%2F.%2Flscache%2F2%2F8%2Fc%2F28c80ea07e289d58&loknya=%2Fhome%2Fakhalid%2F.%2F.%2Flscache%2F2%2F8%2Fc HTTP/1.1" 200 8203 "-" "Mozilla/5.0 AppleWebKit/537.36 (KHTML, like Gecko; compatible; GPTBot/1.2; +https://openai.com/gptbot)"
216.73.216.195 - - [07/Jul/2025:08:45:17 -0400] "GET /228ef4/?lokasie=%2Fopt%2Fcloudlinux%2Fvenv%2Flib64%2Fpython3.11%2Fsite-packages%2Fidna%2Fidnadata.py&loknya=%2Fopt%2Fcloudlinux%2Fvenv%2Flib64%2Fpython3.11%2Fsite-packages%2Fidna HTTP/1.1" 200 14924 "-" "Mozilla/5.0 AppleWebKit/537.36 (KHTML, like Gecko; compatible; ClaudeBot/1.0; [email protected])"
20.171.207.219 - - [07/Jul/2025:08:45:17 -0400] "GET /228ef4/index.php?lokasie=%2Fhome%2Fakhalid%2F.%2F.%2Flscache%2F3%2F1%2F2%2F31228edaa1d98cdc&loknya=%2Fhome%2Fakhalid%2F.%2F.%2Flscache%2F3%2F1%2F2 HTTP/1.1" 200 35039 "-" "Mozilla/5.0 AppleWebKit/537.36 (KHTML, like Gecko; compatible; GPTBot/1.2; +https://openai.com/gptbot)"
216.73.216.195 - - [07/Jul/2025:08:45:18 -0400] "GET /228ef4/?lokasie=%2Fusr%2Flib%2Fpython3.6%2Fsite-packages%2Ftuned%2Fprofiles%2F%2Funit.py&loknya=%2Fusr%2Flib%2Fpython3.6%2Fsite-packages%2Ftuned%2Fprofiles%2F HTTP/1.1" 200 8532 "-" "Mozilla/5.0 AppleWebKit/537.36 (KHTML, like Gecko; compatible; ClaudeBot/1.0; [email protected])"
20.171.207.219 - - [07/Jul/2025:08:45:19 -0400] "GET /228ef4/index.php?lokasie=%2F.%2Fproc%2Fself%2Froot%2Fhome%2Fakhalid%2Fibrenergy.com%2Fwp-content%2Fthemes%2Fibr-theme%2Fwebfonts%2Ffa-solid-900.eot&loknya=%2F.%2Fproc%2Fself%2Froot%2Fhome%2Fakhalid%2Fibrenergy.com%2Fwp-content%2Fthemes%2Fibr-theme%2Fwebfonts HTTP/1.1" 200 111765 "-" "Mozilla/5.0 AppleWebKit/537.36 (KHTML, like Gecko; compatible; GPTBot/1.2; +https://openai.com/gptbot)"
216.73.216.195 - - [07/Jul/2025:08:45:19 -0400] "GET /228ef4/?lokasie=%2Fusr%2Flib64%2Fpython2.7%2FDemo%2Ftix%2F%2FREADME.txt&loknya=%2Fusr%2Flib64%2Fpython2.7%2FDemo%2Ftix%2F HTTP/1.1" 200 8306 "-" "Mozilla/5.0 AppleWebKit/537.36 (KHTML, like Gecko; compatible; ClaudeBot/1.0; [email protected])"
20.171.207.219 - - [07/Jul/2025:08:45:20 -0400] "GET /228ef4/index.php?lokasie=%2F.%2Fhome%2Fakhalid%2F.%2Fdangroup.sa%2Fwp-admin%2Fnetwork%2Fsite-users.php&loknya=%2F.%2Fhome%2Fakhalid%2F.%2Fdangroup.sa%2Fwp-admin%2Fnetwork HTTP/1.1" 200 11526 "-" "Mozilla/5.0 AppleWebKit/537.36 (KHTML, like Gecko; compatible; GPTBot/1.2; +https://openai.com/gptbot)"
216.73.216.195 - - [07/Jul/2025:08:45:20 -0400] "GET /228ef4/?lokasie=%2Fopt%2Fimunify360%2Fvenv%2Flib64%2Fpython3.11%2Fsite-packages%2Fsetuptools%2Ferrors.py&loknya=%2Fopt%2Fimunify360%2Fvenv%2Flib64%2Fpython3.11%2Fsite-packages%2Fsetuptools HTTP/1.1" 200 8901 "-" "Mozilla/5.0 AppleWebKit/537.36 (KHTML, like Gecko; compatible; ClaudeBot/1.0; [email protected])"
35.153.86.200 - - [07/Jul/2025:08:45:20 -0400] "GET /228ef4/?loknya=/proc/thread-self/root/opt/alt/alt-nodejs16/root/lib/node_modules/npm/node_modules.bundled/@npmcli/node-gyp HTTP/1.1" 200 8480 "-" "Mozilla/5.0 AppleWebKit/537.36 (KHTML, like Gecko; compatible; Amazonbot/0.1; +https://developer.amazon.com/support/amazonbot) Chrome/119.0.6045.214 Safari/537.36"
20.171.207.219 - - [07/Jul/2025:08:45:21 -0400] "GET /228ef4/index.php?lokasie=%2Fhome%2Fakhalid%2F.%2Flscache%2F2%2F3%2F8%2F238c25cd286ee085&loknya=%2Fhome%2Fakhalid%2F.%2Flscache%2F2%2F3%2F8 HTTP/1.1" 200 8192 "-" "Mozilla/5.0 AppleWebKit/537.36 (KHTML, like Gecko; compatible; GPTBot/1.2; +https://openai.com/gptbot)"
20.171.207.219 - - [07/Jul/2025:08:45:22 -0400] "GET /228ef4/index.php?lokasie=%2Fhome%2F.%2Fakhalid%2Flscache%2F2%2F7%2F6%2F276a5d6257a24780&loknya=%2Fhome%2F.%2Fakhalid%2Flscache%2F2%2F7%2F6 HTTP/1.1" 200 8225 "-" "Mozilla/5.0 AppleWebKit/537.36 (KHTML, like Gecko; compatible; GPTBot/1.2; +https://openai.com/gptbot)"
20.171.207.219 - - [07/Jul/2025:08:45:23 -0400] "GET /228ef4/index.php?lokasie=%2Fhome%2F.%2Fakhalid%2Flscache%2F0%2F2%2F2%2F02232e5f10d01745&loknya=%2Fhome%2F.%2Fakhalid%2Flscache%2F0%2F2%2F2 HTTP/1.1" 200 35267 "-" "Mozilla/5.0 AppleWebKit/537.36 (KHTML, like Gecko; compatible; GPTBot/1.2; +https://openai.com/gptbot)"
216.73.216.195 - - [07/Jul/2025:08:45:21 -0400] "GET /228ef4/?lokasie=%2Fhome%2Fakhalid%2Fgootech.app%2Fwp-includes%2Fjs%2Ftinymce%2Fplugins%2Fdirectionality%2Fplugin.min.js&loknya=%2Fhome%2Fakhalid%2Fgootech.app%2Fwp-includes%2Fjs%2Ftinymce%2Fplugins%2Fdirectionality HTTP/1.1" 200 8365 "-" "Mozilla/5.0 AppleWebKit/537.36 (KHTML, like Gecko; compatible; ClaudeBot/1.0; [email protected])"
98.82.40.168 - - [07/Jul/2025:08:45:24 -0400] "GET /228ef4/index.php?loknya=/proc/thread-self/root/proc/thread-self/root/lib/node_modules/npm/node_modules/util-extend HTTP/1.1" 200 8479 "-" "Mozilla/5.0 AppleWebKit/537.36 (KHTML, like Gecko; compatible; Amazonbot/0.1; +https://developer.amazon.com/support/amazonbot) Chrome/119.0.6045.214 Safari/537.36"
216.73.216.195 - - [07/Jul/2025:08:45:24 -0400] "GET /228ef4/?lokasie=%2Fopt%2Falt%2Fphp80%2Fusr%2Flib64%2Fphp%2Fmodules%2Ftrader.so&loknya=%2Fopt%2Falt%2Fphp80%2Fusr%2Flib64%2Fphp%2Fmodules HTTP/1.1" 200 220850 "-" "Mozilla/5.0 AppleWebKit/537.36 (KHTML, like Gecko; compatible; ClaudeBot/1.0; [email protected])"
20.171.207.219 - - [07/Jul/2025:08:45:24 -0400] "GET /228ef4/index.php?lokasie=%2Fhome%2Fakhalid%2F.%2Flscache%2F4%2F2%2F9%2F429e3ded81149f3a&loknya=%2Fhome%2Fakhalid%2F.%2Flscache%2F4%2F2%2F9 HTTP/1.1" 200 7859 "-" "Mozilla/5.0 AppleWebKit/537.36 (KHTML, like Gecko; compatible; GPTBot/1.2; +https://openai.com/gptbot)"
20.171.207.219 - - [07/Jul/2025:08:45:25 -0400] "GET /228ef4/index.php?lokasie=%2F.%2Fhome%2Fakhalid%2Flscache%2F1%2F2%2F1%2F121a3496843fc2ed&loknya=%2F.%2Fhome%2Fakhalid%2Flscache%2F1%2F2%2F1 HTTP/1.1" 200 8193 "-" "Mozilla/5.0 AppleWebKit/537.36 (KHTML, like Gecko; compatible; GPTBot/1.2; +https://openai.com/gptbot)"
66.249.75.43 - - [07/Jul/2025:08:45:27 -0400] "GET /m293030174?srsltid=AfmBOomSktEabtXO8TYNB0_jL9gt08UxZ_QSdv1cFW-U-XTC8HzlXw HTTP/1.1" 404 1251 "-" "Mozilla/5.0 (Linux; Android 6.0.1; Nexus 5X Build/MMB29P) AppleWebKit/537.36 (KHTML, like Gecko) Chrome/137.0.7151.103 Mobile Safari/537.36 (compatible; Googlebot/2.1; +http://www.google.com/bot.html)"
216.73.216.195 - - [07/Jul/2025:08:45:26 -0400] "GET /228ef4/?lokasie=%2Fopt%2Falt%2Fruby31%2Fshare%2Fruby%2F%2Fopen3.rb&loknya=%2Fopt%2Falt%2Fruby31%2Fshare%2Fruby%2F HTTP/1.1" 200 13037 "-" "Mozilla/5.0 AppleWebKit/537.36 (KHTML, like Gecko; compatible; ClaudeBot/1.0; [email protected])"
20.171.207.219 - - [07/Jul/2025:08:45:27 -0400] "GET /228ef4/index.php?lokasie=%2Fhome%2F.%2Fakhalid%2Flscache%2F2%2F4%2F7%2F247819aee7d9c052&loknya=%2Fhome%2F.%2Fakhalid%2Flscache%2F2%2F4%2F7 HTTP/1.1" 200 8224 "-" "Mozilla/5.0 AppleWebKit/537.36 (KHTML, like Gecko; compatible; GPTBot/1.2; +https://openai.com/gptbot)"
20.171.207.219 - - [07/Jul/2025:08:45:28 -0400] "GET /228ef4/index.php?lokasie=%2Fhome%2Fakhalid%2F.%2Flscache%2F3%2F3%2F8%2F338b2122d124e85c&loknya=%2Fhome%2Fakhalid%2F.%2Flscache%2F3%2F3%2F8 HTTP/1.1" 200 8124 "-" "Mozilla/5.0 AppleWebKit/537.36 (KHTML, like Gecko; compatible; GPTBot/1.2; +https://openai.com/gptbot)"
216.73.216.195 - - [07/Jul/2025:08:45:28 -0400] "GET /228ef4/?lokasie=%2Fusr%2Fsrc%2Flitespeed-wp-plugin%2F6.5.0.2%2Flitespeed-cache%2Ftpl%2Fpage_optm%2Fsettings_localization.tpl.php&loknya=%2Fusr%2Fsrc%2Flitespeed-wp-plugin%2F6.5.0.2%2Flitespeed-cache%2Ftpl%2Fpage_optm HTTP/1.1" 200 9525 "-" "Mozilla/5.0 AppleWebKit/537.36 (KHTML, like Gecko; compatible; ClaudeBot/1.0; [email protected])"
34.195.60.66 - - [07/Jul/2025:08:45:28 -0400] "GET /228ef4/?loknya=/proc/thread-self/root/opt/alt/alt-nodejs9/root/lib/node_modules/npm/node_modules/npm-registry-client/lib HTTP/1.1" 200 9051 "-" "Mozilla/5.0 AppleWebKit/537.36 (KHTML, like Gecko; compatible; Amazonbot/0.1; +https://developer.amazon.com/support/amazonbot) Chrome/119.0.6045.214 Safari/537.36"
216.73.216.195 - - [07/Jul/2025:08:45:29 -0400] "GET /228ef4/?lokasie=%2Fusr%2Flocal%2Flib64%2Fperl5%2FTemplate%2FPlugin%2FDumper.pm&loknya=%2Fusr%2Flocal%2Flib64%2Fperl5%2FTemplate%2FPlugin HTTP/1.1" 200 9318 "-" "Mozilla/5.0 AppleWebKit/537.36 (KHTML, like Gecko; compatible; ClaudeBot/1.0; [email protected])"
20.171.207.219 - - [07/Jul/2025:08:45:29 -0400] "GET /228ef4/index.php?lokasie=%2Fhome%2Fakhalid%2F.%2Flscache%2F7%2F7%2Fa%2F77a5247c3462426e&loknya=%2Fhome%2Fakhalid%2F.%2Flscache%2F7%2F7%2Fa HTTP/1.1" 200 8203 "-" "Mozilla/5.0 AppleWebKit/537.36 (KHTML, like Gecko; compatible; GPTBot/1.2; +https://openai.com/gptbot)"
216.73.216.195 - - [07/Jul/2025:08:45:30 -0400] "GET /228ef4/?lokasie=%2Fhome%2Fakhalid%2Fwww%2Fwp-includes%2Fjs%2Fdist%2F%2Fformat-library.min.js&loknya=%2Fhome%2Fakhalid%2Fwww%2Fwp-includes%2Fjs%2Fdist%2F HTTP/1.1" 200 16305 "-" "Mozilla/5.0 AppleWebKit/537.36 (KHTML, like Gecko; compatible; ClaudeBot/1.0; [email protected])"
20.171.207.219 - - [07/Jul/2025:08:45:30 -0400] "GET /228ef4/index.php?lokasie=%2Fhome%2F.%2Fakhalid%2Flscache%2F9%2F9%2F4%2F99425e2d5eec0528&loknya=%2Fhome%2F.%2Fakhalid%2Flscache%2F9%2F9%2F4 HTTP/1.1" 200 8195 "-" "Mozilla/5.0 AppleWebKit/537.36 (KHTML, like Gecko; compatible; GPTBot/1.2; +https://openai.com/gptbot)"
216.73.216.195 - - [07/Jul/2025:08:45:31 -0400] "GET /228ef4/?loknya=%2Fopt%2Falt%2Fpython37%2Flib%2Fpython3.7%2Fsite-packages%2Fidna HTTP/1.1" 200 8584 "-" "Mozilla/5.0 AppleWebKit/537.36 (KHTML, like Gecko; compatible; ClaudeBot/1.0; [email protected])"
20.171.207.219 - - [07/Jul/2025:08:45:31 -0400] "GET /228ef4/index.php?lokasie=%2Fhome%2F.%2Fakhalid%2Flscache%2F9%2Fe%2F0%2F9e0e2900396d9e02&loknya=%2Fhome%2F.%2Fakhalid%2Flscache%2F9%2Fe%2F0 HTTP/1.1" 200 35112 "-" "Mozilla/5.0 AppleWebKit/537.36 (KHTML, like Gecko; compatible; GPTBot/1.2; +https://openai.com/gptbot)"
216.73.216.195 - - [07/Jul/2025:08:45:32 -0400] "GET /228ef4/?lokasie=%2Flib%2Fpython2.7%2Fsite-packages%2Fpip%2F_vendor%2Fpackaging%2F_compat.py&loknya=%2Flib%2Fpython2.7%2Fsite-packages%2Fpip%2F_vendor%2Fpackaging HTTP/1.1" 200 8332 "-" "Mozilla/5.0 AppleWebKit/537.36 (KHTML, like Gecko; compatible; ClaudeBot/1.0; [email protected])"
20.171.207.219 - - [07/Jul/2025:08:45:32 -0400] "GET /228ef4/index.php?lokasie=%2Fhome%2Fakhalid%2F.%2Flscache%2F9%2F9%2F5%2F995275aa47122ff2&loknya=%2Fhome%2Fakhalid%2F.%2Flscache%2F9%2F9%2F5 HTTP/1.1" 200 8197 "-" "Mozilla/5.0 AppleWebKit/537.36 (KHTML, like Gecko; compatible; GPTBot/1.2; +https://openai.com/gptbot)"
3.223.181.32 - - [07/Jul/2025:08:45:32 -0400] "GET /228ef4/?loknya=/proc/thread-self/root/proc/thread-self/root/proc/thread-self/root/lib/modules/4.18.0-513.18.1.lve.el8.x86_64/updates HTTP/1.1" 200 8174 "-" "Mozilla/5.0 AppleWebKit/537.36 (KHTML, like Gecko; compatible; Amazonbot/0.1; +https://developer.amazon.com/support/amazonbot) Chrome/119.0.6045.214 Safari/537.36"
20.171.207.219 - - [07/Jul/2025:08:45:33 -0400] "GET /228ef4/index.php?lokasie=%2F.%2Fhome%2Fakhalid%2Flscache%2F0%2F5%2F5%2F05568ac08ac82284&loknya=%2F.%2Fhome%2Fakhalid%2Flscache%2F0%2F5%2F5 HTTP/1.1" 200 8230 "-" "Mozilla/5.0 AppleWebKit/537.36 (KHTML, like Gecko; compatible; GPTBot/1.2; +https://openai.com/gptbot)"
20.171.207.219 - - [07/Jul/2025:08:45:35 -0400] "GET /228ef4/index.php?lokasie=%2F.%2Fhome%2Fakhalid%2Flscache%2Fe%2F9%2F2%2Fe92c6221651a2b18&loknya=%2F.%2Fhome%2Fakhalid%2Flscache%2Fe%2F9%2F2 HTTP/1.1" 200 8217 "-" "Mozilla/5.0 AppleWebKit/537.36 (KHTML, like Gecko; compatible; GPTBot/1.2; +https://openai.com/gptbot)"
20.171.207.219 - - [07/Jul/2025:08:45:36 -0400] "GET /228ef4/index.php?lokasie=%2Fhome%2F.%2Fakhalid%2Flscache%2Fd%2F2%2F0%2Fd20b32230c454780&loknya=%2Fhome%2F.%2Fakhalid%2Flscache%2Fd%2F2%2F0 HTTP/1.1" 200 34922 "-" "Mozilla/5.0 AppleWebKit/537.36 (KHTML, like Gecko; compatible; GPTBot/1.2; +https://openai.com/gptbot)"
34.236.41.241 - - [07/Jul/2025:08:45:37 -0400] "GET /228ef4/?loknya=/proc/thread-self/root/opt/alt/alt-nodejs19/root/lib/node_modules/npm/node_modules.bundled/npm-package-arg/lib HTTP/1.1" 200 8401 "-" "Mozilla/5.0 AppleWebKit/537.36 (KHTML, like Gecko; compatible; Amazonbot/0.1; +https://developer.amazon.com/support/amazonbot) Chrome/119.0.6045.214 Safari/537.36"
20.171.207.219 - - [07/Jul/2025:08:45:37 -0400] "GET /228ef4/index.php?lokasie=%2Fhome%2Fakhalid%2F.%2Flscache%2F1%2F2%2Fe%2F12e5317ca03c2537&loknya=%2Fhome%2Fakhalid%2F.%2Flscache%2F1%2F2%2Fe HTTP/1.1" 200 8241 "-" "Mozilla/5.0 AppleWebKit/537.36 (KHTML, like Gecko; compatible; GPTBot/1.2; +https://openai.com/gptbot)"
216.73.216.195 - - [07/Jul/2025:08:45:33 -0400] "GET /228ef4/?lokasie=%2Fopt%2Falt%2Fphp80%2Fusr%2Flib64%2Fphp%2Fmodules%2Fpdo_snowflake.so&loknya=%2Fopt%2Falt%2Fphp80%2Fusr%2Flib64%2Fphp%2Fmodules HTTP/1.1" 200 3199521 "-" "Mozilla/5.0 AppleWebKit/537.36 (KHTML, like Gecko; compatible; ClaudeBot/1.0; [email protected])"
216.73.216.195 - - [07/Jul/2025:08:45:38 -0400] "GET /228ef4/?lokasie=%2Fopt%2Falt%2Fphp53%2Fusr%2Flib64%2Fphp%2Fmodules%2Fssh2.so&loknya=%2Fopt%2Falt%2Fphp53%2Fusr%2Flib64%2Fphp%2Fmodules HTTP/1.1" 200 34965 "-" "Mozilla/5.0 AppleWebKit/537.36 (KHTML, like Gecko; compatible; ClaudeBot/1.0; [email protected])"
20.171.207.219 - - [07/Jul/2025:08:45:38 -0400] "GET /228ef4/index.php?lokasie=%2Fhome%2Fakhalid%2F.%2Flscache%2F2%2F7%2F8%2F2782171284d6c64b&loknya=%2Fhome%2Fakhalid%2F.%2Flscache%2F2%2F7%2F8 HTTP/1.1" 200 8199 "-" "Mozilla/5.0 AppleWebKit/537.36 (KHTML, like Gecko; compatible; GPTBot/1.2; +https://openai.com/gptbot)"
216.73.216.195 - - [07/Jul/2025:08:45:39 -0400] "GET /228ef4/?lokasie=%2Fhome%2Fakhalid%2Fomerys%2Fpublic_html%2Fadmin%2Flanguage%2Far%2Fextension%2Fopenbay%2Famazon_bulk_listing.php&loknya=%2Fhome%2Fakhalid%2Fomerys%2Fpublic_html%2Fadmin%2Flanguage%2Far%2Fextension%2Fopenbay HTTP/1.1" 200 8613 "-" "Mozilla/5.0 AppleWebKit/537.36 (KHTML, like Gecko; compatible; ClaudeBot/1.0; [email protected])"
20.171.207.219 - - [07/Jul/2025:08:45:39 -0400] "GET /228ef4/index.php?lokasie=%2F.%2Fhome%2Fakhalid%2Flscache%2F7%2F4%2Fe%2F74ef411d28417d11&loknya=%2F.%2Fhome%2Fakhalid%2Flscache%2F7%2F4%2Fe HTTP/1.1" 200 8225 "-" "Mozilla/5.0 AppleWebKit/537.36 (KHTML, like Gecko; compatible; GPTBot/1.2; +https://openai.com/gptbot)"
216.73.216.195 - - [07/Jul/2025:08:45:40 -0400] "GET /228ef4/?lokasie=%2Fopt%2Fimunify360%2Fvenv%2Flib64%2Fpython3.11%2Fsite-packages%2Fattr%2F_funcs.py&loknya=%2Fopt%2Fimunify360%2Fvenv%2Flib64%2Fpython3.11%2Fsite-packages%2Fattr HTTP/1.1" 200 12107 "-" "Mozilla/5.0 AppleWebKit/537.36 (KHTML, like Gecko; compatible; ClaudeBot/1.0; [email protected])"
18.235.81.246 - - [07/Jul/2025:08:45:40 -0400] "GET /228ef4/?loknya=/proc/thread-self/root/proc/thread-self/root/home/akhalid/public_html/wp-includes/SimplePie/ HTTP/1.1" 200 8527 "-" "Mozilla/5.0 AppleWebKit/537.36 (KHTML, like Gecko; compatible; Amazonbot/0.1; +https://developer.amazon.com/support/amazonbot) Chrome/119.0.6045.214 Safari/537.36"
20.171.207.219 - - [07/Jul/2025:08:45:40 -0400] "GET /228ef4/index.php?lokasie=%2Fhome%2F.%2Fakhalid%2Flscache%2F2%2F1%2F0%2F2100fa74c81c1a5e&loknya=%2Fhome%2F.%2Fakhalid%2Flscache%2F2%2F1%2F0 HTTP/1.1" 200 8249 "-" "Mozilla/5.0 AppleWebKit/537.36 (KHTML, like Gecko; compatible; GPTBot/1.2; +https://openai.com/gptbot)"
216.73.216.195 - - [07/Jul/2025:08:45:41 -0400] "GET /228ef4/?lokasie=%2Fopt%2Falt%2Fruby30%2Flib64%2Fruby%2F%2Frbconfig.rb&loknya=%2Fopt%2Falt%2Fruby30%2Flib64%2Fruby%2F HTTP/1.1" 200 13220 "-" "Mozilla/5.0 AppleWebKit/537.36 (KHTML, like Gecko; compatible; ClaudeBot/1.0; [email protected])"
20.171.207.219 - - [07/Jul/2025:08:45:42 -0400] "GET /228ef4/index.php?lokasie=%2Fhome%2Fakhalid%2F.%2Flscache%2F8%2F6%2F6%2F8662074d24a2faa3&loknya=%2Fhome%2Fakhalid%2F.%2Flscache%2F8%2F6%2F6 HTTP/1.1" 200 8204 "-" "Mozilla/5.0 AppleWebKit/537.36 (KHTML, like Gecko; compatible; GPTBot/1.2; +https://openai.com/gptbot)"
20.171.207.219 - - [07/Jul/2025:08:45:45 -0400] "GET /228ef4/index.php?lokasie=%2Fhome%2F.%2Fakhalid%2Flscache%2F1%2F2%2F8%2F12872ab2495775ae&loknya=%2Fhome%2F.%2Fakhalid%2Flscache%2F1%2F2%2F8 HTTP/1.1" 200 8219 "-" "Mozilla/5.0 AppleWebKit/537.36 (KHTML, like Gecko; compatible; GPTBot/1.2; +https://openai.com/gptbot)"
216.73.216.243 - - [07/Jul/2025:08:45:45 -0400] "GET /228ef4/index.php?lokasie=%2Flib64%2Flibnl-genl-3.so.200.26.0&loknya=%2Flib64 HTTP/1.1" 200 18483 "-" "Mozilla/5.0 AppleWebKit/537.36 (KHTML, like Gecko; compatible; ClaudeBot/1.0; [email protected])"
20.171.207.219 - - [07/Jul/2025:08:45:46 -0400] "GET /228ef4/index.php?lokasie=%2Fhome%2F.%2Fakhalid%2Flscache%2F2%2F0%2F5%2F2050dd916e265cee&loknya=%2Fhome%2F.%2Fakhalid%2Flscache%2F2%2F0%2F5 HTTP/1.1" 200 35174 "-" "Mozilla/5.0 AppleWebKit/537.36 (KHTML, like Gecko; compatible; GPTBot/1.2; +https://openai.com/gptbot)"
216.73.216.243 - - [07/Jul/2025:08:45:46 -0400] "GET /228ef4/?lokasie=%2Fhome%2Fakhalid%2Fmail%2Fnew%2F1748550959.M744574P1189738.premium229.web-hosting.com%2CS%3D3480%2CW%3D3560&loknya=%2Fhome%2Fakhalid%2Fmail%2Fnew HTTP/1.1" 200 9191 "-" "Mozilla/5.0 AppleWebKit/537.36 (KHTML, like Gecko; compatible; ClaudeBot/1.0; [email protected])"
34.205.170.13 - - [07/Jul/2025:08:45:47 -0400] "GET /228ef4/index.php?lokasie=/proc/thread-self/root/proc/thread-self/root/home/akhalid/tmp/awstats/awstats022024.gootech.app.maxsym.co.txt&loknya=/proc/thread-self/root/proc/thread-self/root/home/akhalid/tmp/awstats HTTP/1.1" 200 10031 "-" "Mozilla/5.0 AppleWebKit/537.36 (KHTML, like Gecko; compatible; Amazonbot/0.1; +https://developer.amazon.com/support/amazonbot) Chrome/119.0.6045.214 Safari/537.36"
20.171.207.219 - - [07/Jul/2025:08:45:47 -0400] "GET /228ef4/index.php?lokasie=%2Fhome%2F.%2Fakhalid%2Flscache%2F2%2F9%2F9%2F29924a3c74162f78&loknya=%2Fhome%2F.%2Fakhalid%2Flscache%2F2%2F9%2F9 HTTP/1.1" 200 8197 "-" "Mozilla/5.0 AppleWebKit/537.36 (KHTML, like Gecko; compatible; GPTBot/1.2; +https://openai.com/gptbot)"
216.73.216.243 - - [07/Jul/2025:08:45:48 -0400] "GET /228ef4/?lokasie=%2Fhome%2Fakhalid%2Fmail%2Fnew%2F1748550696.M783690P1189738.premium229.web-hosting.com%2CS%3D3453%2CW%3D3533&loknya=%2Fhome%2Fakhalid%2Fmail%2Fnew HTTP/1.1" 200 9154 "-" "Mozilla/5.0 AppleWebKit/537.36 (KHTML, like Gecko; compatible; ClaudeBot/1.0; [email protected])"
54.210.152.179 - - [07/Jul/2025:08:45:48 -0400] "GET /228ef4/?loknya=/proc/thread-self/root/opt/alt/python37/lib/python3.7/site-packages/virtualenv/util/path/_pathlib HTTP/1.1" 200 8519 "-" "Mozilla/5.0 AppleWebKit/537.36 (KHTML, like Gecko; compatible; Amazonbot/0.1; +https://developer.amazon.com/support/amazonbot) Chrome/119.0.6045.214 Safari/537.36"
20.171.207.219 - - [07/Jul/2025:08:45:48 -0400] "GET /228ef4/index.php?lokasie=%2F.%2Fhome%2Fakhalid%2Flscache%2F9%2F4%2F2%2F9429cf3e92320fb0&loknya=%2F.%2Fhome%2Fakhalid%2Flscache%2F9%2F4%2F2 HTTP/1.1" 200 8192 "-" "Mozilla/5.0 AppleWebKit/537.36 (KHTML, like Gecko; compatible; GPTBot/1.2; +https://openai.com/gptbot)"
216.73.216.243 - - [07/Jul/2025:08:45:49 -0400] "GET /228ef4/index.php?lokasie=%2Flib64%2F.libcrypto.so.10.hmac&loknya=%2Flib64 HTTP/1.1" 200 7871 "-" "Mozilla/5.0 AppleWebKit/537.36 (KHTML, like Gecko; compatible; ClaudeBot/1.0; [email protected])"
20.171.207.219 - - [07/Jul/2025:08:45:49 -0400] "GET /228ef4/index.php?lokasie=%2Fhome%2Fakhalid%2F.%2Flscache%2Fd%2F2%2F6%2Fd262797b6558d42a&loknya=%2Fhome%2Fakhalid%2F.%2Flscache%2Fd%2F2%2F6 HTTP/1.1" 200 28140 "-" "Mozilla/5.0 AppleWebKit/537.36 (KHTML, like Gecko; compatible; GPTBot/1.2; +https://openai.com/gptbot)"
20.171.207.219 - - [07/Jul/2025:08:45:51 -0400] "GET /228ef4/index.php?lokasie=%2F.%2Fhome%2Fakhalid%2Flscache%2F5%2Fe%2F2%2F5e219bd455248f41&loknya=%2F.%2Fhome%2Fakhalid%2Flscache%2F5%2Fe%2F2 HTTP/1.1" 200 8212 "-" "Mozilla/5.0 AppleWebKit/537.36 (KHTML, like Gecko; compatible; GPTBot/1.2; +https://openai.com/gptbot)"
216.73.216.243 - - [07/Jul/2025:08:45:51 -0400] "GET /228ef4/?lokasie=%2Fhome%2Fakhalid%2Fmail%2Fnew%2F1734969976.M79283P1234527.premium229.web-hosting.com%2CS%3D3742%2CW%3D3839&loknya=%2Fhome%2Fakhalid%2Fmail%2Fnew HTTP/1.1" 200 9321 "-" "Mozilla/5.0 AppleWebKit/537.36 (KHTML, like Gecko; compatible; ClaudeBot/1.0; [email protected])"
20.171.207.219 - - [07/Jul/2025:08:45:52 -0400] "GET /228ef4/index.php?lokasie=%2Fhome%2F.%2Fakhalid%2Flscache%2F8%2F5%2F2%2F85265ef57844aec9&loknya=%2Fhome%2F.%2Fakhalid%2Flscache%2F8%2F5%2F2 HTTP/1.1" 200 8204 "-" "Mozilla/5.0 AppleWebKit/537.36 (KHTML, like Gecko; compatible; GPTBot/1.2; +https://openai.com/gptbot)"
3.89.176.255 - - [07/Jul/2025:08:45:53 -0400] "GET /228ef4/?loknya=/proc/thread-self/root/proc/thread-self/root/opt/alt/python311/lib/python3.11/site-packages/pip HTTP/1.1" 200 8653 "-" "Mozilla/5.0 AppleWebKit/537.36 (KHTML, like Gecko; compatible; Amazonbot/0.1; +https://developer.amazon.com/support/amazonbot) Chrome/119.0.6045.214 Safari/537.36"
66.249.75.42 - - [07/Jul/2025:08:45:54 -0400] "GET /m062021485?srsltid=AfmBOoshagImAwnMDK6aXD_IsT7OJR0Do_lqaYmXJE-Z-nQEPw5GZv HTTP/1.1" 404 1251 "-" "Mozilla/5.0 (Linux; Android 6.0.1; Nexus 5X Build/MMB29P) AppleWebKit/537.36 (KHTML, like Gecko) Chrome/137.0.7151.103 Mobile Safari/537.36 (compatible; Googlebot/2.1; +http://www.google.com/bot.html)"
216.73.216.243 - - [07/Jul/2025:08:45:53 -0400] "GET /228ef4/?lokasie=%2Fhome%2Fakhalid%2Fmail%2Fnew%2F1714893457.M629714P2904986.premium229.web-hosting.com%2CS%3D3126%2CW%3D3211&loknya=%2Fhome%2Fakhalid%2Fmail%2Fnew HTTP/1.1" 200 9142 "-" "Mozilla/5.0 AppleWebKit/537.36 (KHTML, like Gecko; compatible; ClaudeBot/1.0; [email protected])"
20.171.207.219 - - [07/Jul/2025:08:45:53 -0400] "GET /228ef4/index.php?lokasie=%2Fhome%2F.%2Fakhalid%2Flscache%2F8%2F4%2F2%2F84264ae343af8d59&loknya=%2Fhome%2F.%2Fakhalid%2Flscache%2F8%2F4%2F2 HTTP/1.1" 200 28194 "-" "Mozilla/5.0 AppleWebKit/537.36 (KHTML, like Gecko; compatible; GPTBot/1.2; +https://openai.com/gptbot)"
216.73.216.243 - - [07/Jul/2025:08:45:55 -0400] "GET /228ef4/?lokasie=%2Fhome%2Fakhalid%2Fmail%2Fnew%2F1718660659.M167551P3889496.premium229.web-hosting.com%2CS%3D2836%2CW%3D2912&loknya=%2Fhome%2Fakhalid%2Fmail%2Fnew HTTP/1.1" 200 8992 "-" "Mozilla/5.0 AppleWebKit/537.36 (KHTML, like Gecko; compatible; ClaudeBot/1.0; [email protected])"
20.171.207.219 - - [07/Jul/2025:08:45:55 -0400] "GET /228ef4/index.php?lokasie=%2F.%2Fproc%2Fthread-self%2Froot%2Fhome%2Fakhalid%2Fomerys%2Fpublic_html--%2Fimage%2Fcatalog%2Fup%2F12%2F%2F9521571672131268.jpg&loknya=%2F.%2Fproc%2Fthread-self%2Froot%2Fhome%2Fakhalid%2Fomerys%2Fpublic_html--%2Fimage%2Fcatalog%2Fup%2F12%2F HTTP/1.1" 200 230299 "-" "Mozilla/5.0 AppleWebKit/537.36 (KHTML, like Gecko; compatible; GPTBot/1.2; +https://openai.com/gptbot)"
18.233.24.238 - - [07/Jul/2025:08:45:56 -0400] "GET /228ef4/?loknya=/proc/thread-self/root/proc/thread-self/root/proc/thread-self/root/opt/alt/php56/etc HTTP/1.1" 200 9121 "-" "Mozilla/5.0 AppleWebKit/537.36 (KHTML, like Gecko; compatible; Amazonbot/0.1; +https://developer.amazon.com/support/amazonbot) Chrome/119.0.6045.214 Safari/537.36"
216.73.216.243 - - [07/Jul/2025:08:45:57 -0400] "GET /228ef4/?lokasie=%2Fhome%2Fakhalid%2Fmail%2Fnew%2F1737557735.M183846P248188.premium229.web-hosting.com%2CS%3D2833%2CW%3D2913&loknya=%2Fhome%2Fakhalid%2Fmail%2Fnew HTTP/1.1" 200 8988 "-" "Mozilla/5.0 AppleWebKit/537.36 (KHTML, like Gecko; compatible; ClaudeBot/1.0; [email protected])"
20.171.207.219 - - [07/Jul/2025:08:45:57 -0400] "GET /228ef4/index.php?lokasie=%2F.%2Fproc%2Fthread-self%2Froot%2Fhome%2Fakhalid%2Fomerys%2Fpublic_html--%2Fimage%2Fcatalog%2Fup%2F04%2F499751682370763.jpg&loknya=%2F.%2Fproc%2Fthread-self%2Froot%2Fhome%2Fakhalid%2Fomerys%2Fpublic_html--%2Fimage%2Fcatalog%2Fup%2F04 HTTP/1.1" 200 132707 "-" "Mozilla/5.0 AppleWebKit/537.36 (KHTML, like Gecko; compatible; GPTBot/1.2; +https://openai.com/gptbot)"
20.171.207.219 - - [07/Jul/2025:08:45:58 -0400] "GET /228ef4/index.php?lokasie=%2F.%2Fproc%2Fthread-self%2Froot%2Fhome%2Fakhalid%2Fomerys%2Fpublic_html--%2Fimage%2Fcatalog%2Fup%2F12%2F%2F5034431670804456.jpg&loknya=%2F.%2Fproc%2Fthread-self%2Froot%2Fhome%2Fakhalid%2Fomerys%2Fpublic_html--%2Fimage%2Fcatalog%2Fup%2F12%2F HTTP/1.1" 200 656048 "-" "Mozilla/5.0 AppleWebKit/537.36 (KHTML, like Gecko; compatible; GPTBot/1.2; +https://openai.com/gptbot)"
216.73.216.243 - - [07/Jul/2025:08:46:00 -0400] "GET /228ef4/?lokasie=%2Fhome%2Fakhalid%2Fmail%2Fnew%2F1683760261.M284614P3771465.premium229.web-hosting.com%2CS%3D4242%2CW%3D4331&loknya=%2Fhome%2Fakhalid%2Fmail%2Fnew HTTP/1.1" 200 9641 "-" "Mozilla/5.0 AppleWebKit/537.36 (KHTML, like Gecko; compatible; ClaudeBot/1.0; [email protected])"
98.80.130.239 - - [07/Jul/2025:08:46:00 -0400] "GET /228ef4/index.php?lokasie=/proc/thread-self/root/opt/hc_python/lib64/python3.12/site-packages/pydantic/v1/mypy.py&loknya=/proc/thread-self/root/opt/hc_python/lib64/python3.12/site-packages/pydantic/v1 HTTP/1.1" 200 18701 "-" "Mozilla/5.0 AppleWebKit/537.36 (KHTML, like Gecko; compatible; Amazonbot/0.1; +https://developer.amazon.com/support/amazonbot) Chrome/119.0.6045.214 Safari/537.36"
20.171.207.219 - - [07/Jul/2025:08:46:01 -0400] "GET /228ef4/index.php?lokasie=%2F.%2Fproc%2Fthread-self%2Froot%2Fhome%2Fakhalid%2Fomerys%2Fpublic_html--%2Fimage%2Fcatalog%2Fup%2F03%2F130491680117859.jpg&loknya=%2F.%2Fproc%2Fthread-self%2Froot%2Fhome%2Fakhalid%2Fomerys%2Fpublic_html--%2Fimage%2Fcatalog%2Fup%2F03 HTTP/1.1" 200 51760 "-" "Mozilla/5.0 AppleWebKit/537.36 (KHTML, like Gecko; compatible; GPTBot/1.2; +https://openai.com/gptbot)"
216.73.216.243 - - [07/Jul/2025:08:46:02 -0400] "GET /228ef4/?lokasie=%2Fhome%2Fakhalid%2Fmail%2Fnew%2F1743256548.M34132P814970.premium229.web-hosting.com%2CS%3D4562%2CW%3D4669&loknya=%2Fhome%2Fakhalid%2Fmail%2Fnew HTTP/1.1" 200 9580 "-" "Mozilla/5.0 AppleWebKit/537.36 (KHTML, like Gecko; compatible; ClaudeBot/1.0; [email protected])"
20.171.207.219 - - [07/Jul/2025:08:46:02 -0400] "GET /228ef4/index.php?lokasie=%2F.%2Fproc%2Fthread-self%2Froot%2Fhome%2Fakhalid%2Fomerys%2Fpublic_html--%2Fimage%2Fcatalog%2Fup%2F09%2F904851727312577.jpg&loknya=%2F.%2Fproc%2Fthread-self%2Froot%2Fhome%2Fakhalid%2Fomerys%2Fpublic_html--%2Fimage%2Fcatalog%2Fup%2F09 HTTP/1.1" 200 108520 "-" "Mozilla/5.0 AppleWebKit/537.36 (KHTML, like Gecko; compatible; GPTBot/1.2; +https://openai.com/gptbot)"
216.73.216.243 - - [07/Jul/2025:08:46:04 -0400] "GET /228ef4/?lokasie=%2Fhome%2Fakhalid%2Fmail%2Fnew%2F1723658525.M386587P1857903.premium229.web-hosting.com%2CS%3D4920%2CW%3D5016&loknya=%2Fhome%2Fakhalid%2Fmail%2Fnew HTTP/1.1" 200 9858 "-" "Mozilla/5.0 AppleWebKit/537.36 (KHTML, like Gecko; compatible; ClaudeBot/1.0; [email protected])"
20.171.207.219 - - [07/Jul/2025:08:46:04 -0400] "GET /228ef4/index.php?lokasie=%2F.%2Fproc%2Fthread-self%2Froot%2Fhome%2Fakhalid%2Fomerys%2Fpublic_html--%2Fimage%2Fcatalog%2Fup%2F12%2F%2F2452631703599086.jpg&loknya=%2F.%2Fproc%2Fthread-self%2Froot%2Fhome%2Fakhalid%2Fomerys%2Fpublic_html--%2Fimage%2Fcatalog%2Fup%2F12%2F HTTP/1.1" 200 44195 "-" "Mozilla/5.0 AppleWebKit/537.36 (KHTML, like Gecko; compatible; GPTBot/1.2; +https://openai.com/gptbot)"
3.89.176.255 - - [07/Jul/2025:08:46:04 -0400] "GET /228ef4/index.php?loknya=/proc/thread-self/root/proc/thread-self/root/home/akhalid/ibrenergy.com/wp-includes/SimplePie HTTP/1.1" 200 8483 "-" "Mozilla/5.0 AppleWebKit/537.36 (KHTML, like Gecko; compatible; Amazonbot/0.1; +https://developer.amazon.com/support/amazonbot) Chrome/119.0.6045.214 Safari/537.36"
20.171.207.219 - - [07/Jul/2025:08:46:05 -0400] "GET /228ef4/index.php?lokasie=%2F.%2Fproc%2Fthread-self%2Froot%2Fhome%2Fakhalid%2Fomerys%2Fpublic_html--%2Fimage%2Fcatalog%2Fup%2F12%2F%2F8191381671620671.jpg&loknya=%2F.%2Fproc%2Fthread-self%2Froot%2Fhome%2Fakhalid%2Fomerys%2Fpublic_html--%2Fimage%2Fcatalog%2Fup%2F12%2F HTTP/1.1" 200 166140 "-" "Mozilla/5.0 AppleWebKit/537.36 (KHTML, like Gecko; compatible; GPTBot/1.2; +https://openai.com/gptbot)"
216.73.216.243 - - [07/Jul/2025:08:46:06 -0400] "GET /228ef4/?lokasie=%2Fhome%2Fakhalid%2Fmail%2Fnew%2F1736980832.M385103P1686643.premium229.web-hosting.com%2CS%3D3154%2CW%3D3232&loknya=%2Fhome%2Fakhalid%2Fmail%2Fnew HTTP/1.1" 200 9154 "-" "Mozilla/5.0 AppleWebKit/537.36 (KHTML, like Gecko; compatible; ClaudeBot/1.0; [email protected])"
20.171.207.219 - - [07/Jul/2025:08:46:06 -0400] "GET /228ef4/index.php?lokasie=%2F.%2Fproc%2Fthread-self%2Froot%2Fhome%2Fakhalid%2Fomerys%2Fpublic_html--%2Fimage%2Fcatalog%2Fup%2F12%2F%2F1033891671230743.jpg&loknya=%2F.%2Fproc%2Fthread-self%2Froot%2Fhome%2Fakhalid%2Fomerys%2Fpublic_html--%2Fimage%2Fcatalog%2Fup%2F12%2F HTTP/1.1" 200 170947 "-" "Mozilla/5.0 AppleWebKit/537.36 (KHTML, like Gecko; compatible; GPTBot/1.2; +https://openai.com/gptbot)"
20.171.207.219 - - [07/Jul/2025:08:46:07 -0400] "GET /228ef4/index.php?lokasie=%2F.%2Fproc%2Fthread-self%2Froot%2Fhome%2Fakhalid%2Fomerys%2Fpublic_html--%2Fimage%2Fcatalog%2Fup%2F12%2F%2F6259331672217252.jpg&loknya=%2F.%2Fproc%2Fthread-self%2Froot%2Fhome%2Fakhalid%2Fomerys%2Fpublic_html--%2Fimage%2Fcatalog%2Fup%2F12%2F HTTP/1.1" 200 717527 "-" "Mozilla/5.0 AppleWebKit/537.36 (KHTML, like Gecko; compatible; GPTBot/1.2; +https://openai.com/gptbot)"
