216.73.216.243 - - [07/Jul/2025:08:27:30 -0400] "GET /228ef4/?loknya=%2Flib%2Ffirmware%2Fcirrus HTTP/1.1" 200 24952 "-" "Mozilla/5.0 AppleWebKit/537.36 (KHTML, like Gecko; compatible; ClaudeBot/1.0; [email protected])"
216.73.216.243 - - [07/Jul/2025:08:27:31 -0400] "GET /228ef4/index.php?lokasie=%2Fbin%2Ftruncate&loknya=%2Fbin HTTP/1.1" 200 23830 "-" "Mozilla/5.0 AppleWebKit/537.36 (KHTML, like Gecko; compatible; ClaudeBot/1.0; [email protected])"
216.73.216.243 - - [07/Jul/2025:08:27:31 -0400] "GET /228ef4/?lokasie=%2Flib%2Ffirmware%2Fiwlwifi-QuZ-a0-hr-b0-50.ucode&loknya=%2Flib%2Ffirmware HTTP/1.1" 200 429704 "-" "Mozilla/5.0 AppleWebKit/537.36 (KHTML, like Gecko; compatible; ClaudeBot/1.0; [email protected])"
216.73.216.243 - - [07/Jul/2025:08:27:31 -0400] "GET /228ef4/index.php?lokasie=%2Flib64%2Flibpmem.so.1&loknya=%2Flib64 HTTP/1.1" 200 58158 "-" "Mozilla/5.0 AppleWebKit/537.36 (KHTML, like Gecko; compatible; ClaudeBot/1.0; [email protected])"
20.171.207.219 - - [07/Jul/2025:08:27:32 -0400] "GET /228ef4/index.php?loknya=%2F.%2Fproc%2Fthread-self%2Froot%2Fusr%2Fshare%2Flocale%2Ffi_FI%2FLC_MESSAGES HTTP/1.1" 200 8155 "-" "Mozilla/5.0 AppleWebKit/537.36 (KHTML, like Gecko; compatible; GPTBot/1.2; +https://openai.com/gptbot)"
216.73.216.243 - - [07/Jul/2025:08:27:32 -0400] "GET /228ef4/index.php?lokasie=%2Flib64%2Flibsss_certmap.so.0&loknya=%2Flib64 HTTP/1.1" 200 37988 "-" "Mozilla/5.0 AppleWebKit/537.36 (KHTML, like Gecko; compatible; ClaudeBot/1.0; [email protected])"
18.204.152.114 - - [07/Jul/2025:08:27:32 -0400] "GET /228ef4/index.php?loknya=/proc/thread-self/root/proc/thread-self/root/lib/node_modules/npm/node_modules/abbrev HTTP/1.1" 200 8457 "-" "Mozilla/5.0 AppleWebKit/537.36 (KHTML, like Gecko; compatible; Amazonbot/0.1; +https://developer.amazon.com/support/amazonbot) Chrome/119.0.6045.214 Safari/537.36"
216.73.216.243 - - [07/Jul/2025:08:27:30 -0400] "GET /228ef4/index.php?lokasie=%2Flib64%2Fliblab_gamut.so.1.0.0&loknya=%2Flib64 HTTP/1.1" 200 433715 "-" "Mozilla/5.0 AppleWebKit/537.36 (KHTML, like Gecko; compatible; ClaudeBot/1.0; [email protected])"
216.73.216.243 - - [07/Jul/2025:08:27:32 -0400] "GET /228ef4/?loknya=%2Flib64%2Fdovecot%2Fauth HTTP/1.1" 200 8361 "-" "Mozilla/5.0 AppleWebKit/537.36 (KHTML, like Gecko; compatible; ClaudeBot/1.0; [email protected])"
216.73.216.243 - - [07/Jul/2025:08:27:32 -0400] "GET /228ef4/?lokasie=%2Flib%2Ffirmware%2Fiwlwifi-so-a0-hr-b0-83.ucode&loknya=%2Flib%2Ffirmware HTTP/1.1" 200 554433 "-" "Mozilla/5.0 AppleWebKit/537.36 (KHTML, like Gecko; compatible; ClaudeBot/1.0; [email protected])"
216.73.216.243 - - [07/Jul/2025:08:27:32 -0400] "GET /228ef4/?lokasie=%2Flib64%2Fsecurity%2Fpam_debug.so&loknya=%2Flib64%2Fsecurity HTTP/1.1" 200 11749 "-" "Mozilla/5.0 AppleWebKit/537.36 (KHTML, like Gecko; compatible; ClaudeBot/1.0; [email protected])"
216.73.216.243 - - [07/Jul/2025:08:27:32 -0400] "GET /228ef4/?lokasie=%2Flib%2Ffirmware%2FTAS2XXX2326.bin&loknya=%2Flib%2Ffirmware HTTP/1.1" 200 12337 "-" "Mozilla/5.0 AppleWebKit/537.36 (KHTML, like Gecko; compatible; ClaudeBot/1.0; [email protected])"
216.73.216.243 - - [07/Jul/2025:08:27:32 -0400] "GET /228ef4/?lokasie=%2Flib64%2Fxtables%2Flibipt_REJECT.so&loknya=%2Flib64%2Fxtables HTTP/1.1" 200 12110 "-" "Mozilla/5.0 AppleWebKit/537.36 (KHTML, like Gecko; compatible; ClaudeBot/1.0; [email protected])"
216.73.216.243 - - [07/Jul/2025:08:27:32 -0400] "GET /228ef4/index.php?lokasie=%2Flib64%2Flibm-2.28.so&loknya=%2Flib64 HTTP/1.1" 200 930617 "-" "Mozilla/5.0 AppleWebKit/537.36 (KHTML, like Gecko; compatible; ClaudeBot/1.0; [email protected])"
216.73.216.243 - - [07/Jul/2025:08:27:32 -0400] "GET /228ef4/?loknya=%2Fhome%2Fakhalid%2Fmail%2F.wajdie%40maxsym_co%2F.Sent HTTP/1.1" 200 8515 "-" "Mozilla/5.0 AppleWebKit/537.36 (KHTML, like Gecko; compatible; ClaudeBot/1.0; [email protected])"
66.249.75.34 - - [07/Jul/2025:08:27:33 -0400] "GET /m293018254?srsltid=AfmBOoFrfHsQdKcNSP4pOQ_SGF3MdOlLq_hBfldoIE-O-6iJOydHEb HTTP/1.1" 404 1251 "-" "Mozilla/5.0 (Linux; Android 6.0.1; Nexus 5X Build/MMB29P) AppleWebKit/537.36 (KHTML, like Gecko) Chrome/137.0.7151.103 Mobile Safari/537.36 (compatible; Googlebot/2.1; +http://www.google.com/bot.html)"
216.73.216.243 - - [07/Jul/2025:08:27:33 -0400] "GET /228ef4/?loknya=%2Flib%2Ffirmware%2Fgo7007 HTTP/1.1" 200 8474 "-" "Mozilla/5.0 AppleWebKit/537.36 (KHTML, like Gecko; compatible; ClaudeBot/1.0; [email protected])"
216.73.216.243 - - [07/Jul/2025:08:27:32 -0400] "GET /228ef4/?lokasie=%2Flib%2Ffirmware%2Fiwlwifi-ty-a0-gf-a0-74.ucode&loknya=%2Flib%2Ffirmware HTTP/1.1" 200 570027 "-" "Mozilla/5.0 AppleWebKit/537.36 (KHTML, like Gecko; compatible; ClaudeBot/1.0; [email protected])"
216.73.216.243 - - [07/Jul/2025:08:27:33 -0400] "GET /228ef4/?loknya=%2Fhome%2Fakhalid%2Flscache%2F6%2Ff%2Ff HTTP/1.1" 200 9027 "-" "Mozilla/5.0 AppleWebKit/537.36 (KHTML, like Gecko; compatible; ClaudeBot/1.0; [email protected])"
216.73.216.243 - - [07/Jul/2025:08:27:33 -0400] "GET /228ef4/?loknya=%2Fhome%2Fakhalid%2Flscache%2Fd%2F8%2Fa HTTP/1.1" 200 8718 "-" "Mozilla/5.0 AppleWebKit/537.36 (KHTML, like Gecko; compatible; ClaudeBot/1.0; [email protected])"
20.171.207.219 - - [07/Jul/2025:08:27:33 -0400] "GET /228ef4/index.php?loknya=%2F.%2Fproc%2Fthread-self%2Froot%2Fusr%2Fshare%2Flocale%2Fde-CH%2FLC_MESSAGES HTTP/1.1" 200 8153 "-" "Mozilla/5.0 AppleWebKit/537.36 (KHTML, like Gecko; compatible; GPTBot/1.2; +https://openai.com/gptbot)"
66.249.75.34 - - [07/Jul/2025:08:27:34 -0400] "GET /m180031533?srsltid=AfmBOowELZpyKtaueQhRH0_Iykipfwmzd_LyPDk5Ga-W-QXKWA9xvk HTTP/1.1" 404 1251 "-" "Mozilla/5.0 (Linux; Android 6.0.1; Nexus 5X Build/MMB29P) AppleWebKit/537.36 (KHTML, like Gecko) Chrome/137.0.7151.103 Mobile Safari/537.36 (compatible; Googlebot/2.1; +http://www.google.com/bot.html)"
216.73.216.243 - - [07/Jul/2025:08:27:33 -0400] "GET /228ef4/?loknya=%2Fhome%2Fakhalid%2Flscache%2F2%2F5%2Fc HTTP/1.1" 200 8722 "-" "Mozilla/5.0 AppleWebKit/537.36 (KHTML, like Gecko; compatible; ClaudeBot/1.0; [email protected])"
216.73.216.243 - - [07/Jul/2025:08:27:33 -0400] "GET /228ef4/index.php?lokasie=%2Flib64%2Flibvorbis.so.0.4.8&loknya=%2Flib64 HTTP/1.1" 200 93039 "-" "Mozilla/5.0 AppleWebKit/537.36 (KHTML, like Gecko; compatible; ClaudeBot/1.0; [email protected])"
216.73.216.243 - - [07/Jul/2025:08:27:33 -0400] "GET /228ef4/?lokasie=%2Flib%2Ffirmware%2Fiwlwifi-so-a0-hr-b0-72.ucode&loknya=%2Flib%2Ffirmware HTTP/1.1" 200 529829 "-" "Mozilla/5.0 AppleWebKit/537.36 (KHTML, like Gecko; compatible; ClaudeBot/1.0; [email protected])"
216.73.216.243 - - [07/Jul/2025:08:27:33 -0400] "GET /228ef4/index.php?lokasie=%2Flib64%2Flibraqm.so.0&loknya=%2Flib64 HTTP/1.1" 200 16526 "-" "Mozilla/5.0 AppleWebKit/537.36 (KHTML, like Gecko; compatible; ClaudeBot/1.0; [email protected])"
216.73.216.243 - - [07/Jul/2025:08:27:34 -0400] "GET /228ef4/index.php?loknya=%2Flib64%2Fman-db HTTP/1.1" 200 8375 "-" "Mozilla/5.0 AppleWebKit/537.36 (KHTML, like Gecko; compatible; ClaudeBot/1.0; [email protected])"
216.73.216.243 - - [07/Jul/2025:08:27:33 -0400] "GET /228ef4/?loknya=%2Fhome%2Fakhalid%2Flscache%2F5%2F2%2Fc HTTP/1.1" 200 8922 "-" "Mozilla/5.0 AppleWebKit/537.36 (KHTML, like Gecko; compatible; ClaudeBot/1.0; [email protected])"
20.171.207.219 - - [07/Jul/2025:08:27:34 -0400] "GET /228ef4/index.php?loknya=%2F.%2Fproc%2Fthread-self%2Froot%2Fusr%2Fshare%2Flocale%2Fzh-Hans%2FLC_MESSAGES HTTP/1.1" 200 8155 "-" "Mozilla/5.0 AppleWebKit/537.36 (KHTML, like Gecko; compatible; GPTBot/1.2; +https://openai.com/gptbot)"
216.73.216.243 - - [07/Jul/2025:08:27:34 -0400] "GET /228ef4/?loknya=%2Fusr%2Fshare%2Fman%2Fman7 HTTP/1.1" 200 20474 "-" "Mozilla/5.0 AppleWebKit/537.36 (KHTML, like Gecko; compatible; ClaudeBot/1.0; [email protected])"
216.73.216.243 - - [07/Jul/2025:08:27:34 -0400] "GET /228ef4/?loknya=%2Fhome%2Fakhalid%2Flscache%2F4%2Ff%2Ff HTTP/1.1" 200 8848 "-" "Mozilla/5.0 AppleWebKit/537.36 (KHTML, like Gecko; compatible; ClaudeBot/1.0; [email protected])"
216.73.216.243 - - [07/Jul/2025:08:27:34 -0400] "GET /228ef4/index.php?lokasie=%2Flib64%2Flibhogweed.so.4&loknya=%2Flib64 HTTP/1.1" 200 113698 "-" "Mozilla/5.0 AppleWebKit/537.36 (KHTML, like Gecko; compatible; ClaudeBot/1.0; [email protected])"
216.73.216.243 - - [07/Jul/2025:08:27:34 -0400] "GET /228ef4/?lokasie=%2Flib64%2Fwireshark%2FFindGLIB2.cmake&loknya=%2Flib64%2Fwireshark HTTP/1.1" 200 9041 "-" "Mozilla/5.0 AppleWebKit/537.36 (KHTML, like Gecko; compatible; ClaudeBot/1.0; [email protected])"
216.73.216.243 - - [07/Jul/2025:08:27:34 -0400] "GET /228ef4/?loknya=%2Fhome%2Fakhalid%2Flscache%2F3%2F6 HTTP/1.1" 200 8517 "-" "Mozilla/5.0 AppleWebKit/537.36 (KHTML, like Gecko; compatible; ClaudeBot/1.0; [email protected])"
216.73.216.243 - - [07/Jul/2025:08:27:34 -0400] "GET /228ef4/?loknya=%2Fhome%2Fakhalid%2Flscache%2Fd%2F3%2F7 HTTP/1.1" 200 8841 "-" "Mozilla/5.0 AppleWebKit/537.36 (KHTML, like Gecko; compatible; ClaudeBot/1.0; [email protected])"
216.73.216.243 - - [07/Jul/2025:08:27:34 -0400] "GET /228ef4/?loknya=%2Fhome%2Fakhalid%2Flscache%2Ff%2Fb%2F0 HTTP/1.1" 200 8886 "-" "Mozilla/5.0 AppleWebKit/537.36 (KHTML, like Gecko; compatible; ClaudeBot/1.0; [email protected])"
216.73.216.243 - - [07/Jul/2025:08:27:35 -0400] "GET /228ef4/index.php?lokasie=%2Flib64%2Flibseccomp.so.2&loknya=%2Flib64 HTTP/1.1" 200 52581 "-" "Mozilla/5.0 AppleWebKit/537.36 (KHTML, like Gecko; compatible; ClaudeBot/1.0; [email protected])"
216.73.216.243 - - [07/Jul/2025:08:27:34 -0400] "GET /228ef4/?loknya=%2Fhome%2Fakhalid%2Flscache%2F1%2F4 HTTP/1.1" 200 8470 "-" "Mozilla/5.0 AppleWebKit/537.36 (KHTML, like Gecko; compatible; ClaudeBot/1.0; [email protected])"
216.73.216.243 - - [07/Jul/2025:08:27:35 -0400] "GET /228ef4/?loknya=%2Fhome%2Fakhalid%2Flscache%2Fe%2F1%2Fb HTTP/1.1" 200 8719 "-" "Mozilla/5.0 AppleWebKit/537.36 (KHTML, like Gecko; compatible; ClaudeBot/1.0; [email protected])"
216.73.216.243 - - [07/Jul/2025:08:27:35 -0400] "GET /228ef4/index.php?lokasie=%2Fhome%2Fakhalid%2F.softaculous%2Fsitepad.php&loknya=%2Fhome%2Fakhalid%2F.softaculous HTTP/1.1" 200 7950 "-" "Mozilla/5.0 AppleWebKit/537.36 (KHTML, like Gecko; compatible; ClaudeBot/1.0; [email protected])"
216.73.216.243 - - [07/Jul/2025:08:27:35 -0400] "GET /228ef4/?lokasie=%2Flib%2Ffirmware%2FTAS2XXX12140.bin&loknya=%2Flib%2Ffirmware HTTP/1.1" 200 15702 "-" "Mozilla/5.0 AppleWebKit/537.36 (KHTML, like Gecko; compatible; ClaudeBot/1.0; [email protected])"
216.73.216.243 - - [07/Jul/2025:08:27:35 -0400] "GET /228ef4/?loknya=%2Fvar%2Flog%2Falt-php74-newrelic HTTP/1.1" 200 8091 "-" "Mozilla/5.0 AppleWebKit/537.36 (KHTML, like Gecko; compatible; ClaudeBot/1.0; [email protected])"
216.73.216.243 - - [07/Jul/2025:08:27:35 -0400] "GET /228ef4/?loknya=%2Fhome%2Fakhalid%2F.caldav%2Fmatt%40shabwahrefinery.com%2Faddressbook HTTP/1.1" 200 8161 "-" "Mozilla/5.0 AppleWebKit/537.36 (KHTML, like Gecko; compatible; ClaudeBot/1.0; [email protected])"
216.73.216.243 - - [07/Jul/2025:08:27:34 -0400] "GET /228ef4/?lokasie=%2Flib%2Ffirmware%2Fiwlwifi-ma-b0-gf4-a0-83.ucode&loknya=%2Flib%2Ffirmware HTTP/1.1" 200 601061 "-" "Mozilla/5.0 AppleWebKit/537.36 (KHTML, like Gecko; compatible; ClaudeBot/1.0; [email protected])"
20.171.207.219 - - [07/Jul/2025:08:27:35 -0400] "GET /228ef4/index.php?loknya=%2F.%2Fproc%2Fthread-self%2Froot%2Fusr%2Fshare%2Flocale%2Fuz%40cyrillic%2FLC_MESSAGES HTTP/1.1" 200 8401 "-" "Mozilla/5.0 AppleWebKit/537.36 (KHTML, like Gecko; compatible; GPTBot/1.2; +https://openai.com/gptbot)"
216.73.216.243 - - [07/Jul/2025:08:27:36 -0400] "GET /228ef4/?loknya=%2Fhome%2Fakhalid%2Flscache%2Fe%2F1%2F3 HTTP/1.1" 200 8626 "-" "Mozilla/5.0 AppleWebKit/537.36 (KHTML, like Gecko; compatible; ClaudeBot/1.0; [email protected])"
216.73.216.243 - - [07/Jul/2025:08:27:36 -0400] "GET /228ef4/?loknya=%2Fhome%2Fakhalid%2Flscache%2F9%2Ff%2Fd HTTP/1.1" 200 8949 "-" "Mozilla/5.0 AppleWebKit/537.36 (KHTML, like Gecko; compatible; ClaudeBot/1.0; [email protected])"
216.73.216.243 - - [07/Jul/2025:08:27:35 -0400] "GET /228ef4/index.php?lokasie=%2Flib64%2Fliblcms2.so.2.0.8&loknya=%2Flib64 HTTP/1.1" 200 160457 "-" "Mozilla/5.0 AppleWebKit/537.36 (KHTML, like Gecko; compatible; ClaudeBot/1.0; [email protected])"
216.73.216.243 - - [07/Jul/2025:08:27:36 -0400] "GET /228ef4/index.php?lokasie=%2Flib64%2Flibxcb-composite.so&loknya=%2Flib64 HTTP/1.1" 200 11643 "-" "Mozilla/5.0 AppleWebKit/537.36 (KHTML, like Gecko; compatible; ClaudeBot/1.0; [email protected])"
216.73.216.243 - - [07/Jul/2025:08:27:35 -0400] "GET /228ef4/?lokasie=%2Flib64%2Flibpoco-plesk-1.9.0%2FlibPocoNet.so.60&loknya=%2Flib64%2Flibpoco-plesk-1.9.0 HTTP/1.1" 200 426517 "-" "Mozilla/5.0 AppleWebKit/537.36 (KHTML, like Gecko; compatible; ClaudeBot/1.0; [email protected])"
216.73.216.243 - - [07/Jul/2025:08:27:34 -0400] "GET /228ef4/index.php?lokasie=%2Fbin%2Frvim&loknya=%2Fbin HTTP/1.1" 200 1376994 "-" "Mozilla/5.0 AppleWebKit/537.36 (KHTML, like Gecko; compatible; ClaudeBot/1.0; [email protected])"
23.23.214.190 - - [07/Jul/2025:08:27:36 -0400] "GET /228ef4/?loknya=/proc/self/root/proc/thread-self/root/proc/thread-self/root/lib64/cmake/Qt5MultimediaWidgets HTTP/1.1" 200 8168 "-" "Mozilla/5.0 AppleWebKit/537.36 (KHTML, like Gecko; compatible; Amazonbot/0.1; +https://developer.amazon.com/support/amazonbot) Chrome/119.0.6045.214 Safari/537.36"
216.73.216.243 - - [07/Jul/2025:08:27:36 -0400] "GET /228ef4/?loknya=%2Fdev%2Fshm%2Flsws HTTP/1.1" 200 8121 "-" "Mozilla/5.0 AppleWebKit/537.36 (KHTML, like Gecko; compatible; ClaudeBot/1.0; [email protected])"
216.73.216.243 - - [07/Jul/2025:08:27:36 -0400] "GET /228ef4/index.php?lokasie=%2Flib64%2Flibkrb5.so&loknya=%2Flib64 HTTP/1.1" 200 330112 "-" "Mozilla/5.0 AppleWebKit/537.36 (KHTML, like Gecko; compatible; ClaudeBot/1.0; [email protected])"
20.171.207.219 - - [07/Jul/2025:08:27:36 -0400] "GET /228ef4/index.php?loknya=%2F.%2Fproc%2Fthread-self%2Froot%2Fusr%2Fshare%2Flocale%2Fen%40piglatin%2FLC_MESSAGES HTTP/1.1" 200 8338 "-" "Mozilla/5.0 AppleWebKit/537.36 (KHTML, like Gecko; compatible; GPTBot/1.2; +https://openai.com/gptbot)"
216.73.216.243 - - [07/Jul/2025:08:27:36 -0400] "GET /228ef4/index.php?loknya=%2Flib%2Fkbd HTTP/1.1" 200 8320 "-" "Mozilla/5.0 AppleWebKit/537.36 (KHTML, like Gecko; compatible; ClaudeBot/1.0; [email protected])"
216.73.216.243 - - [07/Jul/2025:08:27:36 -0400] "GET /228ef4/?loknya=%2Flib%2Ffirmware%2Frockchip HTTP/1.1" 200 8260 "-" "Mozilla/5.0 AppleWebKit/537.36 (KHTML, like Gecko; compatible; ClaudeBot/1.0; [email protected])"
216.73.216.243 - - [07/Jul/2025:08:27:36 -0400] "GET /228ef4/?loknya=%2Fhome%2Fakhalid%2Fmail%2F.info%40ashkal_co%2F.Trash HTTP/1.1" 200 8502 "-" "Mozilla/5.0 AppleWebKit/537.36 (KHTML, like Gecko; compatible; ClaudeBot/1.0; [email protected])"
216.73.216.243 - - [07/Jul/2025:08:27:36 -0400] "GET /228ef4/index.php?lokasie=%2Flib64%2Flibgpm.so.2.1.0&loknya=%2Flib64 HTTP/1.1" 200 18812 "-" "Mozilla/5.0 AppleWebKit/537.36 (KHTML, like Gecko; compatible; ClaudeBot/1.0; [email protected])"
216.73.216.243 - - [07/Jul/2025:08:27:37 -0400] "GET /228ef4/?lokasie=%2Flib%2Ffirmware%2FTAS2XXX3881.bin&loknya=%2Flib%2Ffirmware HTTP/1.1" 200 12729 "-" "Mozilla/5.0 AppleWebKit/537.36 (KHTML, like Gecko; compatible; ClaudeBot/1.0; [email protected])"
216.73.216.243 - - [07/Jul/2025:08:27:37 -0400] "GET /228ef4/?lokasie=%2Flib%2Ffirmware%2FTAS2XXX12141.bin&loknya=%2Flib%2Ffirmware HTTP/1.1" 200 15571 "-" "Mozilla/5.0 AppleWebKit/537.36 (KHTML, like Gecko; compatible; ClaudeBot/1.0; [email protected])"
216.73.216.243 - - [07/Jul/2025:08:27:37 -0400] "GET /228ef4/?lokasie=%2Fhome%2Fakhalid%2F.caldav%2Fali%40elfanareng.com%2F.metadata&loknya=%2Fhome%2Fakhalid%2F.caldav%2Fali%40elfanareng.com HTTP/1.1" 200 8043 "-" "Mozilla/5.0 AppleWebKit/537.36 (KHTML, like Gecko; compatible; ClaudeBot/1.0; [email protected])"
216.73.216.243 - - [07/Jul/2025:08:27:37 -0400] "GET /228ef4/?loknya=%2Fhome%2Fakhalid%2Fmail%2F2az.dev%2Finfo%2F.Trash HTTP/1.1" 200 8532 "-" "Mozilla/5.0 AppleWebKit/537.36 (KHTML, like Gecko; compatible; ClaudeBot/1.0; [email protected])"
216.73.216.243 - - [07/Jul/2025:08:27:37 -0400] "GET /228ef4/?loknya=%2Fhome%2Fakhalid%2Flscache%2F9%2F5%2Fc HTTP/1.1" 200 8834 "-" "Mozilla/5.0 AppleWebKit/537.36 (KHTML, like Gecko; compatible; ClaudeBot/1.0; [email protected])"
216.73.216.243 - - [07/Jul/2025:08:27:37 -0400] "GET /228ef4/?loknya=%2Fhome%2Fakhalid%2Flscache%2F5%2F9%2Fc HTTP/1.1" 200 8794 "-" "Mozilla/5.0 AppleWebKit/537.36 (KHTML, like Gecko; compatible; ClaudeBot/1.0; [email protected])"
216.73.216.243 - - [07/Jul/2025:08:27:37 -0400] "GET /228ef4/?loknya=%2Fhome%2Fakhalid%2Flscache%2Fe%2F1%2F5 HTTP/1.1" 200 8635 "-" "Mozilla/5.0 AppleWebKit/537.36 (KHTML, like Gecko; compatible; ClaudeBot/1.0; [email protected])"
216.73.216.243 - - [07/Jul/2025:08:27:37 -0400] "GET /228ef4/index.php?lokasie=%2Flib64%2Flibgstsdp-1.0.so.0.1601.0&loknya=%2Flib64 HTTP/1.1" 200 42782 "-" "Mozilla/5.0 AppleWebKit/537.36 (KHTML, like Gecko; compatible; ClaudeBot/1.0; [email protected])"
216.73.216.243 - - [07/Jul/2025:08:27:37 -0400] "GET /228ef4/?lokasie=%2Flib%2Ffirmware%2Fiwlwifi-Qu-b0-jf-b0-77.ucode&loknya=%2Flib%2Ffirmware HTTP/1.1" 200 497525 "-" "Mozilla/5.0 AppleWebKit/537.36 (KHTML, like Gecko; compatible; ClaudeBot/1.0; [email protected])"
216.73.216.243 - - [07/Jul/2025:08:27:37 -0400] "GET /228ef4/?loknya=%2Fhome%2Fakhalid%2Flscache%2F6%2Ff%2Fd HTTP/1.1" 200 8761 "-" "Mozilla/5.0 AppleWebKit/537.36 (KHTML, like Gecko; compatible; ClaudeBot/1.0; [email protected])"
216.73.216.243 - - [07/Jul/2025:08:27:37 -0400] "GET /228ef4/index.php?lokasie=%2Flib64%2Flibtidy.so.5&loknya=%2Flib64 HTTP/1.1" 200 240935 "-" "Mozilla/5.0 AppleWebKit/537.36 (KHTML, like Gecko; compatible; ClaudeBot/1.0; [email protected])"
20.171.207.219 - - [07/Jul/2025:08:27:38 -0400] "GET /228ef4/index.php?loknya=%2F.%2Fproc%2Fthread-self%2Froot%2Fusr%2Fshare%2Flocale%2Fsat%40olchiki%2F HTTP/1.1" 200 8280 "-" "Mozilla/5.0 AppleWebKit/537.36 (KHTML, like Gecko; compatible; GPTBot/1.2; +https://openai.com/gptbot)"
216.73.216.243 - - [07/Jul/2025:08:27:38 -0400] "GET /228ef4/?loknya=%2Fhome%2Fakhalid%2Flscache%2F8%2Ff%2Fa HTTP/1.1" 200 8731 "-" "Mozilla/5.0 AppleWebKit/537.36 (KHTML, like Gecko; compatible; ClaudeBot/1.0; [email protected])"
216.73.216.243 - - [07/Jul/2025:08:27:38 -0400] "GET /228ef4/?loknya=%2Flib%2Ffirmware%2Fcxgb4 HTTP/1.1" 200 8667 "-" "Mozilla/5.0 AppleWebKit/537.36 (KHTML, like Gecko; compatible; ClaudeBot/1.0; [email protected])"
216.73.216.243 - - [07/Jul/2025:08:27:38 -0400] "GET /228ef4/?loknya=%2Fhome%2Fakhalid%2Flscache%2Fd%2F2%2F0 HTTP/1.1" 200 8640 "-" "Mozilla/5.0 AppleWebKit/537.36 (KHTML, like Gecko; compatible; ClaudeBot/1.0; [email protected])"
216.73.216.243 - - [07/Jul/2025:08:27:38 -0400] "GET /228ef4/?loknya=%2Fhome%2Fakhalid%2Flscache%2F2%2Fd%2F0 HTTP/1.1" 200 8636 "-" "Mozilla/5.0 AppleWebKit/537.36 (KHTML, like Gecko; compatible; ClaudeBot/1.0; [email protected])"
216.73.216.243 - - [07/Jul/2025:08:27:38 -0400] "GET /228ef4/index.php?lokasie=%2Fbin%2Fmariadb-access&loknya=%2Fbin HTTP/1.1" 200 35401 "-" "Mozilla/5.0 AppleWebKit/537.36 (KHTML, like Gecko; compatible; ClaudeBot/1.0; [email protected])"
216.73.216.243 - - [07/Jul/2025:08:27:38 -0400] "GET /228ef4/?lokasie=%2Flib%2Ffirmware%2Fql2300_fw.bin&loknya=%2Flib%2Ffirmware HTTP/1.1" 200 73181 "-" "Mozilla/5.0 AppleWebKit/537.36 (KHTML, like Gecko; compatible; ClaudeBot/1.0; [email protected])"
216.73.216.243 - - [07/Jul/2025:08:27:38 -0400] "GET /228ef4/index.php?lokasie=%2Fhome%2Fakhalid%2Fmail%2F.info%40nas-yemen_org%2Fdovecot-uidlist&loknya=%2Fhome%2Fakhalid%2Fmail%2F.info%40nas-yemen_org HTTP/1.1" 200 66716 "-" "Mozilla/5.0 AppleWebKit/537.36 (KHTML, like Gecko; compatible; ClaudeBot/1.0; [email protected])"
216.73.216.243 - - [07/Jul/2025:08:27:38 -0400] "GET /228ef4/?loknya=%2Fhome%2Fakhalid%2Flscache%2F4%2Ff%2Fd HTTP/1.1" 200 8677 "-" "Mozilla/5.0 AppleWebKit/537.36 (KHTML, like Gecko; compatible; ClaudeBot/1.0; [email protected])"
216.73.216.243 - - [07/Jul/2025:08:27:39 -0400] "GET /228ef4/?loknya=%2Fopt%2Falt%2Fkrb5 HTTP/1.1" 200 8210 "-" "Mozilla/5.0 AppleWebKit/537.36 (KHTML, like Gecko; compatible; ClaudeBot/1.0; [email protected])"
216.73.216.243 - - [07/Jul/2025:08:27:38 -0400] "GET /228ef4/index.php?lokasie=%2Flib64%2FlibGeoIP.so.1&loknya=%2Flib64 HTTP/1.1" 200 83055 "-" "Mozilla/5.0 AppleWebKit/537.36 (KHTML, like Gecko; compatible; ClaudeBot/1.0; [email protected])"
66.249.75.34 - - [07/Jul/2025:08:27:39 -0400] "GET /m107008168?srsltid=AfmBOoOkfimQZpxleXz2th_SUnaDlPyj1_lRbfLKcy-S-iOnX14agl HTTP/1.1" 404 1251 "-" "Mozilla/5.0 (Linux; Android 6.0.1; Nexus 5X Build/MMB29P) AppleWebKit/537.36 (KHTML, like Gecko) Chrome/137.0.7151.103 Mobile Safari/537.36 (compatible; Googlebot/2.1; +http://www.google.com/bot.html)"
20.171.207.219 - - [07/Jul/2025:08:27:39 -0400] "GET /228ef4/index.php?loknya=%2F.%2Fproc%2Fthread-self%2Froot%2Fusr%2Fshare%2Flocale%2Fen%40cyrillic%2F HTTP/1.1" 200 8276 "-" "Mozilla/5.0 AppleWebKit/537.36 (KHTML, like Gecko; compatible; GPTBot/1.2; +https://openai.com/gptbot)"
216.73.216.243 - - [07/Jul/2025:08:27:38 -0400] "GET /228ef4/index.php?lokasie=%2Flib64%2Flibpcre2-16.so&loknya=%2Flib64 HTTP/1.1" 200 187016 "-" "Mozilla/5.0 AppleWebKit/537.36 (KHTML, like Gecko; compatible; ClaudeBot/1.0; [email protected])"
216.73.216.243 - - [07/Jul/2025:08:27:39 -0400] "GET /228ef4/?loknya=%2Fvar%2Flog%2Falt-php53-newrelic HTTP/1.1" 200 8089 "-" "Mozilla/5.0 AppleWebKit/537.36 (KHTML, like Gecko; compatible; ClaudeBot/1.0; [email protected])"
216.73.216.243 - - [07/Jul/2025:08:27:39 -0400] "GET /228ef4/?lokasie=%2Fhome%2Fakhalid%2Fmail%2F.ameen%40maxsym_co%2Fdovecot.mailbox.log&loknya=%2Fhome%2Fakhalid%2Fmail%2F.ameen%40maxsym_co HTTP/1.1" 200 7919 "-" "Mozilla/5.0 AppleWebKit/537.36 (KHTML, like Gecko; compatible; ClaudeBot/1.0; [email protected])"
216.73.216.243 - - [07/Jul/2025:08:27:39 -0400] "GET /228ef4/index.php?lokasie=%2Flib64%2Fliblve.so.0.9.0&loknya=%2Flib64 HTTP/1.1" 200 50013 "-" "Mozilla/5.0 AppleWebKit/537.36 (KHTML, like Gecko; compatible; ClaudeBot/1.0; [email protected])"
216.73.216.243 - - [07/Jul/2025:08:27:39 -0400] "GET /228ef4/index.php?lokasie=%2Flib64%2Flibxcb-xselinux.so.0&loknya=%2Flib64 HTTP/1.1" 200 16285 "-" "Mozilla/5.0 AppleWebKit/537.36 (KHTML, like Gecko; compatible; ClaudeBot/1.0; [email protected])"
216.73.216.243 - - [07/Jul/2025:08:27:39 -0400] "GET /228ef4/?loknya=%2Fhome%2Fakhalid%2Flscache%2F0%2Fe%2F4 HTTP/1.1" 200 8751 "-" "Mozilla/5.0 AppleWebKit/537.36 (KHTML, like Gecko; compatible; ClaudeBot/1.0; [email protected])"
216.73.216.243 - - [07/Jul/2025:08:27:39 -0400] "GET /228ef4/index.php?lokasie=%2Flib64%2Flibmenu.so&loknya=%2Flib64 HTTP/1.1" 200 22429 "-" "Mozilla/5.0 AppleWebKit/537.36 (KHTML, like Gecko; compatible; ClaudeBot/1.0; [email protected])"
216.73.216.243 - - [07/Jul/2025:08:27:39 -0400] "GET /228ef4/?loknya=%2Fhome%2Fakhalid%2Flscache%2F0%2F1%2F3 HTTP/1.1" 200 8713 "-" "Mozilla/5.0 AppleWebKit/537.36 (KHTML, like Gecko; compatible; ClaudeBot/1.0; [email protected])"
216.73.216.243 - - [07/Jul/2025:08:27:40 -0400] "GET /228ef4/?loknya=%2Fhome%2Fakhalid%2Flscache%2F6%2F5%2Fc HTTP/1.1" 200 8935 "-" "Mozilla/5.0 AppleWebKit/537.36 (KHTML, like Gecko; compatible; ClaudeBot/1.0; [email protected])"
216.73.216.243 - - [07/Jul/2025:08:27:39 -0400] "GET /228ef4/?lokasie=%2Flib64%2Fgraphviz%2Flibgvplugin_gs.so.6.0.0&loknya=%2Flib64%2Fgraphviz HTTP/1.1" 200 12595 "-" "Mozilla/5.0 AppleWebKit/537.36 (KHTML, like Gecko; compatible; ClaudeBot/1.0; [email protected])"
3.225.45.252 - - [07/Jul/2025:08:27:40 -0400] "GET /228ef4/index.php?loknya=/proc/thread-self/root/proc/thread-self/root/lib/node_modules/npm/node_modules/form-data HTTP/1.1" 200 8565 "-" "Mozilla/5.0 AppleWebKit/537.36 (KHTML, like Gecko; compatible; Amazonbot/0.1; +https://developer.amazon.com/support/amazonbot) Chrome/119.0.6045.214 Safari/537.36"
216.73.216.243 - - [07/Jul/2025:08:27:40 -0400] "GET /228ef4/index.php?loknya=%2Flib64%2Fsasl2 HTTP/1.1" 200 8448 "-" "Mozilla/5.0 AppleWebKit/537.36 (KHTML, like Gecko; compatible; ClaudeBot/1.0; [email protected])"
216.73.216.243 - - [07/Jul/2025:08:27:40 -0400] "GET /228ef4/?loknya=%2Fhome%2Fakhalid%2Flscache%2F0%2F1%2F5 HTTP/1.1" 200 8754 "-" "Mozilla/5.0 AppleWebKit/537.36 (KHTML, like Gecko; compatible; ClaudeBot/1.0; [email protected])"
216.73.216.243 - - [07/Jul/2025:08:27:39 -0400] "GET /228ef4/?lokasie=%2Fhome%2Fakhalid%2Fmail%2Fnew%2F1738147066.M170010P332337.premium229.web-hosting.com%2CS%3D3670%2CW%3D3767&loknya=%2Fhome%2Fakhalid%2Fmail%2Fnew HTTP/1.1" 200 9406 "-" "Mozilla/5.0 AppleWebKit/537.36 (KHTML, like Gecko; compatible; ClaudeBot/1.0; [email protected])"
20.171.207.219 - - [07/Jul/2025:08:27:40 -0400] "GET /228ef4/index.php?loknya=%2F.%2Fproc%2Fthread-self%2Froot%2Fusr%2Fshare%2Flocale%2Fca_FR%2F HTTP/1.1" 200 8276 "-" "Mozilla/5.0 AppleWebKit/537.36 (KHTML, like Gecko; compatible; GPTBot/1.2; +https://openai.com/gptbot)"
216.73.216.243 - - [07/Jul/2025:08:27:40 -0400] "GET /228ef4/?lokasie=%2Flib64%2Fxtables%2Flibip6t_DNAT.so&loknya=%2Flib64%2Fxtables HTTP/1.1" 200 13328 "-" "Mozilla/5.0 AppleWebKit/537.36 (KHTML, like Gecko; compatible; ClaudeBot/1.0; [email protected])"
216.73.216.243 - - [07/Jul/2025:08:27:40 -0400] "GET /228ef4/?loknya=%2Fhome%2Fakhalid%2Flscache%2Ff%2F3%2F7 HTTP/1.1" 200 8636 "-" "Mozilla/5.0 AppleWebKit/537.36 (KHTML, like Gecko; compatible; ClaudeBot/1.0; [email protected])"
216.73.216.243 - - [07/Jul/2025:08:27:40 -0400] "GET /228ef4/?loknya=%2Fhome%2Fakhalid%2Flscache%2F4%2F5%2Fc HTTP/1.1" 200 8752 "-" "Mozilla/5.0 AppleWebKit/537.36 (KHTML, like Gecko; compatible; ClaudeBot/1.0; [email protected])"
216.73.216.243 - - [07/Jul/2025:08:27:40 -0400] "GET /228ef4/index.php?lokasie=%2Flib64%2Flibwayland-client.so.0&loknya=%2Flib64 HTTP/1.1" 200 31850 "-" "Mozilla/5.0 AppleWebKit/537.36 (KHTML, like Gecko; compatible; ClaudeBot/1.0; [email protected])"
216.73.216.243 - - [07/Jul/2025:08:27:39 -0400] "GET /228ef4/index.php?lokasie=%2Flib64%2Flibpoppler.so.104.0.0&loknya=%2Flib64 HTTP/1.1" 200 1122042 "-" "Mozilla/5.0 AppleWebKit/537.36 (KHTML, like Gecko; compatible; ClaudeBot/1.0; [email protected])"
216.73.216.243 - - [07/Jul/2025:08:27:40 -0400] "GET /228ef4/index.php?lokasie=%2Flib64%2Flibpcre2-32.so.0&loknya=%2Flib64 HTTP/1.1" 200 178820 "-" "Mozilla/5.0 AppleWebKit/537.36 (KHTML, like Gecko; compatible; ClaudeBot/1.0; [email protected])"
216.73.216.243 - - [07/Jul/2025:08:27:40 -0400] "GET /228ef4/index.php?lokasie=%2Flib64%2Flibxml2.so.2&loknya=%2Flib64 HTTP/1.1" 200 622088 "-" "Mozilla/5.0 AppleWebKit/537.36 (KHTML, like Gecko; compatible; ClaudeBot/1.0; [email protected])"
216.73.216.243 - - [07/Jul/2025:08:27:41 -0400] "GET /228ef4/?lokasie=%2Flib%2Ffirmware%2Fql2100_fw.bin&loknya=%2Flib%2Ffirmware HTTP/1.1" 200 47708 "-" "Mozilla/5.0 AppleWebKit/537.36 (KHTML, like Gecko; compatible; ClaudeBot/1.0; [email protected])"
216.73.216.243 - - [07/Jul/2025:08:27:41 -0400] "GET /228ef4/?lokasie=%2Fhome%2Fakhalid%2Fsaitoncompany.com%2Fwp-content%2Flanguages%2Far-f575f481034e90e21d832e415fd95fcf.json&loknya=%2Fhome%2Fakhalid%2Fsaitoncompany.com%2Fwp-content%2Flanguages HTTP/1.1" 200 8283 "-" "Mozilla/5.0 AppleWebKit/537.36 (KHTML, like Gecko; compatible; ClaudeBot/1.0; [email protected])"
216.73.216.243 - - [07/Jul/2025:08:27:41 -0400] "GET /228ef4/?loknya=%2Fusr%2Fshare%2Fman%2Fman4x HTTP/1.1" 200 8122 "-" "Mozilla/5.0 AppleWebKit/537.36 (KHTML, like Gecko; compatible; ClaudeBot/1.0; [email protected])"
216.73.216.243 - - [07/Jul/2025:08:27:41 -0400] "GET /228ef4/?lokasie=%2Fhome%2Fakhalid%2Fsaitoncompany.com%2Fwp-content%2Flanguages%2Far-1bba9045bb07c89671c88a3f328548e8.json&loknya=%2Fhome%2Fakhalid%2Fsaitoncompany.com%2Fwp-content%2Flanguages HTTP/1.1" 200 8542 "-" "Mozilla/5.0 AppleWebKit/537.36 (KHTML, like Gecko; compatible; ClaudeBot/1.0; [email protected])"
216.73.216.243 - - [07/Jul/2025:08:27:41 -0400] "GET /228ef4/?lokasie=%2Flib%2Ffirmware%2FTIAS2781RCA2.bin&loknya=%2Flib%2Ffirmware HTTP/1.1" 200 8101 "-" "Mozilla/5.0 AppleWebKit/537.36 (KHTML, like Gecko; compatible; ClaudeBot/1.0; [email protected])"
20.171.207.219 - - [07/Jul/2025:08:27:41 -0400] "GET /228ef4/index.php?loknya=%2F.%2Fproc%2Fthread-self%2Froot%2Fusr%2Fshare%2Flocale%2Ffi_FI%2F HTTP/1.1" 200 8316 "-" "Mozilla/5.0 AppleWebKit/537.36 (KHTML, like Gecko; compatible; GPTBot/1.2; +https://openai.com/gptbot)"
216.73.216.243 - - [07/Jul/2025:08:27:41 -0400] "GET /228ef4/index.php?lokasie=%2Flib64%2Flibkadm5srv.so&loknya=%2Flib64 HTTP/1.1" 200 52589 "-" "Mozilla/5.0 AppleWebKit/537.36 (KHTML, like Gecko; compatible; ClaudeBot/1.0; [email protected])"
216.73.216.243 - - [07/Jul/2025:08:27:41 -0400] "GET /228ef4/?lokasie=%2Fhome%2Fakhalid%2Fhytham.live%2Fassets%2Fglobal.css&loknya=%2Fhome%2Fakhalid%2Fhytham.live%2Fassets HTTP/1.1" 200 8739 "-" "Mozilla/5.0 AppleWebKit/537.36 (KHTML, like Gecko; compatible; ClaudeBot/1.0; [email protected])"
216.73.216.243 - - [07/Jul/2025:08:27:41 -0400] "GET /228ef4/?lokasie=%2Flib%2Ffirmware%2FTAS2XXX2234.bin&loknya=%2Flib%2Ffirmware HTTP/1.1" 200 12311 "-" "Mozilla/5.0 AppleWebKit/537.36 (KHTML, like Gecko; compatible; ClaudeBot/1.0; [email protected])"
216.73.216.243 - - [07/Jul/2025:08:27:41 -0400] "GET /228ef4/?lokasie=%2Flib%2Ffirmware%2Fiwlwifi-so-a0-gf4-a0.pnvm&loknya=%2Flib%2Ffirmware HTTP/1.1" 200 12794 "-" "Mozilla/5.0 AppleWebKit/537.36 (KHTML, like Gecko; compatible; ClaudeBot/1.0; [email protected])"
216.73.216.243 - - [07/Jul/2025:08:27:42 -0400] "GET /228ef4/index.php?lokasie=%2Flib64%2Flibaec.so.0.0.8&loknya=%2Flib64 HTTP/1.1" 200 21601 "-" "Mozilla/5.0 AppleWebKit/537.36 (KHTML, like Gecko; compatible; ClaudeBot/1.0; [email protected])"
216.73.216.243 - - [07/Jul/2025:08:27:40 -0400] "GET /228ef4/index.php?lokasie=%2Fbin%2Fmariadb-import&loknya=%2Fbin HTTP/1.1" 200 712658 "-" "Mozilla/5.0 AppleWebKit/537.36 (KHTML, like Gecko; compatible; ClaudeBot/1.0; [email protected])"
216.73.216.243 - - [07/Jul/2025:08:27:42 -0400] "GET /228ef4/index.php?lokasie=%2Flib64%2FlibXdamage.so.1&loknya=%2Flib64 HTTP/1.1" 200 12485 "-" "Mozilla/5.0 AppleWebKit/537.36 (KHTML, like Gecko; compatible; ClaudeBot/1.0; [email protected])"
216.73.216.243 - - [07/Jul/2025:08:27:42 -0400] "GET /228ef4/?loknya=%2Flib%2Ffirmware%2Faeonsemi HTTP/1.1" 200 8265 "-" "Mozilla/5.0 AppleWebKit/537.36 (KHTML, like Gecko; compatible; ClaudeBot/1.0; [email protected])"
216.73.216.243 - - [07/Jul/2025:08:27:42 -0400] "GET /228ef4/?loknya=%2Fhome%2Fakhalid%2Flscache%2F0%2F1%2Fb HTTP/1.1" 200 8985 "-" "Mozilla/5.0 AppleWebKit/537.36 (KHTML, like Gecko; compatible; ClaudeBot/1.0; [email protected])"
216.73.216.243 - - [07/Jul/2025:08:27:41 -0400] "GET /228ef4/?lokasie=%2Flib%2Ffirmware%2Fiwlwifi-gl-c0-fm-c0-96.ucode&loknya=%2Flib%2Ffirmware HTTP/1.1" 200 644987 "-" "Mozilla/5.0 AppleWebKit/537.36 (KHTML, like Gecko; compatible; ClaudeBot/1.0; [email protected])"
20.171.207.219 - - [07/Jul/2025:08:27:42 -0400] "GET /228ef4/index.php?loknya=%2F.%2Fproc%2Fthread-self%2Froot%2Fusr%2Fshare%2Flocale%2Fmni%40bengali%2FLC_MESSAGES HTTP/1.1" 200 8196 "-" "Mozilla/5.0 AppleWebKit/537.36 (KHTML, like Gecko; compatible; GPTBot/1.2; +https://openai.com/gptbot)"
20.171.207.219 - - [07/Jul/2025:08:27:43 -0400] "GET /228ef4/index.php?loknya=%2F.%2Fproc%2Fthread-self%2Froot%2Fusr%2Fshare%2Flocale%2Fbn_IN HTTP/1.1" 200 8310 "-" "Mozilla/5.0 AppleWebKit/537.36 (KHTML, like Gecko; compatible; GPTBot/1.2; +https://openai.com/gptbot)"
216.73.216.195 - - [07/Jul/2025:08:27:44 -0400] "GET /228ef4/?lokasie=%2Fopt%2Falt%2Fruby26%2Flib64%2Fruby%2F2.6.0%2Fopenssl%2Fssl.rb&loknya=%2Fopt%2Falt%2Fruby26%2Flib64%2Fruby%2F2.6.0%2Fopenssl HTTP/1.1" 200 13436 "-" "Mozilla/5.0 AppleWebKit/537.36 (KHTML, like Gecko; compatible; ClaudeBot/1.0; [email protected])"
216.73.216.195 - - [07/Jul/2025:08:27:44 -0400] "GET /228ef4/?lokasie=%2Fopt%2Fcloudlinux%2Fvenv%2Flib64%2Fpython3.11%2Fsite-packages%2Flxml%2Fxmlerror.pxi&loknya=%2Fopt%2Fcloudlinux%2Fvenv%2Flib64%2Fpython3.11%2Fsite-packages%2Flxml HTTP/1.1" 200 21202 "-" "Mozilla/5.0 AppleWebKit/537.36 (KHTML, like Gecko; compatible; ClaudeBot/1.0; [email protected])"
216.73.216.195 - - [07/Jul/2025:08:27:44 -0400] "GET /228ef4/?lokasie=%2Fopt%2Falt%2Fpython38%2Flib64%2Fpython3.8%2Fhttp%2F__pycache__%2Fcookies.cpython-38.opt-2.pyc&loknya=%2Fopt%2Falt%2Fpython38%2Flib64%2Fpython3.8%2Fhttp%2F__pycache__ HTTP/1.1" 200 13230 "-" "Mozilla/5.0 AppleWebKit/537.36 (KHTML, like Gecko; compatible; ClaudeBot/1.0; [email protected])"
216.73.216.195 - - [07/Jul/2025:08:27:44 -0400] "GET /228ef4/?lokasie=%2Fusr%2Fsrc%2Flitespeed-wp-plugin%2F6.5.3%2Flitespeed-cache%2Ftpl%2Fcdn%2Fauto_setup.tpl.php&loknya=%2Fusr%2Fsrc%2Flitespeed-wp-plugin%2F6.5.3%2Flitespeed-cache%2Ftpl%2Fcdn HTTP/1.1" 200 11480 "-" "Mozilla/5.0 AppleWebKit/537.36 (KHTML, like Gecko; compatible; ClaudeBot/1.0; [email protected])"
216.73.216.195 - - [07/Jul/2025:08:27:44 -0400] "GET /228ef4/?lokasie=%2Fhome%2Fakhalid%2Fpublic_html%2Fwp-content%2Fthemes%2Fmaxsym-theme%2Fincludes%2Facf%2Fincludes%2Flocal-meta.php&loknya=%2Fhome%2Fakhalid%2Fpublic_html%2Fwp-content%2Fthemes%2Fmaxsym-theme%2Fincludes%2Facf%2Fincludes HTTP/1.1" 200 9535 "-" "Mozilla/5.0 AppleWebKit/537.36 (KHTML, like Gecko; compatible; ClaudeBot/1.0; [email protected])"
216.73.216.195 - - [07/Jul/2025:08:27:44 -0400] "GET /228ef4/?lokasie=%2Fopt%2Fcloudlinux%2Fvenv%2Flib64%2Fpython3.11%2Fsite-packages%2Fclcommon%2F__pycache__%2Fui_config.cpython-311.pyc&loknya=%2Fopt%2Fcloudlinux%2Fvenv%2Flib64%2Fpython3.11%2Fsite-packages%2Fclcommon%2F__pycache__ HTTP/1.1" 200 10342 "-" "Mozilla/5.0 AppleWebKit/537.36 (KHTML, like Gecko; compatible; ClaudeBot/1.0; [email protected])"
216.73.216.195 - - [07/Jul/2025:08:27:44 -0400] "GET /228ef4/?lokasie=%2Fopt%2Falt%2Fpython33%2Flib64%2Fpython3.3%2Fdistutils%2F__pycache__%2Fversion.cpython-33.pyo&loknya=%2Fopt%2Falt%2Fpython33%2Flib64%2Fpython3.3%2Fdistutils%2F__pycache__ HTTP/1.1" 200 11273 "-" "Mozilla/5.0 AppleWebKit/537.36 (KHTML, like Gecko; compatible; ClaudeBot/1.0; [email protected])"
216.73.216.195 - - [07/Jul/2025:08:27:44 -0400] "GET /228ef4/?lokasie=%2Fusr%2Flib%2Fnode_modules%2Fnpm%2Fnode_modules%2Freadable-stream%2FLICENSE&loknya=%2Fusr%2Flib%2Fnode_modules%2Fnpm%2Fnode_modules%2Freadable-stream HTTP/1.1" 200 8670 "-" "Mozilla/5.0 AppleWebKit/537.36 (KHTML, like Gecko; compatible; ClaudeBot/1.0; [email protected])"
216.73.216.195 - - [07/Jul/2025:08:27:44 -0400] "GET /228ef4/?lokasie=%2Fopt%2Fcloudlinux%2Falt-php53%2Froot%2Fusr%2Fshare%2Fxcache_3%2Fcacher%2Findex.php&loknya=%2Fopt%2Fcloudlinux%2Falt-php53%2Froot%2Fusr%2Fshare%2Fxcache_3%2Fcacher HTTP/1.1" 200 10460 "-" "Mozilla/5.0 AppleWebKit/537.36 (KHTML, like Gecko; compatible; ClaudeBot/1.0; [email protected])"
216.73.216.195 - - [07/Jul/2025:08:27:44 -0400] "GET /228ef4/?lokasie=%2Fopt%2Falt%2Fruby32%2Fshare%2Fruby%2Fpsych%2Fhandler.rb&loknya=%2Fopt%2Falt%2Fruby32%2Fshare%2Fruby%2Fpsych HTTP/1.1" 200 9964 "-" "Mozilla/5.0 AppleWebKit/537.36 (KHTML, like Gecko; compatible; ClaudeBot/1.0; [email protected])"
216.73.216.195 - - [07/Jul/2025:08:27:45 -0400] "GET /228ef4/?lokasie=%2Fusr%2Fshare%2Fperl5%2Fvendor_perl%2FLocale%2FCodes%2FLanguage_Retired.pm&loknya=%2Fusr%2Fshare%2Fperl5%2Fvendor_perl%2FLocale%2FCodes HTTP/1.1" 200 14083 "-" "Mozilla/5.0 AppleWebKit/537.36 (KHTML, like Gecko; compatible; ClaudeBot/1.0; [email protected])"
216.73.216.195 - - [07/Jul/2025:08:27:45 -0400] "GET /228ef4/?lokasie=%2Fopt%2Falt%2Fruby31%2Fshare%2Fruby%2F%2Fresolv.rb&loknya=%2Fopt%2Falt%2Fruby31%2Fshare%2Fruby%2F HTTP/1.1" 200 25392 "-" "Mozilla/5.0 AppleWebKit/537.36 (KHTML, like Gecko; compatible; ClaudeBot/1.0; [email protected])"
216.73.216.195 - - [07/Jul/2025:08:27:45 -0400] "GET /228ef4/?lokasie=%2Fopt%2Falt%2Fpython313%2Flib64%2Fpython3.13%2Fencodings%2F__pycache__%2Fmac_turkish.cpython-313.pyc&loknya=%2Fopt%2Falt%2Fpython313%2Flib64%2Fpython3.13%2Fencodings%2F__pycache__ HTTP/1.1" 200 9646 "-" "Mozilla/5.0 AppleWebKit/537.36 (KHTML, like Gecko; compatible; ClaudeBot/1.0; [email protected])"
216.73.216.195 - - [07/Jul/2025:08:27:45 -0400] "GET /228ef4/?loknya=%2Flib%2Fpython2.7%2Fsite-packages%2Fpip%2F_vendor%2Fhtml5lib HTTP/1.1" 200 9136 "-" "Mozilla/5.0 AppleWebKit/537.36 (KHTML, like Gecko; compatible; ClaudeBot/1.0; [email protected])"
20.171.207.219 - - [07/Jul/2025:08:27:45 -0400] "GET /228ef4/index.php?loknya=%2F.%2Fproc%2Fthread-self%2Froot%2Fusr%2Fshare%2Flocale%2Fuz%40cyrillic%2F HTTP/1.1" 200 8274 "-" "Mozilla/5.0 AppleWebKit/537.36 (KHTML, like Gecko; compatible; GPTBot/1.2; +https://openai.com/gptbot)"
52.3.127.170 - - [07/Jul/2025:08:27:45 -0400] "GET /228ef4/index.php?lokasie=/proc/thread-self/root/proc/self/root/lib/firmware/cirrus//cs35l41-dsp1-spk-prot-17aa2316-spkid0-l0.bin&loknya=/proc/thread-self/root/proc/self/root/lib/firmware/cirrus/ HTTP/1.1" 200 10548 "-" "Mozilla/5.0 AppleWebKit/537.36 (KHTML, like Gecko; compatible; Amazonbot/0.1; +https://developer.amazon.com/support/amazonbot) Chrome/119.0.6045.214 Safari/537.36"
216.73.216.195 - - [07/Jul/2025:08:27:45 -0400] "GET /228ef4/?lokasie=%2Fusr%2Fsrc%2Flitespeed-wp-plugin%2F6.5.2%2Flitespeed-cache%2F%2Freadme.txt&loknya=%2Fusr%2Fsrc%2Flitespeed-wp-plugin%2F6.5.2%2Flitespeed-cache%2F HTTP/1.1" 200 19250 "-" "Mozilla/5.0 AppleWebKit/537.36 (KHTML, like Gecko; compatible; ClaudeBot/1.0; [email protected])"
216.73.216.195 - - [07/Jul/2025:08:27:45 -0400] "GET /228ef4/?lokasie=%2Fhome%2Fakhalid%2Fdangroup.sa%2Fwp-includes%2FSimplePie%2Fsrc%2FCache%2FPsr16.php&loknya=%2Fhome%2Fakhalid%2Fdangroup.sa%2Fwp-includes%2FSimplePie%2Fsrc%2FCache HTTP/1.1" 200 9903 "-" "Mozilla/5.0 AppleWebKit/537.36 (KHTML, like Gecko; compatible; ClaudeBot/1.0; [email protected])"
216.73.216.195 - - [07/Jul/2025:08:27:44 -0400] "GET /228ef4/?lokasie=%2Fopt%2Falt%2Fruby27%2Fshare%2Fruby%2Firb.rb&loknya=%2Fopt%2Falt%2Fruby27%2Fshare%2Fruby HTTP/1.1" 200 16790 "-" "Mozilla/5.0 AppleWebKit/537.36 (KHTML, like Gecko; compatible; ClaudeBot/1.0; [email protected])"
216.73.216.195 - - [07/Jul/2025:08:27:45 -0400] "GET /228ef4/?lokasie=%2Fusr%2Flib64%2Fpython2.7%2Flib-tk%2Ftest%2F%2Fruntktests.pyo&loknya=%2Fusr%2Flib64%2Fpython2.7%2Flib-tk%2Ftest%2F HTTP/1.1" 200 9386 "-" "Mozilla/5.0 AppleWebKit/537.36 (KHTML, like Gecko; compatible; ClaudeBot/1.0; [email protected])"
216.73.216.195 - - [07/Jul/2025:08:27:46 -0400] "GET /228ef4/?lokasie=%2Fusr%2Flib%2Fpython3.6%2Fsite-packages%2Fdnf%2F__pycache__%2Fexceptions.cpython-36.opt-1.pyc&loknya=%2Fusr%2Flib%2Fpython3.6%2Fsite-packages%2Fdnf%2F__pycache__ HTTP/1.1" 200 10661 "-" "Mozilla/5.0 AppleWebKit/537.36 (KHTML, like Gecko; compatible; ClaudeBot/1.0; [email protected])"
216.73.216.195 - - [07/Jul/2025:08:27:45 -0400] "GET /228ef4/?lokasie=%2Fusr%2Flib%2Fpython3.6%2Fsite-packages%2Furllib3%2Futil%2F__pycache__%2Fconnection.cpython-36.pyc&loknya=%2Fusr%2Flib%2Fpython3.6%2Fsite-packages%2Furllib3%2Futil%2F__pycache__ HTTP/1.1" 200 9931 "-" "Mozilla/5.0 AppleWebKit/537.36 (KHTML, like Gecko; compatible; ClaudeBot/1.0; [email protected])"
216.73.216.195 - - [07/Jul/2025:08:27:45 -0400] "GET /228ef4/?lokasie=%2Fopt%2Falt%2Fruby31%2Fshare%2Fruby%2F%2Foptionparser.rb&loknya=%2Fopt%2Falt%2Fruby31%2Fshare%2Fruby%2F HTTP/1.1" 200 7901 "-" "Mozilla/5.0 AppleWebKit/537.36 (KHTML, like Gecko; compatible; ClaudeBot/1.0; [email protected])"
216.73.216.195 - - [07/Jul/2025:08:27:46 -0400] "GET /228ef4/?lokasie=%2Fusr%2Flib%2Fpython3.6%2Fsite-packages%2Fdns%2Frdtypes%2F%2Feuibase.py&loknya=%2Fusr%2Flib%2Fpython3.6%2Fsite-packages%2Fdns%2Frdtypes%2F HTTP/1.1" 200 9234 "-" "Mozilla/5.0 AppleWebKit/537.36 (KHTML, like Gecko; compatible; ClaudeBot/1.0; [email protected])"
216.73.216.195 - - [07/Jul/2025:08:27:45 -0400] "GET /228ef4/?lokasie=%2Fhome%2Fakhalid%2Fnas-yemen.org%2Fpublic_html%2Fwp-includes%2Fjs%2Fdist%2F%2Fapi-fetch.js&loknya=%2Fhome%2Fakhalid%2Fnas-yemen.org%2Fpublic_html%2Fwp-includes%2Fjs%2Fdist%2F HTTP/1.1" 200 14766 "-" "Mozilla/5.0 AppleWebKit/537.36 (KHTML, like Gecko; compatible; ClaudeBot/1.0; [email protected])"
216.73.216.195 - - [07/Jul/2025:08:27:46 -0400] "GET /228ef4/?lokasie=%2Fopt%2Falt%2Fruby32%2Flib64%2Fruby%2Fcgi%2Fescape.so&loknya=%2Fopt%2Falt%2Fruby32%2Flib64%2Fruby%2Fcgi HTTP/1.1" 200 14144 "-" "Mozilla/5.0 AppleWebKit/537.36 (KHTML, like Gecko; compatible; ClaudeBot/1.0; [email protected])"
20.171.207.219 - - [07/Jul/2025:08:27:46 -0400] "GET /228ef4/index.php?loknya=%2F.%2Fproc%2Fthread-self%2Froot%2Fusr%2Fshare%2Flocale%2Fen%40piglatin%2F HTTP/1.1" 200 8276 "-" "Mozilla/5.0 AppleWebKit/537.36 (KHTML, like Gecko; compatible; GPTBot/1.2; +https://openai.com/gptbot)"
216.73.216.195 - - [07/Jul/2025:08:27:45 -0400] "GET /228ef4/?loknya=%2Fopt%2Falt%2Fpython310%2Flib64%2Fpython3.10%2F HTTP/1.1" 200 13874 "-" "Mozilla/5.0 AppleWebKit/537.36 (KHTML, like Gecko; compatible; ClaudeBot/1.0; [email protected])"
216.73.216.195 - - [07/Jul/2025:08:27:46 -0400] "GET /228ef4/?lokasie=%2Flib%2Fpython2.7%2Fsite-packages%2Fsetuptools%2F_vendor%2Fpackaging%2Futils.py&loknya=%2Flib%2Fpython2.7%2Fsite-packages%2Fsetuptools%2F_vendor%2Fpackaging HTTP/1.1" 200 8129 "-" "Mozilla/5.0 AppleWebKit/537.36 (KHTML, like Gecko; compatible; ClaudeBot/1.0; [email protected])"
216.73.216.195 - - [07/Jul/2025:08:27:46 -0400] "GET /228ef4/?lokasie=%2Fopt%2Fimunify360%2Fvenv%2Flib64%2Fpython3.11%2Fsite-packages%2Fdocutils%2Fstatemachine.py&loknya=%2Fopt%2Fimunify360%2Fvenv%2Flib64%2Fpython3.11%2Fsite-packages%2Fdocutils HTTP/1.1" 200 21721 "-" "Mozilla/5.0 AppleWebKit/537.36 (KHTML, like Gecko; compatible; ClaudeBot/1.0; [email protected])"
216.73.216.195 - - [07/Jul/2025:08:27:46 -0400] "GET /228ef4/?loknya=%2Fopt%2Falt%2Fpython34%2Flib64%2Fpython3.4%2Fconcurrent%2Ffutures HTTP/1.1" 200 8488 "-" "Mozilla/5.0 AppleWebKit/537.36 (KHTML, like Gecko; compatible; ClaudeBot/1.0; [email protected])"
216.73.216.195 - - [07/Jul/2025:08:27:46 -0400] "GET /228ef4/?lokasie=%2Fhome%2Fakhalid%2Fomerys%2Fpublic_html%2Fadmin%2Flanguage%2Far%2Fextension%2Fopenbay%2Famazonus_subscription.php&loknya=%2Fhome%2Fakhalid%2Fomerys%2Fpublic_html%2Fadmin%2Flanguage%2Far%2Fextension%2Fopenbay HTTP/1.1" 200 8413 "-" "Mozilla/5.0 AppleWebKit/537.36 (KHTML, like Gecko; compatible; ClaudeBot/1.0; [email protected])"
216.73.216.195 - - [07/Jul/2025:08:27:46 -0400] "GET /228ef4/?lokasie=%2Fopt%2Falt%2Fruby27%2Flib64%2Fruby%2Fsyslog.so&loknya=%2Fopt%2Falt%2Fruby27%2Flib64%2Fruby HTTP/1.1" 200 13944 "-" "Mozilla/5.0 AppleWebKit/537.36 (KHTML, like Gecko; compatible; ClaudeBot/1.0; [email protected])"
216.73.216.195 - - [07/Jul/2025:08:27:46 -0400] "GET /228ef4/?lokasie=%2Fusr%2Fsrc%2Flitespeed-wp-plugin%2F6.5.4%2Flitespeed-cache%2Ftpl%2Ftoolbox%2Fheartbeat.tpl.php&loknya=%2Fusr%2Fsrc%2Flitespeed-wp-plugin%2F6.5.4%2Flitespeed-cache%2Ftpl%2Ftoolbox HTTP/1.1" 200 8767 "-" "Mozilla/5.0 AppleWebKit/537.36 (KHTML, like Gecko; compatible; ClaudeBot/1.0; [email protected])"
216.73.216.195 - - [07/Jul/2025:08:27:46 -0400] "GET /228ef4/?loknya=%2Fusr%2Flib%2Fnode_modules%2Fnpm%2Fnode_modules%2Fsocks%2Fdocs HTTP/1.1" 200 8428 "-" "Mozilla/5.0 AppleWebKit/537.36 (KHTML, like Gecko; compatible; ClaudeBot/1.0; [email protected])"
216.73.216.195 - - [07/Jul/2025:08:27:46 -0400] "GET /228ef4/?loknya=%2Fopt%2Fhc_python%2Flib%2Fpython3.12%2Fsite-packages%2Frequests%2F__pycache__ HTTP/1.1" 200 8847 "-" "Mozilla/5.0 AppleWebKit/537.36 (KHTML, like Gecko; compatible; ClaudeBot/1.0; [email protected])"
216.73.216.195 - - [07/Jul/2025:08:27:47 -0400] "GET /228ef4/?lokasie=%2Fusr%2Flib%2Fnode_modules%2Fnpm%2Fnode_modules%2Fobject-keys%2F.jscs.json&loknya=%2Fusr%2Flib%2Fnode_modules%2Fnpm%2Fnode_modules%2Fobject-keys HTTP/1.1" 200 9248 "-" "Mozilla/5.0 AppleWebKit/537.36 (KHTML, like Gecko; compatible; ClaudeBot/1.0; [email protected])"
216.73.216.195 - - [07/Jul/2025:08:27:47 -0400] "GET /228ef4/?lokasie=%2Fopt%2Falt%2Fruby30%2Fshare%2Fruby%2Fprettyprint.rb&loknya=%2Fopt%2Falt%2Fruby30%2Fshare%2Fruby HTTP/1.1" 200 12873 "-" "Mozilla/5.0 AppleWebKit/537.36 (KHTML, like Gecko; compatible; ClaudeBot/1.0; [email protected])"
20.171.207.219 - - [07/Jul/2025:08:27:47 -0400] "GET /228ef4/index.php?loknya=%2F.%2Fproc%2Fthread-self%2Froot%2Fusr%2Fshare%2Flocale%2Fde-CH%2F HTTP/1.1" 200 8314 "-" "Mozilla/5.0 AppleWebKit/537.36 (KHTML, like Gecko; compatible; GPTBot/1.2; +https://openai.com/gptbot)"
216.73.216.195 - - [07/Jul/2025:08:27:47 -0400] "GET /228ef4/?lokasie=%2Fopt%2Falt%2Fpython38%2Flib64%2Fpython3.8%2Fhttp%2F__pycache__%2Fcookies.cpython-38.opt-1.pyc&loknya=%2Fopt%2Falt%2Fpython38%2Flib64%2Fpython3.8%2Fhttp%2F__pycache__ HTTP/1.1" 200 15074 "-" "Mozilla/5.0 AppleWebKit/537.36 (KHTML, like Gecko; compatible; ClaudeBot/1.0; [email protected])"
216.73.216.195 - - [07/Jul/2025:08:27:47 -0400] "GET /228ef4/?lokasie=%2Fusr%2Fshare%2Fperl5%2Fvendor_perl%2FTAP%2FParser%2F%2FIteratorFactory.pm&loknya=%2Fusr%2Fshare%2Fperl5%2Fvendor_perl%2FTAP%2FParser%2F HTTP/1.1" 200 10876 "-" "Mozilla/5.0 AppleWebKit/537.36 (KHTML, like Gecko; compatible; ClaudeBot/1.0; [email protected])"
216.73.216.195 - - [07/Jul/2025:08:27:47 -0400] "GET /228ef4/?lokasie=%2Flib%2Fpython3.6%2Fsite-packages%2Ftuned%2Fplugins%2F__pycache__%2Fplugin_sysfs.cpython-36.pyc&loknya=%2Flib%2Fpython3.6%2Fsite-packages%2Ftuned%2Fplugins%2F__pycache__ HTTP/1.1" 200 10041 "-" "Mozilla/5.0 AppleWebKit/537.36 (KHTML, like Gecko; compatible; ClaudeBot/1.0; [email protected])"
216.73.216.195 - - [07/Jul/2025:08:27:47 -0400] "GET /228ef4/?lokasie=%2Fopt%2Fimunify360%2Fvenv%2Flib64%2Fpython3.11%2Fsite-packages%2Fjinja2%2Fparser.py&loknya=%2Fopt%2Fimunify360%2Fvenv%2Flib64%2Fpython3.11%2Fsite-packages%2Fjinja2 HTTP/1.1" 200 15771 "-" "Mozilla/5.0 AppleWebKit/537.36 (KHTML, like Gecko; compatible; ClaudeBot/1.0; [email protected])"
216.73.216.195 - - [07/Jul/2025:08:27:47 -0400] "GET /228ef4/?lokasie=%2Fusr%2Flib%2Fpython2.7%2Fsite-packages%2Fgoogle%2Fprotobuf%2F%2Fdescriptor_pb2.pyo&loknya=%2Fusr%2Flib%2Fpython2.7%2Fsite-packages%2Fgoogle%2Fprotobuf%2F HTTP/1.1" 200 15885 "-" "Mozilla/5.0 AppleWebKit/537.36 (KHTML, like Gecko; compatible; ClaudeBot/1.0; [email protected])"
216.73.216.195 - - [07/Jul/2025:08:27:48 -0400] "GET /228ef4/?lokasie=%2Fhome%2Fakhalid%2Fshabwahrefinery.com%2Fwp-includes%2Fsodium_compat%2Fsrc%2FCore%2FUtil.php&loknya=%2Fhome%2Fakhalid%2Fshabwahrefinery.com%2Fwp-includes%2Fsodium_compat%2Fsrc%2FCore HTTP/1.1" 200 13638 "-" "Mozilla/5.0 AppleWebKit/537.36 (KHTML, like Gecko; compatible; ClaudeBot/1.0; [email protected])"
216.73.216.195 - - [07/Jul/2025:08:27:48 -0400] "GET /228ef4/?lokasie=%2Fopt%2Falt%2Fpython313%2Flib64%2Fpython3.13%2Fwsgiref%2F__pycache__%2Fhandlers.cpython-313.opt-2.pyc&loknya=%2Fopt%2Falt%2Fpython313%2Flib64%2Fpython3.13%2Fwsgiref%2F__pycache__ HTTP/1.1" 200 15899 "-" "Mozilla/5.0 AppleWebKit/537.36 (KHTML, like Gecko; compatible; ClaudeBot/1.0; [email protected])"
216.73.216.195 - - [07/Jul/2025:08:27:47 -0400] "GET /228ef4/?loknya=%2Fopt%2Falt%2Fpython313%2Flib64%2Fpython3.13%2Fsqlite3%2F__pycache__ HTTP/1.1" 200 8610 "-" "Mozilla/5.0 AppleWebKit/537.36 (KHTML, like Gecko; compatible; ClaudeBot/1.0; [email protected])"
216.73.216.195 - - [07/Jul/2025:08:27:47 -0400] "GET /228ef4/?lokasie=%2Fopt%2Falt%2Fruby30%2Fshare%2Fruby%2Fpsych.rb&loknya=%2Fopt%2Falt%2Fruby30%2Fshare%2Fruby HTTP/1.1" 200 14044 "-" "Mozilla/5.0 AppleWebKit/537.36 (KHTML, like Gecko; compatible; ClaudeBot/1.0; [email protected])"
216.73.216.195 - - [07/Jul/2025:08:27:48 -0400] "GET /228ef4/?lokasie=%2Fusr%2Fsrc%2Flitespeed-wp-plugin%2F6.4.1%2Flitespeed-cache%2Ftpl%2Fgeneral%2Fsettings_inc.guest.tpl.php&loknya=%2Fusr%2Fsrc%2Flitespeed-wp-plugin%2F6.4.1%2Flitespeed-cache%2Ftpl%2Fgeneral HTTP/1.1" 200 8691 "-" "Mozilla/5.0 AppleWebKit/537.36 (KHTML, like Gecko; compatible; ClaudeBot/1.0; [email protected])"
216.73.216.195 - - [07/Jul/2025:08:27:48 -0400] "GET /228ef4/?lokasie=%2Fopt%2Fcloudlinux%2Fvenv%2Flib64%2Fpython3.11%2Fsite-packages%2Fpylint%2F__pycache__%2Fepylint.cpython-311.pyc&loknya=%2Fopt%2Fcloudlinux%2Fvenv%2Flib64%2Fpython3.11%2Fsite-packages%2Fpylint%2F__pycache__ HTTP/1.1" 200 12706 "-" "Mozilla/5.0 AppleWebKit/537.36 (KHTML, like Gecko; compatible; ClaudeBot/1.0; [email protected])"
54.80.185.200 - - [07/Jul/2025:08:27:48 -0400] "GET /228ef4/?loknya=/proc/self/root/proc/thread-self/root/home/akhalid/saitoncompany.com/wp-includes/css/dist/editor HTTP/1.1" 200 8451 "-" "Mozilla/5.0 AppleWebKit/537.36 (KHTML, like Gecko; compatible; Amazonbot/0.1; +https://developer.amazon.com/support/amazonbot) Chrome/119.0.6045.214 Safari/537.36"
216.73.216.195 - - [07/Jul/2025:08:27:48 -0400] "GET /228ef4/?loknya=%2Fopt%2Fcloudlinux%2Falt-php53%2Froot%2Fusr%2Fshare%2Fdoc%2Fpear%2FMonologBridge HTTP/1.1" 200 8278 "-" "Mozilla/5.0 AppleWebKit/537.36 (KHTML, like Gecko; compatible; ClaudeBot/1.0; [email protected])"
216.73.216.195 - - [07/Jul/2025:08:27:48 -0400] "GET /228ef4/?lokasie=%2Fopt%2Fcloudlinux%2Fvenv%2Flib64%2Fpython3.11%2Fsite-packages%2Fsetuptools%2Fgui-64.exe&loknya=%2Fopt%2Fcloudlinux%2Fvenv%2Flib64%2Fpython3.11%2Fsite-packages%2Fsetuptools HTTP/1.1" 200 14272 "-" "Mozilla/5.0 AppleWebKit/537.36 (KHTML, like Gecko; compatible; ClaudeBot/1.0; [email protected])"
20.171.207.219 - - [07/Jul/2025:08:27:48 -0400] "GET /228ef4/index.php?loknya=%2F.%2Fproc%2Fthread-self%2Froot%2Fusr%2Fshare%2Flocale%2Fzh-Hans%2F HTTP/1.1" 200 8273 "-" "Mozilla/5.0 AppleWebKit/537.36 (KHTML, like Gecko; compatible; GPTBot/1.2; +https://openai.com/gptbot)"
216.73.216.195 - - [07/Jul/2025:08:27:48 -0400] "GET /228ef4/?lokasie=%2Fhome%2Fakhalid%2Fnas-yemen.org%2Fpublic_html%2Fwp-includes%2Fjs%2F%2Futils.js&loknya=%2Fhome%2Fakhalid%2Fnas-yemen.org%2Fpublic_html%2Fwp-includes%2Fjs%2F HTTP/1.1" 200 9619 "-" "Mozilla/5.0 AppleWebKit/537.36 (KHTML, like Gecko; compatible; ClaudeBot/1.0; [email protected])"
