20.171.207.219 - - [07/Jul/2025:08:34:09 -0400] "GET /228ef4/index.php?loknya=%2F.%2Fproc%2Fthread-self%2Froot%2Fusr%2Fshare%2Flocale%2Fno.us-ascii%2F HTTP/1.1" 200 8279 "-" "Mozilla/5.0 AppleWebKit/537.36 (KHTML, like Gecko; compatible; GPTBot/1.2; +https://openai.com/gptbot)"
216.73.216.243 - - [07/Jul/2025:08:34:10 -0400] "GET /228ef4/?lokasie=%2Flib64%2Fxtables%2Flibxt_policy.so&loknya=%2Flib64%2Fxtables HTTP/1.1" 200 13710 "-" "Mozilla/5.0 AppleWebKit/537.36 (KHTML, like Gecko; compatible; ClaudeBot/1.0; [email protected])"
20.171.207.219 - - [07/Jul/2025:08:34:10 -0400] "GET /228ef4/index.php?loknya=%2F.%2Fproc%2Fthread-self%2Froot%2Fusr%2Fshare%2Flocale%2Fpt.us-ascii%2F HTTP/1.1" 200 8322 "-" "Mozilla/5.0 AppleWebKit/537.36 (KHTML, like Gecko; compatible; GPTBot/1.2; +https://openai.com/gptbot)"
216.73.216.243 - - [07/Jul/2025:08:34:11 -0400] "GET /228ef4/?loknya=%2Fhome%2Fakhalid%2Flscache%2F8%2F7%2Fe HTTP/1.1" 200 8626 "-" "Mozilla/5.0 AppleWebKit/537.36 (KHTML, like Gecko; compatible; ClaudeBot/1.0; [email protected])"
20.171.207.219 - - [07/Jul/2025:08:34:11 -0400] "GET /228ef4/index.php?loknya=%2F.%2Fproc%2Fthread-self%2Froot%2Fusr%2Fshare%2Flocale%2Fsr%40ijekavian%2FLC_MESSAGES HTTP/1.1" 200 8193 "-" "Mozilla/5.0 AppleWebKit/537.36 (KHTML, like Gecko; compatible; GPTBot/1.2; +https://openai.com/gptbot)"
216.73.216.243 - - [07/Jul/2025:08:34:12 -0400] "GET /228ef4/index.php?lokasie=%2Flib64%2Flibnghttp2.so.14&loknya=%2Flib64 HTTP/1.1" 200 73338 "-" "Mozilla/5.0 AppleWebKit/537.36 (KHTML, like Gecko; compatible; ClaudeBot/1.0; [email protected])"
20.171.207.219 - - [07/Jul/2025:08:34:12 -0400] "GET /228ef4/index.php?loknya=%2F.%2Fproc%2Fthread-self%2Froot%2Fusr%2Fshare%2Flocale%2Fsq_AL%2F HTTP/1.1" 200 8276 "-" "Mozilla/5.0 AppleWebKit/537.36 (KHTML, like Gecko; compatible; GPTBot/1.2; +https://openai.com/gptbot)"
216.73.216.243 - - [07/Jul/2025:08:34:13 -0400] "GET /228ef4/?loknya=%2Fhome%2Fakhalid%2Flscache%2Fb%2F6 HTTP/1.1" 200 8517 "-" "Mozilla/5.0 AppleWebKit/537.36 (KHTML, like Gecko; compatible; ClaudeBot/1.0; [email protected])"
54.159.98.248 - - [07/Jul/2025:08:34:13 -0400] "GET /228ef4/?loknya=/proc/thread-self/root/proc/thread-self/root/opt/alt/python38/lib64/python3.8/concurrent HTTP/1.1" 200 8521 "-" "Mozilla/5.0 AppleWebKit/537.36 (KHTML, like Gecko; compatible; Amazonbot/0.1; +https://developer.amazon.com/support/amazonbot) Chrome/119.0.6045.214 Safari/537.36"
216.73.216.243 - - [07/Jul/2025:08:34:14 -0400] "GET /228ef4/?lokasie=%2Flib%2Ffirmware%2FTAS2XXX8DE91.bin&loknya=%2Flib%2Ffirmware HTTP/1.1" 200 15129 "-" "Mozilla/5.0 AppleWebKit/537.36 (KHTML, like Gecko; compatible; ClaudeBot/1.0; [email protected])"
20.171.207.219 - - [07/Jul/2025:08:34:14 -0400] "GET /228ef4/index.php?loknya=%2F.%2Fproc%2Fthread-self%2Froot%2Fusr%2Fshare%2Flocale%2Fl10n%2F HTTP/1.1" 200 8272 "-" "Mozilla/5.0 AppleWebKit/537.36 (KHTML, like Gecko; compatible; GPTBot/1.2; +https://openai.com/gptbot)"
57.141.0.16 - - [07/Jul/2025:08:34:14 -0400] "GET /228ef4/?lokasie=/lib64/python3.6/__pycache__/abc.cpython-36.opt-2.pyc&loknya=/lib64/python3.6/__pycache__ HTTP/1.1" 200 10073 "-" "meta-externalagent/1.1 (+https://developers.facebook.com/docs/sharing/webmasters/crawler)"
20.171.207.219 - - [07/Jul/2025:08:34:15 -0400] "GET /228ef4/index.php?loknya=%2F.%2Fproc%2Fthread-self%2Froot%2Fusr%2Fshare%2Flocale%2Fhr_HR%2F HTTP/1.1" 200 8274 "-" "Mozilla/5.0 AppleWebKit/537.36 (KHTML, like Gecko; compatible; GPTBot/1.2; +https://openai.com/gptbot)"
216.73.216.243 - - [07/Jul/2025:08:34:15 -0400] "GET /228ef4/?lokasie=%2Fhome%2Fakhalid%2Fmail%2Fcur%2F1663910366.M908358P599750.premium229.web-hosting.com%2CS%3D2620%2CW%3D2669%3A2%2C&loknya=%2Fhome%2Fakhalid%2Fmail%2Fcur HTTP/1.1" 200 9156 "-" "Mozilla/5.0 AppleWebKit/537.36 (KHTML, like Gecko; compatible; ClaudeBot/1.0; [email protected])"
216.73.216.243 - - [07/Jul/2025:08:34:16 -0400] "GET /228ef4/index.php?lokasie=%2Fhome%2Fakhalid%2Fmail%2F.issa%40nas-yemen_org%2Fdovecot.index.cache&loknya=%2Fhome%2Fakhalid%2Fmail%2F.issa%40nas-yemen_org HTTP/1.1" 200 9904 "-" "Mozilla/5.0 AppleWebKit/537.36 (KHTML, like Gecko; compatible; ClaudeBot/1.0; [email protected])"
34.231.156.59 - - [07/Jul/2025:08:34:16 -0400] "GET /228ef4/index.php?loknya=/proc/thread-self/root/home/akhalid/first-gulf.com.sa/wp-includes/library HTTP/1.1" 200 8162 "-" "Mozilla/5.0 AppleWebKit/537.36 (KHTML, like Gecko; compatible; Amazonbot/0.1; +https://developer.amazon.com/support/amazonbot) Chrome/119.0.6045.214 Safari/537.36"
20.171.207.219 - - [07/Jul/2025:08:34:16 -0400] "GET /228ef4/index.php?loknya=%2F.%2Fproc%2Fthread-self%2Froot%2Fusr%2Fshare%2Flocale%2Fen_IE%2F HTTP/1.1" 200 8276 "-" "Mozilla/5.0 AppleWebKit/537.36 (KHTML, like Gecko; compatible; GPTBot/1.2; +https://openai.com/gptbot)"
216.73.216.243 - - [07/Jul/2025:08:34:17 -0400] "GET /228ef4/index.php?lokasie=%2Fbin%2Fzdiff&loknya=%2Fbin HTTP/1.1" 200 9913 "-" "Mozilla/5.0 AppleWebKit/537.36 (KHTML, like Gecko; compatible; ClaudeBot/1.0; [email protected])"
20.171.207.219 - - [07/Jul/2025:08:34:17 -0400] "GET /228ef4/index.php?loknya=%2F.%2Fproc%2Fthread-self%2Froot%2Fusr%2Fshare%2Flocale%2Fpt_PT%2F HTTP/1.1" 200 8306 "-" "Mozilla/5.0 AppleWebKit/537.36 (KHTML, like Gecko; compatible; GPTBot/1.2; +https://openai.com/gptbot)"
216.73.216.243 - - [07/Jul/2025:08:34:18 -0400] "GET /228ef4/?lokasie=%2Flib%2Ffirmware%2Fiwlwifi-ma-b0-hr-b0-86.ucode&loknya=%2Flib%2Ffirmware HTTP/1.1" 200 564566 "-" "Mozilla/5.0 AppleWebKit/537.36 (KHTML, like Gecko; compatible; ClaudeBot/1.0; [email protected])"
20.171.207.219 - - [07/Jul/2025:08:34:18 -0400] "GET /228ef4/index.php?loknya=%2F.%2Fproc%2Fthread-self%2Froot%2Fusr%2Fshare%2Flocale%2Fks%40devanagari%2FLC_MESSAGES HTTP/1.1" 200 8159 "-" "Mozilla/5.0 AppleWebKit/537.36 (KHTML, like Gecko; compatible; GPTBot/1.2; +https://openai.com/gptbot)"
216.73.216.243 - - [07/Jul/2025:08:34:19 -0400] "GET /228ef4/?lokasie=%2Fhome%2Fakhalid%2Fmail%2Fnew%2F1744896565.M744937P40700.premium229.web-hosting.com%2CS%3D3485%2CW%3D3567&loknya=%2Fhome%2Fakhalid%2Fmail%2Fnew HTTP/1.1" 200 9341 "-" "Mozilla/5.0 AppleWebKit/537.36 (KHTML, like Gecko; compatible; ClaudeBot/1.0; [email protected])"
20.171.207.219 - - [07/Jul/2025:08:34:19 -0400] "GET /228ef4/index.php?loknya=%2F.%2Fproc%2Fthread-self%2Froot%2Fusr%2Fshare%2Flocale%2Fmni%40meiteimayek HTTP/1.1" 200 8316 "-" "Mozilla/5.0 AppleWebKit/537.36 (KHTML, like Gecko; compatible; GPTBot/1.2; +https://openai.com/gptbot)"
216.73.216.243 - - [07/Jul/2025:08:34:20 -0400] "GET /228ef4/?loknya=%2Fopt%2Falt%2Fcyrus-sasl HTTP/1.1" 200 8348 "-" "Mozilla/5.0 AppleWebKit/537.36 (KHTML, like Gecko; compatible; ClaudeBot/1.0; [email protected])"
184.72.95.195 - - [07/Jul/2025:08:34:20 -0400] "GET /228ef4/index.php?lokasie=/proc/thread-self/root/proc/thread-self/root/lib64/python2.7/Demo/threads/find.py&loknya=/proc/thread-self/root/proc/thread-self/root/lib64/python2.7/Demo/threads HTTP/1.1" 200 9582 "-" "Mozilla/5.0 AppleWebKit/537.36 (KHTML, like Gecko; compatible; Amazonbot/0.1; +https://developer.amazon.com/support/amazonbot) Chrome/119.0.6045.214 Safari/537.36"
20.171.207.219 - - [07/Jul/2025:08:34:21 -0400] "GET /228ef4/index.php?loknya=%2F.%2Fproc%2Fthread-self%2Froot%2Fusr%2Fshare%2Flocale%2Fsr%40ijekavianlatin HTTP/1.1" 200 8282 "-" "Mozilla/5.0 AppleWebKit/537.36 (KHTML, like Gecko; compatible; GPTBot/1.2; +https://openai.com/gptbot)"
216.73.216.243 - - [07/Jul/2025:08:34:21 -0400] "GET /228ef4/?lokasie=%2Flib%2Ffirmware%2Fiwlwifi-Qu-b0-hr-b0-74.ucode&loknya=%2Flib%2Ffirmware HTTP/1.1" 200 519796 "-" "Mozilla/5.0 AppleWebKit/537.36 (KHTML, like Gecko; compatible; ClaudeBot/1.0; [email protected])"
66.249.69.198 - - [07/Jul/2025:08:34:21 -0400] "GET /search.php?204clyi18462.html HTTP/1.1" 404 1251 "-" "Mozilla/5.0 (Linux; Android 6.0.1; Nexus 5X Build/MMB29P) AppleWebKit/537.36 (KHTML, like Gecko) Chrome/137.0.7151.103 Mobile Safari/537.36 (compatible; Googlebot/2.1; +http://www.google.com/bot.html)"
2a03:2880:f800:2:: - - [07/Jul/2025:08:34:21 -0400] "GET /228ef4/?lokasie=/lib64/libgstfft-1.0.so.0&loknya=/lib64 HTTP/1.1" 200 25269 "-" "meta-externalagent/1.1 (+https://developers.facebook.com/docs/sharing/webmasters/crawler)"
66.249.75.34 - - [07/Jul/2025:08:34:22 -0400] "GET /search.php?products/45he27212 HTTP/1.1" 404 1251 "-" "Mozilla/5.0 (Linux; Android 6.0.1; Nexus 5X Build/MMB29P) AppleWebKit/537.36 (KHTML, like Gecko) Chrome/137.0.7151.103 Mobile Safari/537.36 (compatible; Googlebot/2.1; +http://www.google.com/bot.html)"
20.171.207.219 - - [07/Jul/2025:08:34:22 -0400] "GET /228ef4/index.php?loknya=%2F.%2Fproc%2Fthread-self%2Froot%2Fusr%2Fshare%2Flocale%2Fsr%40ijekavian%2F HTTP/1.1" 200 8271 "-" "Mozilla/5.0 AppleWebKit/537.36 (KHTML, like Gecko; compatible; GPTBot/1.2; +https://openai.com/gptbot)"
66.249.75.34 - - [07/Jul/2025:08:34:22 -0400] "GET /m181008704?srsltid=AfmBOombuaPdJanMlm2okP_dMcNZfxEJd_oQYNaHdB-C-LDNr6ko0b HTTP/1.1" 404 1251 "-" "Mozilla/5.0 (Linux; Android 6.0.1; Nexus 5X Build/MMB29P) AppleWebKit/537.36 (KHTML, like Gecko) Chrome/137.0.7151.103 Mobile Safari/537.36 (compatible; Googlebot/2.1; +http://www.google.com/bot.html)"
216.73.216.243 - - [07/Jul/2025:08:34:23 -0400] "GET /228ef4/?loknya=%2Fopt%2Fcpanel%2Fea-brotli HTTP/1.1" 200 8335 "-" "Mozilla/5.0 AppleWebKit/537.36 (KHTML, like Gecko; compatible; ClaudeBot/1.0; [email protected])"
20.171.207.219 - - [07/Jul/2025:08:34:23 -0400] "GET /228ef4/index.php?loknya=%2F.%2Fproc%2Fself%2Froot%2Fvar%2Fsoftaculous%2Ftypo8%2Fphp82 HTTP/1.1" 200 8369 "-" "Mozilla/5.0 AppleWebKit/537.36 (KHTML, like Gecko; compatible; GPTBot/1.2; +https://openai.com/gptbot)"
216.73.216.243 - - [07/Jul/2025:08:34:24 -0400] "GET /228ef4/?loknya=%2Fhome%2Fakhalid%2Flscache%2F0%2F6%2F8 HTTP/1.1" 200 8703 "-" "Mozilla/5.0 AppleWebKit/537.36 (KHTML, like Gecko; compatible; ClaudeBot/1.0; [email protected])"
20.171.207.219 - - [07/Jul/2025:08:34:24 -0400] "GET /228ef4/index.php?loknya=%2F.%2Fproc%2Fself%2Froot%2Fvar%2Fsoftaculous%2Fconc8%2Fphp81 HTTP/1.1" 200 8468 "-" "Mozilla/5.0 AppleWebKit/537.36 (KHTML, like Gecko; compatible; GPTBot/1.2; +https://openai.com/gptbot)"
216.73.216.243 - - [07/Jul/2025:08:34:25 -0400] "GET /228ef4/?lokasie=%2Fhome%2Fakhalid%2Fsaitoncompany.com%2Fwp-content%2Flanguages%2Far-daeb084aab42199d26393a56c3465bc0.json&loknya=%2Fhome%2Fakhalid%2Fsaitoncompany.com%2Fwp-content%2Flanguages HTTP/1.1" 200 8590 "-" "Mozilla/5.0 AppleWebKit/537.36 (KHTML, like Gecko; compatible; ClaudeBot/1.0; [email protected])"
35.171.141.42 - - [07/Jul/2025:08:34:25 -0400] "GET /228ef4/?loknya=/proc/thread-self/root/proc/thread-self/root/opt/hc_python/lib64/python3.12/site-packages/urllib3/http2 HTTP/1.1" 200 8520 "-" "Mozilla/5.0 AppleWebKit/537.36 (KHTML, like Gecko; compatible; Amazonbot/0.1; +https://developer.amazon.com/support/amazonbot) Chrome/119.0.6045.214 Safari/537.36"
20.171.207.219 - - [07/Jul/2025:08:34:25 -0400] "GET /228ef4/index.php?loknya=%2F.%2Fproc%2Fself%2Froot%2Fvar%2Fsoftaculous%2Fmagento242%2F HTTP/1.1" 200 9098 "-" "Mozilla/5.0 AppleWebKit/537.36 (KHTML, like Gecko; compatible; GPTBot/1.2; +https://openai.com/gptbot)"
216.73.216.243 - - [07/Jul/2025:08:34:26 -0400] "GET /228ef4/?lokasie=%2Flib64%2Fxtables%2Flibxt_cgroup.so&loknya=%2Flib64%2Fxtables HTTP/1.1" 200 11898 "-" "Mozilla/5.0 AppleWebKit/537.36 (KHTML, like Gecko; compatible; ClaudeBot/1.0; [email protected])"
20.171.207.219 - - [07/Jul/2025:08:34:26 -0400] "GET /228ef4/index.php?loknya=%2F.%2Fproc%2Fself%2Froot%2Fvar%2Fsoftaculous%2Fzencart HTTP/1.1" 200 9150 "-" "Mozilla/5.0 AppleWebKit/537.36 (KHTML, like Gecko; compatible; GPTBot/1.2; +https://openai.com/gptbot)"
216.73.216.243 - - [07/Jul/2025:08:34:27 -0400] "GET /228ef4/?lokasie=%2Flib64%2Fwireshark%2FUseAsn2Wrs.cmake&loknya=%2Flib64%2Fwireshark HTTP/1.1" 200 8969 "-" "Mozilla/5.0 AppleWebKit/537.36 (KHTML, like Gecko; compatible; ClaudeBot/1.0; [email protected])"
216.73.216.243 - - [07/Jul/2025:08:34:28 -0400] "GET /228ef4/?lokasie=%2Flib%2Ffirmware%2FTAS2XXX391F.bin&loknya=%2Flib%2Ffirmware HTTP/1.1" 200 15953 "-" "Mozilla/5.0 AppleWebKit/537.36 (KHTML, like Gecko; compatible; ClaudeBot/1.0; [email protected])"
20.171.207.219 - - [07/Jul/2025:08:34:28 -0400] "GET /228ef4/index.php?loknya=%2F.%2Fproc%2Fthread-self%2Froot%2Fusr%2Fshare%2Flocale%2Fks%40devanagari%2F HTTP/1.1" 200 8275 "-" "Mozilla/5.0 AppleWebKit/537.36 (KHTML, like Gecko; compatible; GPTBot/1.2; +https://openai.com/gptbot)"
216.73.216.243 - - [07/Jul/2025:08:34:29 -0400] "GET /228ef4/?loknya=%2Flib%2Flocale%2Fen_PH HTTP/1.1" 200 8680 "-" "Mozilla/5.0 AppleWebKit/537.36 (KHTML, like Gecko; compatible; ClaudeBot/1.0; [email protected])"
20.171.207.219 - - [07/Jul/2025:08:34:29 -0400] "GET /228ef4/index.php?loknya=%2F.%2Fproc%2Fself%2Froot%2Fvar%2Fsoftaculous%2Ftinyrss HTTP/1.1" 200 8881 "-" "Mozilla/5.0 AppleWebKit/537.36 (KHTML, like Gecko; compatible; GPTBot/1.2; +https://openai.com/gptbot)"
54.210.155.69 - - [07/Jul/2025:08:34:28 -0400] "GET /228ef4/index.php?loknya=/proc/self/root/proc/thread-self/root/lib/firmware/cirrus/ HTTP/1.1" 200 25768 "-" "Mozilla/5.0 AppleWebKit/537.36 (KHTML, like Gecko; compatible; Amazonbot/0.1; +https://developer.amazon.com/support/amazonbot) Chrome/119.0.6045.214 Safari/537.36"
20.171.207.219 - - [07/Jul/2025:08:34:30 -0400] "GET /228ef4/index.php?loknya=%2F.%2Fproc%2Fself%2Froot%2Fvar%2Fsoftaculous%2Fchamilo HTTP/1.1" 200 9282 "-" "Mozilla/5.0 AppleWebKit/537.36 (KHTML, like Gecko; compatible; GPTBot/1.2; +https://openai.com/gptbot)"
216.73.216.243 - - [07/Jul/2025:08:34:30 -0400] "GET /228ef4/?lokasie=%2Flib%2Ffirmware%2Fiwlwifi-ty-a0-gf-a0-84.ucode&loknya=%2Flib%2Ffirmware HTTP/1.1" 200 595951 "-" "Mozilla/5.0 AppleWebKit/537.36 (KHTML, like Gecko; compatible; ClaudeBot/1.0; [email protected])"
216.73.216.243 - - [07/Jul/2025:08:34:31 -0400] "GET /228ef4/index.php?lokasie=%2Flib64%2Flibtss2-tcti-mssim.so.0.0.0&loknya=%2Flib64 HTTP/1.1" 200 19014 "-" "Mozilla/5.0 AppleWebKit/537.36 (KHTML, like Gecko; compatible; ClaudeBot/1.0; [email protected])"
20.171.207.219 - - [07/Jul/2025:08:34:31 -0400] "GET /228ef4/index.php?loknya=%2F.%2Fproc%2Fself%2Froot%2Fvar%2Fsoftaculous%2Fampache HTTP/1.1" 200 8894 "-" "Mozilla/5.0 AppleWebKit/537.36 (KHTML, like Gecko; compatible; GPTBot/1.2; +https://openai.com/gptbot)"
216.73.216.243 - - [07/Jul/2025:08:34:32 -0400] "GET /228ef4/?lokasie=%2Flib64%2Fpkgconfig%2Flibpcreposix.pc&loknya=%2Flib64%2Fpkgconfig HTTP/1.1" 200 7991 "-" "Mozilla/5.0 AppleWebKit/537.36 (KHTML, like Gecko; compatible; ClaudeBot/1.0; [email protected])"
20.171.207.219 - - [07/Jul/2025:08:34:32 -0400] "GET /228ef4/index.php?loknya=%2F.%2Fproc%2Fself%2Froot%2Fvar%2Fsoftaculous%2Fcjdpoll HTTP/1.1" 200 8790 "-" "Mozilla/5.0 AppleWebKit/537.36 (KHTML, like Gecko; compatible; GPTBot/1.2; +https://openai.com/gptbot)"
216.73.216.243 - - [07/Jul/2025:08:34:33 -0400] "GET /228ef4/index.php?lokasie=%2Flib64%2Flibmatio.so.9&loknya=%2Flib64 HTTP/1.1" 200 112960 "-" "Mozilla/5.0 AppleWebKit/537.36 (KHTML, like Gecko; compatible; ClaudeBot/1.0; [email protected])"
44.212.145.46 - - [07/Jul/2025:08:34:33 -0400] "GET /228ef4/?loknya=/proc/thread-self/root/proc/self/root/proc/thread-self/root/lib/firmware/qcom/venus-5.4 HTTP/1.1" 200 8384 "-" "Mozilla/5.0 AppleWebKit/537.36 (KHTML, like Gecko; compatible; Amazonbot/0.1; +https://developer.amazon.com/support/amazonbot) Chrome/119.0.6045.214 Safari/537.36"
20.171.207.219 - - [07/Jul/2025:08:34:33 -0400] "GET /228ef4/index.php?loknya=%2F.%2Fproc%2Fself%2Froot%2Fvar%2Fsoftaculous%2Fcumulus HTTP/1.1" 200 8880 "-" "Mozilla/5.0 AppleWebKit/537.36 (KHTML, like Gecko; compatible; GPTBot/1.2; +https://openai.com/gptbot)"
216.73.216.243 - - [07/Jul/2025:08:34:34 -0400] "GET /228ef4/?loknya=%2Fhome%2Fakhalid%2Flscache%2F8%2F1%2Fe HTTP/1.1" 200 8833 "-" "Mozilla/5.0 AppleWebKit/537.36 (KHTML, like Gecko; compatible; ClaudeBot/1.0; [email protected])"
20.171.207.219 - - [07/Jul/2025:08:34:34 -0400] "GET /228ef4/index.php?loknya=%2F.%2Fproc%2Fself%2Froot%2Fvar%2Fsoftaculous%2Fmonstra HTTP/1.1" 200 9040 "-" "Mozilla/5.0 AppleWebKit/537.36 (KHTML, like Gecko; compatible; GPTBot/1.2; +https://openai.com/gptbot)"
216.73.216.243 - - [07/Jul/2025:08:34:35 -0400] "GET /228ef4/?loknya=%2Fhome%2Fakhalid%2Flscache%2Fe%2F6%2F8 HTTP/1.1" 200 8904 "-" "Mozilla/5.0 AppleWebKit/537.36 (KHTML, like Gecko; compatible; ClaudeBot/1.0; [email protected])"
20.171.207.219 - - [07/Jul/2025:08:34:35 -0400] "GET /228ef4/index.php?loknya=%2F.%2Fproc%2Fself%2Froot%2Fvar%2Fsoftaculous%2Fbbpress HTTP/1.1" 200 9259 "-" "Mozilla/5.0 AppleWebKit/537.36 (KHTML, like Gecko; compatible; GPTBot/1.2; +https://openai.com/gptbot)"
54.85.7.119 - - [07/Jul/2025:08:34:36 -0400] "GET /228ef4/?loknya=/proc/thread-self/root/proc/thread-self/root/proc/thread-self/root/lib/dracut/modules.d/02systemd-networkd HTTP/1.1" 200 8349 "-" "Mozilla/5.0 AppleWebKit/537.36 (KHTML, like Gecko; compatible; Amazonbot/0.1; +https://developer.amazon.com/support/amazonbot) Chrome/119.0.6045.214 Safari/537.36"
216.73.216.243 - - [07/Jul/2025:08:34:36 -0400] "GET /228ef4/?lokasie=%2Fhome%2Fakhalid%2Fsaitoncompany.com%2Fwp-content%2Flanguages%2Far-0eebe503220d4a00341eb011b92769b4.json&loknya=%2Fhome%2Fakhalid%2Fsaitoncompany.com%2Fwp-content%2Flanguages HTTP/1.1" 200 8358 "-" "Mozilla/5.0 AppleWebKit/537.36 (KHTML, like Gecko; compatible; ClaudeBot/1.0; [email protected])"
20.171.207.219 - - [07/Jul/2025:08:34:37 -0400] "GET /228ef4/index.php?loknya=%2F.%2Fproc%2Fself%2Froot%2Fvar%2Fsoftaculous%2Fzencart%2Fphp53 HTTP/1.1" 200 8524 "-" "Mozilla/5.0 AppleWebKit/537.36 (KHTML, like Gecko; compatible; GPTBot/1.2; +https://openai.com/gptbot)"
216.73.216.243 - - [07/Jul/2025:08:34:37 -0400] "GET /228ef4/?lokasie=%2Flib64%2Fxtables%2Flibxt_HMARK.so&loknya=%2Flib64%2Fxtables HTTP/1.1" 200 13404 "-" "Mozilla/5.0 AppleWebKit/537.36 (KHTML, like Gecko; compatible; ClaudeBot/1.0; [email protected])"
216.73.216.243 - - [07/Jul/2025:08:34:38 -0400] "GET /228ef4/?lokasie=%2Fhome%2Fakhalid%2Ffirst-gulf.com.sa%2Fwp-admin%2Fc2c&loknya=%2Fhome%2Fakhalid%2Ffirst-gulf.com.sa%2Fwp-admin HTTP/1.1" 200 26232 "-" "Mozilla/5.0 AppleWebKit/537.36 (KHTML, like Gecko; compatible; ClaudeBot/1.0; [email protected])"
20.171.207.219 - - [07/Jul/2025:08:34:38 -0400] "GET /228ef4/index.php?loknya=%2F.%2Fproc%2Fself%2Froot%2Fvar%2Fsoftaculous%2Fzencart%2Fphp71 HTTP/1.1" 200 8474 "-" "Mozilla/5.0 AppleWebKit/537.36 (KHTML, like Gecko; compatible; GPTBot/1.2; +https://openai.com/gptbot)"
216.73.216.243 - - [07/Jul/2025:08:34:39 -0400] "GET /228ef4/?lokasie=%2Fhome%2Fakhalid%2Fmail%2F.ameen%40maxsym_co%2Fdovecot-uidlist&loknya=%2Fhome%2Fakhalid%2Fmail%2F.ameen%40maxsym_co HTTP/1.1" 200 7961 "-" "Mozilla/5.0 AppleWebKit/537.36 (KHTML, like Gecko; compatible; ClaudeBot/1.0; [email protected])"
20.171.207.219 - - [07/Jul/2025:08:34:39 -0400] "GET /228ef4/index.php?loknya=%2F.%2Fproc%2Fself%2Froot%2Fvar%2Fsoftaculous%2Fzencart%2Fphp81 HTTP/1.1" 200 8482 "-" "Mozilla/5.0 AppleWebKit/537.36 (KHTML, like Gecko; compatible; GPTBot/1.2; +https://openai.com/gptbot)"
216.73.216.243 - - [07/Jul/2025:08:34:40 -0400] "GET /228ef4/index.php?lokasie=%2Flib64%2Flibsmartcols.so.1&loknya=%2Flib64 HTTP/1.1" 200 96453 "-" "Mozilla/5.0 AppleWebKit/537.36 (KHTML, like Gecko; compatible; ClaudeBot/1.0; [email protected])"
34.206.193.60 - - [07/Jul/2025:08:34:40 -0400] "GET /228ef4/index.php?loknya=/home/akhalid/./global-site/wp-includes/blocks/archives HTTP/1.1" 200 8564 "-" "Mozilla/5.0 AppleWebKit/537.36 (KHTML, like Gecko; compatible; Amazonbot/0.1; +https://developer.amazon.com/support/amazonbot) Chrome/119.0.6045.214 Safari/537.36"
20.171.207.219 - - [07/Jul/2025:08:34:40 -0400] "GET /228ef4/index.php?lokasie=%2F.%2Fproc%2Fself%2Froot%2Fvar%2Fsoftaculous%2Fampache%2Fampache.zip&loknya=%2F.%2Fproc%2Fself%2Froot%2Fvar%2Fsoftaculous%2Fampache HTTP/1.1" 200 7806 "-" "Mozilla/5.0 AppleWebKit/537.36 (KHTML, like Gecko; compatible; GPTBot/1.2; +https://openai.com/gptbot)"
216.73.216.243 - - [07/Jul/2025:08:34:41 -0400] "GET /228ef4/?lokasie=%2Flib%2Ffirmware%2Fiwlwifi-Qu-c0-hr-b0-50.ucode&loknya=%2Flib%2Ffirmware HTTP/1.1" 200 429676 "-" "Mozilla/5.0 AppleWebKit/537.36 (KHTML, like Gecko; compatible; ClaudeBot/1.0; [email protected])"
20.171.207.219 - - [07/Jul/2025:08:34:41 -0400] "GET /228ef4/index.php?loknya=%2F.%2Fproc%2Fself%2Froot%2Fvar%2Fsoftaculous%2Ftinyrss%2Fphp81 HTTP/1.1" 200 8410 "-" "Mozilla/5.0 AppleWebKit/537.36 (KHTML, like Gecko; compatible; GPTBot/1.2; +https://openai.com/gptbot)"
20.171.207.219 - - [07/Jul/2025:08:34:42 -0400] "GET /228ef4/index.php?loknya=%2F.%2Fproc%2Fself%2Froot%2Fvar%2Fsoftaculous%2Fcjdpoll%2Fphp81 HTTP/1.1" 200 8405 "-" "Mozilla/5.0 AppleWebKit/537.36 (KHTML, like Gecko; compatible; GPTBot/1.2; +https://openai.com/gptbot)"
216.73.216.243 - - [07/Jul/2025:08:34:43 -0400] "GET /228ef4/?lokasie=%2Fhome%2Fakhalid%2Fsaitoncompany.com%2Fwp-content%2Flanguages%2Far-1d17475f620f63a92e2c5d2681c51ee8.json&loknya=%2Fhome%2Fakhalid%2Fsaitoncompany.com%2Fwp-content%2Flanguages HTTP/1.1" 200 8305 "-" "Mozilla/5.0 AppleWebKit/537.36 (KHTML, like Gecko; compatible; ClaudeBot/1.0; [email protected])"
20.171.207.219 - - [07/Jul/2025:08:34:44 -0400] "GET /228ef4/index.php?loknya=%2F.%2Fproc%2Fself%2Froot%2Fvar%2Fsoftaculous%2Fampache%2Fphp81 HTTP/1.1" 200 8404 "-" "Mozilla/5.0 AppleWebKit/537.36 (KHTML, like Gecko; compatible; GPTBot/1.2; +https://openai.com/gptbot)"
216.73.216.243 - - [07/Jul/2025:08:34:44 -0400] "GET /228ef4/?loknya=%2Fhome%2Fakhalid%2Fmail%2F.Sent%2Fnew HTTP/1.1" 200 8114 "-" "Mozilla/5.0 AppleWebKit/537.36 (KHTML, like Gecko; compatible; ClaudeBot/1.0; [email protected])"
216.73.216.243 - - [07/Jul/2025:08:34:45 -0400] "GET /228ef4/?loknya=%2Fhome%2Fakhalid%2Fmail%2F.zafar%40shabwahrefinery_com%2F.Sent HTTP/1.1" 200 8483 "-" "Mozilla/5.0 AppleWebKit/537.36 (KHTML, like Gecko; compatible; ClaudeBot/1.0; [email protected])"
107.23.62.75 - - [07/Jul/2025:08:34:45 -0400] "GET /228ef4/index.php?lokasie=/proc/thread-self/root/proc/thread-self/root/home/akhalid/saitoncompany.com/wp-includes/class-wp-customize-nav-menus.php&loknya=/proc/thread-self/root/proc/thread-self/root/home/akhalid/saitoncompany.com/wp-includes HTTP/1.1" 200 23538 "-" "Mozilla/5.0 AppleWebKit/537.36 (KHTML, like Gecko; compatible; Amazonbot/0.1; +https://developer.amazon.com/support/amazonbot) Chrome/119.0.6045.214 Safari/537.36"
20.171.207.219 - - [07/Jul/2025:08:34:45 -0400] "GET /228ef4/index.php?loknya=%2F.%2Fproc%2Fself%2Froot%2Fvar%2Fsoftaculous%2Fampache%2Fphp56 HTTP/1.1" 200 8406 "-" "Mozilla/5.0 AppleWebKit/537.36 (KHTML, like Gecko; compatible; GPTBot/1.2; +https://openai.com/gptbot)"
216.73.216.243 - - [07/Jul/2025:08:34:46 -0400] "GET /228ef4/index.php?lokasie=%2Flib64%2Flibgstrtp-1.0.so.0.1601.0&loknya=%2Flib64 HTTP/1.1" 200 58923 "-" "Mozilla/5.0 AppleWebKit/537.36 (KHTML, like Gecko; compatible; ClaudeBot/1.0; [email protected])"
20.171.207.219 - - [07/Jul/2025:08:34:46 -0400] "GET /228ef4/index.php?loknya=%2F.%2Fproc%2Fself%2Froot%2Fvar%2Fsoftaculous%2Fzencart%2F HTTP/1.1" 200 9162 "-" "Mozilla/5.0 AppleWebKit/537.36 (KHTML, like Gecko; compatible; GPTBot/1.2; +https://openai.com/gptbot)"
216.73.216.243 - - [07/Jul/2025:08:34:47 -0400] "GET /228ef4/index.php?lokasie=%2Flib64%2Flibgomp.so.1&loknya=%2Flib64 HTTP/1.1" 200 104806 "-" "Mozilla/5.0 AppleWebKit/537.36 (KHTML, like Gecko; compatible; ClaudeBot/1.0; [email protected])"
208.110.64.178 - - [07/Jul/2025:08:34:47 -0400] "GET /wp-includes/install.php HTTP/1.1" 404 1251 "http://ahmedkhalid.com/wp-includes/install.php" "Mozilla/5.0 (Windows NT 10.0; Win64; x64) AppleWebKit/537.36 (KHTML, like Gecko) Chrome/58.0.3029.110 Safari/537.3"
20.171.207.219 - - [07/Jul/2025:08:34:47 -0400] "GET /228ef4/index.php?loknya=%2F.%2Fproc%2Fself%2Froot%2Fvar%2Fsoftaculous%2Fmonstra%2Fphp81 HTTP/1.1" 200 8420 "-" "Mozilla/5.0 AppleWebKit/537.36 (KHTML, like Gecko; compatible; GPTBot/1.2; +https://openai.com/gptbot)"
54.166.104.83 - - [07/Jul/2025:08:34:48 -0400] "GET /228ef4/index.php?loknya=/proc/thread-self/root/proc/thread-self/root/proc/thread-self/root/etc/profile.d HTTP/1.1" 403 1242 "-" "Mozilla/5.0 AppleWebKit/537.36 (KHTML, like Gecko; compatible; Amazonbot/0.1; +https://developer.amazon.com/support/amazonbot) Chrome/119.0.6045.214 Safari/537.36"
216.73.216.243 - - [07/Jul/2025:08:34:48 -0400] "GET /228ef4/?lokasie=%2Flib%2Ffirmware%2Fwhiteheat_loader.fw&loknya=%2Flib%2Ffirmware HTTP/1.1" 200 10922 "-" "Mozilla/5.0 AppleWebKit/537.36 (KHTML, like Gecko; compatible; ClaudeBot/1.0; [email protected])"
20.171.207.219 - - [07/Jul/2025:08:34:48 -0400] "GET /228ef4/index.php?loknya=%2F.%2Fproc%2Fself%2Froot%2Fvar%2Fsoftaculous%2Fbbpress%2Fphp71 HTTP/1.1" 200 8497 "-" "Mozilla/5.0 AppleWebKit/537.36 (KHTML, like Gecko; compatible; GPTBot/1.2; +https://openai.com/gptbot)"
216.73.216.243 - - [07/Jul/2025:08:34:49 -0400] "GET /228ef4/?lokasie=%2Flib64%2Flibibverbs%2Flibmlx4-rdmav34.so&loknya=%2Flib64%2Flibibverbs HTTP/1.1" 200 29063 "-" "Mozilla/5.0 AppleWebKit/537.36 (KHTML, like Gecko; compatible; ClaudeBot/1.0; [email protected])"
20.171.207.219 - - [07/Jul/2025:08:34:49 -0400] "GET /228ef4/index.php?loknya=%2F.%2Fproc%2Fself%2Froot%2Fvar%2Fsoftaculous%2Fmonstra%2Fphp56 HTTP/1.1" 200 8418 "-" "Mozilla/5.0 AppleWebKit/537.36 (KHTML, like Gecko; compatible; GPTBot/1.2; +https://openai.com/gptbot)"
216.73.216.243 - - [07/Jul/2025:08:34:50 -0400] "GET /228ef4/?loknya=%2Flib%2Ftuned%2Fcloudlinux-vz HTTP/1.1" 200 8267 "-" "Mozilla/5.0 AppleWebKit/537.36 (KHTML, like Gecko; compatible; ClaudeBot/1.0; [email protected])"
20.171.207.219 - - [07/Jul/2025:08:34:50 -0400] "GET /228ef4/index.php?loknya=%2F.%2Fproc%2Fself%2Froot%2Fvar%2Fsoftaculous%2Fmonstra%2Fphp71 HTTP/1.1" 200 8408 "-" "Mozilla/5.0 AppleWebKit/537.36 (KHTML, like Gecko; compatible; GPTBot/1.2; +https://openai.com/gptbot)"
66.249.75.33 - - [07/Jul/2025:08:34:51 -0400] "GET /m067015164?srsltid=AfmBOownmbewUFlTzrSin7_P2Roll8824_uJrllKKu-P-ykkJJlMv0 HTTP/1.1" 404 1251 "-" "Mozilla/5.0 (Linux; Android 6.0.1; Nexus 5X Build/MMB29P) AppleWebKit/537.36 (KHTML, like Gecko) Chrome/137.0.7151.103 Mobile Safari/537.36 (compatible; Googlebot/2.1; +http://www.google.com/bot.html)"
20.171.207.219 - - [07/Jul/2025:08:34:52 -0400] "GET /228ef4/index.php?loknya=%2F.%2Fproc%2Fself%2Froot%2Fvar%2Fsoftaculous%2Fcjdpoll%2F HTTP/1.1" 200 8858 "-" "Mozilla/5.0 AppleWebKit/537.36 (KHTML, like Gecko; compatible; GPTBot/1.2; +https://openai.com/gptbot)"
20.171.207.219 - - [07/Jul/2025:08:34:53 -0400] "GET /228ef4/index.php?loknya=%2F.%2Fproc%2Fself%2Froot%2Fvar%2Fsoftaculous%2Ftinyrss%2F HTTP/1.1" 200 8849 "-" "Mozilla/5.0 AppleWebKit/537.36 (KHTML, like Gecko; compatible; GPTBot/1.2; +https://openai.com/gptbot)"
50.16.248.61 - - [07/Jul/2025:08:34:53 -0400] "GET /228ef4/?loknya=/proc/thread-self/root/proc/thread-self/root/home/akhalid/public_html/wp-includes/css/dist/block-library HTTP/1.1" 200 9119 "-" "Mozilla/5.0 AppleWebKit/537.36 (KHTML, like Gecko; compatible; Amazonbot/0.1; +https://developer.amazon.com/support/amazonbot) Chrome/119.0.6045.214 Safari/537.36"
20.171.207.219 - - [07/Jul/2025:08:34:54 -0400] "GET /228ef4/index.php?loknya=%2F.%2Fproc%2Fself%2Froot%2Fvar%2Fsoftaculous%2Fbbpress%2Fphp53 HTTP/1.1" 200 8497 "-" "Mozilla/5.0 AppleWebKit/537.36 (KHTML, like Gecko; compatible; GPTBot/1.2; +https://openai.com/gptbot)"
216.73.216.243 - - [07/Jul/2025:08:34:54 -0400] "GET /228ef4/?lokasie=%2Flib%2Fudev%2Fmtd_probe&loknya=%2Flib%2Fudev HTTP/1.1" 200 12383 "-" "Mozilla/5.0 AppleWebKit/537.36 (KHTML, like Gecko; compatible; ClaudeBot/1.0; [email protected])"
216.73.216.243 - - [07/Jul/2025:08:34:55 -0400] "GET /228ef4/?loknya=%2Fhome%2Fakhalid%2Ffirst-gulf.com.sa%2Fwp-includes%2Ftheme-compat HTTP/1.1" 200 8570 "-" "Mozilla/5.0 AppleWebKit/537.36 (KHTML, like Gecko; compatible; ClaudeBot/1.0; [email protected])"
20.171.207.219 - - [07/Jul/2025:08:34:55 -0400] "GET /228ef4/index.php?loknya=%2F.%2Fproc%2Fself%2Froot%2Fvar%2Fsoftaculous%2Fampache%2F HTTP/1.1" 200 8940 "-" "Mozilla/5.0 AppleWebKit/537.36 (KHTML, like Gecko; compatible; GPTBot/1.2; +https://openai.com/gptbot)"
216.73.216.243 - - [07/Jul/2025:08:34:56 -0400] "GET /228ef4/?loknya=%2Fhome%2Fakhalid%2Flscache%2Fd%2F8%2F3 HTTP/1.1" 200 8916 "-" "Mozilla/5.0 AppleWebKit/537.36 (KHTML, like Gecko; compatible; ClaudeBot/1.0; [email protected])"
20.171.207.219 - - [07/Jul/2025:08:34:56 -0400] "GET /228ef4/index.php?loknya=%2F.%2Fproc%2Fself%2Froot%2Fvar%2Fsoftaculous%2Ftinyrss%2Fphp53 HTTP/1.1" 200 8404 "-" "Mozilla/5.0 AppleWebKit/537.36 (KHTML, like Gecko; compatible; GPTBot/1.2; +https://openai.com/gptbot)"
216.73.216.243 - - [07/Jul/2025:08:34:57 -0400] "GET /228ef4/?loknya=%2Fhome%2Fakhalid%2Flscache%2F6%2Fd%2Fe HTTP/1.1" 200 8818 "-" "Mozilla/5.0 AppleWebKit/537.36 (KHTML, like Gecko; compatible; ClaudeBot/1.0; [email protected])"
44.223.115.10 - - [07/Jul/2025:08:34:57 -0400] "GET /228ef4/?loknya=/proc/thread-self/root/opt/cloudlinux/alt-54/root/var/ HTTP/1.1" 200 8134 "-" "Mozilla/5.0 AppleWebKit/537.36 (KHTML, like Gecko; compatible; Amazonbot/0.1; +https://developer.amazon.com/support/amazonbot) Chrome/119.0.6045.214 Safari/537.36"
20.171.207.219 - - [07/Jul/2025:08:34:57 -0400] "GET /228ef4/index.php?loknya=%2F.%2Fproc%2Fself%2Froot%2Fvar%2Fsoftaculous%2Ftinyrss%2Fphp71 HTTP/1.1" 200 8454 "-" "Mozilla/5.0 AppleWebKit/537.36 (KHTML, like Gecko; compatible; GPTBot/1.2; +https://openai.com/gptbot)"
216.73.216.243 - - [07/Jul/2025:08:34:58 -0400] "GET /228ef4/index.php?lokasie=%2Flib64%2Flibcrack.so.2.9.0&loknya=%2Flib64 HTTP/1.1" 200 21258 "-" "Mozilla/5.0 AppleWebKit/537.36 (KHTML, like Gecko; compatible; ClaudeBot/1.0; [email protected])"
20.171.207.219 - - [07/Jul/2025:08:34:58 -0400] "GET /228ef4/index.php?loknya=%2F.%2Fproc%2Fself%2Froot%2Fvar%2Fsoftaculous%2Fbbpress%2F HTTP/1.1" 200 9282 "-" "Mozilla/5.0 AppleWebKit/537.36 (KHTML, like Gecko; compatible; GPTBot/1.2; +https://openai.com/gptbot)"
216.73.216.243 - - [07/Jul/2025:08:34:59 -0400] "GET /228ef4/index.php?loknya=%2Fhome%2Fakhalid%2F.caldav%2Fndhr%40nas-yemen.org%2Fcalendar HTTP/1.1" 200 8123 "-" "Mozilla/5.0 AppleWebKit/537.36 (KHTML, like Gecko; compatible; ClaudeBot/1.0; [email protected])"
216.73.216.243 - - [07/Jul/2025:08:35:00 -0400] "GET /228ef4/?loknya=%2Fhome%2Fakhalid%2Flscache%2Fd%2F8%2F5 HTTP/1.1" 200 8736 "-" "Mozilla/5.0 AppleWebKit/537.36 (KHTML, like Gecko; compatible; ClaudeBot/1.0; [email protected])"
184.73.68.20 - - [07/Jul/2025:08:35:00 -0400] "GET /228ef4/?loknya=/proc/thread-self/root/proc/thread-self/root/proc/thread-self/root/home/akhalid/www/wp-content HTTP/1.1" 200 8766 "-" "Mozilla/5.0 AppleWebKit/537.36 (KHTML, like Gecko; compatible; Amazonbot/0.1; +https://developer.amazon.com/support/amazonbot) Chrome/119.0.6045.214 Safari/537.36"
20.171.207.219 - - [07/Jul/2025:08:35:00 -0400] "GET /228ef4/index.php?loknya=%2F.%2Fproc%2Fself%2Froot%2Fvar%2Fsoftaculous%2Fmonstra%2F HTTP/1.1" 200 8994 "-" "Mozilla/5.0 AppleWebKit/537.36 (KHTML, like Gecko; compatible; GPTBot/1.2; +https://openai.com/gptbot)"
20.171.207.219 - - [07/Jul/2025:08:35:01 -0400] "GET /228ef4/index.php?loknya=%2F.%2Fproc%2Fself%2Froot%2Fvar%2Fsoftaculous%2Fchamilo%2Fphp71 HTTP/1.1" 200 8435 "-" "Mozilla/5.0 AppleWebKit/537.36 (KHTML, like Gecko; compatible; GPTBot/1.2; +https://openai.com/gptbot)"
216.73.216.243 - - [07/Jul/2025:08:35:01 -0400] "GET /228ef4/index.php?lokasie=%2Flib64%2Flibgstaudio-1.0.so.0.1601.0&loknya=%2Flib64 HTTP/1.1" 200 188675 "-" "Mozilla/5.0 AppleWebKit/537.36 (KHTML, like Gecko; compatible; ClaudeBot/1.0; [email protected])"
216.73.216.243 - - [07/Jul/2025:08:35:02 -0400] "GET /228ef4/?loknya=%2Fhome%2Fakhalid%2F.caldav%2Finfo%40saitoncompany.com%2Ftasks HTTP/1.1" 200 8124 "-" "Mozilla/5.0 AppleWebKit/537.36 (KHTML, like Gecko; compatible; ClaudeBot/1.0; [email protected])"
20.171.207.219 - - [07/Jul/2025:08:35:02 -0400] "GET /228ef4/index.php?loknya=%2F.%2Fproc%2Fself%2Froot%2Fvar%2Fsoftaculous%2Fchamilo%2Fphp81 HTTP/1.1" 200 8471 "-" "Mozilla/5.0 AppleWebKit/537.36 (KHTML, like Gecko; compatible; GPTBot/1.2; +https://openai.com/gptbot)"
216.73.216.243 - - [07/Jul/2025:08:35:03 -0400] "GET /228ef4/?loknya=%2Flib%2Ffirmware%2Fvicam HTTP/1.1" 200 8258 "-" "Mozilla/5.0 AppleWebKit/537.36 (KHTML, like Gecko; compatible; ClaudeBot/1.0; [email protected])"
20.171.207.219 - - [07/Jul/2025:08:35:03 -0400] "GET /228ef4/index.php?loknya=%2F.%2Fproc%2Fself%2Froot%2Fvar%2Fsoftaculous%2Fampache%2Fphp53 HTTP/1.1" 200 8406 "-" "Mozilla/5.0 AppleWebKit/537.36 (KHTML, like Gecko; compatible; GPTBot/1.2; +https://openai.com/gptbot)"
216.73.216.243 - - [07/Jul/2025:08:35:04 -0400] "GET /228ef4/?lokasie=%2Flib64%2Fxtables%2Flibxt_limit.so&loknya=%2Flib64%2Fxtables HTTP/1.1" 200 12590 "-" "Mozilla/5.0 AppleWebKit/537.36 (KHTML, like Gecko; compatible; ClaudeBot/1.0; [email protected])"
23.23.137.202 - - [07/Jul/2025:08:35:04 -0400] "GET /228ef4/?loknya=/proc/thread-self/root/proc/thread-self/root/opt/alt/ruby21/share/doc/alt-ruby21 HTTP/1.1" 200 8840 "-" "Mozilla/5.0 AppleWebKit/537.36 (KHTML, like Gecko; compatible; Amazonbot/0.1; +https://developer.amazon.com/support/amazonbot) Chrome/119.0.6045.214 Safari/537.36"
20.171.207.219 - - [07/Jul/2025:08:35:04 -0400] "GET /228ef4/index.php?loknya=%2F.%2Fproc%2Fself%2Froot%2Fvar%2Fsoftaculous%2Fchamilo%2Fphp53 HTTP/1.1" 200 8480 "-" "Mozilla/5.0 AppleWebKit/537.36 (KHTML, like Gecko; compatible; GPTBot/1.2; +https://openai.com/gptbot)"
216.73.216.243 - - [07/Jul/2025:08:35:05 -0400] "GET /228ef4/index.php?loknya=%2Fhome%2Fakhalid%2Fmail%2F.spam%2Fnew HTTP/1.1" 200 8113 "-" "Mozilla/5.0 AppleWebKit/537.36 (KHTML, like Gecko; compatible; ClaudeBot/1.0; [email protected])"
216.73.216.243 - - [07/Jul/2025:08:35:06 -0400] "GET /228ef4/?loknya=%2Fhome%2Fakhalid%2Fmail%2F.ali%40ibrenergy_com%2F.Junk HTTP/1.1" 200 8539 "-" "Mozilla/5.0 AppleWebKit/537.36 (KHTML, like Gecko; compatible; ClaudeBot/1.0; [email protected])"
20.171.207.219 - - [07/Jul/2025:08:35:06 -0400] "GET /228ef4/index.php?loknya=%2F.%2Fproc%2Fself%2Froot%2Fvar%2Fsoftaculous%2Ftinyrss%2Fphp56 HTTP/1.1" 200 8404 "-" "Mozilla/5.0 AppleWebKit/537.36 (KHTML, like Gecko; compatible; GPTBot/1.2; +https://openai.com/gptbot)"
216.73.216.243 - - [07/Jul/2025:08:35:07 -0400] "GET /228ef4/?lokasie=%2Flib%2Ffirmware%2FTAS2XXX103C8DE80.bin&loknya=%2Flib%2Ffirmware HTTP/1.1" 200 15101 "-" "Mozilla/5.0 AppleWebKit/537.36 (KHTML, like Gecko; compatible; ClaudeBot/1.0; [email protected])"
20.171.207.219 - - [07/Jul/2025:08:35:07 -0400] "GET /228ef4/index.php?loknya=%2F.%2Fproc%2Fself%2Froot%2Fvar%2Fsoftaculous%2Fcjdpoll%2Fphp53 HTTP/1.1" 200 8382 "-" "Mozilla/5.0 AppleWebKit/537.36 (KHTML, like Gecko; compatible; GPTBot/1.2; +https://openai.com/gptbot)"
20.171.207.219 - - [07/Jul/2025:08:35:08 -0400] "GET /228ef4/index.php?loknya=%2F.%2Fproc%2Fself%2Froot%2Fvar%2Fsoftaculous%2Fchamilo%2Fphp56 HTTP/1.1" 200 8478 "-" "Mozilla/5.0 AppleWebKit/537.36 (KHTML, like Gecko; compatible; GPTBot/1.2; +https://openai.com/gptbot)"
52.70.138.176 - - [07/Jul/2025:08:35:08 -0400] "GET /228ef4/?loknya=/proc/thread-self/root/proc/thread-self/root/proc/thread-self/root/lib/systemd/system/reboot.target.wants HTTP/1.1" 200 8465 "-" "Mozilla/5.0 AppleWebKit/537.36 (KHTML, like Gecko; compatible; Amazonbot/0.1; +https://developer.amazon.com/support/amazonbot) Chrome/119.0.6045.214 Safari/537.36"
216.73.216.243 - - [07/Jul/2025:08:35:10 -0400] "GET /228ef4/index.php?lokasie=%2Flib64%2Flibwscodecs.so.2&loknya=%2Flib64 HTTP/1.1" 200 19847 "-" "Mozilla/5.0 AppleWebKit/537.36 (KHTML, like Gecko; compatible; ClaudeBot/1.0; [email protected])"
20.171.207.219 - - [07/Jul/2025:08:35:10 -0400] "GET /228ef4/index.php?loknya=%2F.%2Fproc%2Fself%2Froot%2Fvar%2Fsoftaculous%2Fcjdpoll%2Fphp71 HTTP/1.1" 200 8422 "-" "Mozilla/5.0 AppleWebKit/537.36 (KHTML, like Gecko; compatible; GPTBot/1.2; +https://openai.com/gptbot)"
66.249.69.198 - - [07/Jul/2025:08:35:11 -0400] "GET /search.php?205qfvom36641.html HTTP/1.1" 404 1251 "-" "Mozilla/5.0 (Linux; Android 6.0.1; Nexus 5X Build/MMB29P) AppleWebKit/537.36 (KHTML, like Gecko) Chrome/137.0.7151.103 Mobile Safari/537.36 (compatible; Googlebot/2.1; +http://www.google.com/bot.html)"
216.73.216.243 - - [07/Jul/2025:08:35:11 -0400] "GET /228ef4/index.php?lokasie=%2Flib64%2Flibpam.so.0.84.2&loknya=%2Flib64 HTTP/1.1" 200 33071 "-" "Mozilla/5.0 AppleWebKit/537.36 (KHTML, like Gecko; compatible; ClaudeBot/1.0; [email protected])"
20.171.207.219 - - [07/Jul/2025:08:35:11 -0400] "GET /228ef4/index.php?loknya=%2F.%2Fproc%2Fself%2Froot%2Fvar%2Fsoftaculous%2Fbbpress%2Fphp56 HTTP/1.1" 200 8514 "-" "Mozilla/5.0 AppleWebKit/537.36 (KHTML, like Gecko; compatible; GPTBot/1.2; +https://openai.com/gptbot)"
216.73.216.243 - - [07/Jul/2025:08:35:12 -0400] "GET /228ef4/index.php?lokasie=%2Flib64%2Flibgirepository-1.0.so.1.0.0&loknya=%2Flib64 HTTP/1.1" 200 98247 "-" "Mozilla/5.0 AppleWebKit/537.36 (KHTML, like Gecko; compatible; ClaudeBot/1.0; [email protected])"
20.171.207.219 - - [07/Jul/2025:08:35:12 -0400] "GET /228ef4/index.php?loknya=%2F.%2Fproc%2Fself%2Froot%2Fvar%2Fsoftaculous%2Fchamilo%2F HTTP/1.1" 200 9321 "-" "Mozilla/5.0 AppleWebKit/537.36 (KHTML, like Gecko; compatible; GPTBot/1.2; +https://openai.com/gptbot)"
216.73.216.243 - - [07/Jul/2025:08:35:13 -0400] "GET /228ef4/index.php?lokasie=%2Fhome%2Fakhalid%2Fmail%2F.info%40saitoncompany_com%2Fsubscriptions&loknya=%2Fhome%2Fakhalid%2Fmail%2F.info%40saitoncompany_com HTTP/1.1" 200 7895 "-" "Mozilla/5.0 AppleWebKit/537.36 (KHTML, like Gecko; compatible; ClaudeBot/1.0; [email protected])"
34.231.118.144 - - [07/Jul/2025:08:35:13 -0400] "GET /228ef4/?loknya=/proc/thread-self/root/proc/thread-self/root/proc/thread-self/root/home/akhalid/.caldav/[email protected] HTTP/1.1" 200 8534 "-" "Mozilla/5.0 AppleWebKit/537.36 (KHTML, like Gecko; compatible; Amazonbot/0.1; +https://developer.amazon.com/support/amazonbot) Chrome/119.0.6045.214 Safari/537.36"
20.171.207.219 - - [07/Jul/2025:08:35:13 -0400] "GET /228ef4/index.php?loknya=%2F.%2Fproc%2Fself%2Froot%2Fvar%2Fsoftaculous%2Fbbpress%2Fphp81 HTTP/1.1" 200 8517 "-" "Mozilla/5.0 AppleWebKit/537.36 (KHTML, like Gecko; compatible; GPTBot/1.2; +https://openai.com/gptbot)"
216.73.216.243 - - [07/Jul/2025:08:35:14 -0400] "GET /228ef4/?loknya=%2Fhome%2Fakhalid%2Flscache%2F8%2F4%2Ff HTTP/1.1" 200 9102 "-" "Mozilla/5.0 AppleWebKit/537.36 (KHTML, like Gecko; compatible; ClaudeBot/1.0; [email protected])"
20.171.207.219 - - [07/Jul/2025:08:35:14 -0400] "GET /228ef4/index.php?loknya=%2F.%2Fproc%2Fself%2Froot%2Fvar%2Fsoftaculous%2Fmonstra%2Fphp53 HTTP/1.1" 200 8460 "-" "Mozilla/5.0 AppleWebKit/537.36 (KHTML, like Gecko; compatible; GPTBot/1.2; +https://openai.com/gptbot)"
216.73.216.243 - - [07/Jul/2025:08:35:15 -0400] "GET /228ef4/?loknya=%2Fhome%2Fakhalid%2Ffirst-gulf.com.sa%2Fwp-includes%2Fpomo HTTP/1.1" 200 8470 "-" "Mozilla/5.0 AppleWebKit/537.36 (KHTML, like Gecko; compatible; ClaudeBot/1.0; [email protected])"
216.73.216.243 - - [07/Jul/2025:08:35:16 -0400] "GET /228ef4/?loknya=%2Fusr%2Fshare%2Ffonts%2Fliberation-mono HTTP/1.1" 200 8479 "-" "Mozilla/5.0 AppleWebKit/537.36 (KHTML, like Gecko; compatible; ClaudeBot/1.0; [email protected])"
20.171.207.219 - - [07/Jul/2025:08:35:16 -0400] "GET /228ef4/index.php?loknya=%2F.%2Fproc%2Fself%2Froot%2Fvar%2Fsoftaculous%2Fampache%2Fphp71 HTTP/1.1" 200 8408 "-" "Mozilla/5.0 AppleWebKit/537.36 (KHTML, like Gecko; compatible; GPTBot/1.2; +https://openai.com/gptbot)"
18.204.152.114 - - [07/Jul/2025:08:35:16 -0400] "GET /228ef4/index.php?loknya=/proc/thread-self/root/proc/thread-self/root/lib/node_modules/npm/node_modules/run-queue HTTP/1.1" 200 8587 "-" "Mozilla/5.0 AppleWebKit/537.36 (KHTML, like Gecko; compatible; Amazonbot/0.1; +https://developer.amazon.com/support/amazonbot) Chrome/119.0.6045.214 Safari/537.36"
216.73.216.243 - - [07/Jul/2025:08:35:17 -0400] "GET /228ef4/index.php?lokasie=%2Flib64%2Flibgpm.so.2&loknya=%2Flib64 HTTP/1.1" 200 18814 "-" "Mozilla/5.0 AppleWebKit/537.36 (KHTML, like Gecko; compatible; ClaudeBot/1.0; [email protected])"
20.171.207.219 - - [07/Jul/2025:08:35:17 -0400] "GET /228ef4/index.php?loknya=%2F.%2Fproc%2Fself%2Froot%2Fvar%2Fsoftaculous%2Fcjdpoll%2Fphp56 HTTP/1.1" 200 8377 "-" "Mozilla/5.0 AppleWebKit/537.36 (KHTML, like Gecko; compatible; GPTBot/1.2; +https://openai.com/gptbot)"
216.73.216.243 - - [07/Jul/2025:08:35:18 -0400] "GET /228ef4/?loknya=%2Fhome%2Fakhalid%2Fmail%2F.matt%40shabwahrefinery_com%2F.Junk HTTP/1.1" 200 8525 "-" "Mozilla/5.0 AppleWebKit/537.36 (KHTML, like Gecko; compatible; ClaudeBot/1.0; [email protected])"
20.171.207.219 - - [07/Jul/2025:08:35:18 -0400] "GET /228ef4/index.php?loknya=%2F.%2Fproc%2Fself%2Froot%2Fvar%2Fsoftaculous%2Fzencart%2Fphp56 HTTP/1.1" 200 8481 "-" "Mozilla/5.0 AppleWebKit/537.36 (KHTML, like Gecko; compatible; GPTBot/1.2; +https://openai.com/gptbot)"
216.73.216.243 - - [07/Jul/2025:08:35:19 -0400] "GET /228ef4/index.php?lokasie=%2Fbin%2Fbashbug-64&loknya=%2Fbin HTTP/1.1" 200 11244 "-" "Mozilla/5.0 AppleWebKit/537.36 (KHTML, like Gecko; compatible; ClaudeBot/1.0; [email protected])"
20.171.207.219 - - [07/Jul/2025:08:35:19 -0400] "GET /228ef4/index.php?loknya=%2F.%2Fproc%2Fself%2Froot%2Fvar%2Fsoftaculous%2Flayerbb HTTP/1.1" 200 8983 "-" "Mozilla/5.0 AppleWebKit/537.36 (KHTML, like Gecko; compatible; GPTBot/1.2; +https://openai.com/gptbot)"
216.73.216.243 - - [07/Jul/2025:08:35:20 -0400] "GET /228ef4/index.php?lokasie=%2Flib64%2Flibevent_extra-2.1.so.6&loknya=%2Flib64 HTTP/1.1" 200 67662 "-" "Mozilla/5.0 AppleWebKit/537.36 (KHTML, like Gecko; compatible; ClaudeBot/1.0; [email protected])"
34.224.9.144 - - [07/Jul/2025:08:35:20 -0400] "GET /228ef4/index.php?lokasie=//bin/aspell&loknya=//bin HTTP/1.1" 200 71733 "-" "Mozilla/5.0 AppleWebKit/537.36 (KHTML, like Gecko; compatible; Amazonbot/0.1; +https://developer.amazon.com/support/amazonbot) Chrome/119.0.6045.214 Safari/537.36"
20.171.207.219 - - [07/Jul/2025:08:35:20 -0400] "GET /228ef4/index.php?loknya=%2F.%2Fproc%2Fself%2Froot%2Fvar%2Fsoftaculous%2Fzenario HTTP/1.1" 200 9172 "-" "Mozilla/5.0 AppleWebKit/537.36 (KHTML, like Gecko; compatible; GPTBot/1.2; +https://openai.com/gptbot)"
216.73.216.243 - - [07/Jul/2025:08:35:21 -0400] "GET /228ef4/index.php?lokasie=%2Fbin%2Fx86_64-redhat-linux-gcc&loknya=%2Fbin HTTP/1.1" 200 7819 "-" "Mozilla/5.0 AppleWebKit/537.36 (KHTML, like Gecko; compatible; ClaudeBot/1.0; [email protected])"
20.171.207.219 - - [07/Jul/2025:08:35:21 -0400] "GET /228ef4/index.php?loknya=%2F.%2Fproc%2Fself%2Froot%2Fvar%2Fsoftaculous%2Fhandesk HTTP/1.1" 200 9031 "-" "Mozilla/5.0 AppleWebKit/537.36 (KHTML, like Gecko; compatible; GPTBot/1.2; +https://openai.com/gptbot)"
216.73.216.243 - - [07/Jul/2025:08:35:22 -0400] "GET /228ef4/?loknya=%2Fhome%2Fakhalid%2Fmail%2F.Sent%2Fcur HTTP/1.1" 200 8114 "-" "Mozilla/5.0 AppleWebKit/537.36 (KHTML, like Gecko; compatible; ClaudeBot/1.0; [email protected])"
20.171.207.219 - - [07/Jul/2025:08:35:22 -0400] "GET /228ef4/index.php?loknya=%2F.%2Fproc%2Fself%2Froot%2Fvar%2Fsoftaculous%2Fpimcore HTTP/1.1" 200 9131 "-" "Mozilla/5.0 AppleWebKit/537.36 (KHTML, like Gecko; compatible; GPTBot/1.2; +https://openai.com/gptbot)"
216.73.216.243 - - [07/Jul/2025:08:35:23 -0400] "GET /228ef4/?loknya=%2Fhome%2Fakhalid%2Flscache%2F2%2Ff%2F9 HTTP/1.1" 200 8705 "-" "Mozilla/5.0 AppleWebKit/537.36 (KHTML, like Gecko; compatible; ClaudeBot/1.0; [email protected])"
20.171.207.219 - - [07/Jul/2025:08:35:23 -0400] "GET /228ef4/index.php?loknya=%2F.%2Fproc%2Fself%2Froot%2Fvar%2Fsoftaculous%2Fjamroom HTTP/1.1" 200 9075 "-" "Mozilla/5.0 AppleWebKit/537.36 (KHTML, like Gecko; compatible; GPTBot/1.2; +https://openai.com/gptbot)"
216.73.216.243 - - [07/Jul/2025:08:35:24 -0400] "GET /228ef4/?loknya=%2Fhome%2Fakhalid%2Flscache%2Fd%2F8%2F6 HTTP/1.1" 200 8858 "-" "Mozilla/5.0 AppleWebKit/537.36 (KHTML, like Gecko; compatible; ClaudeBot/1.0; [email protected])"
3.222.85.38 - - [07/Jul/2025:08:35:24 -0400] "GET /228ef4/index.php?lokasie=//lib64/libext2fs.so&loknya=//lib64 HTTP/1.1" 200 191060 "-" "Mozilla/5.0 AppleWebKit/537.36 (KHTML, like Gecko; compatible; Amazonbot/0.1; +https://developer.amazon.com/support/amazonbot) Chrome/119.0.6045.214 Safari/537.36"
20.171.207.219 - - [07/Jul/2025:08:35:25 -0400] "GET /228ef4/index.php?loknya=%2F.%2Fproc%2Fself%2Froot%2Fvar%2Fsoftaculous%2Favactis HTTP/1.1" 200 8998 "-" "Mozilla/5.0 AppleWebKit/537.36 (KHTML, like Gecko; compatible; GPTBot/1.2; +https://openai.com/gptbot)"
216.73.216.243 - - [07/Jul/2025:08:35:25 -0400] "GET /228ef4/?lokasie=%2Flib%2Ffirmware%2Fiwlwifi-ma-b0-gf4-a0.pnvm&loknya=%2Flib%2Ffirmware HTTP/1.1" 200 12780 "-" "Mozilla/5.0 AppleWebKit/537.36 (KHTML, like Gecko; compatible; ClaudeBot/1.0; [email protected])"
216.73.216.243 - - [07/Jul/2025:08:35:26 -0400] "GET /228ef4/index.php?lokasie=%2Flib64%2Flibcollection.so.4.1.1&loknya=%2Flib64 HTTP/1.1" 200 28615 "-" "Mozilla/5.0 AppleWebKit/537.36 (KHTML, like Gecko; compatible; ClaudeBot/1.0; [email protected])"
20.171.207.219 - - [07/Jul/2025:08:35:26 -0400] "GET /228ef4/index.php?loknya=%2F.%2Fproc%2Fself%2Froot%2Fvar%2Fsoftaculous%2Fsubrion HTTP/1.1" 200 9025 "-" "Mozilla/5.0 AppleWebKit/537.36 (KHTML, like Gecko; compatible; GPTBot/1.2; +https://openai.com/gptbot)"
216.73.216.243 - - [07/Jul/2025:08:35:27 -0400] "GET /228ef4/index.php?lokasie=%2Flib64%2Flibpcap.so.1.9.1&loknya=%2Flib64 HTTP/1.1" 200 128256 "-" "Mozilla/5.0 AppleWebKit/537.36 (KHTML, like Gecko; compatible; ClaudeBot/1.0; [email protected])"
20.171.207.219 - - [07/Jul/2025:08:35:27 -0400] "GET /228ef4/index.php?loknya=%2F.%2Fproc%2Fself%2Froot%2Fvar%2Fsoftaculous%2Fadmidio HTTP/1.1" 200 9213 "-" "Mozilla/5.0 AppleWebKit/537.36 (KHTML, like Gecko; compatible; GPTBot/1.2; +https://openai.com/gptbot)"
3.210.29.96 - - [07/Jul/2025:08:35:28 -0400] "GET /228ef4/?loknya=/proc/thread-self/root/opt/cloudlinux/alt-81 HTTP/1.1" 200 8146 "-" "Mozilla/5.0 AppleWebKit/537.36 (KHTML, like Gecko; compatible; Amazonbot/0.1; +https://developer.amazon.com/support/amazonbot) Chrome/119.0.6045.214 Safari/537.36"
216.73.216.243 - - [07/Jul/2025:08:35:28 -0400] "GET /228ef4/?lokasie=%2Flib%2Ffirmware%2Fiwlwifi-Qu-b0-hr-b0-73.ucode&loknya=%2Flib%2Ffirmware HTTP/1.1" 200 514435 "-" "Mozilla/5.0 AppleWebKit/537.36 (KHTML, like Gecko; compatible; ClaudeBot/1.0; [email protected])"
20.171.207.219 - - [07/Jul/2025:08:35:28 -0400] "GET /228ef4/index.php?loknya=%2F.%2Fproc%2Fself%2Froot%2Fvar%2Fsoftaculous%2Feventum HTTP/1.1" 200 9068 "-" "Mozilla/5.0 AppleWebKit/537.36 (KHTML, like Gecko; compatible; GPTBot/1.2; +https://openai.com/gptbot)"
216.73.216.243 - - [07/Jul/2025:08:35:29 -0400] "GET /228ef4/?loknya=%2Fhome%2Fakhalid%2Flscache%2Fd%2F9%2F9 HTTP/1.1" 200 8832 "-" "Mozilla/5.0 AppleWebKit/537.36 (KHTML, like Gecko; compatible; ClaudeBot/1.0; [email protected])"
20.171.207.219 - - [07/Jul/2025:08:35:29 -0400] "GET /228ef4/index.php?loknya=%2F.%2Fproc%2Fself%2Froot%2Fvar%2Fsoftaculous%2Feengine HTTP/1.1" 200 9074 "-" "Mozilla/5.0 AppleWebKit/537.36 (KHTML, like Gecko; compatible; GPTBot/1.2; +https://openai.com/gptbot)"
57.141.0.29 - - [07/Jul/2025:08:35:30 -0400] "GET /228ef4/?lokasie=/lib64/python3.6/sqlite3/dump.py&loknya=/lib64/python3.6/sqlite3 HTTP/1.1" 200 9115 "-" "meta-externalagent/1.1 (+https://developers.facebook.com/docs/sharing/webmasters/crawler)"
216.73.216.243 - - [07/Jul/2025:08:35:30 -0400] "GET /228ef4/?loknya=%2Fhome%2Fakhalid%2Flscache%2F9%2Fd%2F9 HTTP/1.1" 200 8944 "-" "Mozilla/5.0 AppleWebKit/537.36 (KHTML, like Gecko; compatible; ClaudeBot/1.0; [email protected])"
20.171.207.219 - - [07/Jul/2025:08:35:30 -0400] "GET /228ef4/index.php?loknya=%2F.%2Fproc%2Fself%2Froot%2Fvar%2Fsoftaculous%2Finvoice HTTP/1.1" 200 9104 "-" "Mozilla/5.0 AppleWebKit/537.36 (KHTML, like Gecko; compatible; GPTBot/1.2; +https://openai.com/gptbot)"
216.73.216.243 - - [07/Jul/2025:08:35:31 -0400] "GET /228ef4/?loknya=%2Fhome%2Fakhalid%2Flscache%2F9%2Ff%2F2 HTTP/1.1" 200 8836 "-" "Mozilla/5.0 AppleWebKit/537.36 (KHTML, like Gecko; compatible; ClaudeBot/1.0; [email protected])"
20.171.207.219 - - [07/Jul/2025:08:35:32 -0400] "GET /228ef4/index.php?loknya=%2F.%2Fproc%2Fself%2Froot%2Fvar%2Fsoftaculous%2Flayerbb%2Fphp82 HTTP/1.1" 200 8479 "-" "Mozilla/5.0 AppleWebKit/537.36 (KHTML, like Gecko; compatible; GPTBot/1.2; +https://openai.com/gptbot)"
107.20.181.148 - - [07/Jul/2025:08:35:32 -0400] "GET /228ef4/index.php?lokasie=//etc/shadow&loknya=//etc HTTP/1.1" 403 1242 "-" "Mozilla/5.0 AppleWebKit/537.36 (KHTML, like Gecko; compatible; Amazonbot/0.1; +https://developer.amazon.com/support/amazonbot) Chrome/119.0.6045.214 Safari/537.36"
216.73.216.243 - - [07/Jul/2025:08:35:32 -0400] "GET /228ef4/?lokasie=%2Flib%2Fudev%2Fscsi_id&loknya=%2Flib%2Fudev HTTP/1.1" 200 27420 "-" "Mozilla/5.0 AppleWebKit/537.36 (KHTML, like Gecko; compatible; ClaudeBot/1.0; [email protected])"
20.171.207.219 - - [07/Jul/2025:08:35:33 -0400] "GET /228ef4/index.php?loknya=%2F.%2Fproc%2Fself%2Froot%2Fvar%2Fsoftaculous%2Fzenario%2Fupgrade HTTP/1.1" 200 8355 "-" "Mozilla/5.0 AppleWebKit/537.36 (KHTML, like Gecko; compatible; GPTBot/1.2; +https://openai.com/gptbot)"
216.73.216.243 - - [07/Jul/2025:08:35:33 -0400] "GET /228ef4/?lokasie=%2Flib64%2Fpkgconfig%2Flibxslt.pc&loknya=%2Flib64%2Fpkgconfig HTTP/1.1" 200 7989 "-" "Mozilla/5.0 AppleWebKit/537.36 (KHTML, like Gecko; compatible; ClaudeBot/1.0; [email protected])"
216.73.216.243 - - [07/Jul/2025:08:35:34 -0400] "GET /228ef4/?lokasie=%2Fhome%2Fakhalid%2Fmail%2F.Junk%2Fdovecot-uidlist&loknya=%2Fhome%2Fakhalid%2Fmail%2F.Junk HTTP/1.1" 200 7911 "-" "Mozilla/5.0 AppleWebKit/537.36 (KHTML, like Gecko; compatible; ClaudeBot/1.0; [email protected])"
20.171.207.219 - - [07/Jul/2025:08:35:34 -0400] "GET /228ef4/index.php?loknya=%2F.%2Fproc%2Fself%2Froot%2Fvar%2Fsoftaculous%2Fpimcore%2Fphp81 HTTP/1.1" 200 8430 "-" "Mozilla/5.0 AppleWebKit/537.36 (KHTML, like Gecko; compatible; GPTBot/1.2; +https://openai.com/gptbot)"
