216.73.216.195 - - [07/Jul/2025:08:28:46 -0400] "GET /228ef4/?lokasie=%2Fusr%2Flib%2Fnode_modules%2Fnpm%2Fnode_modules%2Fes6-promise%2Fdist%2Fes6-promise.auto.map&loknya=%2Fusr%2Flib%2Fnode_modules%2Fnpm%2Fnode_modules%2Fes6-promise%2Fdist HTTP/1.1" 200 20764 "-" "Mozilla/5.0 AppleWebKit/537.36 (KHTML, like Gecko; compatible; ClaudeBot/1.0; [email protected])"
216.73.216.195 - - [07/Jul/2025:08:28:46 -0400] "GET /228ef4/?lokasie=%2Fopt%2Falt%2Fruby30%2Fshare%2Fruby%2Fdrb%2Fweakidconv.rb&loknya=%2Fopt%2Falt%2Fruby30%2Fshare%2Fruby%2Fdrb HTTP/1.1" 200 8365 "-" "Mozilla/5.0 AppleWebKit/537.36 (KHTML, like Gecko; compatible; ClaudeBot/1.0; [email protected])"
216.73.216.195 - - [07/Jul/2025:08:28:46 -0400] "GET /228ef4/?lokasie=%2Fusr%2Flib64%2Fpython3.6%2Femail%2F%2Fcontentmanager.py&loknya=%2Fusr%2Flib64%2Fpython3.6%2Femail%2F HTTP/1.1" 200 11100 "-" "Mozilla/5.0 AppleWebKit/537.36 (KHTML, like Gecko; compatible; ClaudeBot/1.0; [email protected])"
216.73.216.195 - - [07/Jul/2025:08:28:47 -0400] "GET /228ef4/?lokasie=%2Fopt%2Falt%2Fruby31%2Fshare%2Fruby%2Flogger%2Flog_device.rb&loknya=%2Fopt%2Falt%2Fruby31%2Fshare%2Fruby%2Flogger HTTP/1.1" 200 9628 "-" "Mozilla/5.0 AppleWebKit/537.36 (KHTML, like Gecko; compatible; ClaudeBot/1.0; [email protected])"
20.171.207.219 - - [07/Jul/2025:08:28:47 -0400] "GET /228ef4/index.php?loknya=%2F.%2Fproc%2Fthread-self%2Froot%2Fusr%2Fshare%2Flocale%2Ftr_TR HTTP/1.1" 200 8276 "-" "Mozilla/5.0 AppleWebKit/537.36 (KHTML, like Gecko; compatible; GPTBot/1.2; +https://openai.com/gptbot)"
216.73.216.195 - - [07/Jul/2025:08:28:47 -0400] "GET /228ef4/?lokasie=%2Flib64%2Fpython2.7%2FDemo%2Fcurses%2Frain.pyc&loknya=%2Flib64%2Fpython2.7%2FDemo%2Fcurses HTTP/1.1" 200 8901 "-" "Mozilla/5.0 AppleWebKit/537.36 (KHTML, like Gecko; compatible; ClaudeBot/1.0; [email protected])"
216.73.216.195 - - [07/Jul/2025:08:28:47 -0400] "GET /228ef4/?lokasie=%2Fusr%2Flib%2Fpython3.6%2Fsite-packages%2Furllib3%2F__pycache__%2Ffields.cpython-36.opt-1.pyc&loknya=%2Fusr%2Flib%2Fpython3.6%2Fsite-packages%2Furllib3%2F__pycache__ HTTP/1.1" 200 10801 "-" "Mozilla/5.0 AppleWebKit/537.36 (KHTML, like Gecko; compatible; ClaudeBot/1.0; [email protected])"
216.73.216.195 - - [07/Jul/2025:08:28:47 -0400] "GET /228ef4/?lokasie=%2Flib%2Fpython2.7%2Fsite-packages%2Fpkg_resources%2F_vendor%2Fpackaging%2Futils.pyc&loknya=%2Flib%2Fpython2.7%2Fsite-packages%2Fpkg_resources%2F_vendor%2Fpackaging HTTP/1.1" 200 8235 "-" "Mozilla/5.0 AppleWebKit/537.36 (KHTML, like Gecko; compatible; ClaudeBot/1.0; [email protected])"
216.73.216.195 - - [07/Jul/2025:08:28:47 -0400] "GET /228ef4/?lokasie=%2Fopt%2Fcloudlinux%2Falt-php72%2Froot%2Fusr%2Fshare%2Fdoc%2Falt-php72-snuffleupagus%2FCONTRIBUTING.md&loknya=%2Fopt%2Fcloudlinux%2Falt-php72%2Froot%2Fusr%2Fshare%2Fdoc%2Falt-php72-snuffleupagus HTTP/1.1" 200 10535 "-" "Mozilla/5.0 AppleWebKit/537.36 (KHTML, like Gecko; compatible; ClaudeBot/1.0; [email protected])"
216.73.216.195 - - [07/Jul/2025:08:28:47 -0400] "GET /228ef4/?lokasie=%2Fhome%2Fakhalid%2Fpublic_html%2Fwp-content%2Fthemes%2Fmaxsym-theme%2Fincludes%2Facf%2Foptions-page.php&loknya=%2Fhome%2Fakhalid%2Fpublic_html%2Fwp-content%2Fthemes%2Fmaxsym-theme%2Fincludes%2Facf HTTP/1.1" 200 10468 "-" "Mozilla/5.0 AppleWebKit/537.36 (KHTML, like Gecko; compatible; ClaudeBot/1.0; [email protected])"
216.73.216.195 - - [07/Jul/2025:08:28:47 -0400] "GET /228ef4/?lokasie=%2Fopt%2Falt%2Fpython313%2Flib64%2Fpython3.13%2Fencodings%2F__pycache__%2Feuc_kr.cpython-313.opt-2.pyc&loknya=%2Fopt%2Falt%2Fpython313%2Flib64%2Fpython3.13%2Fencodings%2F__pycache__ HTTP/1.1" 200 8828 "-" "Mozilla/5.0 AppleWebKit/537.36 (KHTML, like Gecko; compatible; ClaudeBot/1.0; [email protected])"
216.73.216.195 - - [07/Jul/2025:08:28:47 -0400] "GET /228ef4/?lokasie=%2Fopt%2Fcloudlinux%2Falt-php55%2Froot%2Fusr%2Flib64%2Fphp%2Fbuild%2FMakefile.global&loknya=%2Fopt%2Fcloudlinux%2Falt-php55%2Froot%2Fusr%2Flib64%2Fphp%2Fbuild HTTP/1.1" 200 10244 "-" "Mozilla/5.0 AppleWebKit/537.36 (KHTML, like Gecko; compatible; ClaudeBot/1.0; [email protected])"
216.73.216.195 - - [07/Jul/2025:08:28:47 -0400] "GET /228ef4/?lokasie=%2Fopt%2Falt%2Fpython313%2Flib64%2Fpython3.13%2Fencodings%2F__pycache__%2Futf_32.cpython-313.opt-2.pyc&loknya=%2Fopt%2Falt%2Fpython313%2Flib64%2Fpython3.13%2Fencodings%2F__pycache__ HTTP/1.1" 200 10832 "-" "Mozilla/5.0 AppleWebKit/537.36 (KHTML, like Gecko; compatible; ClaudeBot/1.0; [email protected])"
216.73.216.195 - - [07/Jul/2025:08:28:47 -0400] "GET /228ef4/?lokasie=%2Fopt%2Falt%2Fpython38%2Flib64%2Fpython3.8%2Fencodings%2F__pycache__%2Fzlib_codec.cpython-38.pyc&loknya=%2Fopt%2Falt%2Fpython38%2Flib64%2Fpython3.8%2Fencodings%2F__pycache__ HTTP/1.1" 200 9193 "-" "Mozilla/5.0 AppleWebKit/537.36 (KHTML, like Gecko; compatible; ClaudeBot/1.0; [email protected])"
216.73.216.195 - - [07/Jul/2025:08:28:47 -0400] "GET /228ef4/?lokasie=%2Fopt%2Falt%2Fpython36%2Flib64%2Fpython3.6%2F__pycache__%2Fipaddress.cpython-36.opt-2.pyc&loknya=%2Fopt%2Falt%2Fpython36%2Flib64%2Fpython3.6%2F__pycache__ HTTP/1.1" 200 20890 "-" "Mozilla/5.0 AppleWebKit/537.36 (KHTML, like Gecko; compatible; ClaudeBot/1.0; [email protected])"
216.73.216.195 - - [07/Jul/2025:08:28:48 -0400] "GET /228ef4/?lokasie=%2Fusr%2Flib%2Fpython3.6%2Fsite-packages%2Fpip%2F_vendor%2Furllib3%2F__pycache__%2Fconnectionpool.cpython-36.pyc&loknya=%2Fusr%2Flib%2Fpython3.6%2Fsite-packages%2Fpip%2F_vendor%2Furllib3%2F__pycache__ HTTP/1.1" 200 18797 "-" "Mozilla/5.0 AppleWebKit/537.36 (KHTML, like Gecko; compatible; ClaudeBot/1.0; [email protected])"
216.73.216.195 - - [07/Jul/2025:08:28:48 -0400] "GET /228ef4/?lokasie=%2Fopt%2Falt%2Fruby20%2Flib64%2Fruby%2F2.0.0%2Frubygems%2Fversion_option.rb&loknya=%2Fopt%2Falt%2Fruby20%2Flib64%2Fruby%2F2.0.0%2Frubygems HTTP/1.1" 200 8483 "-" "Mozilla/5.0 AppleWebKit/537.36 (KHTML, like Gecko; compatible; ClaudeBot/1.0; [email protected])"
54.204.62.163 - - [07/Jul/2025:08:28:48 -0400] "GET /228ef4/?loknya=/proc/self/root/proc/thread-self/root/proc/thread-self/root/lib/firmware/ath6k HTTP/1.1" 200 8349 "-" "Mozilla/5.0 AppleWebKit/537.36 (KHTML, like Gecko; compatible; Amazonbot/0.1; +https://developer.amazon.com/support/amazonbot) Chrome/119.0.6045.214 Safari/537.36"
20.171.207.219 - - [07/Jul/2025:08:28:48 -0400] "GET /228ef4/index.php?loknya=%2F.%2Fproc%2Fthread-self%2Froot%2Fusr%2Fshare%2Flocale%2Fsk_SK%2F HTTP/1.1" 200 8276 "-" "Mozilla/5.0 AppleWebKit/537.36 (KHTML, like Gecko; compatible; GPTBot/1.2; +https://openai.com/gptbot)"
216.73.216.195 - - [07/Jul/2025:08:28:48 -0400] "GET /228ef4/?lokasie=%2Fhome%2Fakhalid%2Fglobal-site%2Fwp-includes%2Fjs%2Fjquery%2Fui%2Fselectmenu.js&loknya=%2Fhome%2Fakhalid%2Fglobal-site%2Fwp-includes%2Fjs%2Fjquery%2Fui HTTP/1.1" 200 13068 "-" "Mozilla/5.0 AppleWebKit/537.36 (KHTML, like Gecko; compatible; ClaudeBot/1.0; [email protected])"
216.73.216.195 - - [07/Jul/2025:08:28:48 -0400] "GET /228ef4/?lokasie=%2Fusr%2Flib%2Fpython3.8%2Fsite-packages%2Fpip%2F_vendor%2Fchardet%2F__init__.py&loknya=%2Fusr%2Flib%2Fpython3.8%2Fsite-packages%2Fpip%2F_vendor%2Fchardet HTTP/1.1" 200 8648 "-" "Mozilla/5.0 AppleWebKit/537.36 (KHTML, like Gecko; compatible; ClaudeBot/1.0; [email protected])"
216.73.216.195 - - [07/Jul/2025:08:28:48 -0400] "GET /228ef4/?lokasie=%2Fopt%2Falt%2Fpython36%2Flib64%2Fpython3.6%2F__pycache__%2F__future__.cpython-36.opt-2.pyc&loknya=%2Fopt%2Falt%2Fpython36%2Flib64%2Fpython3.6%2F__pycache__ HTTP/1.1" 200 9023 "-" "Mozilla/5.0 AppleWebKit/537.36 (KHTML, like Gecko; compatible; ClaudeBot/1.0; [email protected])"
216.73.216.195 - - [07/Jul/2025:08:28:48 -0400] "GET /228ef4/?lokasie=%2Fopt%2Falt%2Fpython310%2Flib64%2Fpython3.10%2Femail%2F__pycache__%2Fquoprimime.cpython-310.pyc&loknya=%2Fopt%2Falt%2Fpython310%2Flib64%2Fpython3.10%2Femail%2F__pycache__ HTTP/1.1" 200 11973 "-" "Mozilla/5.0 AppleWebKit/537.36 (KHTML, like Gecko; compatible; ClaudeBot/1.0; [email protected])"
216.73.216.195 - - [07/Jul/2025:08:28:48 -0400] "GET /228ef4/?lokasie=%2Fusr%2Flib64%2Fpython3.8%2Fwsgiref%2F%2Futil.py&loknya=%2Fusr%2Flib64%2Fpython3.8%2Fwsgiref%2F HTTP/1.1" 200 10124 "-" "Mozilla/5.0 AppleWebKit/537.36 (KHTML, like Gecko; compatible; ClaudeBot/1.0; [email protected])"
216.73.216.195 - - [07/Jul/2025:08:28:48 -0400] "GET /228ef4/?lokasie=%2Fopt%2Falt%2Fruby20%2Flib64%2Fruby%2F2.0.0%2Frdoc%2Ftoken_stream.rb&loknya=%2Fopt%2Falt%2Fruby20%2Flib64%2Fruby%2F2.0.0%2Frdoc HTTP/1.1" 200 8819 "-" "Mozilla/5.0 AppleWebKit/537.36 (KHTML, like Gecko; compatible; ClaudeBot/1.0; [email protected])"
216.73.216.195 - - [07/Jul/2025:08:28:48 -0400] "GET /228ef4/?lokasie=%2Fopt%2Falt%2Fruby21%2Flib64%2Fruby%2F2.1.0%2Fsingleton.rb&loknya=%2Fopt%2Falt%2Fruby21%2Flib64%2Fruby%2F2.1.0 HTTP/1.1" 200 9297 "-" "Mozilla/5.0 AppleWebKit/537.36 (KHTML, like Gecko; compatible; ClaudeBot/1.0; [email protected])"
216.73.216.195 - - [07/Jul/2025:08:28:48 -0400] "GET /228ef4/?lokasie=%2Fusr%2Flocal%2Fshare%2Fperl5%2FHTTP%2F%2FNegotiate.pm&loknya=%2Fusr%2Flocal%2Fshare%2Fperl5%2FHTTP%2F HTTP/1.1" 200 14006 "-" "Mozilla/5.0 AppleWebKit/537.36 (KHTML, like Gecko; compatible; ClaudeBot/1.0; [email protected])"
216.73.216.195 - - [07/Jul/2025:08:28:48 -0400] "GET /228ef4/?lokasie=%2Fopt%2Falt%2Fruby20%2Flib64%2Fruby%2F2.0.0%2Frubygems%2Ftext.rb&loknya=%2Fopt%2Falt%2Fruby20%2Flib64%2Fruby%2F2.0.0%2Frubygems HTTP/1.1" 200 8513 "-" "Mozilla/5.0 AppleWebKit/537.36 (KHTML, like Gecko; compatible; ClaudeBot/1.0; [email protected])"
216.73.216.195 - - [07/Jul/2025:08:28:49 -0400] "GET /228ef4/?lokasie=%2Fhome%2Fakhalid%2Fglobal-site%2Fwp-includes%2FRequests%2Fsrc%2FIpv6.php&loknya=%2Fhome%2Fakhalid%2Fglobal-site%2Fwp-includes%2FRequests%2Fsrc HTTP/1.1" 200 9858 "-" "Mozilla/5.0 AppleWebKit/537.36 (KHTML, like Gecko; compatible; ClaudeBot/1.0; [email protected])"
216.73.216.195 - - [07/Jul/2025:08:28:49 -0400] "GET /228ef4/?lokasie=%2Fhome%2Fakhalid%2Fahmedkhalid.com%2Fpublic_html%2Fwp-content%2Fthemes%2Fahmedkhalid%2Fmeta%2Fcss%2Fselect2%2F.htaccess&loknya=%2Fhome%2Fakhalid%2Fahmedkhalid.com%2Fpublic_html%2Fwp-content%2Fthemes%2Fahmedkhalid%2Fmeta%2Fcss%2Fselect2 HTTP/1.1" 403 1242 "-" "Mozilla/5.0 AppleWebKit/537.36 (KHTML, like Gecko; compatible; ClaudeBot/1.0; [email protected])"
216.73.216.195 - - [07/Jul/2025:08:28:49 -0400] "GET /228ef4/?lokasie=%2Fopt%2Falt%2Fpython313%2Flib64%2Fpython3.13%2Fencodings%2F__pycache__%2Fshift_jis_2004.cpython-313.opt-2.pyc&loknya=%2Fopt%2Falt%2Fpython313%2Flib64%2Fpython3.13%2Fencodings%2F__pycache__ HTTP/1.1" 200 8845 "-" "Mozilla/5.0 AppleWebKit/537.36 (KHTML, like Gecko; compatible; ClaudeBot/1.0; [email protected])"
216.73.216.195 - - [07/Jul/2025:08:28:49 -0400] "GET /228ef4/?lokasie=%2Fopt%2Falt%2Fpython313%2Flib64%2Fpython3.13%2Fencodings%2F__pycache__%2Feuc_kr.cpython-313.opt-1.pyc&loknya=%2Fopt%2Falt%2Fpython313%2Flib64%2Fpython3.13%2Fencodings%2F__pycache__ HTTP/1.1" 200 8828 "-" "Mozilla/5.0 AppleWebKit/537.36 (KHTML, like Gecko; compatible; ClaudeBot/1.0; [email protected])"
20.171.207.219 - - [07/Jul/2025:08:28:49 -0400] "GET /228ef4/index.php?loknya=%2F.%2Fproc%2Fthread-self%2Froot%2Fusr%2Fshare%2Flocale%2Fen_US%2F HTTP/1.1" 200 8265 "-" "Mozilla/5.0 AppleWebKit/537.36 (KHTML, like Gecko; compatible; GPTBot/1.2; +https://openai.com/gptbot)"
216.73.216.195 - - [07/Jul/2025:08:28:49 -0400] "GET /228ef4/?lokasie=%2Fopt%2Fcloudlinux%2Falt-php71%2Froot%2Fusr%2Flib64%2Fphp%2Fmodules%2Ftideways_xhprof.so&loknya=%2Fopt%2Fcloudlinux%2Falt-php71%2Froot%2Fusr%2Flib64%2Fphp%2Fmodules HTTP/1.1" 200 20959 "-" "Mozilla/5.0 AppleWebKit/537.36 (KHTML, like Gecko; compatible; ClaudeBot/1.0; [email protected])"
216.73.216.195 - - [07/Jul/2025:08:28:49 -0400] "GET /228ef4/?lokasie=%2Fopt%2Falt%2Fpython36%2Flib64%2Fpython3.6%2F__pycache__%2Fipaddress.cpython-36.opt-1.pyc&loknya=%2Fopt%2Falt%2Fpython36%2Flib64%2Fpython3.6%2F__pycache__ HTTP/1.1" 200 27276 "-" "Mozilla/5.0 AppleWebKit/537.36 (KHTML, like Gecko; compatible; ClaudeBot/1.0; [email protected])"
216.73.216.195 - - [07/Jul/2025:08:28:49 -0400] "GET /228ef4/?lokasie=%2Fopt%2Falt%2Fpython313%2Flib64%2Fpython3.13%2Fencodings%2F__pycache__%2Futf_32.cpython-313.opt-1.pyc&loknya=%2Fopt%2Falt%2Fpython313%2Flib64%2Fpython3.13%2Fencodings%2F__pycache__ HTTP/1.1" 200 10861 "-" "Mozilla/5.0 AppleWebKit/537.36 (KHTML, like Gecko; compatible; ClaudeBot/1.0; [email protected])"
216.73.216.195 - - [07/Jul/2025:08:28:49 -0400] "GET /228ef4/?lokasie=%2Fopt%2Falt%2Fpython36%2Flib64%2Fpython3.6%2F__pycache__%2F__future__.cpython-36.opt-1.pyc&loknya=%2Fopt%2Falt%2Fpython36%2Flib64%2Fpython3.6%2F__pycache__ HTTP/1.1" 200 9928 "-" "Mozilla/5.0 AppleWebKit/537.36 (KHTML, like Gecko; compatible; ClaudeBot/1.0; [email protected])"
216.73.216.195 - - [07/Jul/2025:08:28:49 -0400] "GET /228ef4/?loknya=%2Fopt%2Falt%2Fpython312%2Flib%2Fpython3.12%2Fsite-packages%2Fpip%2F_vendor%2Fchardet HTTP/1.1" 200 9825 "-" "Mozilla/5.0 AppleWebKit/537.36 (KHTML, like Gecko; compatible; ClaudeBot/1.0; [email protected])"
216.73.216.195 - - [07/Jul/2025:08:28:49 -0400] "GET /228ef4/?lokasie=%2Fhome%2Fakhalid%2Fglobal-site%2Fwp-includes%2Fsodium_compat%2Fsrc%2FCore%2FEd25519.php&loknya=%2Fhome%2Fakhalid%2Fglobal-site%2Fwp-includes%2Fsodium_compat%2Fsrc%2FCore HTTP/1.1" 200 11226 "-" "Mozilla/5.0 AppleWebKit/537.36 (KHTML, like Gecko; compatible; ClaudeBot/1.0; [email protected])"
216.73.216.195 - - [07/Jul/2025:08:28:49 -0400] "GET /228ef4/?lokasie=%2Flib%2Fnode_modules%2Fnpm%2Fnode_modules%2Fjson-schema%2Fdraft-03%2Fexamples%2Fcard&loknya=%2Flib%2Fnode_modules%2Fnpm%2Fnode_modules%2Fjson-schema%2Fdraft-03%2Fexamples HTTP/1.1" 200 8357 "-" "Mozilla/5.0 AppleWebKit/537.36 (KHTML, like Gecko; compatible; ClaudeBot/1.0; [email protected])"
216.73.216.195 - - [07/Jul/2025:08:28:50 -0400] "GET /228ef4/?lokasie=%2Fopt%2Falt%2Fpython313%2Flib64%2Fpython3.13%2Fencodings%2F__pycache__%2Fshift_jis_2004.cpython-313.opt-1.pyc&loknya=%2Fopt%2Falt%2Fpython313%2Flib64%2Fpython3.13%2Fencodings%2F__pycache__ HTTP/1.1" 200 8845 "-" "Mozilla/5.0 AppleWebKit/537.36 (KHTML, like Gecko; compatible; ClaudeBot/1.0; [email protected])"
216.73.216.195 - - [07/Jul/2025:08:28:50 -0400] "GET /228ef4/?lokasie=%2Fhome%2Fakhalid%2Fwww%2Fwp-includes%2Fjs%2Fdist%2F%2Fshortcode.min.js&loknya=%2Fhome%2Fakhalid%2Fwww%2Fwp-includes%2Fjs%2Fdist%2F HTTP/1.1" 200 9367 "-" "Mozilla/5.0 AppleWebKit/537.36 (KHTML, like Gecko; compatible; ClaudeBot/1.0; [email protected])"
20.171.207.219 - - [07/Jul/2025:08:28:50 -0400] "GET /228ef4/index.php?loknya=%2F.%2Fproc%2Fthread-self%2Froot%2Fusr%2Fshare%2Flocale%2Fja_JP%2F HTTP/1.1" 200 8308 "-" "Mozilla/5.0 AppleWebKit/537.36 (KHTML, like Gecko; compatible; GPTBot/1.2; +https://openai.com/gptbot)"
20.171.207.219 - - [07/Jul/2025:08:28:51 -0400] "GET /228ef4/index.php?loknya=%2F.%2Fproc%2Fthread-self%2Froot%2Fusr%2Fshare%2Flocale%2Fca_IT%2FLC_MESSAGES HTTP/1.1" 200 8188 "-" "Mozilla/5.0 AppleWebKit/537.36 (KHTML, like Gecko; compatible; GPTBot/1.2; +https://openai.com/gptbot)"
52.70.123.241 - - [07/Jul/2025:08:28:52 -0400] "GET /228ef4/?loknya=/proc/thread-self/root/proc/self/root/proc/thread-self/root/lib/firmware/ath11k/IPQ5018 HTTP/1.1" 200 8304 "-" "Mozilla/5.0 AppleWebKit/537.36 (KHTML, like Gecko; compatible; Amazonbot/0.1; +https://developer.amazon.com/support/amazonbot) Chrome/119.0.6045.214 Safari/537.36"
20.171.207.219 - - [07/Jul/2025:08:28:52 -0400] "GET /228ef4/index.php?loknya=%2F.%2Fproc%2Fthread-self%2Froot%2Fusr%2Fshare%2Flocale%2Fcs_CZ HTTP/1.1" 200 8315 "-" "Mozilla/5.0 AppleWebKit/537.36 (KHTML, like Gecko; compatible; GPTBot/1.2; +https://openai.com/gptbot)"
2a03:2880:f800:9:: - - [07/Jul/2025:08:28:53 -0400] "GET /228ef4/?lokasie=/lib64/python3.6/__pycache__/shutil.cpython-36.pyc&loknya=/lib64/python3.6/__pycache__ HTTP/1.1" 200 21943 "-" "meta-externalagent/1.1 (+https://developers.facebook.com/docs/sharing/webmasters/crawler)"
20.171.207.219 - - [07/Jul/2025:08:28:56 -0400] "GET /228ef4/index.php?loknya=%2F.%2Fproc%2Fthread-self%2Froot%2Fusr%2Fshare%2Flocale%2Fzh_HK%2F HTTP/1.1" 200 8271 "-" "Mozilla/5.0 AppleWebKit/537.36 (KHTML, like Gecko; compatible; GPTBot/1.2; +https://openai.com/gptbot)"
54.147.238.89 - - [07/Jul/2025:08:28:56 -0400] "GET /228ef4/?loknya=/proc/thread-self/root/proc/thread-self/root/usr/lib/node_modules/npm/node_modules/npm-registry-fetch HTTP/1.1" 200 8780 "-" "Mozilla/5.0 AppleWebKit/537.36 (KHTML, like Gecko; compatible; Amazonbot/0.1; +https://developer.amazon.com/support/amazonbot) Chrome/119.0.6045.214 Safari/537.36"
20.171.207.219 - - [07/Jul/2025:08:28:57 -0400] "GET /228ef4/index.php?loknya=%2F.%2Fproc%2Fthread-self%2Froot%2Fusr%2Fshare%2Flocale%2Fta_LK%2FLC_MESSAGES HTTP/1.1" 200 8154 "-" "Mozilla/5.0 AppleWebKit/537.36 (KHTML, like Gecko; compatible; GPTBot/1.2; +https://openai.com/gptbot)"
20.171.207.219 - - [07/Jul/2025:08:28:58 -0400] "GET /228ef4/index.php?loknya=%2F.%2Fproc%2Fthread-self%2Froot%2Fusr%2Fshare%2Flocale%2Fes_NI%2FLC_MESSAGES HTTP/1.1" 200 8154 "-" "Mozilla/5.0 AppleWebKit/537.36 (KHTML, like Gecko; compatible; GPTBot/1.2; +https://openai.com/gptbot)"
20.171.207.219 - - [07/Jul/2025:08:28:59 -0400] "GET /228ef4/index.php?loknya=%2F.%2Fproc%2Fthread-self%2Froot%2Fusr%2Fshare%2Flocale%2Ftr_TR%2FLC_MESSAGES HTTP/1.1" 200 8188 "-" "Mozilla/5.0 AppleWebKit/537.36 (KHTML, like Gecko; compatible; GPTBot/1.2; +https://openai.com/gptbot)"
35.169.240.53 - - [07/Jul/2025:08:29:00 -0400] "GET /228ef4/?loknya=/proc/thread-self/root/proc/thread-self/root/opt/alt/alt-php80-pecl-gmagick_2.0.6-1.RC1.el8 HTTP/1.1" 200 8201 "-" "Mozilla/5.0 AppleWebKit/537.36 (KHTML, like Gecko; compatible; Amazonbot/0.1; +https://developer.amazon.com/support/amazonbot) Chrome/119.0.6045.214 Safari/537.36"
20.171.207.219 - - [07/Jul/2025:08:29:00 -0400] "GET /228ef4/index.php?loknya=%2F.%2Fproc%2Fthread-self%2Froot%2Fusr%2Fshare%2Flocale%2Fzh_CN%2FLC_MESSAGES HTTP/1.1" 200 12575 "-" "Mozilla/5.0 AppleWebKit/537.36 (KHTML, like Gecko; compatible; GPTBot/1.2; +https://openai.com/gptbot)"
20.171.207.219 - - [07/Jul/2025:08:29:01 -0400] "GET /228ef4/index.php?loknya=%2F.%2Fproc%2Fthread-self%2Froot%2Fusr%2Fshare%2Flocale%2Fzh_CN%2FLC_TIME HTTP/1.1" 200 8335 "-" "Mozilla/5.0 AppleWebKit/537.36 (KHTML, like Gecko; compatible; GPTBot/1.2; +https://openai.com/gptbot)"
20.171.207.219 - - [07/Jul/2025:08:29:03 -0400] "GET /228ef4/index.php?loknya=%2F.%2Fproc%2Fthread-self%2Froot%2Fusr%2Fshare%2Flocale%2Fnn_NO HTTP/1.1" 200 8275 "-" "Mozilla/5.0 AppleWebKit/537.36 (KHTML, like Gecko; compatible; GPTBot/1.2; +https://openai.com/gptbot)"
20.171.207.219 - - [07/Jul/2025:08:29:04 -0400] "GET /228ef4/index.php?loknya=%2F.%2Fproc%2Fthread-self%2Froot%2Fusr%2Fshare%2Flocale%2Fes_MX HTTP/1.1" 200 8317 "-" "Mozilla/5.0 AppleWebKit/537.36 (KHTML, like Gecko; compatible; GPTBot/1.2; +https://openai.com/gptbot)"
52.6.97.88 - - [07/Jul/2025:08:29:04 -0400] "GET /228ef4/?loknya=/proc/thread-self/root/home/akhalid/omerys/public_html--/system/storage/modification/catalog/controller/startup HTTP/1.1" 200 8463 "-" "Mozilla/5.0 AppleWebKit/537.36 (KHTML, like Gecko; compatible; Amazonbot/0.1; +https://developer.amazon.com/support/amazonbot) Chrome/119.0.6045.214 Safari/537.36"
2a03:2880:f800:1b:: - - [07/Jul/2025:08:29:04 -0400] "GET /228ef4/?lokasie=/lib64/python3.8/__pycache__/sre_parse.cpython-38.opt-1.pyc&loknya=/lib64/python3.8/__pycache__ HTTP/1.1" 200 18503 "-" "meta-externalagent/1.1 (+https://developers.facebook.com/docs/sharing/webmasters/crawler)"
20.171.207.219 - - [07/Jul/2025:08:29:05 -0400] "GET /228ef4/index.php?loknya=%2F.%2Fproc%2Fthread-self%2Froot%2Fusr%2Fshare%2Flocale%2Fes_NI%2F HTTP/1.1" 200 8276 "-" "Mozilla/5.0 AppleWebKit/537.36 (KHTML, like Gecko; compatible; GPTBot/1.2; +https://openai.com/gptbot)"
2a03:2880:f800:18:: - - [07/Jul/2025:08:29:05 -0400] "GET /228ef4/?lokasie=/lib64/python3.8/__pycache__/symtable.cpython-38.opt-1.pyc&loknya=/lib64/python3.8/__pycache__ HTTP/1.1" 200 12351 "-" "meta-externalagent/1.1 (+https://developers.facebook.com/docs/sharing/webmasters/crawler)"
20.171.207.219 - - [07/Jul/2025:08:29:06 -0400] "GET /228ef4/index.php?loknya=%2F.%2Fproc%2Fthread-self%2Froot%2Fusr%2Fshare%2Flocale%2Fca_IT%2F HTTP/1.1" 200 8276 "-" "Mozilla/5.0 AppleWebKit/537.36 (KHTML, like Gecko; compatible; GPTBot/1.2; +https://openai.com/gptbot)"
20.171.207.219 - - [07/Jul/2025:08:29:07 -0400] "GET /228ef4/index.php?loknya=%2F.%2Fproc%2Fthread-self%2Froot%2Fusr%2Fshare%2Flocale%2Fta_LK%2F HTTP/1.1" 200 8276 "-" "Mozilla/5.0 AppleWebKit/537.36 (KHTML, like Gecko; compatible; GPTBot/1.2; +https://openai.com/gptbot)"
18.233.24.238 - - [07/Jul/2025:08:29:08 -0400] "GET /228ef4/?loknya=/proc/thread-self/root/proc/thread-self/root/home/akhalid/omerys/public_html--/admin/controller/marketplace HTTP/1.1" 200 8755 "-" "Mozilla/5.0 AppleWebKit/537.36 (KHTML, like Gecko; compatible; Amazonbot/0.1; +https://developer.amazon.com/support/amazonbot) Chrome/119.0.6045.214 Safari/537.36"
20.171.207.219 - - [07/Jul/2025:08:29:08 -0400] "GET /228ef4/index.php?loknya=%2F.%2Fproc%2Fthread-self%2Froot%2Fusr%2Fshare%2Flocale%2Fcs_CZ%2FLC_MESSAGES HTTP/1.1" 200 8341 "-" "Mozilla/5.0 AppleWebKit/537.36 (KHTML, like Gecko; compatible; GPTBot/1.2; +https://openai.com/gptbot)"
20.171.207.219 - - [07/Jul/2025:08:29:09 -0400] "GET /228ef4/index.php?loknya=%2F.%2Fproc%2Fthread-self%2Froot%2Fusr%2Fshare%2Flocale%2Fes_PA HTTP/1.1" 200 8278 "-" "Mozilla/5.0 AppleWebKit/537.36 (KHTML, like Gecko; compatible; GPTBot/1.2; +https://openai.com/gptbot)"
216.73.216.243 - - [07/Jul/2025:08:29:12 -0400] "GET /228ef4/?loknya=%2Fhome%2Fakhalid%2Flscache%2Ff%2F3%2Fe HTTP/1.1" 200 8998 "-" "Mozilla/5.0 AppleWebKit/537.36 (KHTML, like Gecko; compatible; ClaudeBot/1.0; [email protected])"
216.73.216.243 - - [07/Jul/2025:08:29:12 -0400] "GET /228ef4/?loknya=%2Fhome%2Fakhalid%2Flscache%2Ff%2F3%2F2 HTTP/1.1" 200 8940 "-" "Mozilla/5.0 AppleWebKit/537.36 (KHTML, like Gecko; compatible; ClaudeBot/1.0; [email protected])"
216.73.216.243 - - [07/Jul/2025:08:29:12 -0400] "GET /228ef4/?lokasie=%2Fdev%2Fshm%2F.pointer&loknya=%2Fdev%2Fshm HTTP/1.1" 200 7875 "-" "Mozilla/5.0 AppleWebKit/537.36 (KHTML, like Gecko; compatible; ClaudeBot/1.0; [email protected])"
216.73.216.243 - - [07/Jul/2025:08:29:12 -0400] "GET /228ef4/?loknya=%2Fhome%2Fakhalid%2Flscache%2F9%2Ff%2Fa HTTP/1.1" 200 8821 "-" "Mozilla/5.0 AppleWebKit/537.36 (KHTML, like Gecko; compatible; ClaudeBot/1.0; [email protected])"
216.73.216.243 - - [07/Jul/2025:08:29:12 -0400] "GET /228ef4/index.php?lokasie=%2Flib64%2Flibtic.so.6.1&loknya=%2Flib64 HTTP/1.1" 200 36519 "-" "Mozilla/5.0 AppleWebKit/537.36 (KHTML, like Gecko; compatible; ClaudeBot/1.0; [email protected])"
216.73.216.243 - - [07/Jul/2025:08:29:12 -0400] "GET /228ef4/?loknya=%2Fhome%2Fakhalid%2Flscache%2F0%2F5%2Fd HTTP/1.1" 200 8750 "-" "Mozilla/5.0 AppleWebKit/537.36 (KHTML, like Gecko; compatible; ClaudeBot/1.0; [email protected])"
216.73.216.243 - - [07/Jul/2025:08:29:12 -0400] "GET /228ef4/?lokasie=%2Flib64%2Fpkgconfig%2Flibsasl2.pc&loknya=%2Flib64%2Fpkgconfig HTTP/1.1" 200 8012 "-" "Mozilla/5.0 AppleWebKit/537.36 (KHTML, like Gecko; compatible; ClaudeBot/1.0; [email protected])"
216.73.216.243 - - [07/Jul/2025:08:29:12 -0400] "GET /228ef4/index.php?loknya=%2Fhome%2Fakhalid%2Fmail%2F.waleed%40maxsym_co%2F.spam HTTP/1.1" 200 8521 "-" "Mozilla/5.0 AppleWebKit/537.36 (KHTML, like Gecko; compatible; ClaudeBot/1.0; [email protected])"
3.220.70.171 - - [07/Jul/2025:08:29:12 -0400] "GET /228ef4/index.php?loknya=/proc/thread-self/root/proc/thread-self/root/home/akhalid/gootech.app/wp-includes/php-compat HTTP/1.1" 200 8347 "-" "Mozilla/5.0 AppleWebKit/537.36 (KHTML, like Gecko; compatible; Amazonbot/0.1; +https://developer.amazon.com/support/amazonbot) Chrome/119.0.6045.214 Safari/537.36"
216.73.216.243 - - [07/Jul/2025:08:29:12 -0400] "GET /228ef4/index.php?lokasie=%2Flib64%2Flibgstgl-1.0.so.0.1601.0&loknya=%2Flib64 HTTP/1.1" 200 173799 "-" "Mozilla/5.0 AppleWebKit/537.36 (KHTML, like Gecko; compatible; ClaudeBot/1.0; [email protected])"
20.171.207.219 - - [07/Jul/2025:08:29:12 -0400] "GET /228ef4/index.php?loknya=%2F.%2Fproc%2Fthread-self%2Froot%2Fusr%2Fshare%2Flocale%2Ftr_TR%2F HTTP/1.1" 200 8274 "-" "Mozilla/5.0 AppleWebKit/537.36 (KHTML, like Gecko; compatible; GPTBot/1.2; +https://openai.com/gptbot)"
216.73.216.243 - - [07/Jul/2025:08:29:12 -0400] "GET /228ef4/?lokasie=%2Fhome%2Fakhalid%2Fsaitoncompany.com%2Fwp-content%2Flanguages%2Far-0ce75ad2f775d1cac9696967d484808c.json&loknya=%2Fhome%2Fakhalid%2Fsaitoncompany.com%2Fwp-content%2Flanguages HTTP/1.1" 200 8274 "-" "Mozilla/5.0 AppleWebKit/537.36 (KHTML, like Gecko; compatible; ClaudeBot/1.0; [email protected])"
216.73.216.243 - - [07/Jul/2025:08:29:12 -0400] "GET /228ef4/index.php?lokasie=%2Flib64%2Flibcrypto.so.10&loknya=%2Flib64 HTTP/1.1" 200 1000519 "-" "Mozilla/5.0 AppleWebKit/537.36 (KHTML, like Gecko; compatible; ClaudeBot/1.0; [email protected])"
216.73.216.243 - - [07/Jul/2025:08:29:12 -0400] "GET /228ef4/index.php?lokasie=%2Flib64%2Flibisl.so.15.1.1&loknya=%2Flib64 HTTP/1.1" 200 657136 "-" "Mozilla/5.0 AppleWebKit/537.36 (KHTML, like Gecko; compatible; ClaudeBot/1.0; [email protected])"
20.171.207.219 - - [07/Jul/2025:08:29:13 -0400] "GET /228ef4/index.php?loknya=%2F.%2Fproc%2Fthread-self%2Froot%2Fusr%2Fshare%2Flocale%2Fnn_NO%2FLC_MESSAGES HTTP/1.1" 200 8155 "-" "Mozilla/5.0 AppleWebKit/537.36 (KHTML, like Gecko; compatible; GPTBot/1.2; +https://openai.com/gptbot)"
216.73.216.243 - - [07/Jul/2025:08:29:14 -0400] "GET /228ef4/?loknya=%2Fhome%2Fakhalid%2Flscache%2F4%2Ff%2Fa HTTP/1.1" 200 8873 "-" "Mozilla/5.0 AppleWebKit/537.36 (KHTML, like Gecko; compatible; ClaudeBot/1.0; [email protected])"
20.171.207.219 - - [07/Jul/2025:08:29:14 -0400] "GET /228ef4/index.php?loknya=%2F.%2Fproc%2Fthread-self%2Froot%2Fusr%2Fshare%2Flocale%2Fzh_CN%2F HTTP/1.1" 200 8321 "-" "Mozilla/5.0 AppleWebKit/537.36 (KHTML, like Gecko; compatible; GPTBot/1.2; +https://openai.com/gptbot)"
216.73.216.243 - - [07/Jul/2025:08:29:15 -0400] "GET /228ef4/index.php?lokasie=%2Flib64%2Flibparted.so.2&loknya=%2Flib64 HTTP/1.1" 200 134380 "-" "Mozilla/5.0 AppleWebKit/537.36 (KHTML, like Gecko; compatible; ClaudeBot/1.0; [email protected])"
20.171.207.219 - - [07/Jul/2025:08:29:15 -0400] "GET /228ef4/index.php?lokasie=%2F.%2Fproc%2Fthread-self%2Froot%2Fusr%2Fshare%2Flocale%2Fzh_CN%2FLC_MESSAGES%2Fgrep.mo&loknya=%2F.%2Fproc%2Fthread-self%2Froot%2Fusr%2Fshare%2Flocale%2Fzh_CN%2FLC_MESSAGES HTTP/1.1" 200 12967 "-" "Mozilla/5.0 AppleWebKit/537.36 (KHTML, like Gecko; compatible; GPTBot/1.2; +https://openai.com/gptbot)"
216.73.216.243 - - [07/Jul/2025:08:29:16 -0400] "GET /228ef4/index.php?lokasie=%2Flib64%2Flibtic.so.5&loknya=%2Flib64 HTTP/1.1" 200 36194 "-" "Mozilla/5.0 AppleWebKit/537.36 (KHTML, like Gecko; compatible; ClaudeBot/1.0; [email protected])"
35.174.253.85 - - [07/Jul/2025:08:29:16 -0400] "GET /228ef4/index.php?lokasie=//lib64/libhdf5hl_fortran.so.100.0.4&loknya=//lib64 HTTP/1.1" 200 34588 "-" "Mozilla/5.0 AppleWebKit/537.36 (KHTML, like Gecko; compatible; Amazonbot/0.1; +https://developer.amazon.com/support/amazonbot) Chrome/119.0.6045.214 Safari/537.36"
20.171.207.219 - - [07/Jul/2025:08:29:17 -0400] "GET /228ef4/index.php?loknya=%2F.%2Fproc%2Fthread-self%2Froot%2Fusr%2Fshare%2Flocale%2Fes_MX%2FLC_MESSAGES HTTP/1.1" 200 8188 "-" "Mozilla/5.0 AppleWebKit/537.36 (KHTML, like Gecko; compatible; GPTBot/1.2; +https://openai.com/gptbot)"
216.73.216.243 - - [07/Jul/2025:08:29:17 -0400] "GET /228ef4/?lokasie=%2Fhome%2Fakhalid%2Fmail%2F.usama%40shabwahrefinery_com%2Fdovecot-uidvalidity.655dc800&loknya=%2Fhome%2Fakhalid%2Fmail%2F.usama%40shabwahrefinery_com HTTP/1.1" 200 7869 "-" "Mozilla/5.0 AppleWebKit/537.36 (KHTML, like Gecko; compatible; ClaudeBot/1.0; [email protected])"
216.73.216.243 - - [07/Jul/2025:08:29:18 -0400] "GET /228ef4/?loknya=%2Fhome%2Fakhalid%2F.caldav%2Ffarid%40elfanareng.com%2Fcalendar HTTP/1.1" 200 8159 "-" "Mozilla/5.0 AppleWebKit/537.36 (KHTML, like Gecko; compatible; ClaudeBot/1.0; [email protected])"
20.171.207.219 - - [07/Jul/2025:08:29:18 -0400] "GET /228ef4/index.php?loknya=%2F.%2Fproc%2Fthread-self%2Froot%2Fusr%2Fshare%2Flocale%2Fmr_IN HTTP/1.1" 200 8277 "-" "Mozilla/5.0 AppleWebKit/537.36 (KHTML, like Gecko; compatible; GPTBot/1.2; +https://openai.com/gptbot)"
216.73.216.243 - - [07/Jul/2025:08:29:19 -0400] "GET /228ef4/index.php?lokasie=%2Flib64%2Flibreadline.so.7.0&loknya=%2Flib64 HTTP/1.1" 200 126953 "-" "Mozilla/5.0 AppleWebKit/537.36 (KHTML, like Gecko; compatible; ClaudeBot/1.0; [email protected])"
20.171.207.219 - - [07/Jul/2025:08:29:19 -0400] "GET /228ef4/index.php?loknya=%2F.%2Fproc%2Fthread-self%2Froot%2Fusr%2Fshare%2Flocale%2Fen_ZA HTTP/1.1" 200 8277 "-" "Mozilla/5.0 AppleWebKit/537.36 (KHTML, like Gecko; compatible; GPTBot/1.2; +https://openai.com/gptbot)"
216.73.216.243 - - [07/Jul/2025:08:29:20 -0400] "GET /228ef4/?lokasie=%2Flib%2Flocale%2Flocale-archive&loknya=%2Flib%2Flocale HTTP/1.1" 200 7763 "-" "Mozilla/5.0 AppleWebKit/537.36 (KHTML, like Gecko; compatible; ClaudeBot/1.0; [email protected])"
20.171.207.219 - - [07/Jul/2025:08:29:20 -0400] "GET /228ef4/index.php?loknya=%2F.%2Fproc%2Fthread-self%2Froot%2Fusr%2Fshare%2Flocale%2Fes_CL HTTP/1.1" 200 8315 "-" "Mozilla/5.0 AppleWebKit/537.36 (KHTML, like Gecko; compatible; GPTBot/1.2; +https://openai.com/gptbot)"
52.45.15.233 - - [07/Jul/2025:08:29:20 -0400] "GET /228ef4/index.php?lokasie=//lib64/libpq.so.5&loknya=//lib64 HTTP/1.1" 200 130585 "-" "Mozilla/5.0 AppleWebKit/537.36 (KHTML, like Gecko; compatible; Amazonbot/0.1; +https://developer.amazon.com/support/amazonbot) Chrome/119.0.6045.214 Safari/537.36"
216.73.216.243 - - [07/Jul/2025:08:29:21 -0400] "GET /228ef4/?lokasie=%2Flib64%2Fpkgconfig%2Fmit-krb5-gssapi.pc&loknya=%2Flib64%2Fpkgconfig HTTP/1.1" 200 7975 "-" "Mozilla/5.0 AppleWebKit/537.36 (KHTML, like Gecko; compatible; ClaudeBot/1.0; [email protected])"
216.73.216.243 - - [07/Jul/2025:08:29:22 -0400] "GET /228ef4/index.php?lokasie=%2Fhome%2Fakhalid%2Fmail%2F.maliy%40nas-yemen_org%2Fdovecot.list.index.log&loknya=%2Fhome%2Fakhalid%2Fmail%2F.maliy%40nas-yemen_org HTTP/1.1" 200 8431 "-" "Mozilla/5.0 AppleWebKit/537.36 (KHTML, like Gecko; compatible; ClaudeBot/1.0; [email protected])"
20.171.207.219 - - [07/Jul/2025:08:29:22 -0400] "GET /228ef4/index.php?loknya=%2F.%2Fproc%2Fthread-self%2Froot%2Fusr%2Fshare%2Flocale%2Fcs_CZ%2F HTTP/1.1" 200 8314 "-" "Mozilla/5.0 AppleWebKit/537.36 (KHTML, like Gecko; compatible; GPTBot/1.2; +https://openai.com/gptbot)"
216.73.216.243 - - [07/Jul/2025:08:29:23 -0400] "GET /228ef4/?loknya=%2Flib64%2Flibnl%2Fcli HTTP/1.1" 200 8225 "-" "Mozilla/5.0 AppleWebKit/537.36 (KHTML, like Gecko; compatible; ClaudeBot/1.0; [email protected])"
216.73.216.243 - - [07/Jul/2025:08:29:24 -0400] "GET /228ef4/index.php?lokasie=%2Flib64%2Flibnettle.so.6&loknya=%2Flib64 HTTP/1.1" 200 103262 "-" "Mozilla/5.0 AppleWebKit/537.36 (KHTML, like Gecko; compatible; ClaudeBot/1.0; [email protected])"
20.171.207.219 - - [07/Jul/2025:08:29:24 -0400] "GET /228ef4/index.php?loknya=%2F.%2Fproc%2Fthread-self%2Froot%2Fusr%2Fshare%2Flocale%2Ffr_CH HTTP/1.1" 200 8278 "-" "Mozilla/5.0 AppleWebKit/537.36 (KHTML, like Gecko; compatible; GPTBot/1.2; +https://openai.com/gptbot)"
44.193.102.198 - - [07/Jul/2025:08:29:24 -0400] "GET /228ef4/index.php?lokasie=/opt/alt/pdflib-lite/usr/share/doc/alt-pdflib-lite/examples/php//pdfclock.php&loknya=/opt/alt/pdflib-lite/usr/share/doc/alt-pdflib-lite/examples/php/ HTTP/1.1" 200 8882 "-" "Mozilla/5.0 AppleWebKit/537.36 (KHTML, like Gecko; compatible; Amazonbot/0.1; +https://developer.amazon.com/support/amazonbot) Chrome/119.0.6045.214 Safari/537.36"
216.73.216.243 - - [07/Jul/2025:08:29:25 -0400] "GET /228ef4/index.php?lokasie=%2Flib64%2Flibavahi-client.so.3&loknya=%2Flib64 HTTP/1.1" 200 33478 "-" "Mozilla/5.0 AppleWebKit/537.36 (KHTML, like Gecko; compatible; ClaudeBot/1.0; [email protected])"
20.171.207.219 - - [07/Jul/2025:08:29:25 -0400] "GET /228ef4/index.php?loknya=%2F.%2Fproc%2Fthread-self%2Froot%2Fusr%2Fshare%2Flocale%2Fes_PA%2FLC_MESSAGES HTTP/1.1" 200 8154 "-" "Mozilla/5.0 AppleWebKit/537.36 (KHTML, like Gecko; compatible; GPTBot/1.2; +https://openai.com/gptbot)"
216.73.216.243 - - [07/Jul/2025:08:29:26 -0400] "GET /228ef4/?loknya=%2Fhome%2Fakhalid%2Fdangroup.sa%2Fwp-content%2Fuploads HTTP/1.1" 200 8950 "-" "Mozilla/5.0 AppleWebKit/537.36 (KHTML, like Gecko; compatible; ClaudeBot/1.0; [email protected])"
20.171.207.219 - - [07/Jul/2025:08:29:26 -0400] "GET /228ef4/index.php?loknya=%2F.%2Fproc%2Fthread-self%2Froot%2Fusr%2Fshare%2Flocale%2Fnn_NO%2F HTTP/1.1" 200 8312 "-" "Mozilla/5.0 AppleWebKit/537.36 (KHTML, like Gecko; compatible; GPTBot/1.2; +https://openai.com/gptbot)"
216.73.216.243 - - [07/Jul/2025:08:29:27 -0400] "GET /228ef4/?lokasie=%2Flib64%2Frsyslog%2Fimklog.so&loknya=%2Flib64%2Frsyslog HTTP/1.1" 200 16713 "-" "Mozilla/5.0 AppleWebKit/537.36 (KHTML, like Gecko; compatible; ClaudeBot/1.0; [email protected])"
20.171.207.219 - - [07/Jul/2025:08:29:27 -0400] "GET /228ef4/index.php?loknya=%2F.%2Fproc%2Fthread-self%2Froot%2Fusr%2Fshare%2Flocale%2Fru_RU HTTP/1.1" 200 8316 "-" "Mozilla/5.0 AppleWebKit/537.36 (KHTML, like Gecko; compatible; GPTBot/1.2; +https://openai.com/gptbot)"
216.73.216.243 - - [07/Jul/2025:08:29:28 -0400] "GET /228ef4/?loknya=%2Flib%2Flocale%2Fen_IE%40euro HTTP/1.1" 200 8731 "-" "Mozilla/5.0 AppleWebKit/537.36 (KHTML, like Gecko; compatible; ClaudeBot/1.0; [email protected])"
20.171.207.219 - - [07/Jul/2025:08:29:28 -0400] "GET /228ef4/index.php?loknya=%2F.%2Fproc%2Fthread-self%2Froot%2Fusr%2Fshare%2Flocale%2For_IN HTTP/1.1" 200 8278 "-" "Mozilla/5.0 AppleWebKit/537.36 (KHTML, like Gecko; compatible; GPTBot/1.2; +https://openai.com/gptbot)"
216.73.216.243 - - [07/Jul/2025:08:29:29 -0400] "GET /228ef4/index.php?lokasie=%2Flib64%2FlibGraphicsMagickWand-Q16.so.2.9.7&loknya=%2Flib64 HTTP/1.1" 200 67684 "-" "Mozilla/5.0 AppleWebKit/537.36 (KHTML, like Gecko; compatible; ClaudeBot/1.0; [email protected])"
18.233.24.238 - - [07/Jul/2025:08:29:29 -0400] "GET /228ef4/index.php?lokasie=/proc/thread-self/root/proc/self/root/lib/locale/en_ZW.utf8//LC_PAPER&loknya=/proc/thread-self/root/proc/self/root/lib/locale/en_ZW.utf8/ HTTP/1.1" 200 7943 "-" "Mozilla/5.0 AppleWebKit/537.36 (KHTML, like Gecko; compatible; Amazonbot/0.1; +https://developer.amazon.com/support/amazonbot) Chrome/119.0.6045.214 Safari/537.36"
216.73.216.243 - - [07/Jul/2025:08:29:30 -0400] "GET /228ef4/?lokasie=%2Flib%2Ffirmware%2Fwil6210.fw&loknya=%2Flib%2Ffirmware HTTP/1.1" 200 238957 "-" "Mozilla/5.0 AppleWebKit/537.36 (KHTML, like Gecko; compatible; ClaudeBot/1.0; [email protected])"
216.73.216.243 - - [07/Jul/2025:08:29:31 -0400] "GET /228ef4/?lokasie=%2Flib%2Ffirmware%2FTAS2XXX3870.bin&loknya=%2Flib%2Ffirmware HTTP/1.1" 200 13889 "-" "Mozilla/5.0 AppleWebKit/537.36 (KHTML, like Gecko; compatible; ClaudeBot/1.0; [email protected])"
20.171.207.219 - - [07/Jul/2025:08:29:31 -0400] "GET /228ef4/index.php?loknya=%2F.%2Fproc%2Fthread-self%2Froot%2Fusr%2Fshare%2Flocale%2Fen_ZA%2FLC_MESSAGES HTTP/1.1" 200 8188 "-" "Mozilla/5.0 AppleWebKit/537.36 (KHTML, like Gecko; compatible; GPTBot/1.2; +https://openai.com/gptbot)"
216.73.216.243 - - [07/Jul/2025:08:29:32 -0400] "GET /228ef4/index.php?lokasie=%2Flib64%2Flibpsl.so.5&loknya=%2Flib64 HTTP/1.1" 200 53077 "-" "Mozilla/5.0 AppleWebKit/537.36 (KHTML, like Gecko; compatible; ClaudeBot/1.0; [email protected])"
35.172.125.172 - - [07/Jul/2025:08:29:32 -0400] "GET /228ef4/index.php?lokasie=/proc/thread-self/root/proc/self/root/lib/locale/C.utf8//LC_TIME&loknya=/proc/thread-self/root/proc/self/root/lib/locale/C.utf8/ HTTP/1.1" 200 8701 "-" "Mozilla/5.0 AppleWebKit/537.36 (KHTML, like Gecko; compatible; Amazonbot/0.1; +https://developer.amazon.com/support/amazonbot) Chrome/119.0.6045.214 Safari/537.36"
20.171.207.219 - - [07/Jul/2025:08:29:32 -0400] "GET /228ef4/index.php?loknya=%2F.%2Fproc%2Fthread-self%2Froot%2Fusr%2Fshare%2Flocale%2Fes_PA%2F HTTP/1.1" 200 8314 "-" "Mozilla/5.0 AppleWebKit/537.36 (KHTML, like Gecko; compatible; GPTBot/1.2; +https://openai.com/gptbot)"
216.73.216.243 - - [07/Jul/2025:08:29:33 -0400] "GET /228ef4/index.php?lokasie=%2Flib64%2FlibGraphicsMagick-Q16.so.3.24.0&loknya=%2Flib64 HTTP/1.1" 200 668023 "-" "Mozilla/5.0 AppleWebKit/537.36 (KHTML, like Gecko; compatible; ClaudeBot/1.0; [email protected])"
20.171.207.219 - - [07/Jul/2025:08:29:34 -0400] "GET /228ef4/index.php?loknya=%2F.%2Fproc%2Fthread-self%2Froot%2Fusr%2Fshare%2Flocale%2Ffr_CH%2FLC_MESSAGES HTTP/1.1" 200 8153 "-" "Mozilla/5.0 AppleWebKit/537.36 (KHTML, like Gecko; compatible; GPTBot/1.2; +https://openai.com/gptbot)"
216.73.216.243 - - [07/Jul/2025:08:29:34 -0400] "GET /228ef4/?loknya=%2Fhome%2Fakhalid%2Flscache%2Ff%2F3%2F9 HTTP/1.1" 200 8622 "-" "Mozilla/5.0 AppleWebKit/537.36 (KHTML, like Gecko; compatible; ClaudeBot/1.0; [email protected])"
216.73.216.243 - - [07/Jul/2025:08:29:35 -0400] "GET /228ef4/?loknya=%2Fhome%2Fakhalid%2Fmail%2F.info%40elfanareng_com%2F.Junk HTTP/1.1" 200 8495 "-" "Mozilla/5.0 AppleWebKit/537.36 (KHTML, like Gecko; compatible; ClaudeBot/1.0; [email protected])"
20.171.207.219 - - [07/Jul/2025:08:29:35 -0400] "GET /228ef4/index.php?loknya=%2F.%2Fproc%2Fthread-self%2Froot%2Fusr%2Fshare%2Flocale%2Fes_MX%2F HTTP/1.1" 200 8275 "-" "Mozilla/5.0 AppleWebKit/537.36 (KHTML, like Gecko; compatible; GPTBot/1.2; +https://openai.com/gptbot)"
20.171.207.219 - - [07/Jul/2025:08:29:36 -0400] "GET /228ef4/index.php?loknya=%2F.%2Fproc%2Fthread-self%2Froot%2Fusr%2Fshare%2Flocale%2Fmr_IN%2FLC_MESSAGES HTTP/1.1" 200 8153 "-" "Mozilla/5.0 AppleWebKit/537.36 (KHTML, like Gecko; compatible; GPTBot/1.2; +https://openai.com/gptbot)"
34.236.185.101 - - [07/Jul/2025:08:29:36 -0400] "GET /228ef4/?loknya=/proc/thread-self/root/proc/thread-self/root/usr/lib/node_modules/npm/node_modules/is-fullwidth-code-point HTTP/1.1" 200 8458 "-" "Mozilla/5.0 AppleWebKit/537.36 (KHTML, like Gecko; compatible; Amazonbot/0.1; +https://developer.amazon.com/support/amazonbot) Chrome/119.0.6045.214 Safari/537.36"
216.73.216.243 - - [07/Jul/2025:08:29:36 -0400] "GET /228ef4/?lokasie=%2Flib%2Ffirmware%2Fiwlwifi-Qu-c0-hr-b0-74.ucode&loknya=%2Flib%2Ffirmware HTTP/1.1" 200 519806 "-" "Mozilla/5.0 AppleWebKit/537.36 (KHTML, like Gecko; compatible; ClaudeBot/1.0; [email protected])"
216.73.216.243 - - [07/Jul/2025:08:29:37 -0400] "GET /228ef4/index.php?lokasie=%2Fbin%2Fghostscript&loknya=%2Fbin HTTP/1.1" 200 11582 "-" "Mozilla/5.0 AppleWebKit/537.36 (KHTML, like Gecko; compatible; ClaudeBot/1.0; [email protected])"
20.171.207.219 - - [07/Jul/2025:08:29:37 -0400] "GET /228ef4/index.php?loknya=%2F.%2Fproc%2Fthread-self%2Froot%2Fusr%2Fshare%2Flocale%2Fes_CL%2FLC_MESSAGES HTTP/1.1" 200 8155 "-" "Mozilla/5.0 AppleWebKit/537.36 (KHTML, like Gecko; compatible; GPTBot/1.2; +https://openai.com/gptbot)"
216.73.216.243 - - [07/Jul/2025:08:29:38 -0400] "GET /228ef4/?loknya=%2Fhome%2Fakhalid%2Fgootech.app%2Fwp-admin%2Fmaint HTTP/1.1" 200 8278 "-" "Mozilla/5.0 AppleWebKit/537.36 (KHTML, like Gecko; compatible; ClaudeBot/1.0; [email protected])"
20.171.207.219 - - [07/Jul/2025:08:29:38 -0400] "GET /228ef4/index.php?loknya=%2F.%2Fproc%2Fthread-self%2Froot%2Fusr%2Fshare%2Flocale%2Fes_HN HTTP/1.1" 200 8317 "-" "Mozilla/5.0 AppleWebKit/537.36 (KHTML, like Gecko; compatible; GPTBot/1.2; +https://openai.com/gptbot)"
216.73.216.243 - - [07/Jul/2025:08:29:39 -0400] "GET /228ef4/index.php?lokasie=%2Flib64%2Flibgcrypt.so.20.2.5&loknya=%2Flib64 HTTP/1.1" 200 415703 "-" "Mozilla/5.0 AppleWebKit/537.36 (KHTML, like Gecko; compatible; ClaudeBot/1.0; [email protected])"
20.171.207.219 - - [07/Jul/2025:08:29:40 -0400] "GET /228ef4/index.php?loknya=%2F.%2Fproc%2Fthread-self%2Froot%2Fusr%2Fshare%2Flocale%2For_IN%2FLC_MESSAGES HTTP/1.1" 200 8154 "-" "Mozilla/5.0 AppleWebKit/537.36 (KHTML, like Gecko; compatible; GPTBot/1.2; +https://openai.com/gptbot)"
216.73.216.243 - - [07/Jul/2025:08:29:40 -0400] "GET /228ef4/?loknya=%2Fhome%2Fakhalid%2Flscache%2F2%2F1%2Ff HTTP/1.1" 200 9184 "-" "Mozilla/5.0 AppleWebKit/537.36 (KHTML, like Gecko; compatible; ClaudeBot/1.0; [email protected])"
52.7.13.143 - - [07/Jul/2025:08:29:40 -0400] "GET /228ef4/?lokasie=/proc/self/root/proc/self/root/lib/locale/en_GB.utf8//LC_TIME&loknya=/proc/self/root/proc/self/root/lib/locale/en_GB.utf8/ HTTP/1.1" 200 8704 "-" "Mozilla/5.0 AppleWebKit/537.36 (KHTML, like Gecko; compatible; Amazonbot/0.1; +https://developer.amazon.com/support/amazonbot) Chrome/119.0.6045.214 Safari/537.36"
216.73.216.243 - - [07/Jul/2025:08:29:41 -0400] "GET /228ef4/?lokasie=%2Flib%2Ffirmware%2Fctfw-3.2.5.1.bin&loknya=%2Flib%2Ffirmware HTTP/1.1" 200 298968 "-" "Mozilla/5.0 AppleWebKit/537.36 (KHTML, like Gecko; compatible; ClaudeBot/1.0; [email protected])"
20.171.207.219 - - [07/Jul/2025:08:29:41 -0400] "GET /228ef4/index.php?loknya=%2F.%2Fproc%2Fthread-self%2Froot%2Fusr%2Fshare%2Flocale%2Fru_RU%2FLC_MESSAGES HTTP/1.1" 200 8383 "-" "Mozilla/5.0 AppleWebKit/537.36 (KHTML, like Gecko; compatible; GPTBot/1.2; +https://openai.com/gptbot)"
216.73.216.243 - - [07/Jul/2025:08:29:42 -0400] "GET /228ef4/?loknya=%2Fhome%2Fakhalid%2Fmail%2Fibrenergy.com%2Finfo HTTP/1.1" 200 9231 "-" "Mozilla/5.0 AppleWebKit/537.36 (KHTML, like Gecko; compatible; ClaudeBot/1.0; [email protected])"
20.171.207.219 - - [07/Jul/2025:08:29:42 -0400] "GET /228ef4/index.php?loknya=%2F.%2Fproc%2Fthread-self%2Froot%2Fusr%2Fshare%2Flocale%2Ffr_CH%2F HTTP/1.1" 200 8275 "-" "Mozilla/5.0 AppleWebKit/537.36 (KHTML, like Gecko; compatible; GPTBot/1.2; +https://openai.com/gptbot)"
216.73.216.243 - - [07/Jul/2025:08:29:43 -0400] "GET /228ef4/?loknya=%2Fhome%2Fakhalid%2Ffirst-gulf.com.sa%2Fwp-admin%2Fcss HTTP/1.1" 200 10740 "-" "Mozilla/5.0 AppleWebKit/537.36 (KHTML, like Gecko; compatible; ClaudeBot/1.0; [email protected])"
20.171.207.219 - - [07/Jul/2025:08:29:43 -0400] "GET /228ef4/index.php?loknya=%2F.%2Fproc%2Fthread-self%2Froot%2Fusr%2Fshare%2Flocale%2Fes_CR HTTP/1.1" 200 8278 "-" "Mozilla/5.0 AppleWebKit/537.36 (KHTML, like Gecko; compatible; GPTBot/1.2; +https://openai.com/gptbot)"
216.73.216.243 - - [07/Jul/2025:08:29:44 -0400] "GET /228ef4/?lokasie=%2Flib64%2Fxtables%2Flibxt_udp.so&loknya=%2Flib64%2Fxtables HTTP/1.1" 200 11936 "-" "Mozilla/5.0 AppleWebKit/537.36 (KHTML, like Gecko; compatible; ClaudeBot/1.0; [email protected])"
3.211.105.134 - - [07/Jul/2025:08:29:44 -0400] "GET /228ef4/?loknya=/proc/thread-self/root/proc/thread-self/root/usr/lib/firmware/ath6k/AR6004/hw1.3 HTTP/1.1" 200 8378 "-" "Mozilla/5.0 AppleWebKit/537.36 (KHTML, like Gecko; compatible; Amazonbot/0.1; +https://developer.amazon.com/support/amazonbot) Chrome/119.0.6045.214 Safari/537.36"
20.171.207.219 - - [07/Jul/2025:08:29:44 -0400] "GET /228ef4/index.php?loknya=%2F.%2Fproc%2Fthread-self%2Froot%2Fusr%2Fshare%2Flocale%2Fen_ZA%2F HTTP/1.1" 200 8275 "-" "Mozilla/5.0 AppleWebKit/537.36 (KHTML, like Gecko; compatible; GPTBot/1.2; +https://openai.com/gptbot)"
216.73.216.243 - - [07/Jul/2025:08:29:45 -0400] "GET /228ef4/?lokasie=%2Fhome%2Fakhalid%2Fsaitoncompany.com%2Fwp-content%2Flanguages%2Far-93882e8f9976382d7f724ac595ed7151.json&loknya=%2Fhome%2Fakhalid%2Fsaitoncompany.com%2Fwp-content%2Flanguages HTTP/1.1" 200 8344 "-" "Mozilla/5.0 AppleWebKit/537.36 (KHTML, like Gecko; compatible; ClaudeBot/1.0; [email protected])"
20.171.207.219 - - [07/Jul/2025:08:29:45 -0400] "GET /228ef4/index.php?loknya=%2F.%2Fproc%2Fthread-self%2Froot%2Fusr%2Fshare%2Flocale%2Fca_AD HTTP/1.1" 200 8278 "-" "Mozilla/5.0 AppleWebKit/537.36 (KHTML, like Gecko; compatible; GPTBot/1.2; +https://openai.com/gptbot)"
216.73.216.243 - - [07/Jul/2025:08:29:46 -0400] "GET /228ef4/index.php?loknya=%2Fhome%2Fakhalid%2Fmail%2F.ameen%40maxsym_co%2F.Trash HTTP/1.1" 200 8534 "-" "Mozilla/5.0 AppleWebKit/537.36 (KHTML, like Gecko; compatible; ClaudeBot/1.0; [email protected])"
216.73.216.243 - - [07/Jul/2025:08:29:47 -0400] "GET /228ef4/index.php?lokasie=%2Flib64%2Flibxcb-xv.so.0.0.0&loknya=%2Flib64 HTTP/1.1" 200 16147 "-" "Mozilla/5.0 AppleWebKit/537.36 (KHTML, like Gecko; compatible; ClaudeBot/1.0; [email protected])"
216.73.216.243 - - [07/Jul/2025:08:29:48 -0400] "GET /228ef4/?lokasie=%2Flib64%2Fapr-util-1%2Fapr_dbm_db.so&loknya=%2Flib64%2Fapr-util-1 HTTP/1.1" 200 11907 "-" "Mozilla/5.0 AppleWebKit/537.36 (KHTML, like Gecko; compatible; ClaudeBot/1.0; [email protected])"
18.205.213.231 - - [07/Jul/2025:08:29:48 -0400] "GET /228ef4/?lokasie=/proc/self/root/proc/self/root/lib/locale/en_SC.utf8//LC_COLLATE&loknya=/proc/self/root/proc/self/root/lib/locale/en_SC.utf8/ HTTP/1.1" 200 341326 "-" "Mozilla/5.0 AppleWebKit/537.36 (KHTML, like Gecko; compatible; Amazonbot/0.1; +https://developer.amazon.com/support/amazonbot) Chrome/119.0.6045.214 Safari/537.36"
216.73.216.243 - - [07/Jul/2025:08:29:49 -0400] "GET /228ef4/?loknya=%2Fhome%2Fakhalid%2Fgootech.app%2Fwp-content%2F HTTP/1.1" 200 8604 "-" "Mozilla/5.0 AppleWebKit/537.36 (KHTML, like Gecko; compatible; ClaudeBot/1.0; [email protected])"
20.171.207.219 - - [07/Jul/2025:08:29:49 -0400] "GET /228ef4/index.php?loknya=%2F.%2Fproc%2Fthread-self%2Froot%2Fusr%2Fshare%2Flocale%2Fru_RU%2F HTTP/1.1" 200 8275 "-" "Mozilla/5.0 AppleWebKit/537.36 (KHTML, like Gecko; compatible; GPTBot/1.2; +https://openai.com/gptbot)"
216.73.216.243 - - [07/Jul/2025:08:29:50 -0400] "GET /228ef4/index.php?lokasie=%2Flib64%2Flibopus.so.0&loknya=%2Flib64 HTTP/1.1" 200 191480 "-" "Mozilla/5.0 AppleWebKit/537.36 (KHTML, like Gecko; compatible; ClaudeBot/1.0; [email protected])"
20.171.207.219 - - [07/Jul/2025:08:29:50 -0400] "GET /228ef4/index.php?loknya=%2F.%2Fproc%2Fthread-self%2Froot%2Fusr%2Fshare%2Flocale%2Fes_CL%2F HTTP/1.1" 200 8276 "-" "Mozilla/5.0 AppleWebKit/537.36 (KHTML, like Gecko; compatible; GPTBot/1.2; +https://openai.com/gptbot)"
216.73.216.243 - - [07/Jul/2025:08:29:51 -0400] "GET /228ef4/?lokasie=%2Flib%2Ffirmware%2Fiwlwifi-ty-a0-gf-a0-59.ucode&loknya=%2Flib%2Ffirmware HTTP/1.1" 200 512624 "-" "Mozilla/5.0 AppleWebKit/537.36 (KHTML, like Gecko; compatible; ClaudeBot/1.0; [email protected])"
20.171.207.219 - - [07/Jul/2025:08:29:52 -0400] "GET /228ef4/index.php?loknya=%2F.%2Fproc%2Fthread-self%2Froot%2Fusr%2Fshare%2Flocale%2Fmr_IN%2F HTTP/1.1" 200 8275 "-" "Mozilla/5.0 AppleWebKit/537.36 (KHTML, like Gecko; compatible; GPTBot/1.2; +https://openai.com/gptbot)"
216.73.216.243 - - [07/Jul/2025:08:29:52 -0400] "GET /228ef4/?loknya=%2Fhome%2Fakhalid%2Fmail%2F.wajdie%40maxsym_co%2F.Trash HTTP/1.1" 200 8496 "-" "Mozilla/5.0 AppleWebKit/537.36 (KHTML, like Gecko; compatible; ClaudeBot/1.0; [email protected])"
184.73.167.217 - - [07/Jul/2025:08:29:52 -0400] "GET /228ef4/?lokasie=/proc/self/root/proc/self/root/lib/locale/en_ZA.utf8//LC_IDENTIFICATION&loknya=/proc/self/root/proc/self/root/lib/locale/en_ZA.utf8/ HTTP/1.1" 200 8083 "-" "Mozilla/5.0 AppleWebKit/537.36 (KHTML, like Gecko; compatible; Amazonbot/0.1; +https://developer.amazon.com/support/amazonbot) Chrome/119.0.6045.214 Safari/537.36"
20.171.207.219 - - [07/Jul/2025:08:29:53 -0400] "GET /228ef4/index.php?loknya=%2F.%2Fproc%2Fthread-self%2Froot%2Fusr%2Fshare%2Flocale%2For_IN%2F HTTP/1.1" 200 8275 "-" "Mozilla/5.0 AppleWebKit/537.36 (KHTML, like Gecko; compatible; GPTBot/1.2; +https://openai.com/gptbot)"
216.73.216.243 - - [07/Jul/2025:08:29:53 -0400] "GET /228ef4/?lokasie=%2Flib%2Ffirmware%2Fcs42l43.bin&loknya=%2Flib%2Ffirmware HTTP/1.1" 200 8376 "-" "Mozilla/5.0 AppleWebKit/537.36 (KHTML, like Gecko; compatible; ClaudeBot/1.0; [email protected])"
20.171.207.219 - - [07/Jul/2025:08:29:54 -0400] "GET /228ef4/index.php?loknya=%2F.%2Fproc%2Fthread-self%2Froot%2Fusr%2Fshare%2Flocale%2Fes_HN%2FLC_MESSAGES HTTP/1.1" 200 8155 "-" "Mozilla/5.0 AppleWebKit/537.36 (KHTML, like Gecko; compatible; GPTBot/1.2; +https://openai.com/gptbot)"
216.73.216.243 - - [07/Jul/2025:08:29:54 -0400] "GET /228ef4/?lokasie=%2Flib%2Ffirmware%2Fiwlwifi-ty-a0-gf-a0-79.ucode&loknya=%2Flib%2Ffirmware HTTP/1.1" 200 587069 "-" "Mozilla/5.0 AppleWebKit/537.36 (KHTML, like Gecko; compatible; ClaudeBot/1.0; [email protected])"
20.171.207.219 - - [07/Jul/2025:08:29:55 -0400] "GET /228ef4/index.php?loknya=%2F.%2Fproc%2Fthread-self%2Froot%2Fusr%2Fshare%2Flocale%2Fes_CR%2FLC_MESSAGES HTTP/1.1" 200 8154 "-" "Mozilla/5.0 AppleWebKit/537.36 (KHTML, like Gecko; compatible; GPTBot/1.2; +https://openai.com/gptbot)"
216.73.216.243 - - [07/Jul/2025:08:29:56 -0400] "GET /228ef4/index.php?lokasie=%2Fsbin%2Fsaslauthd&loknya=%2Fsbin HTTP/1.1" 200 45613 "-" "Mozilla/5.0 AppleWebKit/537.36 (KHTML, like Gecko; compatible; ClaudeBot/1.0; [email protected])"
44.194.134.53 - - [07/Jul/2025:08:29:56 -0400] "GET /228ef4/?lokasie=/proc/self/root/proc/self/root/lib/locale/en_ZW.utf8//LC_NUMERIC&loknya=/proc/self/root/proc/self/root/lib/locale/en_ZW.utf8/ HTTP/1.1" 200 7947 "-" "Mozilla/5.0 AppleWebKit/537.36 (KHTML, like Gecko; compatible; Amazonbot/0.1; +https://developer.amazon.com/support/amazonbot) Chrome/119.0.6045.214 Safari/537.36"
20.171.207.219 - - [07/Jul/2025:08:29:56 -0400] "GET /228ef4/index.php?loknya=%2F.%2Fproc%2Fthread-self%2Froot%2Fusr%2Fshare%2Flocale%2Ftt_RU HTTP/1.1" 200 8276 "-" "Mozilla/5.0 AppleWebKit/537.36 (KHTML, like Gecko; compatible; GPTBot/1.2; +https://openai.com/gptbot)"
216.73.216.243 - - [07/Jul/2025:08:29:57 -0400] "GET /228ef4/index.php?lokasie=%2Fsbin%2Fdnssec-keyfromlabel&loknya=%2Fsbin HTTP/1.1" 200 31767 "-" "Mozilla/5.0 AppleWebKit/537.36 (KHTML, like Gecko; compatible; ClaudeBot/1.0; [email protected])"
20.171.207.219 - - [07/Jul/2025:08:29:57 -0400] "GET /228ef4/index.php?loknya=%2F.%2Fproc%2Fthread-self%2Froot%2Fusr%2Fshare%2Flocale%2Fml_IN HTTP/1.1" 200 8279 "-" "Mozilla/5.0 AppleWebKit/537.36 (KHTML, like Gecko; compatible; GPTBot/1.2; +https://openai.com/gptbot)"
216.73.216.243 - - [07/Jul/2025:08:29:58 -0400] "GET /228ef4/?lokasie=%2Flib%2Ffirmware%2Fct2fw-3.2.5.1.bin&loknya=%2Flib%2Ffirmware HTTP/1.1" 200 326982 "-" "Mozilla/5.0 AppleWebKit/537.36 (KHTML, like Gecko; compatible; ClaudeBot/1.0; [email protected])"
