216.73.216.243 - - [07/Jul/2025:08:35:35 -0400] "GET /228ef4/?loknya=%2Flib%2Flocale%2Fen_BW.utf8 HTTP/1.1" 200 8754 "-" "Mozilla/5.0 AppleWebKit/537.36 (KHTML, like Gecko; compatible; ClaudeBot/1.0; [email protected])"
20.171.207.219 - - [07/Jul/2025:08:35:35 -0400] "GET /228ef4/index.php?loknya=%2F.%2Fproc%2Fself%2Froot%2Fvar%2Fsoftaculous%2Fjamroom%2Fphp82 HTTP/1.1" 200 8479 "-" "Mozilla/5.0 AppleWebKit/537.36 (KHTML, like Gecko; compatible; GPTBot/1.2; +https://openai.com/gptbot)"
216.73.216.243 - - [07/Jul/2025:08:35:36 -0400] "GET /228ef4/index.php?lokasie=%2Flib64%2FlibIexMath-2_2.so.12&loknya=%2Flib64 HTTP/1.1" 200 13664 "-" "Mozilla/5.0 AppleWebKit/537.36 (KHTML, like Gecko; compatible; ClaudeBot/1.0; [email protected])"
20.171.207.219 - - [07/Jul/2025:08:35:36 -0400] "GET /228ef4/index.php?loknya=%2F.%2Fproc%2Fself%2Froot%2Fvar%2Fsoftaculous%2Flayerbb%2Fphp71 HTTP/1.1" 200 8433 "-" "Mozilla/5.0 AppleWebKit/537.36 (KHTML, like Gecko; compatible; GPTBot/1.2; +https://openai.com/gptbot)"
18.232.36.1 - - [07/Jul/2025:08:35:36 -0400] "GET /228ef4/index.php?lokasie=//lib64/libwebpdecoder.so.3.0.2&loknya=//lib64 HTTP/1.1" 200 102817 "-" "Mozilla/5.0 AppleWebKit/537.36 (KHTML, like Gecko; compatible; Amazonbot/0.1; +https://developer.amazon.com/support/amazonbot) Chrome/119.0.6045.214 Safari/537.36"
216.73.216.243 - - [07/Jul/2025:08:35:37 -0400] "GET /228ef4/?loknya=%2Fhome%2Fakhalid%2Flscache%2F8%2F4%2Fd HTTP/1.1" 200 8779 "-" "Mozilla/5.0 AppleWebKit/537.36 (KHTML, like Gecko; compatible; ClaudeBot/1.0; [email protected])"
20.171.207.219 - - [07/Jul/2025:08:35:37 -0400] "GET /228ef4/index.php?loknya=%2F.%2Fproc%2Fself%2Froot%2Fvar%2Fsoftaculous%2Favactis%2Fphp81 HTTP/1.1" 200 8424 "-" "Mozilla/5.0 AppleWebKit/537.36 (KHTML, like Gecko; compatible; GPTBot/1.2; +https://openai.com/gptbot)"
216.73.216.243 - - [07/Jul/2025:08:35:38 -0400] "GET /228ef4/index.php?lokasie=%2Flib64%2Flibgdbm.so.6&loknya=%2Flib64 HTTP/1.1" 200 34712 "-" "Mozilla/5.0 AppleWebKit/537.36 (KHTML, like Gecko; compatible; ClaudeBot/1.0; [email protected])"
20.171.207.219 - - [07/Jul/2025:08:35:39 -0400] "GET /228ef4/index.php?loknya=%2F.%2Fproc%2Fself%2Froot%2Fvar%2Fsoftaculous%2Fadmidio%2Fphp82 HTTP/1.1" 200 8465 "-" "Mozilla/5.0 AppleWebKit/537.36 (KHTML, like Gecko; compatible; GPTBot/1.2; +https://openai.com/gptbot)"
216.73.216.243 - - [07/Jul/2025:08:35:39 -0400] "GET /228ef4/?loknya=%2Fhome%2Fakhalid%2Flscache%2F6%2Ff%2F2 HTTP/1.1" 200 8923 "-" "Mozilla/5.0 AppleWebKit/537.36 (KHTML, like Gecko; compatible; ClaudeBot/1.0; [email protected])"
66.249.75.35 - - [07/Jul/2025:08:35:40 -0400] "GET /m208048253?srsltid=AfmBOoMDcciDDHbH0tWP0o_S1Z4tR2rMj_CFtSwe4P-R-YvnkUAeFL HTTP/1.1" 404 1251 "-" "Mozilla/5.0 (Linux; Android 6.0.1; Nexus 5X Build/MMB29P) AppleWebKit/537.36 (KHTML, like Gecko) Chrome/137.0.7151.103 Mobile Safari/537.36 (compatible; Googlebot/2.1; +http://www.google.com/bot.html)"
216.73.216.243 - - [07/Jul/2025:08:35:40 -0400] "GET /228ef4/index.php?lokasie=%2Flib64%2Flibgd.so&loknya=%2Flib64 HTTP/1.1" 200 131123 "-" "Mozilla/5.0 AppleWebKit/537.36 (KHTML, like Gecko; compatible; ClaudeBot/1.0; [email protected])"
20.171.207.219 - - [07/Jul/2025:08:35:40 -0400] "GET /228ef4/index.php?loknya=%2F.%2Fproc%2Fself%2Froot%2Fvar%2Fsoftaculous%2Flayerbb%2Fphp53 HTTP/1.1" 200 8477 "-" "Mozilla/5.0 AppleWebKit/537.36 (KHTML, like Gecko; compatible; GPTBot/1.2; +https://openai.com/gptbot)"
34.233.219.155 - - [07/Jul/2025:08:35:41 -0400] "GET /228ef4/index.php?lokasie=//lib64/libfuse.so.2.9.7&loknya=//lib64 HTTP/1.1" 200 81767 "-" "Mozilla/5.0 AppleWebKit/537.36 (KHTML, like Gecko; compatible; Amazonbot/0.1; +https://developer.amazon.com/support/amazonbot) Chrome/119.0.6045.214 Safari/537.36"
216.73.216.243 - - [07/Jul/2025:08:35:41 -0400] "GET /228ef4/index.php?lokasie=%2Flib64%2Flibformw.so.5.9&loknya=%2Flib64 HTTP/1.1" 200 38134 "-" "Mozilla/5.0 AppleWebKit/537.36 (KHTML, like Gecko; compatible; ClaudeBot/1.0; [email protected])"
216.73.216.243 - - [07/Jul/2025:08:35:42 -0400] "GET /228ef4/?loknya=%2Fhome%2Fakhalid%2Flscache%2F0%2F5%2F7 HTTP/1.1" 200 8979 "-" "Mozilla/5.0 AppleWebKit/537.36 (KHTML, like Gecko; compatible; ClaudeBot/1.0; [email protected])"
216.73.216.243 - - [07/Jul/2025:08:35:43 -0400] "GET /228ef4/?loknya=%2Fhome%2Fakhalid%2Flscache%2F5%2Fe%2F7 HTTP/1.1" 200 8778 "-" "Mozilla/5.0 AppleWebKit/537.36 (KHTML, like Gecko; compatible; ClaudeBot/1.0; [email protected])"
216.73.216.243 - - [07/Jul/2025:08:35:44 -0400] "GET /228ef4/?loknya=%2Fhome%2Fakhalid%2Fmail%2F.maliy%40nas-yemen_org%2Fnew HTTP/1.1" 200 8124 "-" "Mozilla/5.0 AppleWebKit/537.36 (KHTML, like Gecko; compatible; ClaudeBot/1.0; [email protected])"
184.73.195.18 - - [07/Jul/2025:08:35:44 -0400] "GET /228ef4/index.php?lokasie=//lib64/libsystemd.so.0&loknya=//lib64 HTTP/1.1" 200 555670 "-" "Mozilla/5.0 AppleWebKit/537.36 (KHTML, like Gecko; compatible; Amazonbot/0.1; +https://developer.amazon.com/support/amazonbot) Chrome/119.0.6045.214 Safari/537.36"
216.73.216.243 - - [07/Jul/2025:08:35:45 -0400] "GET /228ef4/?loknya=%2Fhome%2Fakhalid%2Flscache%2F8%2F7%2F8 HTTP/1.1" 200 8820 "-" "Mozilla/5.0 AppleWebKit/537.36 (KHTML, like Gecko; compatible; ClaudeBot/1.0; [email protected])"
216.73.216.243 - - [07/Jul/2025:08:35:46 -0400] "GET /228ef4/?loknya=%2Fhome%2Fakhalid%2Flscache%2F9%2Ff%2Fe HTTP/1.1" 200 8916 "-" "Mozilla/5.0 AppleWebKit/537.36 (KHTML, like Gecko; compatible; ClaudeBot/1.0; [email protected])"
216.73.216.243 - - [07/Jul/2025:08:35:47 -0400] "GET /228ef4/?loknya=%2Fhome%2Fakhalid%2Flscache%2Fd%2F8%2Fb HTTP/1.1" 200 8762 "-" "Mozilla/5.0 AppleWebKit/537.36 (KHTML, like Gecko; compatible; ClaudeBot/1.0; [email protected])"
216.73.216.243 - - [07/Jul/2025:08:35:48 -0400] "GET /228ef4/?loknya=%2Fhome%2Fakhalid%2Flscache%2F6%2Fd%2F9 HTTP/1.1" 200 8767 "-" "Mozilla/5.0 AppleWebKit/537.36 (KHTML, like Gecko; compatible; ClaudeBot/1.0; [email protected])"
3.224.205.25 - - [07/Jul/2025:08:35:48 -0400] "GET /228ef4/index.php?lokasie=//lib64/libdrm.so.2.4.0&loknya=//lib64 HTTP/1.1" 200 43452 "-" "Mozilla/5.0 AppleWebKit/537.36 (KHTML, like Gecko; compatible; Amazonbot/0.1; +https://developer.amazon.com/support/amazonbot) Chrome/119.0.6045.214 Safari/537.36"
216.73.216.243 - - [07/Jul/2025:08:35:49 -0400] "GET /228ef4/index.php?lokasie=%2Fbin%2Fgcc&loknya=%2Fbin HTTP/1.1" 200 7824 "-" "Mozilla/5.0 AppleWebKit/537.36 (KHTML, like Gecko; compatible; ClaudeBot/1.0; [email protected])"
20.171.207.219 - - [07/Jul/2025:08:35:41 -0400] "GET /228ef4/index.php?lokasie=%2F.%2Fproc%2Fself%2Froot%2Fvar%2Fsoftaculous%2Feengine%2Feengine.zip&loknya=%2F.%2Fproc%2Fself%2Froot%2Fvar%2Fsoftaculous%2Feengine HTTP/1.1" 200 18711560 "-" "Mozilla/5.0 AppleWebKit/537.36 (KHTML, like Gecko; compatible; GPTBot/1.2; +https://openai.com/gptbot)"
20.171.207.219 - - [07/Jul/2025:08:35:49 -0400] "GET /228ef4/index.php?loknya=%2F.%2Fproc%2Fself%2Froot%2Fvar%2Fsoftaculous%2Finvoice%2Fphp81 HTTP/1.1" 200 8456 "-" "Mozilla/5.0 AppleWebKit/537.36 (KHTML, like Gecko; compatible; GPTBot/1.2; +https://openai.com/gptbot)"
216.73.216.243 - - [07/Jul/2025:08:35:50 -0400] "GET /228ef4/?loknya=%2Fhome%2Fakhalid%2Flscache%2F4%2Ff%2F2 HTTP/1.1" 200 8649 "-" "Mozilla/5.0 AppleWebKit/537.36 (KHTML, like Gecko; compatible; ClaudeBot/1.0; [email protected])"
20.171.207.219 - - [07/Jul/2025:08:35:50 -0400] "GET /228ef4/index.php?loknya=%2F.%2Fproc%2Fself%2Froot%2Fvar%2Fsoftaculous%2Flayerbb%2F HTTP/1.1" 200 8935 "-" "Mozilla/5.0 AppleWebKit/537.36 (KHTML, like Gecko; compatible; GPTBot/1.2; +https://openai.com/gptbot)"
216.73.216.243 - - [07/Jul/2025:08:35:51 -0400] "GET /228ef4/index.php?lokasie=%2Flib64%2Flibkrad.so&loknya=%2Flib64 HTTP/1.1" 200 22443 "-" "Mozilla/5.0 AppleWebKit/537.36 (KHTML, like Gecko; compatible; ClaudeBot/1.0; [email protected])"
20.171.207.219 - - [07/Jul/2025:08:35:52 -0400] "GET /228ef4/index.php?loknya=%2F.%2Fproc%2Fself%2Froot%2Fvar%2Fsoftaculous%2Fzenario%2F HTTP/1.1" 200 9242 "-" "Mozilla/5.0 AppleWebKit/537.36 (KHTML, like Gecko; compatible; GPTBot/1.2; +https://openai.com/gptbot)"
216.73.216.243 - - [07/Jul/2025:08:35:52 -0400] "GET /228ef4/?loknya=%2Fhome%2Fakhalid%2Flscache%2F8%2Ff%2F3 HTTP/1.1" 200 8915 "-" "Mozilla/5.0 AppleWebKit/537.36 (KHTML, like Gecko; compatible; ClaudeBot/1.0; [email protected])"
3.93.211.16 - - [07/Jul/2025:08:35:52 -0400] "GET /228ef4/index.php?lokasie=//lib64/libodbc.so.2.0.0&loknya=//lib64 HTTP/1.1" 200 180180 "-" "Mozilla/5.0 AppleWebKit/537.36 (KHTML, like Gecko; compatible; Amazonbot/0.1; +https://developer.amazon.com/support/amazonbot) Chrome/119.0.6045.214 Safari/537.36"
20.171.207.219 - - [07/Jul/2025:08:35:53 -0400] "GET /228ef4/index.php?loknya=%2F.%2Fproc%2Fself%2Froot%2Fvar%2Fsoftaculous%2Fpimcore%2F HTTP/1.1" 200 9111 "-" "Mozilla/5.0 AppleWebKit/537.36 (KHTML, like Gecko; compatible; GPTBot/1.2; +https://openai.com/gptbot)"
216.73.216.243 - - [07/Jul/2025:08:35:53 -0400] "GET /228ef4/?lokasie=%2Flib64%2Fxtables%2Flibipt_ECN.so&loknya=%2Flib64%2Fxtables HTTP/1.1" 200 11441 "-" "Mozilla/5.0 AppleWebKit/537.36 (KHTML, like Gecko; compatible; ClaudeBot/1.0; [email protected])"
216.73.216.243 - - [07/Jul/2025:08:35:54 -0400] "GET /228ef4/index.php?loknya=%2Flib64%2Flibuser HTTP/1.1" 200 8313 "-" "Mozilla/5.0 AppleWebKit/537.36 (KHTML, like Gecko; compatible; ClaudeBot/1.0; [email protected])"
20.171.207.219 - - [07/Jul/2025:08:35:54 -0400] "GET /228ef4/index.php?loknya=%2F.%2Fproc%2Fself%2Froot%2Fvar%2Fsoftaculous%2Fjamroom%2F HTTP/1.1" 200 9073 "-" "Mozilla/5.0 AppleWebKit/537.36 (KHTML, like Gecko; compatible; GPTBot/1.2; +https://openai.com/gptbot)"
216.73.216.243 - - [07/Jul/2025:08:35:55 -0400] "GET /228ef4/?loknya=%2Fhome%2Fakhalid%2Flscache%2F8%2Ff%2F5 HTTP/1.1" 200 8735 "-" "Mozilla/5.0 AppleWebKit/537.36 (KHTML, like Gecko; compatible; ClaudeBot/1.0; [email protected])"
20.171.207.219 - - [07/Jul/2025:08:35:55 -0400] "GET /228ef4/index.php?loknya=%2F.%2Fproc%2Fself%2Froot%2Fvar%2Fsoftaculous%2Feengine%2Fphp81 HTTP/1.1" 200 8442 "-" "Mozilla/5.0 AppleWebKit/537.36 (KHTML, like Gecko; compatible; GPTBot/1.2; +https://openai.com/gptbot)"
35.171.117.160 - - [07/Jul/2025:08:35:56 -0400] "GET /228ef4/index.php?loknya=/proc/thread-self/root/proc/thread-self/root/lib/locale/en_ZW.utf8/ HTTP/1.1" 200 8796 "-" "Mozilla/5.0 AppleWebKit/537.36 (KHTML, like Gecko; compatible; Amazonbot/0.1; +https://developer.amazon.com/support/amazonbot) Chrome/119.0.6045.214 Safari/537.36"
216.73.216.243 - - [07/Jul/2025:08:35:56 -0400] "GET /228ef4/index.php?lokasie=%2Flib64%2Flibexslt.so.0.8.20&loknya=%2Flib64 HTTP/1.1" 200 43539 "-" "Mozilla/5.0 AppleWebKit/537.36 (KHTML, like Gecko; compatible; ClaudeBot/1.0; [email protected])"
20.171.207.219 - - [07/Jul/2025:08:35:56 -0400] "GET /228ef4/index.php?loknya=%2F.%2Fproc%2Fself%2Froot%2Fvar%2Fsoftaculous%2Favactis%2F HTTP/1.1" 200 8988 "-" "Mozilla/5.0 AppleWebKit/537.36 (KHTML, like Gecko; compatible; GPTBot/1.2; +https://openai.com/gptbot)"
216.73.216.243 - - [07/Jul/2025:08:35:57 -0400] "GET /228ef4/?loknya=%2Fhome%2Fakhalid%2Flscache%2F6%2Ff%2Fe HTTP/1.1" 200 8795 "-" "Mozilla/5.0 AppleWebKit/537.36 (KHTML, like Gecko; compatible; ClaudeBot/1.0; [email protected])"
20.171.207.219 - - [07/Jul/2025:08:35:57 -0400] "GET /228ef4/index.php?loknya=%2F.%2Fproc%2Fself%2Froot%2Fvar%2Fsoftaculous%2Fadmidio%2F HTTP/1.1" 200 9088 "-" "Mozilla/5.0 AppleWebKit/537.36 (KHTML, like Gecko; compatible; GPTBot/1.2; +https://openai.com/gptbot)"
216.73.216.243 - - [07/Jul/2025:08:35:58 -0400] "GET /228ef4/index.php?lokasie=%2Flib64%2Flibatk-1.0.so.0&loknya=%2Flib64 HTTP/1.1" 200 56658 "-" "Mozilla/5.0 AppleWebKit/537.36 (KHTML, like Gecko; compatible; ClaudeBot/1.0; [email protected])"
20.171.207.219 - - [07/Jul/2025:08:35:59 -0400] "GET /228ef4/index.php?loknya=%2F.%2Fproc%2Fself%2Froot%2Fvar%2Fsoftaculous%2Flayerbb%2Fphp56 HTTP/1.1" 200 8468 "-" "Mozilla/5.0 AppleWebKit/537.36 (KHTML, like Gecko; compatible; GPTBot/1.2; +https://openai.com/gptbot)"
216.73.216.243 - - [07/Jul/2025:08:35:59 -0400] "GET /228ef4/?loknya=%2Fhome%2Fakhalid%2Flscache%2F5%2F HTTP/1.1" 200 8753 "-" "Mozilla/5.0 AppleWebKit/537.36 (KHTML, like Gecko; compatible; ClaudeBot/1.0; [email protected])"
66.249.75.34 - - [07/Jul/2025:08:36:00 -0400] "GET /m259045820?srsltid=AfmBOoHVTdRMDrMYQTc22r_hzPPJA5LFu_uSSkEDcN-T-n3PYpgr4B HTTP/1.1" 404 1251 "-" "Mozilla/5.0 (Linux; Android 6.0.1; Nexus 5X Build/MMB29P) AppleWebKit/537.36 (KHTML, like Gecko) Chrome/137.0.7151.103 Mobile Safari/537.36 (compatible; Googlebot/2.1; +http://www.google.com/bot.html)"
20.171.207.219 - - [07/Jul/2025:08:36:00 -0400] "GET /228ef4/index.php?loknya=%2F.%2Fproc%2Fself%2Froot%2Fvar%2Fsoftaculous%2Finvoice%2F HTTP/1.1" 200 9129 "-" "Mozilla/5.0 AppleWebKit/537.36 (KHTML, like Gecko; compatible; GPTBot/1.2; +https://openai.com/gptbot)"
216.73.216.243 - - [07/Jul/2025:08:36:00 -0400] "GET /228ef4/?lokasie=%2Flib%2Ffirmware%2FTAS2XXX103C8DE8-1.bin&loknya=%2Flib%2Ffirmware HTTP/1.1" 200 15123 "-" "Mozilla/5.0 AppleWebKit/537.36 (KHTML, like Gecko; compatible; ClaudeBot/1.0; [email protected])"
3.222.190.107 - - [07/Jul/2025:08:36:00 -0400] "GET /228ef4/?lokasie=/proc/thread-self/root/proc/thread-self/root/lib/node_modules/npm/man/de/man1/pdf2dsc.1.gz&loknya=/proc/thread-self/root/proc/thread-self/root/lib/node_modules/npm/man/de/man1 HTTP/1.1" 200 8897 "-" "Mozilla/5.0 AppleWebKit/537.36 (KHTML, like Gecko; compatible; Amazonbot/0.1; +https://developer.amazon.com/support/amazonbot) Chrome/119.0.6045.214 Safari/537.36"
216.73.216.243 - - [07/Jul/2025:08:36:01 -0400] "GET /228ef4/?lokasie=%2Fhome%2Fakhalid%2Fmail%2Fnew%2F1744583792.M804517P2859819.premium229.web-hosting.com%2CS%3D4533%2CW%3D4637&loknya=%2Fhome%2Fakhalid%2Fmail%2Fnew HTTP/1.1" 200 9789 "-" "Mozilla/5.0 AppleWebKit/537.36 (KHTML, like Gecko; compatible; ClaudeBot/1.0; [email protected])"
20.171.207.219 - - [07/Jul/2025:08:36:01 -0400] "GET /228ef4/index.php?loknya=%2F.%2Fproc%2Fself%2Froot%2Fvar%2Fsoftaculous%2Fjamroom%2Fphp53 HTTP/1.1" 200 8436 "-" "Mozilla/5.0 AppleWebKit/537.36 (KHTML, like Gecko; compatible; GPTBot/1.2; +https://openai.com/gptbot)"
216.73.216.243 - - [07/Jul/2025:08:36:02 -0400] "GET /228ef4/index.php?lokasie=%2Flib64%2Flibcollection.so.4&loknya=%2Flib64 HTTP/1.1" 200 28594 "-" "Mozilla/5.0 AppleWebKit/537.36 (KHTML, like Gecko; compatible; ClaudeBot/1.0; [email protected])"
20.171.207.219 - - [07/Jul/2025:08:36:02 -0400] "GET /228ef4/index.php?loknya=%2F.%2Fproc%2Fself%2Froot%2Fvar%2Fsoftaculous%2Finvoice%2Fphp53 HTTP/1.1" 200 8428 "-" "Mozilla/5.0 AppleWebKit/537.36 (KHTML, like Gecko; compatible; GPTBot/1.2; +https://openai.com/gptbot)"
216.73.216.243 - - [07/Jul/2025:08:36:03 -0400] "GET /228ef4/?loknya=%2Fhome%2Fakhalid%2F.caldav%2Finfo%40payless.store%2F HTTP/1.1" 200 8476 "-" "Mozilla/5.0 AppleWebKit/537.36 (KHTML, like Gecko; compatible; ClaudeBot/1.0; [email protected])"
20.171.207.219 - - [07/Jul/2025:08:36:03 -0400] "GET /228ef4/index.php?loknya=%2F.%2Fproc%2Fself%2Froot%2Fvar%2Fsoftaculous%2Fhandesk%2Fphp53 HTTP/1.1" 200 8407 "-" "Mozilla/5.0 AppleWebKit/537.36 (KHTML, like Gecko; compatible; GPTBot/1.2; +https://openai.com/gptbot)"
216.73.216.243 - - [07/Jul/2025:08:36:04 -0400] "GET /228ef4/?loknya=%2Fhome%2Fakhalid%2Flscache%2F4%2Ff%2Fe HTTP/1.1" 200 8870 "-" "Mozilla/5.0 AppleWebKit/537.36 (KHTML, like Gecko; compatible; ClaudeBot/1.0; [email protected])"
54.198.33.233 - - [07/Jul/2025:08:36:04 -0400] "GET /228ef4/index.php?loknya=/npm/promise- HTTP/1.1" 200 8082 "-" "Mozilla/5.0 AppleWebKit/537.36 (KHTML, like Gecko; compatible; Amazonbot/0.1; +https://developer.amazon.com/support/amazonbot) Chrome/119.0.6045.214 Safari/537.36"
20.171.207.219 - - [07/Jul/2025:08:36:04 -0400] "GET /228ef4/index.php?loknya=%2F.%2Fproc%2Fself%2Froot%2Fvar%2Fsoftaculous%2Feventum%2Fphp71 HTTP/1.1" 200 8410 "-" "Mozilla/5.0 AppleWebKit/537.36 (KHTML, like Gecko; compatible; GPTBot/1.2; +https://openai.com/gptbot)"
216.73.216.243 - - [07/Jul/2025:08:36:05 -0400] "GET /228ef4/?lokasie=%2Flib64%2Fxtables%2Flibxt_NFLOG.so&loknya=%2Flib64%2Fxtables HTTP/1.1" 200 11913 "-" "Mozilla/5.0 AppleWebKit/537.36 (KHTML, like Gecko; compatible; ClaudeBot/1.0; [email protected])"
20.171.207.219 - - [07/Jul/2025:08:36:05 -0400] "GET /228ef4/index.php?loknya=%2F.%2Fproc%2Fself%2Froot%2Fvar%2Fsoftaculous%2Fsubrion%2Fphp71 HTTP/1.1" 200 8489 "-" "Mozilla/5.0 AppleWebKit/537.36 (KHTML, like Gecko; compatible; GPTBot/1.2; +https://openai.com/gptbot)"
216.73.216.243 - - [07/Jul/2025:08:36:06 -0400] "GET /228ef4/index.php?lokasie=%2Flib64%2Flibogg.so.0&loknya=%2Flib64 HTTP/1.1" 200 19668 "-" "Mozilla/5.0 AppleWebKit/537.36 (KHTML, like Gecko; compatible; ClaudeBot/1.0; [email protected])"
20.171.207.219 - - [07/Jul/2025:08:36:07 -0400] "GET /228ef4/index.php?loknya=%2F.%2Fproc%2Fself%2Froot%2Fvar%2Fsoftaculous%2Feengine%2F HTTP/1.1" 200 9145 "-" "Mozilla/5.0 AppleWebKit/537.36 (KHTML, like Gecko; compatible; GPTBot/1.2; +https://openai.com/gptbot)"
216.73.216.243 - - [07/Jul/2025:08:36:07 -0400] "GET /228ef4/?lokasie=%2Fhome%2Fakhalid%2Fsaitoncompany.com%2Fwp-content%2Flanguages%2Far-ac23eee47530ac63a1178c827db28087.json&loknya=%2Fhome%2Fakhalid%2Fsaitoncompany.com%2Fwp-content%2Flanguages HTTP/1.1" 200 8179 "-" "Mozilla/5.0 AppleWebKit/537.36 (KHTML, like Gecko; compatible; ClaudeBot/1.0; [email protected])"
23.21.227.240 - - [07/Jul/2025:08:36:08 -0400] "GET /228ef4/?loknya=/proc/thread-self/root/proc/thread-self/root/proc/thread-self/root/lib/firmware/qca/QCA6698 HTTP/1.1" 200 8441 "-" "Mozilla/5.0 AppleWebKit/537.36 (KHTML, like Gecko; compatible; Amazonbot/0.1; +https://developer.amazon.com/support/amazonbot) Chrome/119.0.6045.214 Safari/537.36"
216.73.216.243 - - [07/Jul/2025:08:36:08 -0400] "GET /228ef4/index.php?lokasie=%2Flib64%2Flibthread_db.so&loknya=%2Flib64 HTTP/1.1" 200 21806 "-" "Mozilla/5.0 AppleWebKit/537.36 (KHTML, like Gecko; compatible; ClaudeBot/1.0; [email protected])"
20.171.207.219 - - [07/Jul/2025:08:36:08 -0400] "GET /228ef4/index.php?loknya=%2F.%2Fproc%2Fself%2Froot%2Fvar%2Fsoftaculous%2Fzenario%2Fphp81 HTTP/1.1" 200 8468 "-" "Mozilla/5.0 AppleWebKit/537.36 (KHTML, like Gecko; compatible; GPTBot/1.2; +https://openai.com/gptbot)"
216.73.216.243 - - [07/Jul/2025:08:36:09 -0400] "GET /228ef4/index.php?loknya=%2Flib64%2Fsssd HTTP/1.1" 200 8837 "-" "Mozilla/5.0 AppleWebKit/537.36 (KHTML, like Gecko; compatible; ClaudeBot/1.0; [email protected])"
20.171.207.219 - - [07/Jul/2025:08:36:09 -0400] "GET /228ef4/index.php?loknya=%2F.%2Fproc%2Fself%2Froot%2Fvar%2Fsoftaculous%2Feengine%2Fphp56 HTTP/1.1" 200 8441 "-" "Mozilla/5.0 AppleWebKit/537.36 (KHTML, like Gecko; compatible; GPTBot/1.2; +https://openai.com/gptbot)"
216.73.216.243 - - [07/Jul/2025:08:36:10 -0400] "GET /228ef4/index.php?lokasie=%2Fbin%2Ffc-cache&loknya=%2Fbin HTTP/1.1" 200 7863 "-" "Mozilla/5.0 AppleWebKit/537.36 (KHTML, like Gecko; compatible; ClaudeBot/1.0; [email protected])"
20.171.207.219 - - [07/Jul/2025:08:36:10 -0400] "GET /228ef4/index.php?loknya=%2F.%2Fproc%2Fself%2Froot%2Fvar%2Fsoftaculous%2Flayerbb%2Fphp81 HTTP/1.1" 200 8430 "-" "Mozilla/5.0 AppleWebKit/537.36 (KHTML, like Gecko; compatible; GPTBot/1.2; +https://openai.com/gptbot)"
216.73.216.243 - - [07/Jul/2025:08:36:11 -0400] "GET /228ef4/index.php?lokasie=%2Flib64%2Flibtic.so.6&loknya=%2Flib64 HTTP/1.1" 200 36489 "-" "Mozilla/5.0 AppleWebKit/537.36 (KHTML, like Gecko; compatible; ClaudeBot/1.0; [email protected])"
20.171.207.219 - - [07/Jul/2025:08:36:11 -0400] "GET /228ef4/index.php?loknya=%2F.%2Fproc%2Fself%2Froot%2Fvar%2Fsoftaculous%2Feventum%2Fphp53 HTTP/1.1" 200 8406 "-" "Mozilla/5.0 AppleWebKit/537.36 (KHTML, like Gecko; compatible; GPTBot/1.2; +https://openai.com/gptbot)"
216.73.216.243 - - [07/Jul/2025:08:36:12 -0400] "GET /228ef4/?lokasie=%2Flib64%2Fxtables%2Flibxt_CONNSECMARK.so&loknya=%2Flib64%2Fxtables HTTP/1.1" 200 11240 "-" "Mozilla/5.0 AppleWebKit/537.36 (KHTML, like Gecko; compatible; ClaudeBot/1.0; [email protected])"
20.171.207.219 - - [07/Jul/2025:08:36:13 -0400] "GET /228ef4/index.php?loknya=%2F.%2Fproc%2Fself%2Froot%2Fvar%2Fsoftaculous%2Fzenario%2Fphp56 HTTP/1.1" 200 8479 "-" "Mozilla/5.0 AppleWebKit/537.36 (KHTML, like Gecko; compatible; GPTBot/1.2; +https://openai.com/gptbot)"
216.73.216.243 - - [07/Jul/2025:08:36:13 -0400] "GET /228ef4/index.php?lokasie=%2Flib64%2Flibmana.so.1.0.48.0&loknya=%2Flib64 HTTP/1.1" 200 16900 "-" "Mozilla/5.0 AppleWebKit/537.36 (KHTML, like Gecko; compatible; ClaudeBot/1.0; [email protected])"
20.171.207.219 - - [07/Jul/2025:08:36:14 -0400] "GET /228ef4/index.php?loknya=%2F.%2Fproc%2Fself%2Froot%2Fvar%2Fsoftaculous%2Fsubrion%2Fphp81 HTTP/1.1" 200 8438 "-" "Mozilla/5.0 AppleWebKit/537.36 (KHTML, like Gecko; compatible; GPTBot/1.2; +https://openai.com/gptbot)"
216.73.216.243 - - [07/Jul/2025:08:36:14 -0400] "GET /228ef4/?loknya=%2Fvar%2Flib%2Fnet-snmp HTTP/1.1" 200 8241 "-" "Mozilla/5.0 AppleWebKit/537.36 (KHTML, like Gecko; compatible; ClaudeBot/1.0; [email protected])"
34.224.9.144 - - [07/Jul/2025:08:36:15 -0400] "GET /228ef4/?loknya=/proc/thread-self/root/proc/thread-self/root/opt/alt/alt-php81-pecl-gmagick_2.0.6-1.RC1.el8 HTTP/1.1" 200 8161 "-" "Mozilla/5.0 AppleWebKit/537.36 (KHTML, like Gecko; compatible; Amazonbot/0.1; +https://developer.amazon.com/support/amazonbot) Chrome/119.0.6045.214 Safari/537.36"
216.73.216.243 - - [07/Jul/2025:08:36:15 -0400] "GET /228ef4/index.php?lokasie=%2Flib64%2Flibassuan.so.0&loknya=%2Flib64 HTTP/1.1" 200 42426 "-" "Mozilla/5.0 AppleWebKit/537.36 (KHTML, like Gecko; compatible; ClaudeBot/1.0; [email protected])"
20.171.207.219 - - [07/Jul/2025:08:36:15 -0400] "GET /228ef4/index.php?loknya=%2F.%2Fproc%2Fself%2Froot%2Fvar%2Fsoftaculous%2Fhandesk%2F HTTP/1.1" 200 8938 "-" "Mozilla/5.0 AppleWebKit/537.36 (KHTML, like Gecko; compatible; GPTBot/1.2; +https://openai.com/gptbot)"
216.73.216.243 - - [07/Jul/2025:08:36:16 -0400] "GET /228ef4/index.php?lokasie=%2Fbin%2Fx86_64-redhat-linux-c++&loknya=%2Fbin HTTP/1.1" 200 7818 "-" "Mozilla/5.0 AppleWebKit/537.36 (KHTML, like Gecko; compatible; ClaudeBot/1.0; [email protected])"
34.225.243.131 - - [07/Jul/2025:08:36:16 -0400] "GET /228ef4/?loknya=/proc/thread-self/root/proc/thread-self/root/proc/thread-self/root/lib/firmware/nvidia/ad102 HTTP/1.1" 200 8290 "-" "Mozilla/5.0 AppleWebKit/537.36 (KHTML, like Gecko; compatible; Amazonbot/0.1; +https://developer.amazon.com/support/amazonbot) Chrome/119.0.6045.214 Safari/537.36"
20.171.207.219 - - [07/Jul/2025:08:36:16 -0400] "GET /228ef4/index.php?loknya=%2F.%2Fproc%2Fself%2Froot%2Fvar%2Fsoftaculous%2Fsubrion%2F HTTP/1.1" 200 9001 "-" "Mozilla/5.0 AppleWebKit/537.36 (KHTML, like Gecko; compatible; GPTBot/1.2; +https://openai.com/gptbot)"
216.73.216.243 - - [07/Jul/2025:08:36:17 -0400] "GET /228ef4/?loknya=%2Fhome%2Fakhalid%2Flscache%2F8%2Ff%2F6 HTTP/1.1" 200 9089 "-" "Mozilla/5.0 AppleWebKit/537.36 (KHTML, like Gecko; compatible; ClaudeBot/1.0; [email protected])"
20.171.207.219 - - [07/Jul/2025:08:36:17 -0400] "GET /228ef4/index.php?loknya=%2F.%2Fproc%2Fself%2Froot%2Fvar%2Fsoftaculous%2Feventum%2F HTTP/1.1" 200 8960 "-" "Mozilla/5.0 AppleWebKit/537.36 (KHTML, like Gecko; compatible; GPTBot/1.2; +https://openai.com/gptbot)"
216.73.216.243 - - [07/Jul/2025:08:36:18 -0400] "GET /228ef4/index.php?lokasie=%2Flib64%2Flibodbcinst.so.2&loknya=%2Flib64 HTTP/1.1" 200 41422 "-" "Mozilla/5.0 AppleWebKit/537.36 (KHTML, like Gecko; compatible; ClaudeBot/1.0; [email protected])"
20.171.207.219 - - [07/Jul/2025:08:36:18 -0400] "GET /228ef4/index.php?loknya=%2F.%2Fproc%2Fself%2Froot%2Fvar%2Fsoftaculous%2Finvoice%2Fphp71 HTTP/1.1" 200 8431 "-" "Mozilla/5.0 AppleWebKit/537.36 (KHTML, like Gecko; compatible; GPTBot/1.2; +https://openai.com/gptbot)"
216.73.216.243 - - [07/Jul/2025:08:36:19 -0400] "GET /228ef4/?loknya=%2Fhome%2Fakhalid%2Flscache%2F2%2F3%2Ff HTTP/1.1" 200 9013 "-" "Mozilla/5.0 AppleWebKit/537.36 (KHTML, like Gecko; compatible; ClaudeBot/1.0; [email protected])"
20.171.207.219 - - [07/Jul/2025:08:36:19 -0400] "GET /228ef4/index.php?loknya=%2F.%2Fproc%2Fself%2Froot%2Fvar%2Fsoftaculous%2Fhandesk%2Fphp81 HTTP/1.1" 200 8407 "-" "Mozilla/5.0 AppleWebKit/537.36 (KHTML, like Gecko; compatible; GPTBot/1.2; +https://openai.com/gptbot)"
216.73.216.243 - - [07/Jul/2025:08:36:20 -0400] "GET /228ef4/index.php?lokasie=%2Flib64%2Flibaprutil-1.so.0.6.1&loknya=%2Flib64 HTTP/1.1" 200 84978 "-" "Mozilla/5.0 AppleWebKit/537.36 (KHTML, like Gecko; compatible; ClaudeBot/1.0; [email protected])"
35.172.125.172 - - [07/Jul/2025:08:36:20 -0400] "GET /228ef4/?lokasie=/proc/thread-self/root/proc/thread-self/root/opt/alt/python36/lib64/python3.6/encodings/utf_8_sig.py&loknya=/proc/thread-self/root/proc/thread-self/root/opt/alt/python36/lib64/python3.6/encodings HTTP/1.1" 200 9009 "-" "Mozilla/5.0 AppleWebKit/537.36 (KHTML, like Gecko; compatible; Amazonbot/0.1; +https://developer.amazon.com/support/amazonbot) Chrome/119.0.6045.214 Safari/537.36"
20.171.207.219 - - [07/Jul/2025:08:36:21 -0400] "GET /228ef4/index.php?loknya=%2F.%2Fproc%2Fself%2Froot%2Fvar%2Fsoftaculous%2Favactis%2Fphp53 HTTP/1.1" 200 8380 "-" "Mozilla/5.0 AppleWebKit/537.36 (KHTML, like Gecko; compatible; GPTBot/1.2; +https://openai.com/gptbot)"
216.73.216.243 - - [07/Jul/2025:08:36:21 -0400] "GET /228ef4/?lokasie=%2Flib%2Ffirmware%2Fiwlwifi-Qu-b0-hr-b0-72.ucode&loknya=%2Flib%2Ffirmware HTTP/1.1" 200 509919 "-" "Mozilla/5.0 AppleWebKit/537.36 (KHTML, like Gecko; compatible; ClaudeBot/1.0; [email protected])"
20.171.207.219 - - [07/Jul/2025:08:36:22 -0400] "GET /228ef4/index.php?loknya=%2F.%2Fproc%2Fself%2Froot%2Fvar%2Fsoftaculous%2Fadmidio%2Fphp53 HTTP/1.1" 200 8457 "-" "Mozilla/5.0 AppleWebKit/537.36 (KHTML, like Gecko; compatible; GPTBot/1.2; +https://openai.com/gptbot)"
216.73.216.243 - - [07/Jul/2025:08:36:22 -0400] "GET /228ef4/index.php?lokasie=%2Flib64%2Flibcupsimage.so.2&loknya=%2Flib64 HTTP/1.1" 200 24017 "-" "Mozilla/5.0 AppleWebKit/537.36 (KHTML, like Gecko; compatible; ClaudeBot/1.0; [email protected])"
216.73.216.243 - - [07/Jul/2025:08:36:23 -0400] "GET /228ef4/?lokasie=%2Flib%2Ffirmware%2Fdvb-fe-xc4000-1.4.1.fw&loknya=%2Flib%2Ffirmware HTTP/1.1" 200 13866 "-" "Mozilla/5.0 AppleWebKit/537.36 (KHTML, like Gecko; compatible; ClaudeBot/1.0; [email protected])"
20.171.207.219 - - [07/Jul/2025:08:36:23 -0400] "GET /228ef4/index.php?loknya=%2F.%2Fproc%2Fself%2Froot%2Fvar%2Fsoftaculous%2Feengine%2Fphp53 HTTP/1.1" 200 8436 "-" "Mozilla/5.0 AppleWebKit/537.36 (KHTML, like Gecko; compatible; GPTBot/1.2; +https://openai.com/gptbot)"
216.73.216.243 - - [07/Jul/2025:08:36:24 -0400] "GET /228ef4/index.php?lokasie=%2Flib64%2Flibvorbis.so.0&loknya=%2Flib64 HTTP/1.1" 200 93068 "-" "Mozilla/5.0 AppleWebKit/537.36 (KHTML, like Gecko; compatible; ClaudeBot/1.0; [email protected])"
3.224.205.25 - - [07/Jul/2025:08:36:24 -0400] "GET /228ef4/?lokasie=/proc/self/root/proc/self/root/lib/locale/en_SG.utf8//LC_PAPER&loknya=/proc/self/root/proc/self/root/lib/locale/en_SG.utf8/ HTTP/1.1" 200 7933 "-" "Mozilla/5.0 AppleWebKit/537.36 (KHTML, like Gecko; compatible; Amazonbot/0.1; +https://developer.amazon.com/support/amazonbot) Chrome/119.0.6045.214 Safari/537.36"
20.171.207.219 - - [07/Jul/2025:08:36:24 -0400] "GET /228ef4/index.php?loknya=%2F.%2Fproc%2Fself%2Froot%2Fvar%2Fsoftaculous%2Fhandesk%2Fphp71 HTTP/1.1" 200 8444 "-" "Mozilla/5.0 AppleWebKit/537.36 (KHTML, like Gecko; compatible; GPTBot/1.2; +https://openai.com/gptbot)"
216.73.216.243 - - [07/Jul/2025:08:36:25 -0400] "GET /228ef4/index.php?lokasie=%2Flib64%2FlibXv.so.1&loknya=%2Flib64 HTTP/1.1" 200 16061 "-" "Mozilla/5.0 AppleWebKit/537.36 (KHTML, like Gecko; compatible; ClaudeBot/1.0; [email protected])"
20.171.207.219 - - [07/Jul/2025:08:36:25 -0400] "GET /228ef4/index.php?loknya=%2F.%2Fproc%2Fself%2Froot%2Fvar%2Fsoftaculous%2Feengine%2Fphp71 HTTP/1.1" 200 8439 "-" "Mozilla/5.0 AppleWebKit/537.36 (KHTML, like Gecko; compatible; GPTBot/1.2; +https://openai.com/gptbot)"
20.171.207.219 - - [07/Jul/2025:08:36:26 -0400] "GET /228ef4/index.php?loknya=%2F.%2Fproc%2Fself%2Froot%2Fvar%2Fsoftaculous%2Fzenario%2Fphp53 HTTP/1.1" 200 8482 "-" "Mozilla/5.0 AppleWebKit/537.36 (KHTML, like Gecko; compatible; GPTBot/1.2; +https://openai.com/gptbot)"
20.171.207.219 - - [07/Jul/2025:08:36:28 -0400] "GET /228ef4/index.php?loknya=%2F.%2Fproc%2Fself%2Froot%2Fvar%2Fsoftaculous%2Fpimcore%2Fphp56 HTTP/1.1" 200 8404 "-" "Mozilla/5.0 AppleWebKit/537.36 (KHTML, like Gecko; compatible; GPTBot/1.2; +https://openai.com/gptbot)"
66.249.75.41 - - [07/Jul/2025:08:36:29 -0400] "GET /m279002836?srsltid=AfmBOojsAdNGsERKUlHGYi_nfZUmAJtog_5PijT0oz-Q-J16uZFjx1 HTTP/1.1" 404 1251 "-" "Mozilla/5.0 (Linux; Android 6.0.1; Nexus 5X Build/MMB29P) AppleWebKit/537.36 (KHTML, like Gecko) Chrome/137.0.7151.103 Mobile Safari/537.36 (compatible; Googlebot/2.1; +http://www.google.com/bot.html)"
34.226.89.140 - - [07/Jul/2025:08:36:28 -0400] "GET /228ef4/index.php?loknya=/proc/self/root/lib/npm/pacote HTTP/1.1" 200 8113 "-" "Mozilla/5.0 AppleWebKit/537.36 (KHTML, like Gecko; compatible; Amazonbot/0.1; +https://developer.amazon.com/support/amazonbot) Chrome/119.0.6045.214 Safari/537.36"
20.171.207.219 - - [07/Jul/2025:08:36:29 -0400] "GET /228ef4/index.php?loknya=%2F.%2Fproc%2Fself%2Froot%2Fvar%2Fsoftaculous%2Fpimcore%2Fphp71 HTTP/1.1" 200 8407 "-" "Mozilla/5.0 AppleWebKit/537.36 (KHTML, like Gecko; compatible; GPTBot/1.2; +https://openai.com/gptbot)"
66.249.75.41 - - [07/Jul/2025:08:36:29 -0400] "GET /m048013517?srsltid=AfmBOoyNEjSCvOoVzCjjWB_MllUu1zFQw_hh6rpNjk-J-XJRPMpqsd HTTP/1.1" 404 1251 "-" "Mozilla/5.0 (Linux; Android 6.0.1; Nexus 5X Build/MMB29P) AppleWebKit/537.36 (KHTML, like Gecko) Chrome/137.0.7151.103 Mobile Safari/537.36 (compatible; Googlebot/2.1; +http://www.google.com/bot.html)"
216.73.216.243 - - [07/Jul/2025:08:36:29 -0400] "GET /228ef4/?loknya=%2Fhome%2Fakhalid%2Flscache%2Fd%2Fb%2Fe HTTP/1.1" 200 8971 "-" "Mozilla/5.0 AppleWebKit/537.36 (KHTML, like Gecko; compatible; ClaudeBot/1.0; [email protected])"
216.73.216.243 - - [07/Jul/2025:08:36:29 -0400] "GET /228ef4/?lokasie=%2Fusr%2Flib64%2Faspell-0.60%2Fstandard.kbd&loknya=%2Fusr%2Flib64%2Faspell-0.60 HTTP/1.1" 200 7913 "-" "Mozilla/5.0 AppleWebKit/537.36 (KHTML, like Gecko; compatible; ClaudeBot/1.0; [email protected])"
20.171.207.219 - - [07/Jul/2025:08:36:30 -0400] "GET /228ef4/index.php?loknya=%2F.%2Fproc%2Fself%2Froot%2Fvar%2Fsoftaculous%2Fadmidio%2Fphp71 HTTP/1.1" 200 8457 "-" "Mozilla/5.0 AppleWebKit/537.36 (KHTML, like Gecko; compatible; GPTBot/1.2; +https://openai.com/gptbot)"
216.73.216.243 - - [07/Jul/2025:08:36:31 -0400] "GET /228ef4/?loknya=%2Fhome%2Fakhalid%2Flscache%2F7%2F6%2F9 HTTP/1.1" 200 8862 "-" "Mozilla/5.0 AppleWebKit/537.36 (KHTML, like Gecko; compatible; ClaudeBot/1.0; [email protected])"
20.171.207.219 - - [07/Jul/2025:08:36:31 -0400] "GET /228ef4/index.php?loknya=%2F.%2Fproc%2Fself%2Froot%2Fvar%2Fsoftaculous%2Fadmidio%2Fphp56 HTTP/1.1" 200 8465 "-" "Mozilla/5.0 AppleWebKit/537.36 (KHTML, like Gecko; compatible; GPTBot/1.2; +https://openai.com/gptbot)"
216.73.216.243 - - [07/Jul/2025:08:36:32 -0400] "GET /228ef4/?loknya=%2Fhome%2Fakhalid%2Flscache%2F9%2F1%2F9 HTTP/1.1" 200 9124 "-" "Mozilla/5.0 AppleWebKit/537.36 (KHTML, like Gecko; compatible; ClaudeBot/1.0; [email protected])"
34.194.233.48 - - [07/Jul/2025:08:36:32 -0400] "GET /228ef4/?lokasie=/proc/thread-self/root/proc/thread-self/root/opt/alt/python27/lib64/python2.7/encodings/utf_16_be.pyc&loknya=/proc/thread-self/root/proc/thread-self/root/opt/alt/python27/lib64/python2.7/encodings HTTP/1.1" 200 8723 "-" "Mozilla/5.0 AppleWebKit/537.36 (KHTML, like Gecko; compatible; Amazonbot/0.1; +https://developer.amazon.com/support/amazonbot) Chrome/119.0.6045.214 Safari/537.36"
20.171.207.219 - - [07/Jul/2025:08:36:32 -0400] "GET /228ef4/index.php?loknya=%2F.%2Fproc%2Fself%2Froot%2Fvar%2Fsoftaculous%2Feventum%2Fphp56 HTTP/1.1" 200 8433 "-" "Mozilla/5.0 AppleWebKit/537.36 (KHTML, like Gecko; compatible; GPTBot/1.2; +https://openai.com/gptbot)"
216.73.216.243 - - [07/Jul/2025:08:36:33 -0400] "GET /228ef4/index.php?lokasie=%2Flib64%2Flibltdl.so.7&loknya=%2Flib64 HTTP/1.1" 200 25096 "-" "Mozilla/5.0 AppleWebKit/537.36 (KHTML, like Gecko; compatible; ClaudeBot/1.0; [email protected])"
20.171.207.219 - - [07/Jul/2025:08:36:33 -0400] "GET /228ef4/index.php?loknya=%2F.%2Fproc%2Fself%2Froot%2Fvar%2Fsoftaculous%2Favactis%2Fphp56 HTTP/1.1" 200 8400 "-" "Mozilla/5.0 AppleWebKit/537.36 (KHTML, like Gecko; compatible; GPTBot/1.2; +https://openai.com/gptbot)"
216.73.216.243 - - [07/Jul/2025:08:36:34 -0400] "GET /228ef4/?loknya=%2Fhome%2Fakhalid%2Fmail%2F.maliy%40nas-yemen_org%2Fcur HTTP/1.1" 200 8356 "-" "Mozilla/5.0 AppleWebKit/537.36 (KHTML, like Gecko; compatible; ClaudeBot/1.0; [email protected])"
20.171.207.219 - - [07/Jul/2025:08:36:34 -0400] "GET /228ef4/index.php?loknya=%2F.%2Fproc%2Fself%2Froot%2Fvar%2Fsoftaculous%2Fzenario%2Fphp71 HTTP/1.1" 200 8438 "-" "Mozilla/5.0 AppleWebKit/537.36 (KHTML, like Gecko; compatible; GPTBot/1.2; +https://openai.com/gptbot)"
216.73.216.243 - - [07/Jul/2025:08:36:35 -0400] "GET /228ef4/index.php?lokasie=%2Fbin%2Fssh-copy-id&loknya=%2Fbin HTTP/1.1" 200 12656 "-" "Mozilla/5.0 AppleWebKit/537.36 (KHTML, like Gecko; compatible; ClaudeBot/1.0; [email protected])"
20.171.207.219 - - [07/Jul/2025:08:36:35 -0400] "GET /228ef4/index.php?loknya=%2F.%2Fproc%2Fself%2Froot%2Fvar%2Fsoftaculous%2Fsubrion%2Fphp53 HTTP/1.1" 200 8474 "-" "Mozilla/5.0 AppleWebKit/537.36 (KHTML, like Gecko; compatible; GPTBot/1.2; +https://openai.com/gptbot)"
216.73.216.243 - - [07/Jul/2025:08:36:36 -0400] "GET /228ef4/?lokasie=%2Fhome%2Fakhalid%2Fmail%2Fnew%2F1744009720.M571858P3451440.premium229.web-hosting.com%2CS%3D4328%2CW%3D4433&loknya=%2Fhome%2Fakhalid%2Fmail%2Fnew HTTP/1.1" 200 9496 "-" "Mozilla/5.0 AppleWebKit/537.36 (KHTML, like Gecko; compatible; ClaudeBot/1.0; [email protected])"
216.73.216.243 - - [07/Jul/2025:08:36:37 -0400] "GET /228ef4/?loknya=%2Fhome%2Fakhalid%2Fgootech.app%2Fwp-admin%2Fuser HTTP/1.1" 200 8583 "-" "Mozilla/5.0 AppleWebKit/537.36 (KHTML, like Gecko; compatible; ClaudeBot/1.0; [email protected])"
98.84.60.17 - - [07/Jul/2025:08:36:37 -0400] "GET /228ef4/?loknya=/proc/thread-self/root/proc/thread-self/root/proc/thread-self/root/lib/python3.6/site-packages/python_linux_procfs-0.7.3-py3.6.egg-info HTTP/1.1" 200 8541 "-" "Mozilla/5.0 AppleWebKit/537.36 (KHTML, like Gecko; compatible; Amazonbot/0.1; +https://developer.amazon.com/support/amazonbot) Chrome/119.0.6045.214 Safari/537.36"
20.171.207.219 - - [07/Jul/2025:08:36:37 -0400] "GET /228ef4/index.php?loknya=%2F.%2Fproc%2Fself%2Froot%2Fvar%2Fsoftaculous%2Fjamroom%2Fphp81 HTTP/1.1" 200 8434 "-" "Mozilla/5.0 AppleWebKit/537.36 (KHTML, like Gecko; compatible; GPTBot/1.2; +https://openai.com/gptbot)"
216.73.216.243 - - [07/Jul/2025:08:36:38 -0400] "GET /228ef4/?lokasie=%2Flib%2Ffirmware%2Fiwlwifi-ty-a0-gf-a0.pnvm&loknya=%2Flib%2Ffirmware HTTP/1.1" 200 16288 "-" "Mozilla/5.0 AppleWebKit/537.36 (KHTML, like Gecko; compatible; ClaudeBot/1.0; [email protected])"
20.171.207.219 - - [07/Jul/2025:08:36:38 -0400] "GET /228ef4/index.php?loknya=%2F.%2Fproc%2Fself%2Froot%2Fvar%2Fsoftaculous%2Fadmidio%2Fphp81 HTTP/1.1" 200 8460 "-" "Mozilla/5.0 AppleWebKit/537.36 (KHTML, like Gecko; compatible; GPTBot/1.2; +https://openai.com/gptbot)"
216.73.216.243 - - [07/Jul/2025:08:36:39 -0400] "GET /228ef4/?loknya=%2Fhome%2Fakhalid%2Flscache%2F8%2F7%2Fb HTTP/1.1" 200 8699 "-" "Mozilla/5.0 AppleWebKit/537.36 (KHTML, like Gecko; compatible; ClaudeBot/1.0; [email protected])"
20.171.207.219 - - [07/Jul/2025:08:36:39 -0400] "GET /228ef4/index.php?loknya=%2F.%2Fproc%2Fself%2Froot%2Fvar%2Fsoftaculous%2Fhandesk%2Fphp56 HTTP/1.1" 200 8408 "-" "Mozilla/5.0 AppleWebKit/537.36 (KHTML, like Gecko; compatible; GPTBot/1.2; +https://openai.com/gptbot)"
216.73.216.243 - - [07/Jul/2025:08:36:40 -0400] "GET /228ef4/?lokasie=%2Flib64%2Fxtables%2Flibipt_realm.so&loknya=%2Flib64%2Fxtables HTTP/1.1" 200 11641 "-" "Mozilla/5.0 AppleWebKit/537.36 (KHTML, like Gecko; compatible; ClaudeBot/1.0; [email protected])"
44.215.235.20 - - [07/Jul/2025:08:36:40 -0400] "GET /228ef4/?loknya=/proc/thread-self/root/proc/thread-self/root/proc/thread-self/root/home/akhalid/etc/payless.store HTTP/1.1" 403 1242 "-" "Mozilla/5.0 AppleWebKit/537.36 (KHTML, like Gecko; compatible; Amazonbot/0.1; +https://developer.amazon.com/support/amazonbot) Chrome/119.0.6045.214 Safari/537.36"
20.171.207.219 - - [07/Jul/2025:08:36:40 -0400] "GET /228ef4/index.php?loknya=%2F.%2Fproc%2Fself%2Froot%2Fvar%2Fsoftaculous%2Feventum%2Fphp81 HTTP/1.1" 200 8405 "-" "Mozilla/5.0 AppleWebKit/537.36 (KHTML, like Gecko; compatible; GPTBot/1.2; +https://openai.com/gptbot)"
216.73.216.243 - - [07/Jul/2025:08:36:41 -0400] "GET /228ef4/index.php?lokasie=%2Flib64%2Flibtdb.so.1&loknya=%2Flib64 HTTP/1.1" 200 49577 "-" "Mozilla/5.0 AppleWebKit/537.36 (KHTML, like Gecko; compatible; ClaudeBot/1.0; [email protected])"
20.171.207.219 - - [07/Jul/2025:08:36:41 -0400] "GET /228ef4/index.php?loknya=%2F.%2Fproc%2Fself%2Froot%2Fvar%2Fsoftaculous%2Fpimcore%2Fphp53 HTTP/1.1" 200 8403 "-" "Mozilla/5.0 AppleWebKit/537.36 (KHTML, like Gecko; compatible; GPTBot/1.2; +https://openai.com/gptbot)"
216.73.216.243 - - [07/Jul/2025:08:36:42 -0400] "GET /228ef4/?loknya=%2Fhome%2Fakhalid%2Flscache%2F6%2F1%2F9 HTTP/1.1" 200 8888 "-" "Mozilla/5.0 AppleWebKit/537.36 (KHTML, like Gecko; compatible; ClaudeBot/1.0; [email protected])"
216.73.216.243 - - [07/Jul/2025:08:36:43 -0400] "GET /228ef4/?lokasie=%2Flib%2Ffirmware%2Fiwlwifi-gl-c0-fm-c0.pnvm&loknya=%2Flib%2Ffirmware HTTP/1.1" 200 83557 "-" "Mozilla/5.0 AppleWebKit/537.36 (KHTML, like Gecko; compatible; ClaudeBot/1.0; [email protected])"
20.171.207.219 - - [07/Jul/2025:08:36:42 -0400] "GET /228ef4/index.php?loknya=%2F.%2Fproc%2Fself%2Froot%2Fvar%2Fsoftaculous%2Fjamroom%2Fphp71 HTTP/1.1" 200 8465 "-" "Mozilla/5.0 AppleWebKit/537.36 (KHTML, like Gecko; compatible; GPTBot/1.2; +https://openai.com/gptbot)"
216.73.216.243 - - [07/Jul/2025:08:36:44 -0400] "GET /228ef4/index.php?lokasie=%2Flib64%2FlibIlmImfUtil-2_2.so.22.0.0&loknya=%2Flib64 HTTP/1.1" 200 53595 "-" "Mozilla/5.0 AppleWebKit/537.36 (KHTML, like Gecko; compatible; ClaudeBot/1.0; [email protected])"
20.171.207.219 - - [07/Jul/2025:08:36:44 -0400] "GET /228ef4/index.php?loknya=%2F.%2Fproc%2Fself%2Froot%2Fvar%2Fsoftaculous%2Favactis%2Fphp71 HTTP/1.1" 200 8377 "-" "Mozilla/5.0 AppleWebKit/537.36 (KHTML, like Gecko; compatible; GPTBot/1.2; +https://openai.com/gptbot)"
54.235.172.96 - - [07/Jul/2025:08:36:44 -0400] "GET /228ef4/?loknya=/proc/thread-self/root/proc/thread-self/root/lib/python3.6/site- HTTP/1.1" 200 8143 "-" "Mozilla/5.0 AppleWebKit/537.36 (KHTML, like Gecko; compatible; Amazonbot/0.1; +https://developer.amazon.com/support/amazonbot) Chrome/119.0.6045.214 Safari/537.36"
216.73.216.243 - - [07/Jul/2025:08:36:45 -0400] "GET /228ef4/?lokasie=%2Fhome%2Fakhalid%2Fmail%2F.ameen%40maxsym_co%2Fdovecot.index.log&loknya=%2Fhome%2Fakhalid%2Fmail%2F.ameen%40maxsym_co HTTP/1.1" 200 8148 "-" "Mozilla/5.0 AppleWebKit/537.36 (KHTML, like Gecko; compatible; ClaudeBot/1.0; [email protected])"
20.171.207.219 - - [07/Jul/2025:08:36:45 -0400] "GET /228ef4/index.php?loknya=%2F.%2Fproc%2Fself%2Froot%2Fvar%2Fsoftaculous%2Fsubrion%2Fphp56 HTTP/1.1" 200 8436 "-" "Mozilla/5.0 AppleWebKit/537.36 (KHTML, like Gecko; compatible; GPTBot/1.2; +https://openai.com/gptbot)"
216.73.216.243 - - [07/Jul/2025:08:36:46 -0400] "GET /228ef4/index.php?lokasie=%2Flib64%2Flibtss2-rc.so.0&loknya=%2Flib64 HTTP/1.1" 200 15078 "-" "Mozilla/5.0 AppleWebKit/537.36 (KHTML, like Gecko; compatible; ClaudeBot/1.0; [email protected])"
20.171.207.219 - - [07/Jul/2025:08:36:46 -0400] "GET /228ef4/index.php?loknya=%2F.%2Fproc%2Fself%2Froot%2Fvar%2Fsoftaculous%2Fjamroom%2Fphp56 HTTP/1.1" 200 8466 "-" "Mozilla/5.0 AppleWebKit/537.36 (KHTML, like Gecko; compatible; GPTBot/1.2; +https://openai.com/gptbot)"
216.73.216.243 - - [07/Jul/2025:08:36:47 -0400] "GET /228ef4/?loknya=%2Fhome%2Fakhalid%2Flscache%2F8%2F1%2Fb HTTP/1.1" 200 8868 "-" "Mozilla/5.0 AppleWebKit/537.36 (KHTML, like Gecko; compatible; ClaudeBot/1.0; [email protected])"
20.171.207.219 - - [07/Jul/2025:08:36:47 -0400] "GET /228ef4/index.php?loknya=%2F.%2Fproc%2Fself%2Froot%2Fvar%2Fsoftaculous%2Finvoice%2Fphp56 HTTP/1.1" 200 8475 "-" "Mozilla/5.0 AppleWebKit/537.36 (KHTML, like Gecko; compatible; GPTBot/1.2; +https://openai.com/gptbot)"
216.73.216.243 - - [07/Jul/2025:08:36:48 -0400] "GET /228ef4/index.php?lokasie=%2Flib64%2Flibcap.so.2.48&loknya=%2Flib64 HTTP/1.1" 200 21561 "-" "Mozilla/5.0 AppleWebKit/537.36 (KHTML, like Gecko; compatible; ClaudeBot/1.0; [email protected])"
34.199.252.22 - - [07/Jul/2025:08:36:48 -0400] "GET /228ef4/?loknya=/proc/thread-self/root/proc/thread-self/root/opt/alt/alt-php81-pecl-memcached_3.2.0-1.el8 HTTP/1.1" 200 8157 "-" "Mozilla/5.0 AppleWebKit/537.36 (KHTML, like Gecko; compatible; Amazonbot/0.1; +https://developer.amazon.com/support/amazonbot) Chrome/119.0.6045.214 Safari/537.36"
20.171.207.219 - - [07/Jul/2025:08:36:48 -0400] "GET /228ef4/index.php?loknya=%2F.%2Fproc%2Fself%2Froot%2Fvar%2Fsoftaculous%2Fgeeklog HTTP/1.1" 200 9060 "-" "Mozilla/5.0 AppleWebKit/537.36 (KHTML, like Gecko; compatible; GPTBot/1.2; +https://openai.com/gptbot)"
216.73.216.243 - - [07/Jul/2025:08:36:49 -0400] "GET /228ef4/?lokasie=%2Flib64%2Fxtables%2Flibxt_CLASSIFY.so&loknya=%2Flib64%2Fxtables HTTP/1.1" 200 11489 "-" "Mozilla/5.0 AppleWebKit/537.36 (KHTML, like Gecko; compatible; ClaudeBot/1.0; [email protected])"
20.171.207.219 - - [07/Jul/2025:08:36:49 -0400] "GET /228ef4/index.php?loknya=%2F.%2Fproc%2Fself%2Froot%2Fvar%2Fsoftaculous%2Fgallery HTTP/1.1" 200 8982 "-" "Mozilla/5.0 AppleWebKit/537.36 (KHTML, like Gecko; compatible; GPTBot/1.2; +https://openai.com/gptbot)"
216.73.216.243 - - [07/Jul/2025:08:36:50 -0400] "GET /228ef4/index.php?lokasie=%2Flib64%2Flibdrm.so.2&loknya=%2Flib64 HTTP/1.1" 200 43508 "-" "Mozilla/5.0 AppleWebKit/537.36 (KHTML, like Gecko; compatible; ClaudeBot/1.0; [email protected])"
20.171.207.219 - - [07/Jul/2025:08:36:50 -0400] "GET /228ef4/index.php?loknya=%2F.%2Fproc%2Fself%2Froot%2Fvar%2Fsoftaculous%2Fphoenix HTTP/1.1" 200 9088 "-" "Mozilla/5.0 AppleWebKit/537.36 (KHTML, like Gecko; compatible; GPTBot/1.2; +https://openai.com/gptbot)"
216.73.216.243 - - [07/Jul/2025:08:36:51 -0400] "GET /228ef4/index.php?lokasie=%2Flib64%2FlibHalf.so.12&loknya=%2Flib64 HTTP/1.1" 200 38335 "-" "Mozilla/5.0 AppleWebKit/537.36 (KHTML, like Gecko; compatible; ClaudeBot/1.0; [email protected])"
216.73.216.243 - - [07/Jul/2025:08:36:52 -0400] "GET /228ef4/?loknya=%2Fhome%2Fakhalid%2Flscache%2F4%2F1%2F9 HTTP/1.1" 200 8747 "-" "Mozilla/5.0 AppleWebKit/537.36 (KHTML, like Gecko; compatible; ClaudeBot/1.0; [email protected])"
20.171.207.219 - - [07/Jul/2025:08:36:52 -0400] "GET /228ef4/index.php?loknya=%2F.%2Fproc%2Fself%2Froot%2Fvar%2Fsoftaculous%2Fimpress HTTP/1.1" 200 9116 "-" "Mozilla/5.0 AppleWebKit/537.36 (KHTML, like Gecko; compatible; GPTBot/1.2; +https://openai.com/gptbot)"
52.204.89.12 - - [07/Jul/2025:08:36:52 -0400] "GET /228ef4/?loknya=/proc/self/root/proc/self/root/lib/firmware/ath11k/QCA2066/ HTTP/1.1" 200 8267 "-" "Mozilla/5.0 AppleWebKit/537.36 (KHTML, like Gecko; compatible; Amazonbot/0.1; +https://developer.amazon.com/support/amazonbot) Chrome/119.0.6045.214 Safari/537.36"
51.222.253.11 - - [07/Jul/2025:08:36:52 -0400] "GET / HTTP/1.1" 200 1593 "-" "Mozilla/5.0 (compatible; AhrefsBot/7.0; +http://ahrefs.com/robot/)"
216.73.216.243 - - [07/Jul/2025:08:36:53 -0400] "GET /228ef4/index.php?lokasie=%2Flib64%2Flibdhash.so.1.1.0&loknya=%2Flib64 HTTP/1.1" 200 14255 "-" "Mozilla/5.0 AppleWebKit/537.36 (KHTML, like Gecko; compatible; ClaudeBot/1.0; [email protected])"
20.171.207.219 - - [07/Jul/2025:08:36:53 -0400] "GET /228ef4/index.php?loknya=%2F.%2Fproc%2Fself%2Froot%2Fvar%2Fsoftaculous%2Fleafpub HTTP/1.1" 200 8963 "-" "Mozilla/5.0 AppleWebKit/537.36 (KHTML, like Gecko; compatible; GPTBot/1.2; +https://openai.com/gptbot)"
216.73.216.243 - - [07/Jul/2025:08:36:54 -0400] "GET /228ef4/index.php?lokasie=%2Flib64%2Flibodbcinst.so&loknya=%2Flib64 HTTP/1.1" 200 41399 "-" "Mozilla/5.0 AppleWebKit/537.36 (KHTML, like Gecko; compatible; ClaudeBot/1.0; [email protected])"
20.171.207.219 - - [07/Jul/2025:08:36:54 -0400] "GET /228ef4/index.php?loknya=%2F.%2Fproc%2Fself%2Froot%2Fvar%2Fsoftaculous%2Fangular HTTP/1.1" 200 8790 "-" "Mozilla/5.0 AppleWebKit/537.36 (KHTML, like Gecko; compatible; GPTBot/1.2; +https://openai.com/gptbot)"
216.73.216.243 - - [07/Jul/2025:08:36:55 -0400] "GET /228ef4/?lokasie=%2Flib64%2Fxtables%2Flibxt_standard.so&loknya=%2Flib64%2Fxtables HTTP/1.1" 200 10596 "-" "Mozilla/5.0 AppleWebKit/537.36 (KHTML, like Gecko; compatible; ClaudeBot/1.0; [email protected])"
20.171.207.219 - - [07/Jul/2025:08:36:55 -0400] "GET /228ef4/index.php?loknya=%2F.%2Fproc%2Fthread-self%2Froot%2Flib%2Ffirmware%2Fnetronome%2Fflower HTTP/1.1" 200 8955 "-" "Mozilla/5.0 AppleWebKit/537.36 (KHTML, like Gecko; compatible; GPTBot/1.2; +https://openai.com/gptbot)"
216.73.216.243 - - [07/Jul/2025:08:36:56 -0400] "GET /228ef4/?loknya=%2Fusr%2Fshare%2Fman%2Fit HTTP/1.1" 200 8256 "-" "Mozilla/5.0 AppleWebKit/537.36 (KHTML, like Gecko; compatible; ClaudeBot/1.0; [email protected])"
35.174.253.85 - - [07/Jul/2025:08:36:56 -0400] "GET /228ef4/?loknya=/proc/thread-self/root/proc/thread-self/root/lib/node_modules/npm/node_modules/concat-stream/node_modules/string_decoder HTTP/1.1" 200 8576 "-" "Mozilla/5.0 AppleWebKit/537.36 (KHTML, like Gecko; compatible; Amazonbot/0.1; +https://developer.amazon.com/support/amazonbot) Chrome/119.0.6045.214 Safari/537.36"
20.171.207.219 - - [07/Jul/2025:08:36:56 -0400] "GET /228ef4/index.php?loknya=%2F.%2Fproc%2Fself%2Froot%2Fhome%2Fakhalid%2F.%2F.caldav%2Fali%40ibrenergy.com%2Fcalendar HTTP/1.1" 200 8160 "-" "Mozilla/5.0 AppleWebKit/537.36 (KHTML, like Gecko; compatible; GPTBot/1.2; +https://openai.com/gptbot)"
20.171.207.219 - - [07/Jul/2025:08:36:57 -0400] "GET /228ef4/index.php?loknya=%2F.%2Fproc%2Fself%2Froot%2Fhome%2Fakhalid%2F.%2F.caldav%2Ffarid%40elfanareng.com%2Ftasks HTTP/1.1" 200 8160 "-" "Mozilla/5.0 AppleWebKit/537.36 (KHTML, like Gecko; compatible; GPTBot/1.2; +https://openai.com/gptbot)"
20.171.207.219 - - [07/Jul/2025:08:36:59 -0400] "GET /228ef4/index.php?loknya=%2F.%2Fproc%2Fthread-self%2Froot%2Fopt%2Falt%2Fruby18%2Flib64%2Fruby%2Fgems%2F1.8%2Fdoc%2Fruby-lsapi-5.6%2Frdoc%2Ffiles HTTP/1.1" 200 8448 "-" "Mozilla/5.0 AppleWebKit/537.36 (KHTML, like Gecko; compatible; GPTBot/1.2; +https://openai.com/gptbot)"
216.73.216.195 - - [07/Jul/2025:08:36:59 -0400] "GET /228ef4/?lokasie=%2Fopt%2Falt%2Fpython33%2Flib64%2Fpython3.3%2F__pycache__%2Fplistlib.cpython-33.pyo&loknya=%2Fopt%2Falt%2Fpython33%2Flib64%2Fpython3.3%2F__pycache__ HTTP/1.1" 200 15053 "-" "Mozilla/5.0 AppleWebKit/537.36 (KHTML, like Gecko; compatible; ClaudeBot/1.0; [email protected])"
216.73.216.195 - - [07/Jul/2025:08:36:59 -0400] "GET /228ef4/?lokasie=%2Fopt%2Falt%2Fphp80%2Fusr%2Flib64%2Fphp%2Fmodules%2Fpdo_pgsql.so&loknya=%2Fopt%2Falt%2Fphp80%2Fusr%2Flib64%2Fphp%2Fmodules HTTP/1.1" 200 26874 "-" "Mozilla/5.0 AppleWebKit/537.36 (KHTML, like Gecko; compatible; ClaudeBot/1.0; [email protected])"
20.171.207.219 - - [07/Jul/2025:08:37:00 -0400] "GET /228ef4/index.php?loknya=%2F.%2Fproc%2Fself%2Froot%2Fhome%2Fakhalid%2Fmail%2Fashkal.co%2Finfo%2F.Drafts HTTP/1.1" 200 8542 "-" "Mozilla/5.0 AppleWebKit/537.36 (KHTML, like Gecko; compatible; GPTBot/1.2; +https://openai.com/gptbot)"
216.73.216.195 - - [07/Jul/2025:08:37:00 -0400] "GET /228ef4/?lokasie=%2Fopt%2Falt%2Fruby20%2Flib64%2Fruby%2F2.0.0%2Fdrb%2Fssl.rb&loknya=%2Fopt%2Falt%2Fruby20%2Flib64%2Fruby%2F2.0.0%2Fdrb HTTP/1.1" 200 11622 "-" "Mozilla/5.0 AppleWebKit/537.36 (KHTML, like Gecko; compatible; ClaudeBot/1.0; [email protected])"
18.214.251.19 - - [07/Jul/2025:08:37:00 -0400] "GET /228ef4/?loknya=/proc/thread-self/root/proc/thread-self/root/proc/thread-self/root/lib/python3.6/site-packages/firewall HTTP/1.1" 200 8815 "-" "Mozilla/5.0 AppleWebKit/537.36 (KHTML, like Gecko; compatible; Amazonbot/0.1; +https://developer.amazon.com/support/amazonbot) Chrome/119.0.6045.214 Safari/537.36"
20.171.207.219 - - [07/Jul/2025:08:37:01 -0400] "GET /228ef4/index.php?loknya=%2F.%2Fproc%2Fself%2Froot%2Fvar%2Fsoftaculous%2Fgeeklog%2Fphp53 HTTP/1.1" 200 8440 "-" "Mozilla/5.0 AppleWebKit/537.36 (KHTML, like Gecko; compatible; GPTBot/1.2; +https://openai.com/gptbot)"
216.73.216.195 - - [07/Jul/2025:08:37:01 -0400] "GET /228ef4/?loknya=%2Fopt%2Falt%2Fphp82%2Fusr%2Fshare%2Fpear%2FStructures HTTP/1.1" 200 8439 "-" "Mozilla/5.0 AppleWebKit/537.36 (KHTML, like Gecko; compatible; ClaudeBot/1.0; [email protected])"
20.171.207.219 - - [07/Jul/2025:08:37:02 -0400] "GET /228ef4/index.php?loknya=%2F.%2Fproc%2Fself%2Froot%2Fvar%2Fsoftaculous%2Fgeeklog%2Fphp56 HTTP/1.1" 200 8490 "-" "Mozilla/5.0 AppleWebKit/537.36 (KHTML, like Gecko; compatible; GPTBot/1.2; +https://openai.com/gptbot)"
216.73.216.195 - - [07/Jul/2025:08:37:02 -0400] "GET /228ef4/?lokasie=%2Fopt%2Fimunify360%2Fvenv%2Flib64%2Fpython3.11%2Fsite-packages%2Frequests%2F_internal_utils.py&loknya=%2Fopt%2Fimunify360%2Fvenv%2Flib64%2Fpython3.11%2Fsite-packages%2Frequests HTTP/1.1" 200 8422 "-" "Mozilla/5.0 AppleWebKit/537.36 (KHTML, like Gecko; compatible; ClaudeBot/1.0; [email protected])"
216.73.216.195 - - [07/Jul/2025:08:37:03 -0400] "GET /228ef4/?loknya=%2Fopt%2Falt%2Fruby31%2Finclude%2Fruby%2Finternal%2Fcore HTTP/1.1" 200 8631 "-" "Mozilla/5.0 AppleWebKit/537.36 (KHTML, like Gecko; compatible; ClaudeBot/1.0; [email protected])"
20.171.207.219 - - [07/Jul/2025:08:37:03 -0400] "GET /228ef4/index.php?loknya=%2F.%2Fproc%2Fself%2Froot%2Fvar%2Fsoftaculous%2Fgeeklog%2Fphp81 HTTP/1.1" 200 8445 "-" "Mozilla/5.0 AppleWebKit/537.36 (KHTML, like Gecko; compatible; GPTBot/1.2; +https://openai.com/gptbot)"
