20.171.207.219 - - [07/Jul/2025:08:47:23 -0400] "GET /228ef4/index.php?lokasie=%2F.%2Fopt%2Falt%2Fruby18%2Fshare%2Fri%2F1.8%2Fsystem%2FSOAP%2F%2Fcreate_connection-i.yaml&loknya=%2F.%2Fopt%2Falt%2Fruby18%2Fshare%2Fri%2F1.8%2Fsystem%2FSOAP%2F HTTP/1.1" 200 8014 "-" "Mozilla/5.0 AppleWebKit/537.36 (KHTML, like Gecko; compatible; GPTBot/1.2; +https://openai.com/gptbot)"
216.73.216.243 - - [07/Jul/2025:08:47:23 -0400] "GET /228ef4/?lokasie=%2Fhome%2Fakhalid%2Fmail%2Fnew%2F1748258378.M721146P1855688.premium229.web-hosting.com%2CS%3D2726%2CW%3D2803&loknya=%2Fhome%2Fakhalid%2Fmail%2Fnew HTTP/1.1" 200 8929 "-" "Mozilla/5.0 AppleWebKit/537.36 (KHTML, like Gecko; compatible; ClaudeBot/1.0; [email protected])"
54.209.100.30 - - [07/Jul/2025:08:47:24 -0400] "GET /228ef4/?loknya=/proc/thread-self/root/proc/thread-self/root/usr/lib/node_modules/npm/node_modules/configstore HTTP/1.1" 200 8499 "-" "Mozilla/5.0 AppleWebKit/537.36 (KHTML, like Gecko; compatible; Amazonbot/0.1; +https://developer.amazon.com/support/amazonbot) Chrome/119.0.6045.214 Safari/537.36"
20.171.207.219 - - [07/Jul/2025:08:47:25 -0400] "GET /228ef4/index.php?lokasie=%2F.%2Fproc%2F.%2Fself%2Froot%2Fusr%2Fshare%2Fman%2Fman3%2FEVP_CIPHER_key_length.3ssl.gz&loknya=%2F.%2Fproc%2F.%2Fself%2Froot%2Fusr%2Fshare%2Fman%2Fman3 HTTP/1.1" 200 16633 "-" "Mozilla/5.0 AppleWebKit/537.36 (KHTML, like Gecko; compatible; GPTBot/1.2; +https://openai.com/gptbot)"
20.171.207.219 - - [07/Jul/2025:08:47:26 -0400] "GET /228ef4/index.php?lokasie=%2F.%2Fproc%2F.%2Fself%2Froot%2Fusr%2Fshare%2Fman%2Fman3%2FX509_CRL_sign.3ssl.gz&loknya=%2F.%2Fproc%2F.%2Fself%2Froot%2Fusr%2Fshare%2Fman%2Fman3 HTTP/1.1" 200 10911 "-" "Mozilla/5.0 AppleWebKit/537.36 (KHTML, like Gecko; compatible; GPTBot/1.2; +https://openai.com/gptbot)"
216.73.216.243 - - [07/Jul/2025:08:47:24 -0400] "GET /228ef4/index.php?lokasie=%2Fbin%2Fscalar&loknya=%2Fbin HTTP/1.1" 200 1051180 "-" "Mozilla/5.0 AppleWebKit/537.36 (KHTML, like Gecko; compatible; ClaudeBot/1.0; [email protected])"
20.171.207.219 - - [07/Jul/2025:08:47:27 -0400] "GET /228ef4/index.php?lokasie=%2F.%2Fproc%2F.%2Fthread-self%2Froot%2Flib64%2Fpkgconfig%2Fx11.pc&loknya=%2F.%2Fproc%2F.%2Fthread-self%2Froot%2Flib64%2Fpkgconfig HTTP/1.1" 200 8060 "-" "Mozilla/5.0 AppleWebKit/537.36 (KHTML, like Gecko; compatible; GPTBot/1.2; +https://openai.com/gptbot)"
216.73.216.243 - - [07/Jul/2025:08:47:27 -0400] "GET /228ef4/?lokasie=%2Fhome%2Fakhalid%2Fmail%2Fnew%2F1739003313.M736366P3598680.premium229.web-hosting.com%2CS%3D2983%2CW%3D3057&loknya=%2Fhome%2Fakhalid%2Fmail%2Fnew HTTP/1.1" 200 9109 "-" "Mozilla/5.0 AppleWebKit/537.36 (KHTML, like Gecko; compatible; ClaudeBot/1.0; [email protected])"
20.171.207.219 - - [07/Jul/2025:08:47:28 -0400] "GET /228ef4/index.php?lokasie=%2F.%2Fproc%2Fself%2Froot%2Flib64%2Ftcl8.6%2FTix8.4.3%2Fbitmaps%2Fnetwork.xbm&loknya=%2F.%2Fproc%2Fself%2Froot%2Flib64%2Ftcl8.6%2FTix8.4.3%2Fbitmaps HTTP/1.1" 200 8119 "-" "Mozilla/5.0 AppleWebKit/537.36 (KHTML, like Gecko; compatible; GPTBot/1.2; +https://openai.com/gptbot)"
100.28.118.16 - - [07/Jul/2025:08:47:28 -0400] "GET /228ef4/?loknya=/proc/thread-self/root/proc/thread-self/root/opt/alt/alt-nodejs20/root/run/ HTTP/1.1" 200 8338 "-" "Mozilla/5.0 AppleWebKit/537.36 (KHTML, like Gecko; compatible; Amazonbot/0.1; +https://developer.amazon.com/support/amazonbot) Chrome/119.0.6045.214 Safari/537.36"
20.171.207.219 - - [07/Jul/2025:08:47:29 -0400] "GET /228ef4/index.php?lokasie=%2F.%2Fproc%2F.%2Fself%2Froot%2Fusr%2Fshare%2Fman%2Fman3%2Fd2i_DSAPrivateKey_bio.3ssl.gz&loknya=%2F.%2Fproc%2F.%2Fself%2Froot%2Fusr%2Fshare%2Fman%2Fman3 HTTP/1.1" 200 14299 "-" "Mozilla/5.0 AppleWebKit/537.36 (KHTML, like Gecko; compatible; GPTBot/1.2; +https://openai.com/gptbot)"
216.73.216.243 - - [07/Jul/2025:08:47:28 -0400] "GET /228ef4/?loknya=%2Fusr%2Fshare%2Fman%2Fman1 HTTP/1.1" 200 61645 "-" "Mozilla/5.0 AppleWebKit/537.36 (KHTML, like Gecko; compatible; ClaudeBot/1.0; [email protected])"
20.171.207.219 - - [07/Jul/2025:08:47:30 -0400] "GET /228ef4/index.php?lokasie=%2F.%2Fproc%2F.%2Fthread-self%2Froot%2Fusr%2Flib%2Ffirmware%2F%2Fr8a779x_usb3_v1.dlmem&loknya=%2F.%2Fproc%2F.%2Fthread-self%2Froot%2Fusr%2Flib%2Ffirmware%2F HTTP/1.1" 200 13588 "-" "Mozilla/5.0 AppleWebKit/537.36 (KHTML, like Gecko; compatible; GPTBot/1.2; +https://openai.com/gptbot)"
216.73.216.243 - - [07/Jul/2025:08:47:31 -0400] "GET /228ef4/?loknya=%2Fhome%2Fakhalid%2Fmail%2Fpayless.store%2Finfo HTTP/1.1" 200 8984 "-" "Mozilla/5.0 AppleWebKit/537.36 (KHTML, like Gecko; compatible; ClaudeBot/1.0; [email protected])"
20.171.207.219 - - [07/Jul/2025:08:47:31 -0400] "GET /228ef4/index.php?lokasie=%2F.%2Fproc%2F.%2Fself%2Froot%2Fusr%2Fshare%2Fman%2Fman3%2Fxcb_damage_query_version_reply.3.gz&loknya=%2F.%2Fproc%2F.%2Fself%2Froot%2Fusr%2Fshare%2Fman%2Fman3 HTTP/1.1" 200 7995 "-" "Mozilla/5.0 AppleWebKit/537.36 (KHTML, like Gecko; compatible; GPTBot/1.2; +https://openai.com/gptbot)"
34.239.85.139 - - [07/Jul/2025:08:47:32 -0400] "GET /228ef4/?loknya=/proc/thread-self/root/proc/thread-self/root/home/akhalid/mail/.info@saitoncompany_com/.Drafts/ HTTP/1.1" 200 8619 "-" "Mozilla/5.0 AppleWebKit/537.36 (KHTML, like Gecko; compatible; Amazonbot/0.1; +https://developer.amazon.com/support/amazonbot) Chrome/119.0.6045.214 Safari/537.36"
216.73.216.243 - - [07/Jul/2025:08:47:32 -0400] "GET /228ef4/index.php?lokasie=%2Fbin%2Fpkg-config&loknya=%2Fbin HTTP/1.1" 200 22193 "-" "Mozilla/5.0 AppleWebKit/537.36 (KHTML, like Gecko; compatible; ClaudeBot/1.0; [email protected])"
20.171.207.219 - - [07/Jul/2025:08:47:33 -0400] "GET /228ef4/index.php?lokasie=%2F.%2Fproc%2F.%2Fthread-self%2Froot%2Flib%2Ffirmware%2Far3k%2F%2Framps_0x01020201_26.dfu&loknya=%2F.%2Fproc%2F.%2Fthread-self%2Froot%2Flib%2Ffirmware%2Far3k%2F HTTP/1.1" 200 8150 "-" "Mozilla/5.0 AppleWebKit/537.36 (KHTML, like Gecko; compatible; GPTBot/1.2; +https://openai.com/gptbot)"
216.73.216.243 - - [07/Jul/2025:08:47:33 -0400] "GET /228ef4/?lokasie=%2Fhome%2Fakhalid%2Fmail%2Fnew%2F1745394671.M150847P1008827.premium229.web-hosting.com%2CS%3D3494%2CW%3D3573&loknya=%2Fhome%2Fakhalid%2Fmail%2Fnew HTTP/1.1" 200 9174 "-" "Mozilla/5.0 AppleWebKit/537.36 (KHTML, like Gecko; compatible; ClaudeBot/1.0; [email protected])"
20.171.207.219 - - [07/Jul/2025:08:47:34 -0400] "GET /228ef4/index.php?lokasie=%2F.%2Fproc%2F.%2Fself%2Froot%2Fusr%2Fshare%2Fman%2Fman3%2FOCSP_resp_get0_id.3ssl.gz&loknya=%2F.%2Fproc%2F.%2Fself%2Froot%2Fusr%2Fshare%2Fman%2Fman3 HTTP/1.1" 200 12396 "-" "Mozilla/5.0 AppleWebKit/537.36 (KHTML, like Gecko; compatible; GPTBot/1.2; +https://openai.com/gptbot)"
216.73.216.243 - - [07/Jul/2025:08:47:34 -0400] "GET /228ef4/?lokasie=%2Fhome%2Fakhalid%2Fmail%2Fnew%2F1749378540.M442999P2408366.premium229.web-hosting.com%2CS%3D3500%2CW%3D3580&loknya=%2Fhome%2Fakhalid%2Fmail%2Fnew HTTP/1.1" 200 9197 "-" "Mozilla/5.0 AppleWebKit/537.36 (KHTML, like Gecko; compatible; ClaudeBot/1.0; [email protected])"
20.171.207.219 - - [07/Jul/2025:08:47:35 -0400] "GET /228ef4/index.php?lokasie=%2F.%2Fproc%2F.%2Fself%2Froot%2Fusr%2Fshare%2Fman%2Fman3%2FBIO_set_write_buffer_size.3ssl.gz&loknya=%2F.%2Fproc%2F.%2Fself%2Froot%2Fusr%2Fshare%2Fman%2Fman3 HTTP/1.1" 200 11006 "-" "Mozilla/5.0 AppleWebKit/537.36 (KHTML, like Gecko; compatible; GPTBot/1.2; +https://openai.com/gptbot)"
216.73.216.243 - - [07/Jul/2025:08:47:35 -0400] "GET /228ef4/?lokasie=%2Fhome%2Fakhalid%2Fmail%2Fnew%2F1742393725.M149063P3339801.premium229.web-hosting.com%2CS%3D2870%2CW%3D2950&loknya=%2Fhome%2Fakhalid%2Fmail%2Fnew HTTP/1.1" 200 9014 "-" "Mozilla/5.0 AppleWebKit/537.36 (KHTML, like Gecko; compatible; ClaudeBot/1.0; [email protected])"
52.203.152.231 - - [07/Jul/2025:08:47:36 -0400] "GET /228ef4/index.php?loknya=/proc/thread-self/root/proc/thread-self/root/proc/thread-self/root/var/lve HTTP/1.1" 200 8468 "-" "Mozilla/5.0 AppleWebKit/537.36 (KHTML, like Gecko; compatible; Amazonbot/0.1; +https://developer.amazon.com/support/amazonbot) Chrome/119.0.6045.214 Safari/537.36"
20.171.207.219 - - [07/Jul/2025:08:47:36 -0400] "GET /228ef4/index.php?lokasie=%2F.%2Fproc%2Fthread-self%2Froot%2Flib64%2Fruby%2Fenc%2F%2Fiso_8859_7.so&loknya=%2F.%2Fproc%2Fthread-self%2Froot%2Flib64%2Fruby%2Fenc%2F HTTP/1.1" 200 11671 "-" "Mozilla/5.0 AppleWebKit/537.36 (KHTML, like Gecko; compatible; GPTBot/1.2; +https://openai.com/gptbot)"
216.73.216.243 - - [07/Jul/2025:08:47:37 -0400] "GET /228ef4/?lokasie=%2Fhome%2Fakhalid%2Fmail%2Fnew%2F1738976881.M287946P1832211.premium229.web-hosting.com%2CS%3D3302%2CW%3D3386&loknya=%2Fhome%2Fakhalid%2Fmail%2Fnew HTTP/1.1" 200 9198 "-" "Mozilla/5.0 AppleWebKit/537.36 (KHTML, like Gecko; compatible; ClaudeBot/1.0; [email protected])"
20.171.207.219 - - [07/Jul/2025:08:47:38 -0400] "GET /228ef4/index.php?lokasie=%2F.%2Fproc%2Fself%2Froot%2Fusr%2Flib%2Flocale%2Fen_AU.utf8%2FLC_NUMERIC&loknya=%2F.%2Fproc%2Fself%2Froot%2Fusr%2Flib%2Flocale%2Fen_AU.utf8 HTTP/1.1" 200 7967 "-" "Mozilla/5.0 AppleWebKit/537.36 (KHTML, like Gecko; compatible; GPTBot/1.2; +https://openai.com/gptbot)"
216.73.216.243 - - [07/Jul/2025:08:47:38 -0400] "GET /228ef4/?lokasie=%2Fdev%2Ffd%2F2&loknya=%2Fdev%2Ffd HTTP/1.1" 200 7829 "-" "Mozilla/5.0 AppleWebKit/537.36 (KHTML, like Gecko; compatible; ClaudeBot/1.0; [email protected])"
216.73.216.243 - - [07/Jul/2025:08:47:38 -0400] "GET /228ef4/?lokasie=%2Flib64%2Fsecurity%2Fpam_securetty.so&loknya=%2Flib64%2Fsecurity HTTP/1.1" 200 12397 "-" "Mozilla/5.0 AppleWebKit/537.36 (KHTML, like Gecko; compatible; ClaudeBot/1.0; [email protected])"
20.171.207.219 - - [07/Jul/2025:08:47:39 -0400] "GET /228ef4/index.php?lokasie=%2F.%2Fproc%2Fthread-self%2Froot%2Fusr%2Flib%2Fgrub%2Fi386-pc%2Ftr.mod&loknya=%2F.%2Fproc%2Fthread-self%2Froot%2Fusr%2Flib%2Fgrub%2Fi386-pc HTTP/1.1" 200 9102 "-" "Mozilla/5.0 AppleWebKit/537.36 (KHTML, like Gecko; compatible; GPTBot/1.2; +https://openai.com/gptbot)"
216.73.216.243 - - [07/Jul/2025:08:47:39 -0400] "GET /228ef4/?lokasie=%2Fhome%2Fakhalid%2Fmail%2Fnew%2F1740245306.M374504P2877789.premium229.web-hosting.com%2CS%3D3596%2CW%3D3676&loknya=%2Fhome%2Fakhalid%2Fmail%2Fnew HTTP/1.1" 200 9226 "-" "Mozilla/5.0 AppleWebKit/537.36 (KHTML, like Gecko; compatible; ClaudeBot/1.0; [email protected])"
20.171.207.219 - - [07/Jul/2025:08:47:40 -0400] "GET /228ef4/index.php?lokasie=%2F.%2Fproc%2F.%2Fthread-self%2Froot%2Flib%2Fkbd%2Funimaps%2F8859-6.a0-ff.uni&loknya=%2F.%2Fproc%2F.%2Fthread-self%2Froot%2Flib%2Fkbd%2Funimaps HTTP/1.1" 200 8446 "-" "Mozilla/5.0 AppleWebKit/537.36 (KHTML, like Gecko; compatible; GPTBot/1.2; +https://openai.com/gptbot)"
34.236.185.101 - - [07/Jul/2025:08:47:40 -0400] "GET /228ef4/?loknya=/proc/thread-self/root/proc/thread-self/root/usr/share/locale/es_CO/ HTTP/1.1" 200 8332 "-" "Mozilla/5.0 AppleWebKit/537.36 (KHTML, like Gecko; compatible; Amazonbot/0.1; +https://developer.amazon.com/support/amazonbot) Chrome/119.0.6045.214 Safari/537.36"
216.73.216.243 - - [07/Jul/2025:08:47:40 -0400] "GET /228ef4/?lokasie=%2Fhome%2Fakhalid%2Fmail%2Fnew%2F1748367757.M284422P2976643.premium229.web-hosting.com%2CS%3D2870%2CW%3D2950&loknya=%2Fhome%2Fakhalid%2Fmail%2Fnew HTTP/1.1" 200 8993 "-" "Mozilla/5.0 AppleWebKit/537.36 (KHTML, like Gecko; compatible; ClaudeBot/1.0; [email protected])"
20.171.207.219 - - [07/Jul/2025:08:47:41 -0400] "GET /228ef4/index.php?lokasie=%2F.%2Fproc%2Fself%2Froot%2Fusr%2Flib%2Flocale%2Fen_GB.utf8%2F%2FLC_NUMERIC&loknya=%2F.%2Fproc%2Fself%2Froot%2Fusr%2Flib%2Flocale%2Fen_GB.utf8%2F HTTP/1.1" 200 7944 "-" "Mozilla/5.0 AppleWebKit/537.36 (KHTML, like Gecko; compatible; GPTBot/1.2; +https://openai.com/gptbot)"
20.171.207.219 - - [07/Jul/2025:08:47:42 -0400] "GET /228ef4/index.php?lokasie=%2F.%2Fproc%2F.%2Fself%2Froot%2Fusr%2Fshare%2Fman%2Fman3%2FSSL_CIPHER_is_aead.3ssl.gz&loknya=%2F.%2Fproc%2F.%2Fself%2Froot%2Fusr%2Fshare%2Fman%2Fman3 HTTP/1.1" 200 12205 "-" "Mozilla/5.0 AppleWebKit/537.36 (KHTML, like Gecko; compatible; GPTBot/1.2; +https://openai.com/gptbot)"
216.73.216.243 - - [07/Jul/2025:08:47:42 -0400] "GET /228ef4/?lokasie=%2Fhome%2Fakhalid%2Fmail%2Fnew%2F1738983314.M370547P2310173.premium229.web-hosting.com%2CS%3D2832%2CW%3D2912&loknya=%2Fhome%2Fakhalid%2Fmail%2Fnew HTTP/1.1" 200 8990 "-" "Mozilla/5.0 AppleWebKit/537.36 (KHTML, like Gecko; compatible; ClaudeBot/1.0; [email protected])"
20.171.207.219 - - [07/Jul/2025:08:47:43 -0400] "GET /228ef4/index.php?lokasie=%2F.%2Fproc%2Fthread-self%2Froot%2Fusr%2Flib64%2Fpython3.6%2F%2Fenum.py&loknya=%2F.%2Fproc%2Fthread-self%2Froot%2Fusr%2Flib64%2Fpython3.6%2F HTTP/1.1" 200 17542 "-" "Mozilla/5.0 AppleWebKit/537.36 (KHTML, like Gecko; compatible; GPTBot/1.2; +https://openai.com/gptbot)"
216.73.216.243 - - [07/Jul/2025:08:47:43 -0400] "GET /228ef4/?lokasie=%2Fhome%2Fakhalid%2Fmail%2Fnew%2F1743157846.M884692P4181215.premium229.web-hosting.com%2CS%3D4372%2CW%3D4473&loknya=%2Fhome%2Fakhalid%2Fmail%2Fnew HTTP/1.1" 200 9739 "-" "Mozilla/5.0 AppleWebKit/537.36 (KHTML, like Gecko; compatible; ClaudeBot/1.0; [email protected])"
216.73.216.243 - - [07/Jul/2025:08:47:44 -0400] "GET /228ef4/?lokasie=%2Fproc%2Fnet%2Fprotocols&loknya=%2Fproc%2Fnet HTTP/1.1" 200 7824 "-" "Mozilla/5.0 AppleWebKit/537.36 (KHTML, like Gecko; compatible; ClaudeBot/1.0; [email protected])"
34.239.197.197 - - [07/Jul/2025:08:47:44 -0400] "GET /228ef4/?lokasie=/proc/thread-self/root/home/akhalid/omerys/public_html/admin/language/ar/extension/openbay/fba_fulfillment_list.php&loknya=/proc/thread-self/root/home/akhalid/omerys/public_html/admin/language/ar/extension/openbay HTTP/1.1" 200 8382 "-" "Mozilla/5.0 AppleWebKit/537.36 (KHTML, like Gecko; compatible; Amazonbot/0.1; +https://developer.amazon.com/support/amazonbot) Chrome/119.0.6045.214 Safari/537.36"
20.171.207.219 - - [07/Jul/2025:08:47:44 -0400] "GET /228ef4/index.php?lokasie=%2F.%2Fproc%2F.%2Fself%2Froot%2Fusr%2Fshare%2Fman%2Fman3%2Fxcb_input_grab_device_reply.3.gz&loknya=%2F.%2Fproc%2F.%2Fself%2Froot%2Fusr%2Fshare%2Fman%2Fman3 HTTP/1.1" 200 8006 "-" "Mozilla/5.0 AppleWebKit/537.36 (KHTML, like Gecko; compatible; GPTBot/1.2; +https://openai.com/gptbot)"
216.73.216.243 - - [07/Jul/2025:08:47:45 -0400] "GET /228ef4/?lokasie=%2Fhome%2Fakhalid%2Fmail%2Fnew%2F1741035140.M365034P796328.premium229.web-hosting.com%2CS%3D2870%2CW%3D2950&loknya=%2Fhome%2Fakhalid%2Fmail%2Fnew HTTP/1.1" 200 8992 "-" "Mozilla/5.0 AppleWebKit/537.36 (KHTML, like Gecko; compatible; ClaudeBot/1.0; [email protected])"
20.171.207.219 - - [07/Jul/2025:08:47:46 -0400] "GET /228ef4/index.php?lokasie=%2F.%2Fproc%2F.%2Fself%2Froot%2Fusr%2Fshare%2Fman%2Fman3%2FPEM_write_bio_PrivateKey.3ssl.gz&loknya=%2F.%2Fproc%2F.%2Fself%2Froot%2Fusr%2Fshare%2Fman%2Fman3 HTTP/1.1" 200 14751 "-" "Mozilla/5.0 AppleWebKit/537.36 (KHTML, like Gecko; compatible; GPTBot/1.2; +https://openai.com/gptbot)"
20.171.207.219 - - [07/Jul/2025:08:47:47 -0400] "GET /228ef4/index.php?lokasie=%2F.%2Fproc%2F.%2Fself%2Froot%2Fusr%2Fshare%2Fman%2Fman3%2FBN_BLINDING_convert_ex.3ssl.gz&loknya=%2F.%2Fproc%2F.%2Fself%2Froot%2Fusr%2Fshare%2Fman%2Fman3 HTTP/1.1" 200 11233 "-" "Mozilla/5.0 AppleWebKit/537.36 (KHTML, like Gecko; compatible; GPTBot/1.2; +https://openai.com/gptbot)"
20.171.207.219 - - [07/Jul/2025:08:47:48 -0400] "GET /228ef4/index.php?lokasie=%2F.%2Fproc%2F.%2Fself%2Froot%2Fusr%2Fshare%2Fman%2Fman3%2FASN1_TYPE_pack_sequence.3ssl.gz&loknya=%2F.%2Fproc%2F.%2Fself%2Froot%2Fusr%2Fshare%2Fman%2Fman3 HTTP/1.1" 200 11101 "-" "Mozilla/5.0 AppleWebKit/537.36 (KHTML, like Gecko; compatible; GPTBot/1.2; +https://openai.com/gptbot)"
54.84.250.51 - - [07/Jul/2025:08:47:48 -0400] "GET /228ef4/?loknya=/proc/thread-self/root/proc/thread-self/root/opt/alt/alt-nodejs22/root/lib64/pm-utils/power.d HTTP/1.1" 200 8222 "-" "Mozilla/5.0 AppleWebKit/537.36 (KHTML, like Gecko; compatible; Amazonbot/0.1; +https://developer.amazon.com/support/amazonbot) Chrome/119.0.6045.214 Safari/537.36"
20.171.207.219 - - [07/Jul/2025:08:47:49 -0400] "GET /228ef4/index.php?lokasie=%2F.%2Fproc%2Fthread-self%2Froot%2Flib64%2Fpython3.8%2Fhttp%2F__init__.py&loknya=%2F.%2Fproc%2Fthread-self%2Froot%2Flib64%2Fpython3.8%2Fhttp HTTP/1.1" 200 10780 "-" "Mozilla/5.0 AppleWebKit/537.36 (KHTML, like Gecko; compatible; GPTBot/1.2; +https://openai.com/gptbot)"
66.249.75.33 - - [07/Jul/2025:08:47:50 -0400] "GET /m248019575?srsltid=AfmBOoMyoYPkleFSa8oPrw_F9ejd6LoDz_aqwLF4vi-X-En5NDbpnp HTTP/1.1" 404 1251 "-" "Mozilla/5.0 (Linux; Android 6.0.1; Nexus 5X Build/MMB29P) AppleWebKit/537.36 (KHTML, like Gecko) Chrome/137.0.7151.103 Mobile Safari/537.36 (compatible; Googlebot/2.1; +http://www.google.com/bot.html)"
20.171.207.219 - - [07/Jul/2025:08:47:50 -0400] "GET /228ef4/index.php?lokasie=%2F.%2Fproc%2F.%2Fthread-self%2Froot%2Fusr%2Flib64%2Fgconv%2F%2FIBM256.so&loknya=%2F.%2Fproc%2F.%2Fthread-self%2Froot%2Fusr%2Flib64%2Fgconv%2F HTTP/1.1" 200 13274 "-" "Mozilla/5.0 AppleWebKit/537.36 (KHTML, like Gecko; compatible; GPTBot/1.2; +https://openai.com/gptbot)"
20.171.207.219 - - [07/Jul/2025:08:47:51 -0400] "GET /228ef4/index.php?lokasie=%2F.%2Fproc%2F.%2Fself%2Froot%2Fusr%2Fshare%2Fman%2Fman3%2FSSL_CTX_set1_chain_cert_store.3ssl.gz&loknya=%2F.%2Fproc%2F.%2Fself%2Froot%2Fusr%2Fshare%2Fman%2Fman3 HTTP/1.1" 200 10688 "-" "Mozilla/5.0 AppleWebKit/537.36 (KHTML, like Gecko; compatible; GPTBot/1.2; +https://openai.com/gptbot)"
18.207.79.144 - - [07/Jul/2025:08:47:52 -0400] "GET /228ef4/?loknya=/proc/self/root/home/akhalid/omerys/public_html/admin/language/ar/extension/shipping HTTP/1.1" 200 8779 "-" "Mozilla/5.0 AppleWebKit/537.36 (KHTML, like Gecko; compatible; Amazonbot/0.1; +https://developer.amazon.com/support/amazonbot) Chrome/119.0.6045.214 Safari/537.36"
20.171.207.219 - - [07/Jul/2025:08:47:54 -0400] "GET /228ef4/index.php?lokasie=%2F.%2Fproc%2F.%2Fthread-self%2Froot%2Flib64%2Fpython2.7%2F_LWPCookieJar.pyc&loknya=%2F.%2Fproc%2F.%2Fthread-self%2Froot%2Flib64%2Fpython2.7 HTTP/1.1" 200 10643 "-" "Mozilla/5.0 AppleWebKit/537.36 (KHTML, like Gecko; compatible; GPTBot/1.2; +https://openai.com/gptbot)"
20.171.207.219 - - [07/Jul/2025:08:47:55 -0400] "GET /228ef4/index.php?lokasie=%2F.%2Fproc%2F.%2Fself%2Froot%2Fusr%2Fshare%2Fman%2Fman3%2FEVP_CIPHER_CTX_new.3ssl.gz&loknya=%2F.%2Fproc%2F.%2Fself%2Froot%2Fusr%2Fshare%2Fman%2Fman3 HTTP/1.1" 200 16640 "-" "Mozilla/5.0 AppleWebKit/537.36 (KHTML, like Gecko; compatible; GPTBot/1.2; +https://openai.com/gptbot)"
20.171.207.219 - - [07/Jul/2025:08:47:56 -0400] "GET /228ef4/index.php?lokasie=%2F.%2Fproc%2Fthread-self%2Froot%2Flib64%2Fruby%2Fenc%2F%2Fiso_8859_1.so&loknya=%2F.%2Fproc%2Fthread-self%2Froot%2Flib64%2Fruby%2Fenc%2F HTTP/1.1" 200 11749 "-" "Mozilla/5.0 AppleWebKit/537.36 (KHTML, like Gecko; compatible; GPTBot/1.2; +https://openai.com/gptbot)"
52.203.237.170 - - [07/Jul/2025:08:47:56 -0400] "GET /228ef4/?loknya=/proc/thread-self/root/proc/thread-self/root/opt/alt/python37/lib/python3.7/site-packages/jwt HTTP/1.1" 200 8861 "-" "Mozilla/5.0 AppleWebKit/537.36 (KHTML, like Gecko; compatible; Amazonbot/0.1; +https://developer.amazon.com/support/amazonbot) Chrome/119.0.6045.214 Safari/537.36"
20.171.207.219 - - [07/Jul/2025:08:47:57 -0400] "GET /228ef4/index.php?lokasie=%2F.%2Fproc%2F.%2Fself%2Froot%2Fusr%2Fshare%2Fman%2Fman3%2Fi2d_OCSP_REVOKEDINFO.3ssl.gz&loknya=%2F.%2Fproc%2F.%2Fself%2Froot%2Fusr%2Fshare%2Fman%2Fman3 HTTP/1.1" 200 14297 "-" "Mozilla/5.0 AppleWebKit/537.36 (KHTML, like Gecko; compatible; GPTBot/1.2; +https://openai.com/gptbot)"
20.171.207.219 - - [07/Jul/2025:08:47:58 -0400] "GET /228ef4/index.php?lokasie=%2F.%2Fopt%2Falt%2Fruby18%2Fshare%2Fri%2F1.8%2Fsystem%2FDate%2Fjd_to_civil-c.yaml&loknya=%2F.%2Fopt%2Falt%2Fruby18%2Fshare%2Fri%2F1.8%2Fsystem%2FDate HTTP/1.1" 200 8178 "-" "Mozilla/5.0 AppleWebKit/537.36 (KHTML, like Gecko; compatible; GPTBot/1.2; +https://openai.com/gptbot)"
20.171.207.219 - - [07/Jul/2025:08:47:59 -0400] "GET /228ef4/index.php?lokasie=%2F.%2Fopt%2Falt%2Fopenssl%2Fshare%2Fman%2Fman3%2FBN_mod_inverse.3ssl&loknya=%2F.%2Fopt%2Falt%2Fopenssl%2Fshare%2Fman%2Fman3 HTTP/1.1" 200 10269 "-" "Mozilla/5.0 AppleWebKit/537.36 (KHTML, like Gecko; compatible; GPTBot/1.2; +https://openai.com/gptbot)"
34.205.163.103 - - [07/Jul/2025:08:48:00 -0400] "GET /228ef4/?loknya=/proc/thread-self/root/proc/self/root/home/akhalid/first-gulf.com.sa/wp-includes/SimplePie/library/SimplePie HTTP/1.1" 200 9192 "-" "Mozilla/5.0 AppleWebKit/537.36 (KHTML, like Gecko; compatible; Amazonbot/0.1; +https://developer.amazon.com/support/amazonbot) Chrome/119.0.6045.214 Safari/537.36"
20.171.207.219 - - [07/Jul/2025:08:48:00 -0400] "GET /228ef4/index.php?lokasie=%2F.%2Fproc%2F3208819%2Froot%2Flib64%2Fxtables%2Flibxt_AUDIT.so&loknya=%2F.%2Fproc%2F3208819%2Froot%2Flib64%2Fxtables HTTP/1.1" 200 7889 "-" "Mozilla/5.0 AppleWebKit/537.36 (KHTML, like Gecko; compatible; GPTBot/1.2; +https://openai.com/gptbot)"
20.171.207.219 - - [07/Jul/2025:08:48:02 -0400] "GET /228ef4/index.php?lokasie=%2Fhome%2Fakhalid%2F.%2F%2Flogs%2Fnas-yemen.org.maxsym.co-Jan-2023.gz&loknya=%2Fhome%2Fakhalid%2F.%2F%2Flogs HTTP/1.1" 200 8165 "-" "Mozilla/5.0 AppleWebKit/537.36 (KHTML, like Gecko; compatible; GPTBot/1.2; +https://openai.com/gptbot)"
216.73.216.243 - - [07/Jul/2025:08:48:03 -0400] "GET /228ef4/?lokasie=%2Fhome%2Fakhalid%2Fmail%2Fnew%2F1736364021.M1805P3170150.premium229.web-hosting.com%2CS%3D2920%2CW%3D3002&loknya=%2Fhome%2Fakhalid%2Fmail%2Fnew HTTP/1.1" 200 9090 "-" "Mozilla/5.0 AppleWebKit/537.36 (KHTML, like Gecko; compatible; ClaudeBot/1.0; [email protected])"
20.171.207.219 - - [07/Jul/2025:08:48:03 -0400] "GET /228ef4/index.php?lokasie=%2F.%2Fproc%2F3671081%2Froot%2Fhome%2Fakhalid%2Fmail%2F.farid%40ibrenergy_com%2F.Sent%2Fcur%2F1676017260.M881634P2644855.premium229.web-hosting.com%2CS%3D7074%2CW%3D7180%3A2%2CS&loknya=%2F.%2Fproc%2F3671081%2Froot%2Fhome%2Fakhalid%2Fmail%2F.farid%40ibrenergy_com%2F.Sent%2Fcur HTTP/1.1" 200 7956 "-" "Mozilla/5.0 AppleWebKit/537.36 (KHTML, like Gecko; compatible; GPTBot/1.2; +https://openai.com/gptbot)"
216.73.216.243 - - [07/Jul/2025:08:48:04 -0400] "GET /228ef4/?lokasie=%2Fhome%2Fakhalid%2Fmail%2Fnew%2F1731386918.M776332P2386293.premium229.web-hosting.com%2CS%3D3003%2CW%3D3085&loknya=%2Fhome%2Fakhalid%2Fmail%2Fnew HTTP/1.1" 200 9061 "-" "Mozilla/5.0 AppleWebKit/537.36 (KHTML, like Gecko; compatible; ClaudeBot/1.0; [email protected])"
54.85.109.140 - - [07/Jul/2025:08:48:04 -0400] "GET /228ef4/?loknya=/proc/thread-self/root/proc/thread-self/root/home/akhalid/mail/shabwahrefinery.com/usama/.Drafts/cur HTTP/1.1" 200 8240 "-" "Mozilla/5.0 AppleWebKit/537.36 (KHTML, like Gecko; compatible; Amazonbot/0.1; +https://developer.amazon.com/support/amazonbot) Chrome/119.0.6045.214 Safari/537.36"
20.171.207.219 - - [07/Jul/2025:08:48:04 -0400] "GET /228ef4/index.php?lokasie=%2F.%2Fproc%2Fself%2Froot%2Flib%2Fpython3.8%2Fsite-packages%2Fsetuptools%2F_vendor%2F%2Fpyparsing.py&loknya=%2F.%2Fproc%2Fself%2Froot%2Flib%2Fpython3.8%2Fsite-packages%2Fsetuptools%2F_vendor%2F HTTP/1.1" 200 66888 "-" "Mozilla/5.0 AppleWebKit/537.36 (KHTML, like Gecko; compatible; GPTBot/1.2; +https://openai.com/gptbot)"
216.73.216.243 - - [07/Jul/2025:08:48:05 -0400] "GET /228ef4/?lokasie=%2Fhome%2Fakhalid%2Fmail%2Fnew%2F1704718427.M756060P987476.premium229.web-hosting.com%2CS%3D4390%2CW%3D4525&loknya=%2Fhome%2Fakhalid%2Fmail%2Fnew HTTP/1.1" 200 9839 "-" "Mozilla/5.0 AppleWebKit/537.36 (KHTML, like Gecko; compatible; ClaudeBot/1.0; [email protected])"
20.171.207.219 - - [07/Jul/2025:08:48:06 -0400] "GET /228ef4/index.php?lokasie=%2F.%2Fproc%2F3671081%2Froot%2Fhome%2Fakhalid%2Fmail%2F.farid%40ibrenergy_com%2F.Sent%2Fcur%2F1672646821.M899679P1016574.premium229.web-hosting.com%2CS%3D5346%2CW%3D5457%3A2%2CS&loknya=%2F.%2Fproc%2F3671081%2Froot%2Fhome%2Fakhalid%2Fmail%2F.farid%40ibrenergy_com%2F.Sent%2Fcur HTTP/1.1" 200 7956 "-" "Mozilla/5.0 AppleWebKit/537.36 (KHTML, like Gecko; compatible; GPTBot/1.2; +https://openai.com/gptbot)"
216.73.216.243 - - [07/Jul/2025:08:48:06 -0400] "GET /228ef4/index.php?loknya=%2Flib64%2Fgconv HTTP/1.1" 200 12552 "-" "Mozilla/5.0 AppleWebKit/537.36 (KHTML, like Gecko; compatible; ClaudeBot/1.0; [email protected])"
20.171.207.219 - - [07/Jul/2025:08:48:07 -0400] "GET /228ef4/index.php?lokasie=%2Fhome%2Fakhalid%2F.%2Fnas-yemen.org%2Fpublic_html%2Fwp-admin%2Fuser%2Fprivacy.php&loknya=%2Fhome%2Fakhalid%2F.%2Fnas-yemen.org%2Fpublic_html%2Fwp-admin%2Fuser HTTP/1.1" 200 8038 "-" "Mozilla/5.0 AppleWebKit/537.36 (KHTML, like Gecko; compatible; GPTBot/1.2; +https://openai.com/gptbot)"
216.73.216.243 - - [07/Jul/2025:08:48:07 -0400] "GET /228ef4/?lokasie=%2Fhome%2Fakhalid%2Fmail%2Fnew%2F1692450892.M788215P4012627.premium229.web-hosting.com%2CS%3D2960%2CW%3D3036&loknya=%2Fhome%2Fakhalid%2Fmail%2Fnew HTTP/1.1" 200 9034 "-" "Mozilla/5.0 AppleWebKit/537.36 (KHTML, like Gecko; compatible; ClaudeBot/1.0; [email protected])"
216.73.216.243 - - [07/Jul/2025:08:48:08 -0400] "GET /228ef4/?lokasie=%2Fhome%2Fakhalid%2Fmail%2Fnew%2F1740146523.M117183P611485.premium229.web-hosting.com%2CS%3D2832%2CW%3D2912&loknya=%2Fhome%2Fakhalid%2Fmail%2Fnew HTTP/1.1" 200 8982 "-" "Mozilla/5.0 AppleWebKit/537.36 (KHTML, like Gecko; compatible; ClaudeBot/1.0; [email protected])"
100.29.128.75 - - [07/Jul/2025:08:48:08 -0400] "GET /228ef4/?loknya=/proc/thread-self/root/opt/alt/alt-nodejs10/root/lib/node_modules/npm/node_modules.bundled/http-signature/lib HTTP/1.1" 200 8529 "-" "Mozilla/5.0 AppleWebKit/537.36 (KHTML, like Gecko; compatible; Amazonbot/0.1; +https://developer.amazon.com/support/amazonbot) Chrome/119.0.6045.214 Safari/537.36"
20.171.207.219 - - [07/Jul/2025:08:48:08 -0400] "GET /228ef4/index.php?lokasie=%2F.%2Fhome%2Fakhalid%2Fnas-yemen.org%2Fpublic_html%2Fwp-admin%2Fuser%2Fprivacy.php&loknya=%2F.%2Fhome%2Fakhalid%2Fnas-yemen.org%2Fpublic_html%2Fwp-admin%2Fuser HTTP/1.1" 200 8036 "-" "Mozilla/5.0 AppleWebKit/537.36 (KHTML, like Gecko; compatible; GPTBot/1.2; +https://openai.com/gptbot)"
216.73.216.243 - - [07/Jul/2025:08:48:09 -0400] "GET /228ef4/?loknya=%2Flib%2Flocale%2Fen_CA HTTP/1.1" 200 8693 "-" "Mozilla/5.0 AppleWebKit/537.36 (KHTML, like Gecko; compatible; ClaudeBot/1.0; [email protected])"
20.171.207.219 - - [07/Jul/2025:08:48:09 -0400] "GET /228ef4/index.php?lokasie=%2F.%2Fhome%2Fakhalid%2F.%2Fmail%2Fnas-yemen.org%2Fmansur%2Fnew%2F1695122777.M681213P835942.premium229.web-hosting.com%2CS%3D79216%2CW%3D80363&loknya=%2F.%2Fhome%2Fakhalid%2F.%2Fmail%2Fnas-yemen.org%2Fmansur%2Fnew HTTP/1.1" 200 60573 "-" "Mozilla/5.0 AppleWebKit/537.36 (KHTML, like Gecko; compatible; GPTBot/1.2; +https://openai.com/gptbot)"
216.73.216.243 - - [07/Jul/2025:08:48:10 -0400] "GET /228ef4/?lokasie=%2Fhome%2Fakhalid%2Fmail%2Fnew%2F1672019092.M145430P1309780.premium229.web-hosting.com%2CS%3D2877%2CW%3D2953&loknya=%2Fhome%2Fakhalid%2Fmail%2Fnew HTTP/1.1" 200 9034 "-" "Mozilla/5.0 AppleWebKit/537.36 (KHTML, like Gecko; compatible; ClaudeBot/1.0; [email protected])"
216.73.216.243 - - [07/Jul/2025:08:48:11 -0400] "GET /228ef4/?lokasie=%2Fhome%2Fakhalid%2Fmail%2Fnew%2F1736268182.M193360P677202.premium229.web-hosting.com%2CS%3D4378%2CW%3D4473&loknya=%2Fhome%2Fakhalid%2Fmail%2Fnew HTTP/1.1" 200 9478 "-" "Mozilla/5.0 AppleWebKit/537.36 (KHTML, like Gecko; compatible; ClaudeBot/1.0; [email protected])"
20.171.207.219 - - [07/Jul/2025:08:48:12 -0400] "GET /228ef4/index.php?lokasie=%2F.%2Fproc%2Fself%2Froot%2Fhome%2Fakhalid%2Flscache%2F7%2F5%2F6%2F75637410058dcc25&loknya=%2F.%2Fproc%2Fself%2Froot%2Fhome%2Fakhalid%2Flscache%2F7%2F5%2F6 HTTP/1.1" 200 8231 "-" "Mozilla/5.0 AppleWebKit/537.36 (KHTML, like Gecko; compatible; GPTBot/1.2; +https://openai.com/gptbot)"
216.73.216.243 - - [07/Jul/2025:08:48:12 -0400] "GET /228ef4/index.php?lokasie=%2Fbin%2Fnumfmt&loknya=%2Fbin HTTP/1.1" 200 34290 "-" "Mozilla/5.0 AppleWebKit/537.36 (KHTML, like Gecko; compatible; ClaudeBot/1.0; [email protected])"
34.196.237.236 - - [07/Jul/2025:08:48:12 -0400] "GET /228ef4/?loknya=/proc/thread-self/root/proc/thread-self/root/usr/share/locale/was/ HTTP/1.1" 200 8296 "-" "Mozilla/5.0 AppleWebKit/537.36 (KHTML, like Gecko; compatible; Amazonbot/0.1; +https://developer.amazon.com/support/amazonbot) Chrome/119.0.6045.214 Safari/537.36"
20.171.207.219 - - [07/Jul/2025:08:48:13 -0400] "GET /228ef4/index.php?lokasie=%2F.%2Fproc%2Fself%2Froot%2Flib%2F.build-id%2Fa9%2F4a0057d905181bcf3301ac93222aa3a0bc52d5&loknya=%2F.%2Fproc%2Fself%2Froot%2Flib%2F.build-id%2Fa9 HTTP/1.1" 200 11840 "-" "Mozilla/5.0 AppleWebKit/537.36 (KHTML, like Gecko; compatible; GPTBot/1.2; +https://openai.com/gptbot)"
216.73.216.243 - - [07/Jul/2025:08:48:13 -0400] "GET /228ef4/index.php?lokasie=%2Flib64%2Flibunistring.so.2&loknya=%2Flib64 HTTP/1.1" 200 473901 "-" "Mozilla/5.0 AppleWebKit/537.36 (KHTML, like Gecko; compatible; ClaudeBot/1.0; [email protected])"
216.73.216.243 - - [07/Jul/2025:08:48:14 -0400] "GET /228ef4/?lokasie=%2Fhome%2Fakhalid%2Fmail%2Fnew%2F1741130516.M219670P1746399.premium229.web-hosting.com%2CS%3D3087%2CW%3D3169&loknya=%2Fhome%2Fakhalid%2Fmail%2Fnew HTTP/1.1" 200 9122 "-" "Mozilla/5.0 AppleWebKit/537.36 (KHTML, like Gecko; compatible; ClaudeBot/1.0; [email protected])"
20.171.207.219 - - [07/Jul/2025:08:48:14 -0400] "GET /228ef4/index.php?lokasie=%2F.%2Fproc%2Fself%2Froot%2Fhome%2Fakhalid%2Flscache%2F8%2F9%2F5%2F89563652f2198f30&loknya=%2F.%2Fproc%2Fself%2Froot%2Fhome%2Fakhalid%2Flscache%2F8%2F9%2F5 HTTP/1.1" 200 8206 "-" "Mozilla/5.0 AppleWebKit/537.36 (KHTML, like Gecko; compatible; GPTBot/1.2; +https://openai.com/gptbot)"
216.73.216.243 - - [07/Jul/2025:08:48:15 -0400] "GET /228ef4/?lokasie=%2Fhome%2Fakhalid%2Fmail%2Fnew%2F1748613444.M780650P3568666.premium229.web-hosting.com%2CS%3D4526%2CW%3D4633&loknya=%2Fhome%2Fakhalid%2Fmail%2Fnew HTTP/1.1" 200 9548 "-" "Mozilla/5.0 AppleWebKit/537.36 (KHTML, like Gecko; compatible; ClaudeBot/1.0; [email protected])"
20.171.207.219 - - [07/Jul/2025:08:48:15 -0400] "GET /228ef4/index.php?lokasie=%2F.%2Fproc%2Fself%2Froot%2Fhome%2Fakhalid%2Flscache%2F6%2F3%2F5%2F6356c825239e7c37&loknya=%2F.%2Fproc%2Fself%2Froot%2Fhome%2Fakhalid%2Flscache%2F6%2F3%2F5 HTTP/1.1" 200 8230 "-" "Mozilla/5.0 AppleWebKit/537.36 (KHTML, like Gecko; compatible; GPTBot/1.2; +https://openai.com/gptbot)"
216.73.216.243 - - [07/Jul/2025:08:48:16 -0400] "GET /228ef4/?lokasie=%2Fhome%2Fakhalid%2Fmail%2Fnew%2F1738852409.M593241P1874904.premium229.web-hosting.com%2CS%3D3055%2CW%3D3137&loknya=%2Fhome%2Fakhalid%2Fmail%2Fnew HTTP/1.1" 200 9134 "-" "Mozilla/5.0 AppleWebKit/537.36 (KHTML, like Gecko; compatible; ClaudeBot/1.0; [email protected])"
20.171.207.219 - - [07/Jul/2025:08:48:16 -0400] "GET /228ef4/index.php?lokasie=%2F.%2Fproc%2Fself%2Froot%2Fhome%2Fakhalid%2Flscache%2F7%2F0%2F7%2F7070f7605296af89&loknya=%2F.%2Fproc%2Fself%2Froot%2Fhome%2Fakhalid%2Flscache%2F7%2F0%2F7 HTTP/1.1" 200 8223 "-" "Mozilla/5.0 AppleWebKit/537.36 (KHTML, like Gecko; compatible; GPTBot/1.2; +https://openai.com/gptbot)"
216.73.216.243 - - [07/Jul/2025:08:48:17 -0400] "GET /228ef4/?lokasie=%2Fproc%2Flve%2Ftask_sched_stat&loknya=%2Fproc%2Flve HTTP/1.1" 200 7855 "-" "Mozilla/5.0 AppleWebKit/537.36 (KHTML, like Gecko; compatible; ClaudeBot/1.0; [email protected])"
20.171.207.219 - - [07/Jul/2025:08:48:17 -0400] "GET /228ef4/index.php?lokasie=%2F.%2Fproc%2Fself%2Froot%2Fhome%2Fakhalid%2Flscache%2F5%2F4%2F5%2F54544852f03aa013&loknya=%2F.%2Fproc%2Fself%2Froot%2Fhome%2Fakhalid%2Flscache%2F5%2F4%2F5 HTTP/1.1" 200 8222 "-" "Mozilla/5.0 AppleWebKit/537.36 (KHTML, like Gecko; compatible; GPTBot/1.2; +https://openai.com/gptbot)"
184.73.195.18 - - [07/Jul/2025:08:48:17 -0400] "GET /228ef4/?loknya=/proc/self/root/proc/thread-self/root/proc/thread-self/root/opt/hc_python/man HTTP/1.1" 200 8278 "-" "Mozilla/5.0 AppleWebKit/537.36 (KHTML, like Gecko; compatible; Amazonbot/0.1; +https://developer.amazon.com/support/amazonbot) Chrome/119.0.6045.214 Safari/537.36"
216.73.216.243 - - [07/Jul/2025:08:48:18 -0400] "GET /228ef4/?lokasie=%2Fhome%2Fakhalid%2Fmail%2Fcur%2F1663787331.M794080P3633437.premium229.web-hosting.com%2CS%3D2906%2CW%3D2982%3A2%2C&loknya=%2Fhome%2Fakhalid%2Fmail%2Fcur HTTP/1.1" 200 9079 "-" "Mozilla/5.0 AppleWebKit/537.36 (KHTML, like Gecko; compatible; ClaudeBot/1.0; [email protected])"
216.73.216.243 - - [07/Jul/2025:08:48:19 -0400] "GET /228ef4/?lokasie=%2Fhome%2Fakhalid%2Fmail%2Fnew%2F1744774387.M664168P193766.premium229.web-hosting.com%2CS%3D2799%2CW%3D2873&loknya=%2Fhome%2Fakhalid%2Fmail%2Fnew HTTP/1.1" 200 9010 "-" "Mozilla/5.0 AppleWebKit/537.36 (KHTML, like Gecko; compatible; ClaudeBot/1.0; [email protected])"
20.171.207.219 - - [07/Jul/2025:08:48:19 -0400] "GET /228ef4/index.php?lokasie=%2F.%2Fproc%2Fself%2Froot%2Fhome%2Fakhalid%2Flscache%2F5%2F8%2F0%2F58026b03ed292729&loknya=%2F.%2Fproc%2Fself%2Froot%2Fhome%2Fakhalid%2Flscache%2F5%2F8%2F0 HTTP/1.1" 200 8228 "-" "Mozilla/5.0 AppleWebKit/537.36 (KHTML, like Gecko; compatible; GPTBot/1.2; +https://openai.com/gptbot)"
216.73.216.243 - - [07/Jul/2025:08:48:20 -0400] "GET /228ef4/?lokasie=%2Fhome%2Fakhalid%2Fmail%2Fcur%2F1657166246.M13134P803422.premium229.web-hosting.com%2CS%3D2656%2CW%3D2705%3A2%2C&loknya=%2Fhome%2Fakhalid%2Fmail%2Fcur HTTP/1.1" 200 9183 "-" "Mozilla/5.0 AppleWebKit/537.36 (KHTML, like Gecko; compatible; ClaudeBot/1.0; [email protected])"
20.171.207.219 - - [07/Jul/2025:08:48:20 -0400] "GET /228ef4/index.php?lokasie=%2F.%2Fproc%2Fself%2Froot%2Fhome%2Fakhalid%2Flscache%2F0%2F0%2F7%2F007d3076ca764419&loknya=%2F.%2Fproc%2Fself%2Froot%2Fhome%2Fakhalid%2Flscache%2F0%2F0%2F7 HTTP/1.1" 200 8221 "-" "Mozilla/5.0 AppleWebKit/537.36 (KHTML, like Gecko; compatible; GPTBot/1.2; +https://openai.com/gptbot)"
216.73.216.243 - - [07/Jul/2025:08:48:21 -0400] "GET /228ef4/?lokasie=%2Fhome%2Fakhalid%2Fmail%2Fcur%2F1661939159.M682783P26845.premium229.web-hosting.com%2CS%3D3584%2CW%3D3668%3A2%2C&loknya=%2Fhome%2Fakhalid%2Fmail%2Fcur HTTP/1.1" 200 9462 "-" "Mozilla/5.0 AppleWebKit/537.36 (KHTML, like Gecko; compatible; ClaudeBot/1.0; [email protected])"
3.231.193.38 - - [07/Jul/2025:08:48:20 -0400] "GET /228ef4/index.php?lokasie=/proc/thread-self/root/proc/thread-self/root/lib/firmware//iwlwifi-bz-b0-fm-c0-96.ucode&loknya=/proc/thread-self/root/proc/thread-self/root/lib/firmware/ HTTP/1.1" 200 653630 "-" "Mozilla/5.0 AppleWebKit/537.36 (KHTML, like Gecko; compatible; Amazonbot/0.1; +https://developer.amazon.com/support/amazonbot) Chrome/119.0.6045.214 Safari/537.36"
20.171.207.219 - - [07/Jul/2025:08:48:21 -0400] "GET /228ef4/index.php?lokasie=%2F.%2Fproc%2Fself%2Froot%2Fhome%2Fakhalid%2Flscache%2F1%2F8%2F5%2F185ee6237c564013&loknya=%2F.%2Fproc%2Fself%2Froot%2Fhome%2Fakhalid%2Flscache%2F1%2F8%2F5 HTTP/1.1" 200 8230 "-" "Mozilla/5.0 AppleWebKit/537.36 (KHTML, like Gecko; compatible; GPTBot/1.2; +https://openai.com/gptbot)"
20.171.207.219 - - [07/Jul/2025:08:48:22 -0400] "GET /228ef4/index.php?lokasie=%2F.%2Fproc%2Fself%2Froot%2Fhome%2Fakhalid%2Flscache%2F3%2F6%2F5%2F3652479d2a2014d3&loknya=%2F.%2Fproc%2Fself%2Froot%2Fhome%2Fakhalid%2Flscache%2F3%2F6%2F5 HTTP/1.1" 200 28146 "-" "Mozilla/5.0 AppleWebKit/537.36 (KHTML, like Gecko; compatible; GPTBot/1.2; +https://openai.com/gptbot)"
216.73.216.243 - - [07/Jul/2025:08:48:23 -0400] "GET /228ef4/?lokasie=%2Fhome%2Fakhalid%2Fmail%2Fnew%2F1739631641.M996464P236117.premium229.web-hosting.com%2CS%3D4941%2CW%3D5055&loknya=%2Fhome%2Fakhalid%2Fmail%2Fnew HTTP/1.1" 200 10002 "-" "Mozilla/5.0 AppleWebKit/537.36 (KHTML, like Gecko; compatible; ClaudeBot/1.0; [email protected])"
20.171.207.219 - - [07/Jul/2025:08:48:24 -0400] "GET /228ef4/index.php?lokasie=%2F.%2Fproc%2Fself%2Froot%2Fhome%2Fakhalid%2Flscache%2F8%2F4%2F9%2F849c92c730157943&loknya=%2F.%2Fproc%2Fself%2Froot%2Fhome%2Fakhalid%2Flscache%2F8%2F4%2F9 HTTP/1.1" 200 41647 "-" "Mozilla/5.0 AppleWebKit/537.36 (KHTML, like Gecko; compatible; GPTBot/1.2; +https://openai.com/gptbot)"
216.73.216.243 - - [07/Jul/2025:08:48:24 -0400] "GET /228ef4/?loknya=%2Fhome%2Fakhalid%2Fmail%2F.Drafts%2Fnew HTTP/1.1" 200 8113 "-" "Mozilla/5.0 AppleWebKit/537.36 (KHTML, like Gecko; compatible; ClaudeBot/1.0; [email protected])"
34.194.233.48 - - [07/Jul/2025:08:48:24 -0400] "GET /228ef4/?loknya=/proc/thread-self/root/home/akhalid/./mail/.Sent HTTP/1.1" 200 8546 "-" "Mozilla/5.0 AppleWebKit/537.36 (KHTML, like Gecko; compatible; Amazonbot/0.1; +https://developer.amazon.com/support/amazonbot) Chrome/119.0.6045.214 Safari/537.36"
216.73.216.243 - - [07/Jul/2025:08:48:25 -0400] "GET /228ef4/?lokasie=%2Fhome%2Fakhalid%2Fmail%2Fnew%2F1738359480.M483057P1525501.premium229.web-hosting.com%2CS%3D3492%2CW%3D3582&loknya=%2Fhome%2Fakhalid%2Fmail%2Fnew HTTP/1.1" 200 9356 "-" "Mozilla/5.0 AppleWebKit/537.36 (KHTML, like Gecko; compatible; ClaudeBot/1.0; [email protected])"
20.171.207.219 - - [07/Jul/2025:08:48:25 -0400] "GET /228ef4/index.php?lokasie=%2F.%2Fproc%2Fself%2Froot%2Fhome%2Fakhalid%2Flscache%2F3%2F4%2F4%2F3442c1ef83614759&loknya=%2F.%2Fproc%2Fself%2Froot%2Fhome%2Fakhalid%2Flscache%2F3%2F4%2F4 HTTP/1.1" 200 8218 "-" "Mozilla/5.0 AppleWebKit/537.36 (KHTML, like Gecko; compatible; GPTBot/1.2; +https://openai.com/gptbot)"
43.153.104.196 - - [07/Jul/2025:08:48:25 -0400] "GET / HTTP/1.1" 200 1593 "http://www.ahmedkhalid.com" "Mozilla/5.0 (iPhone; CPU iPhone OS 13_2_3 like Mac OS X) AppleWebKit/605.1.15 (KHTML, like Gecko) Version/13.0.3 Mobile/15E148 Safari/604.1"
216.73.216.243 - - [07/Jul/2025:08:48:26 -0400] "GET /228ef4/?loknya=%2Flib%2Flocale%2Fen_SG HTTP/1.1" 200 8738 "-" "Mozilla/5.0 AppleWebKit/537.36 (KHTML, like Gecko; compatible; ClaudeBot/1.0; [email protected])"
20.171.207.219 - - [07/Jul/2025:08:48:26 -0400] "GET /228ef4/index.php?lokasie=%2F.%2Fproc%2Fself%2Froot%2Fhome%2Fakhalid%2Flscache%2F4%2F0%2F8%2F4087014e542c31b6&loknya=%2F.%2Fproc%2Fself%2Froot%2Fhome%2Fakhalid%2Flscache%2F4%2F0%2F8 HTTP/1.1" 200 8238 "-" "Mozilla/5.0 AppleWebKit/537.36 (KHTML, like Gecko; compatible; GPTBot/1.2; +https://openai.com/gptbot)"
216.73.216.243 - - [07/Jul/2025:08:48:27 -0400] "GET /228ef4/?lokasie=%2Flib64%2Flibmatio.so.9.1.2&loknya=%2Flib64 HTTP/1.1" 200 113195 "-" "Mozilla/5.0 AppleWebKit/537.36 (KHTML, like Gecko; compatible; ClaudeBot/1.0; [email protected])"
34.227.156.153 - - [07/Jul/2025:08:48:28 -0400] "GET /228ef4/?loknya=/opt/alt/alt-nodejs12/root/lib/node_modules/npm/node_modules/npm-registry-fetch/node_modules/ HTTP/1.1" 200 8309 "-" "Mozilla/5.0 AppleWebKit/537.36 (KHTML, like Gecko; compatible; Amazonbot/0.1; +https://developer.amazon.com/support/amazonbot) Chrome/119.0.6045.214 Safari/537.36"
20.171.207.219 - - [07/Jul/2025:08:48:28 -0400] "GET /228ef4/index.php?lokasie=%2Fhome%2F.%2Fakhalid%2Flscache%2Fb%2F0%2F4%2Fb0444b4a92a1c891&loknya=%2Fhome%2F.%2Fakhalid%2Flscache%2Fb%2F0%2F4 HTTP/1.1" 200 8223 "-" "Mozilla/5.0 AppleWebKit/537.36 (KHTML, like Gecko; compatible; GPTBot/1.2; +https://openai.com/gptbot)"
20.171.207.219 - - [07/Jul/2025:08:48:29 -0400] "GET /228ef4/index.php?lokasie=%2F.%2Fproc%2Fthread-self%2Froot%2Fusr%2Fshare%2Fzoneinfo%2FAmerica%2FLa_Paz&loknya=%2F.%2Fproc%2Fthread-self%2Froot%2Fusr%2Fshare%2Fzoneinfo%2FAmerica HTTP/1.1" 200 8023 "-" "Mozilla/5.0 AppleWebKit/537.36 (KHTML, like Gecko; compatible; GPTBot/1.2; +https://openai.com/gptbot)"
216.73.216.243 - - [07/Jul/2025:08:48:29 -0400] "GET /228ef4/?lokasie=%2Fhome%2Fakhalid%2Fmail%2Fnew%2F1749074630.M729623P3780307.premium229.web-hosting.com%2CS%3D2877%2CW%3D2957&loknya=%2Fhome%2Fakhalid%2Fmail%2Fnew HTTP/1.1" 200 9007 "-" "Mozilla/5.0 AppleWebKit/537.36 (KHTML, like Gecko; compatible; ClaudeBot/1.0; [email protected])"
216.73.216.243 - - [07/Jul/2025:08:48:30 -0400] "GET /228ef4/?lokasie=%2Flib64%2Flibgbm.so.1.0.0&loknya=%2Flib64 HTTP/1.1" 200 34268 "-" "Mozilla/5.0 AppleWebKit/537.36 (KHTML, like Gecko; compatible; ClaudeBot/1.0; [email protected])"
2001:41d0:303:6faa::1 - - [07/Jul/2025:08:48:30 -0400] "GET /228ef4/index.php?lokasie=/usr/include/profile.h&loknya=/usr/include HTTP/1.1" 200 11090 "-" "Mozilla/5.0 (compatible; MJ12bot/v1.4.8; http://mj12bot.com/)"
20.171.207.219 - - [07/Jul/2025:08:48:30 -0400] "GET /228ef4/index.php?lokasie=%2Fhome%2F.%2Fakhalid%2Flscache%2F5%2Fa%2F2%2F5a2dad82ab64fc6a&loknya=%2Fhome%2F.%2Fakhalid%2Flscache%2F5%2Fa%2F2 HTTP/1.1" 200 8199 "-" "Mozilla/5.0 AppleWebKit/537.36 (KHTML, like Gecko; compatible; GPTBot/1.2; +https://openai.com/gptbot)"
216.73.216.243 - - [07/Jul/2025:08:48:31 -0400] "GET /228ef4/?loknya=%2Fhome%2Fakhalid%2Fmail%2F.salah%40shabwahrefinery_com%2F.Drafts HTTP/1.1" 200 8484 "-" "Mozilla/5.0 AppleWebKit/537.36 (KHTML, like Gecko; compatible; ClaudeBot/1.0; [email protected])"
20.171.207.219 - - [07/Jul/2025:08:48:32 -0400] "GET /228ef4/index.php?lokasie=%2F.%2Fhome%2Fakhalid%2Flscache%2F5%2F4%2F2%2F542a60edefdcedad&loknya=%2F.%2Fhome%2Fakhalid%2Flscache%2F5%2F4%2F2 HTTP/1.1" 200 8176 "-" "Mozilla/5.0 AppleWebKit/537.36 (KHTML, like Gecko; compatible; GPTBot/1.2; +https://openai.com/gptbot)"
216.73.216.243 - - [07/Jul/2025:08:48:32 -0400] "GET /228ef4/?lokasie=%2Fhome%2Fakhalid%2Fmail%2Fnew%2F1748072364.M716379P2496960.premium229.web-hosting.com%2CS%3D2874%2CW%3D2954&loknya=%2Fhome%2Fakhalid%2Fmail%2Fnew HTTP/1.1" 200 8996 "-" "Mozilla/5.0 AppleWebKit/537.36 (KHTML, like Gecko; compatible; ClaudeBot/1.0; [email protected])"
20.171.207.219 - - [07/Jul/2025:08:48:33 -0400] "GET /228ef4/index.php?lokasie=%2F.%2Fhome%2Fakhalid%2Flscache%2F2%2Fe%2F6%2F2e6eef46c67e12bd&loknya=%2F.%2Fhome%2Fakhalid%2Flscache%2F2%2Fe%2F6 HTTP/1.1" 200 8192 "-" "Mozilla/5.0 AppleWebKit/537.36 (KHTML, like Gecko; compatible; GPTBot/1.2; +https://openai.com/gptbot)"
216.73.216.243 - - [07/Jul/2025:08:48:33 -0400] "GET /228ef4/?lokasie=%2Fhome%2Fakhalid%2Fmail%2Fnew%2F1748490288.M72101P3051330.premium229.web-hosting.com%2CS%3D4521%2CW%3D4628&loknya=%2Fhome%2Fakhalid%2Fmail%2Fnew HTTP/1.1" 200 9582 "-" "Mozilla/5.0 AppleWebKit/537.36 (KHTML, like Gecko; compatible; ClaudeBot/1.0; [email protected])"
34.239.197.197 - - [07/Jul/2025:08:48:33 -0400] "GET /228ef4/?loknya=/proc/thread-self/root/proc/thread-self/root/proc/thread-self/root/usr/share/locale/bi HTTP/1.1" 200 8308 "-" "Mozilla/5.0 AppleWebKit/537.36 (KHTML, like Gecko; compatible; Amazonbot/0.1; +https://developer.amazon.com/support/amazonbot) Chrome/119.0.6045.214 Safari/537.36"
20.171.207.219 - - [07/Jul/2025:08:48:34 -0400] "GET /228ef4/index.php?lokasie=%2Fhome%2Fakhalid%2F.%2Flscache%2F2%2Fa%2F1%2F2a1c42558c18e6dc&loknya=%2Fhome%2Fakhalid%2F.%2Flscache%2F2%2Fa%2F1 HTTP/1.1" 200 8216 "-" "Mozilla/5.0 AppleWebKit/537.36 (KHTML, like Gecko; compatible; GPTBot/1.2; +https://openai.com/gptbot)"
216.73.216.243 - - [07/Jul/2025:08:48:34 -0400] "GET /228ef4/?loknya=%2Fhome%2Fakhalid%2Flscache%2F6%2Fb%2Fb HTTP/1.1" 200 8623 "-" "Mozilla/5.0 AppleWebKit/537.36 (KHTML, like Gecko; compatible; ClaudeBot/1.0; [email protected])"
20.171.207.219 - - [07/Jul/2025:08:48:35 -0400] "GET /228ef4/index.php?lokasie=%2F.%2Fhome%2Fakhalid%2Flscache%2Fd%2F6%2Fc%2Fd6c2eda77db6ca72&loknya=%2F.%2Fhome%2Fakhalid%2Flscache%2Fd%2F6%2Fc HTTP/1.1" 200 8231 "-" "Mozilla/5.0 AppleWebKit/537.36 (KHTML, like Gecko; compatible; GPTBot/1.2; +https://openai.com/gptbot)"
216.73.216.243 - - [07/Jul/2025:08:48:35 -0400] "GET /228ef4/?lokasie=%2Flib64%2Flibpanelw.so.6.1&loknya=%2Flib64 HTTP/1.1" 200 13220 "-" "Mozilla/5.0 AppleWebKit/537.36 (KHTML, like Gecko; compatible; ClaudeBot/1.0; [email protected])"
216.73.216.243 - - [07/Jul/2025:08:48:36 -0400] "GET /228ef4/?lokasie=%2Fhome%2Fakhalid%2Fmail%2Fnew%2F1746872125.M799738P3714987.premium229.web-hosting.com%2CS%3D4530%2CW%3D4637&loknya=%2Fhome%2Fakhalid%2Fmail%2Fnew HTTP/1.1" 200 9555 "-" "Mozilla/5.0 AppleWebKit/537.36 (KHTML, like Gecko; compatible; ClaudeBot/1.0; [email protected])"
20.171.207.219 - - [07/Jul/2025:08:48:36 -0400] "GET /228ef4/index.php?lokasie=%2Fhome%2Fakhalid%2F.%2Flscache%2Fc%2Fd%2F9%2Fcd924ed8d4ed11ad&loknya=%2Fhome%2Fakhalid%2F.%2Flscache%2Fc%2Fd%2F9 HTTP/1.1" 200 8203 "-" "Mozilla/5.0 AppleWebKit/537.36 (KHTML, like Gecko; compatible; GPTBot/1.2; +https://openai.com/gptbot)"
3.220.70.171 - - [07/Jul/2025:08:48:37 -0400] "GET /228ef4/?loknya=/proc/thread-self/root/proc/self/root/home/akhalid/global-site/wp-includes/css/dist/patterns HTTP/1.1" 200 8521 "-" "Mozilla/5.0 AppleWebKit/537.36 (KHTML, like Gecko; compatible; Amazonbot/0.1; +https://developer.amazon.com/support/amazonbot) Chrome/119.0.6045.214 Safari/537.36"
216.73.216.243 - - [07/Jul/2025:08:48:37 -0400] "GET /228ef4/?loknya=%2Fusr%2Fshare%2Fman%2Ffr HTTP/1.1" 200 8357 "-" "Mozilla/5.0 AppleWebKit/537.36 (KHTML, like Gecko; compatible; ClaudeBot/1.0; [email protected])"
20.171.207.219 - - [07/Jul/2025:08:48:37 -0400] "GET /228ef4/index.php?lokasie=%2Fhome%2F.%2Fakhalid%2Flscache%2F7%2F8%2Fe%2F78e7c2eaae5b287c&loknya=%2Fhome%2F.%2Fakhalid%2Flscache%2F7%2F8%2Fe HTTP/1.1" 200 8192 "-" "Mozilla/5.0 AppleWebKit/537.36 (KHTML, like Gecko; compatible; GPTBot/1.2; +https://openai.com/gptbot)"
216.73.216.243 - - [07/Jul/2025:08:48:38 -0400] "GET /228ef4/?lokasie=%2Fhome%2Fakhalid%2Fmail%2Fnew%2F1741337963.M190507P1305383.premium229.web-hosting.com%2CS%3D6332%2CW%3D6430&loknya=%2Fhome%2Fakhalid%2Fmail%2Fnew HTTP/1.1" 200 10325 "-" "Mozilla/5.0 AppleWebKit/537.36 (KHTML, like Gecko; compatible; ClaudeBot/1.0; [email protected])"
20.171.207.219 - - [07/Jul/2025:08:48:38 -0400] "GET /228ef4/index.php?lokasie=%2Fhome%2F.%2Fakhalid%2Flscache%2Fa%2Fa%2F0%2Faa002c827ee71ba7&loknya=%2Fhome%2F.%2Fakhalid%2Flscache%2Fa%2Fa%2F0 HTTP/1.1" 200 8220 "-" "Mozilla/5.0 AppleWebKit/537.36 (KHTML, like Gecko; compatible; GPTBot/1.2; +https://openai.com/gptbot)"
216.73.216.243 - - [07/Jul/2025:08:48:39 -0400] "GET /228ef4/?lokasie=%2Fhome%2Fakhalid%2Fmail%2F.hayel%40nas-yemen_org%2Fdovecot-uidvalidity&loknya=%2Fhome%2Fakhalid%2Fmail%2F.hayel%40nas-yemen_org HTTP/1.1" 200 7866 "-" "Mozilla/5.0 AppleWebKit/537.36 (KHTML, like Gecko; compatible; ClaudeBot/1.0; [email protected])"
20.171.207.219 - - [07/Jul/2025:08:48:39 -0400] "GET /228ef4/index.php?lokasie=%2F.%2Fhome%2Fakhalid%2Flscache%2Fa%2Fa%2Fe%2Faae33617215f2ed2&loknya=%2F.%2Fhome%2Fakhalid%2Flscache%2Fa%2Fa%2Fe HTTP/1.1" 200 8170 "-" "Mozilla/5.0 AppleWebKit/537.36 (KHTML, like Gecko; compatible; GPTBot/1.2; +https://openai.com/gptbot)"
216.73.216.243 - - [07/Jul/2025:08:48:40 -0400] "GET /228ef4/?lokasie=%2Fhome%2Fakhalid%2Fmail%2Fnew%2F1738245888.M664233P2448458.premium229.web-hosting.com%2CS%3D3282%2CW%3D3366&loknya=%2Fhome%2Fakhalid%2Fmail%2Fnew HTTP/1.1" 200 9205 "-" "Mozilla/5.0 AppleWebKit/537.36 (KHTML, like Gecko; compatible; ClaudeBot/1.0; [email protected])"
35.169.102.85 - - [07/Jul/2025:08:48:40 -0400] "GET /228ef4/?loknya=/proc/thread-self/root/proc/thread-self/root/proc/self/root/lib/node_modules/npm/node_modules HTTP/1.1" 200 17618 "-" "Mozilla/5.0 AppleWebKit/537.36 (KHTML, like Gecko; compatible; Amazonbot/0.1; +https://developer.amazon.com/support/amazonbot) Chrome/119.0.6045.214 Safari/537.36"
20.171.207.219 - - [07/Jul/2025:08:48:41 -0400] "GET /228ef4/index.php?lokasie=%2Fhome%2F.%2Fakhalid%2Flscache%2Fe%2F1%2Fd%2Fe1d02f24be9ec22a&loknya=%2Fhome%2F.%2Fakhalid%2Flscache%2Fe%2F1%2Fd HTTP/1.1" 200 28120 "-" "Mozilla/5.0 AppleWebKit/537.36 (KHTML, like Gecko; compatible; GPTBot/1.2; +https://openai.com/gptbot)"
216.73.216.243 - - [07/Jul/2025:08:48:41 -0400] "GET /228ef4/?loknya=%2Flib64%2Fengines-1.1 HTTP/1.1" 200 8446 "-" "Mozilla/5.0 AppleWebKit/537.36 (KHTML, like Gecko; compatible; ClaudeBot/1.0; [email protected])"
216.73.216.243 - - [07/Jul/2025:08:48:42 -0400] "GET /228ef4/?loknya=%2Fhome%2Fakhalid%2Flscache%2F9%2Fb%2Fb HTTP/1.1" 200 8577 "-" "Mozilla/5.0 AppleWebKit/537.36 (KHTML, like Gecko; compatible; ClaudeBot/1.0; [email protected])"
20.171.207.219 - - [07/Jul/2025:08:48:42 -0400] "GET /228ef4/index.php?lokasie=%2Fhome%2F.%2Fakhalid%2Flscache%2Fd%2F2%2Ff%2Fd2f2f8a2b7c1a3ea&loknya=%2Fhome%2F.%2Fakhalid%2Flscache%2Fd%2F2%2Ff HTTP/1.1" 200 8202 "-" "Mozilla/5.0 AppleWebKit/537.36 (KHTML, like Gecko; compatible; GPTBot/1.2; +https://openai.com/gptbot)"
66.249.75.34 - - [07/Jul/2025:08:48:43 -0400] "GET /m041023466?srsltid=AfmBOoVyCKvLOuIZRzbv2x_0CuRieSZxs_qjXUuPhJ-Q-zOw0NTntu HTTP/1.1" 404 1251 "-" "Mozilla/5.0 (Linux; Android 6.0.1; Nexus 5X Build/MMB29P) AppleWebKit/537.36 (KHTML, like Gecko) Chrome/137.0.7151.103 Mobile Safari/537.36 (compatible; Googlebot/2.1; +http://www.google.com/bot.html)"
216.73.216.243 - - [07/Jul/2025:08:48:43 -0400] "GET /228ef4/?lokasie=%2Fhome%2Fakhalid%2Fmail%2Fnew%2F1748471050.M460211P4176430.premium229.web-hosting.com%2CS%3D3596%2CW%3D3676&loknya=%2Fhome%2Fakhalid%2Fmail%2Fnew HTTP/1.1" 200 9205 "-" "Mozilla/5.0 AppleWebKit/537.36 (KHTML, like Gecko; compatible; ClaudeBot/1.0; [email protected])"
20.171.207.219 - - [07/Jul/2025:08:48:44 -0400] "GET /228ef4/index.php?lokasie=%2Fhome%2Fakhalid%2F.%2Flscache%2Ff%2Fa%2F2%2Ffa24ed480e08cce6&loknya=%2Fhome%2Fakhalid%2F.%2Flscache%2Ff%2Fa%2F2 HTTP/1.1" 200 28126 "-" "Mozilla/5.0 AppleWebKit/537.36 (KHTML, like Gecko; compatible; GPTBot/1.2; +https://openai.com/gptbot)"
98.83.178.66 - - [07/Jul/2025:08:48:44 -0400] "GET /228ef4/?loknya=/proc/self/root/proc/thread-self/root/opt/alt/alt-nodejs10/root/var/spool HTTP/1.1" 200 8328 "-" "Mozilla/5.0 AppleWebKit/537.36 (KHTML, like Gecko; compatible; Amazonbot/0.1; +https://developer.amazon.com/support/amazonbot) Chrome/119.0.6045.214 Safari/537.36"
216.73.216.243 - - [07/Jul/2025:08:48:44 -0400] "GET /228ef4/index.php?lokasie=%2Flib64%2Flibdvdnav.so.4&loknya=%2Flib64 HTTP/1.1" 200 44785 "-" "Mozilla/5.0 AppleWebKit/537.36 (KHTML, like Gecko; compatible; ClaudeBot/1.0; [email protected])"
20.171.207.219 - - [07/Jul/2025:08:48:45 -0400] "GET /228ef4/index.php?lokasie=%2Fhome%2Fakhalid%2F.%2Flscache%2Fd%2Fc%2Fd%2Fdcdde08d4d970c0d&loknya=%2Fhome%2Fakhalid%2F.%2Flscache%2Fd%2Fc%2Fd HTTP/1.1" 200 8221 "-" "Mozilla/5.0 AppleWebKit/537.36 (KHTML, like Gecko; compatible; GPTBot/1.2; +https://openai.com/gptbot)"
216.73.216.243 - - [07/Jul/2025:08:48:45 -0400] "GET /228ef4/?lokasie=%2Fhome%2Fakhalid%2Fmail%2Fnew%2F1738376723.M329435P2956811.premium229.web-hosting.com%2CS%3D3302%2CW%3D3386&loknya=%2Fhome%2Fakhalid%2Fmail%2Fnew HTTP/1.1" 200 9205 "-" "Mozilla/5.0 AppleWebKit/537.36 (KHTML, like Gecko; compatible; ClaudeBot/1.0; [email protected])"
