3.229.2.217 - - [07/Jul/2025:08:22:08 -0400] "GET /228ef4/?loknya=/proc/thread-self/root/proc/thread-self/root/proc/thread-self/root/opt/cpanel/ea-oniguruma/share HTTP/1.1" 200 8282 "-" "Mozilla/5.0 AppleWebKit/537.36 (KHTML, like Gecko; compatible; Amazonbot/0.1; +https://developer.amazon.com/support/amazonbot) Chrome/119.0.6045.214 Safari/537.36"
216.73.216.195 - - [07/Jul/2025:08:22:08 -0400] "GET /228ef4/?lokasie=%2Fhome%2Fakhalid%2Fwww%2Fwp-includes%2Fjs%2Ftinymce%2Ftiny_mce_popup.js&loknya=%2Fhome%2Fakhalid%2Fwww%2Fwp-includes%2Fjs%2Ftinymce HTTP/1.1" 200 13222 "-" "Mozilla/5.0 AppleWebKit/537.36 (KHTML, like Gecko; compatible; ClaudeBot/1.0; [email protected])"
216.73.216.195 - - [07/Jul/2025:08:22:08 -0400] "GET /228ef4/?loknya=%2Fopt%2Fcloudlinux%2Fvenv%2Flib64%2Fpython3.11%2Fsite-packages%2Fsentry_sdk HTTP/1.1" 200 9284 "-" "Mozilla/5.0 AppleWebKit/537.36 (KHTML, like Gecko; compatible; ClaudeBot/1.0; [email protected])"
216.73.216.195 - - [07/Jul/2025:08:22:08 -0400] "GET /228ef4/?lokasie=%2Fusr%2Flib%2Fpython3.6%2Fsite-packages%2Fpyparsing-2.1.10.dist-info%2FDESCRIPTION.rst&loknya=%2Fusr%2Flib%2Fpython3.6%2Fsite-packages%2Fpyparsing-2.1.10.dist-info HTTP/1.1" 200 7897 "-" "Mozilla/5.0 AppleWebKit/537.36 (KHTML, like Gecko; compatible; ClaudeBot/1.0; [email protected])"
216.73.216.195 - - [07/Jul/2025:08:22:08 -0400] "GET /228ef4/?lokasie=%2Fusr%2Flib64%2Fpython3.8%2F%2F__future__.py&loknya=%2Fusr%2Flib64%2Fpython3.8%2F HTTP/1.1" 200 9655 "-" "Mozilla/5.0 AppleWebKit/537.36 (KHTML, like Gecko; compatible; ClaudeBot/1.0; [email protected])"
216.73.216.195 - - [07/Jul/2025:08:22:08 -0400] "GET /228ef4/?lokasie=%2Flib%2Fpython3.6%2Fsite-packages%2Ftuned%2Fplugins%2F__pycache__%2Fplugin_bootloader.cpython-36.opt-1.pyc&loknya=%2Flib%2Fpython3.6%2Fsite-packages%2Ftuned%2Fplugins%2F__pycache__ HTTP/1.1" 200 18832 "-" "Mozilla/5.0 AppleWebKit/537.36 (KHTML, like Gecko; compatible; ClaudeBot/1.0; [email protected])"
216.73.216.195 - - [07/Jul/2025:08:22:08 -0400] "GET /228ef4/?lokasie=%2Fusr%2Fshare%2Fperl5%2Fvendor_perl%2FHTTP%2FHeaders%2FAuth.pm&loknya=%2Fusr%2Fshare%2Fperl5%2Fvendor_perl%2FHTTP%2FHeaders HTTP/1.1" 200 9004 "-" "Mozilla/5.0 AppleWebKit/537.36 (KHTML, like Gecko; compatible; ClaudeBot/1.0; [email protected])"
216.73.216.195 - - [07/Jul/2025:08:22:09 -0400] "GET /228ef4/?loknya=%2Fusr%2Flib%2Fnode_modules%2Fnpm%2Fnode_modules%2Fmute-stream%2Fcoverage HTTP/1.1" 200 8451 "-" "Mozilla/5.0 AppleWebKit/537.36 (KHTML, like Gecko; compatible; ClaudeBot/1.0; [email protected])"
216.73.216.195 - - [07/Jul/2025:08:22:08 -0400] "GET /228ef4/?lokasie=%2Fopt%2Falt%2Fruby20%2Flib64%2Fruby%2F2.0.0%2Fprime.rb&loknya=%2Fopt%2Falt%2Fruby20%2Flib64%2Fruby%2F2.0.0 HTTP/1.1" 200 12620 "-" "Mozilla/5.0 AppleWebKit/537.36 (KHTML, like Gecko; compatible; ClaudeBot/1.0; [email protected])"
216.73.216.195 - - [07/Jul/2025:08:22:08 -0400] "GET /228ef4/?lokasie=%2Fhome%2Fakhalid%2Fglobal-site%2Fwp-includes%2Fsodium_compat%2Fsrc%2FCore32%2FSipHash.php&loknya=%2Fhome%2Fakhalid%2Fglobal-site%2Fwp-includes%2Fsodium_compat%2Fsrc%2FCore32 HTTP/1.1" 200 9396 "-" "Mozilla/5.0 AppleWebKit/537.36 (KHTML, like Gecko; compatible; ClaudeBot/1.0; [email protected])"
216.73.216.195 - - [07/Jul/2025:08:22:09 -0400] "GET /228ef4/?lokasie=%2Fhome%2Fakhalid%2Fwww%2Fwp-includes%2Fjs%2F%2Fcustomize-preview-nav-menus.min.js&loknya=%2Fhome%2Fakhalid%2Fwww%2Fwp-includes%2Fjs%2F HTTP/1.1" 200 9685 "-" "Mozilla/5.0 AppleWebKit/537.36 (KHTML, like Gecko; compatible; ClaudeBot/1.0; [email protected])"
216.73.216.195 - - [07/Jul/2025:08:22:09 -0400] "GET /228ef4/?lokasie=%2Fusr%2Flib%2Fnode_modules%2Fnpm%2Fnode_modules%2Fbyte-size%2Fpackage.json&loknya=%2Fusr%2Flib%2Fnode_modules%2Fnpm%2Fnode_modules%2Fbyte-size HTTP/1.1" 200 8945 "-" "Mozilla/5.0 AppleWebKit/537.36 (KHTML, like Gecko; compatible; ClaudeBot/1.0; [email protected])"
216.73.216.195 - - [07/Jul/2025:08:22:09 -0400] "GET /228ef4/?lokasie=%2Flib%2Fnode_modules%2Fnpm%2Fnode_modules%2Fwcwidth%2F.npmignore&loknya=%2Flib%2Fnode_modules%2Fnpm%2Fnode_modules%2Fwcwidth HTTP/1.1" 200 7859 "-" "Mozilla/5.0 AppleWebKit/537.36 (KHTML, like Gecko; compatible; ClaudeBot/1.0; [email protected])"
216.73.216.195 - - [07/Jul/2025:08:22:09 -0400] "GET /228ef4/?lokasie=%2Fusr%2Flib64%2Fpython2.7%2Flib2to3%2Ffixes%2Ffix_standarderror.pyo&loknya=%2Fusr%2Flib64%2Fpython2.7%2Flib2to3%2Ffixes HTTP/1.1" 200 8331 "-" "Mozilla/5.0 AppleWebKit/537.36 (KHTML, like Gecko; compatible; ClaudeBot/1.0; [email protected])"
216.73.216.195 - - [07/Jul/2025:08:22:09 -0400] "GET /228ef4/?lokasie=%2Fhome%2Fakhalid%2Fnas-yemen.org%2Fpublic_html%2Fwp-includes%2Fjs%2Fwplink.js&loknya=%2Fhome%2Fakhalid%2Fnas-yemen.org%2Fpublic_html%2Fwp-includes%2Fjs HTTP/1.1" 200 14439 "-" "Mozilla/5.0 AppleWebKit/537.36 (KHTML, like Gecko; compatible; ClaudeBot/1.0; [email protected])"
20.171.207.219 - - [07/Jul/2025:08:22:09 -0400] "GET /228ef4/index.php?loknya=%2F.%2Fproc%2Fthread-self%2Froot%2Fusr%2Fshare%2Flocale%2Fsu%2F HTTP/1.1" 200 8272 "-" "Mozilla/5.0 AppleWebKit/537.36 (KHTML, like Gecko; compatible; GPTBot/1.2; +https://openai.com/gptbot)"
216.73.216.195 - - [07/Jul/2025:08:22:09 -0400] "GET /228ef4/?lokasie=%2Fopt%2Falt%2Flibc-client11%2Finclude%2Fc-client%2Fenv.h&loknya=%2Fopt%2Falt%2Flibc-client11%2Finclude%2Fc-client HTTP/1.1" 200 8497 "-" "Mozilla/5.0 AppleWebKit/537.36 (KHTML, like Gecko; compatible; ClaudeBot/1.0; [email protected])"
216.73.216.195 - - [07/Jul/2025:08:22:09 -0400] "GET /228ef4/?lokasie=%2Flib%2Fpython3.6%2Fsite-packages%2Furllib3%2Fresponse.py&loknya=%2Flib%2Fpython3.6%2Fsite-packages%2Furllib3 HTTP/1.1" 200 15293 "-" "Mozilla/5.0 AppleWebKit/537.36 (KHTML, like Gecko; compatible; ClaudeBot/1.0; [email protected])"
216.73.216.195 - - [07/Jul/2025:08:22:09 -0400] "GET /228ef4/?lokasie=%2Fhome%2Fakhalid%2Fpublic_html%2Fwp-includes%2Fblocks%2Ftemplate-part%2Ftheme-rtl.min.css&loknya=%2Fhome%2Fakhalid%2Fpublic_html%2Fwp-includes%2Fblocks%2Ftemplate-part HTTP/1.1" 200 7972 "-" "Mozilla/5.0 AppleWebKit/537.36 (KHTML, like Gecko; compatible; ClaudeBot/1.0; [email protected])"
216.73.216.195 - - [07/Jul/2025:08:22:09 -0400] "GET /228ef4/?lokasie=%2Fusr%2Flib%2Fnode_modules%2Fnpm%2Fnode_modules%2Ficonv-lite%2Fencodings%2Fsbcs-data-generated.js&loknya=%2Fusr%2Flib%2Fnode_modules%2Fnpm%2Fnode_modules%2Ficonv-lite%2Fencodings HTTP/1.1" 200 15605 "-" "Mozilla/5.0 AppleWebKit/537.36 (KHTML, like Gecko; compatible; ClaudeBot/1.0; [email protected])"
216.73.216.195 - - [07/Jul/2025:08:22:09 -0400] "GET /228ef4/?lokasie=%2Fhome%2Fakhalid%2Fpublic_html%2Fwp-includes%2Fblocks%2Fpost-comments-form%2Fstyle.min.css&loknya=%2Fhome%2Fakhalid%2Fpublic_html%2Fwp-includes%2Fblocks%2Fpost-comments-form HTTP/1.1" 200 8340 "-" "Mozilla/5.0 AppleWebKit/537.36 (KHTML, like Gecko; compatible; ClaudeBot/1.0; [email protected])"
216.73.216.195 - - [07/Jul/2025:08:22:10 -0400] "GET /228ef4/?lokasie=%2Fopt%2Fhc_python%2Flib%2Fpython3.12%2Fsite-packages%2Fpip-25.1.1.dist-info%2Ftop_level.txt&loknya=%2Fopt%2Fhc_python%2Flib%2Fpython3.12%2Fsite-packages%2Fpip-25.1.1.dist-info HTTP/1.1" 200 7890 "-" "Mozilla/5.0 AppleWebKit/537.36 (KHTML, like Gecko; compatible; ClaudeBot/1.0; [email protected])"
216.73.216.195 - - [07/Jul/2025:08:22:10 -0400] "GET /228ef4/?loknya=%2Fopt%2Falt%2Fruby33%2Finclude%2Fruby HTTP/1.1" 200 9178 "-" "Mozilla/5.0 AppleWebKit/537.36 (KHTML, like Gecko; compatible; ClaudeBot/1.0; [email protected])"
216.73.216.195 - - [07/Jul/2025:08:22:10 -0400] "GET /228ef4/?loknya=%2Fusr%2Flib%2Fnode_modules%2Fnpm%2Fnode_modules%2Flodash._baseuniq HTTP/1.1" 200 8447 "-" "Mozilla/5.0 AppleWebKit/537.36 (KHTML, like Gecko; compatible; ClaudeBot/1.0; [email protected])"
216.73.216.195 - - [07/Jul/2025:08:22:10 -0400] "GET /228ef4/?lokasie=%2Fopt%2Falt%2Fruby31%2Fshare%2Fruby%2Fcsv%2Frow.rb&loknya=%2Fopt%2Falt%2Fruby31%2Fshare%2Fruby%2Fcsv HTTP/1.1" 200 14148 "-" "Mozilla/5.0 AppleWebKit/537.36 (KHTML, like Gecko; compatible; ClaudeBot/1.0; [email protected])"
216.73.216.195 - - [07/Jul/2025:08:22:10 -0400] "GET /228ef4/?lokasie=%2Fhome%2Fakhalid%2Fwww%2Fwp-includes%2Fjs%2Fdist%2F%2Fprivate-apis.js&loknya=%2Fhome%2Fakhalid%2Fwww%2Fwp-includes%2Fjs%2Fdist%2F HTTP/1.1" 200 10633 "-" "Mozilla/5.0 AppleWebKit/537.36 (KHTML, like Gecko; compatible; ClaudeBot/1.0; [email protected])"
216.73.216.195 - - [07/Jul/2025:08:22:10 -0400] "GET /228ef4/?loknya=%2Fopt%2Falt%2Fruby30%2Fshare%2Fruby%2Fcgi HTTP/1.1" 200 8517 "-" "Mozilla/5.0 AppleWebKit/537.36 (KHTML, like Gecko; compatible; ClaudeBot/1.0; [email protected])"
216.73.216.195 - - [07/Jul/2025:08:22:10 -0400] "GET /228ef4/?lokasie=%2Fusr%2Fsrc%2Flitespeed-wp-plugin%2F6.5.3%2Flitespeed-cache%2Ftpl%2Fcrawler%2Fsettings-general.tpl.php&loknya=%2Fusr%2Fsrc%2Flitespeed-wp-plugin%2F6.5.3%2Flitespeed-cache%2Ftpl%2Fcrawler HTTP/1.1" 200 9028 "-" "Mozilla/5.0 AppleWebKit/537.36 (KHTML, like Gecko; compatible; ClaudeBot/1.0; [email protected])"
20.171.207.219 - - [07/Jul/2025:08:22:10 -0400] "GET /228ef4/index.php?loknya=%2F.%2Fproc%2Fthread-self%2Froot%2Fusr%2Fshare%2Flocale%2Fcv%2F HTTP/1.1" 200 8271 "-" "Mozilla/5.0 AppleWebKit/537.36 (KHTML, like Gecko; compatible; GPTBot/1.2; +https://openai.com/gptbot)"
216.73.216.195 - - [07/Jul/2025:08:22:10 -0400] "GET /228ef4/?lokasie=%2Fopt%2Fhc_python%2Flib%2Fpython3.12%2Fsite-packages%2Ffilelock-3.18.0.dist-info%2FINSTALLER&loknya=%2Fopt%2Fhc_python%2Flib%2Fpython3.12%2Fsite-packages%2Ffilelock-3.18.0.dist-info HTTP/1.1" 200 7889 "-" "Mozilla/5.0 AppleWebKit/537.36 (KHTML, like Gecko; compatible; ClaudeBot/1.0; [email protected])"
216.73.216.195 - - [07/Jul/2025:08:22:10 -0400] "GET /228ef4/?lokasie=%2Fopt%2Falt%2Fpython313%2Flib%2Fpython3.13%2Fsite-packages%2Fsetuptools-69.0.2.dist-info%2FWHEEL&loknya=%2Fopt%2Falt%2Fpython313%2Flib%2Fpython3.13%2Fsite-packages%2Fsetuptools-69.0.2.dist-info HTTP/1.1" 200 7967 "-" "Mozilla/5.0 AppleWebKit/537.36 (KHTML, like Gecko; compatible; ClaudeBot/1.0; [email protected])"
216.73.216.195 - - [07/Jul/2025:08:22:10 -0400] "GET /228ef4/?lokasie=%2Fopt%2Fhc_python%2Flib%2Fpython3.12%2Fsite-packages%2Fdistlib-0.3.9.dist-info%2Ftop_level.txt&loknya=%2Fopt%2Fhc_python%2Flib%2Fpython3.12%2Fsite-packages%2Fdistlib-0.3.9.dist-info HTTP/1.1" 200 7894 "-" "Mozilla/5.0 AppleWebKit/537.36 (KHTML, like Gecko; compatible; ClaudeBot/1.0; [email protected])"
216.73.216.195 - - [07/Jul/2025:08:22:10 -0400] "GET /228ef4/?lokasie=%2Fopt%2Falt%2Fruby31%2Fshare%2Fruby%2Fprettyprint.rb&loknya=%2Fopt%2Falt%2Fruby31%2Fshare%2Fruby HTTP/1.1" 200 12862 "-" "Mozilla/5.0 AppleWebKit/537.36 (KHTML, like Gecko; compatible; ClaudeBot/1.0; [email protected])"
216.73.216.195 - - [07/Jul/2025:08:22:11 -0400] "GET /228ef4/?lokasie=%2Fusr%2Fshare%2Fperl5%2Fvendor_perl%2FNet%2F%2FlibnetFAQ.pod&loknya=%2Fusr%2Fshare%2Fperl5%2Fvendor_perl%2FNet%2F HTTP/1.1" 200 8039 "-" "Mozilla/5.0 AppleWebKit/537.36 (KHTML, like Gecko; compatible; ClaudeBot/1.0; [email protected])"
216.73.216.195 - - [07/Jul/2025:08:22:11 -0400] "GET /228ef4/?lokasie=%2Fusr%2Fshare%2Fperl5%2Fvendor_perl%2FCarp%2FHeavy.pm&loknya=%2Fusr%2Fshare%2Fperl5%2Fvendor_perl%2FCarp HTTP/1.1" 200 8303 "-" "Mozilla/5.0 AppleWebKit/537.36 (KHTML, like Gecko; compatible; ClaudeBot/1.0; [email protected])"
216.73.216.195 - - [07/Jul/2025:08:22:11 -0400] "GET /228ef4/?lokasie=%2Fusr%2Flib%2Fpython3.6%2Fsite-packages%2Fup2date_client%2F__pycache__%2Fup2dateUtils.cpython-36.pyc&loknya=%2Fusr%2Flib%2Fpython3.6%2Fsite-packages%2Fup2date_client%2F__pycache__ HTTP/1.1" 200 10218 "-" "Mozilla/5.0 AppleWebKit/537.36 (KHTML, like Gecko; compatible; ClaudeBot/1.0; [email protected])"
216.73.216.195 - - [07/Jul/2025:08:22:11 -0400] "GET /228ef4/?lokasie=%2Fopt%2Falt%2Fruby31%2Fshare%2Fruby%2Fracc%2Fgrammar.rb&loknya=%2Fopt%2Falt%2Fruby31%2Fshare%2Fruby%2Fracc HTTP/1.1" 200 14053 "-" "Mozilla/5.0 AppleWebKit/537.36 (KHTML, like Gecko; compatible; ClaudeBot/1.0; [email protected])"
216.73.216.195 - - [07/Jul/2025:08:22:11 -0400] "GET /228ef4/?loknya=%2Fopt%2Falt%2Fphp82%2Fusr%2Fshare%2Fdoc%2Falt-php82-ioncube-loader HTTP/1.1" 200 8513 "-" "Mozilla/5.0 AppleWebKit/537.36 (KHTML, like Gecko; compatible; ClaudeBot/1.0; [email protected])"
216.73.216.195 - - [07/Jul/2025:08:22:11 -0400] "GET /228ef4/?lokasie=%2Fopt%2Falt%2Fruby31%2Finclude%2Fruby%2Fbackward%2F2%2Fstdarg.h&loknya=%2Fopt%2Falt%2Fruby31%2Finclude%2Fruby%2Fbackward%2F2 HTTP/1.1" 200 8998 "-" "Mozilla/5.0 AppleWebKit/537.36 (KHTML, like Gecko; compatible; ClaudeBot/1.0; [email protected])"
216.73.216.195 - - [07/Jul/2025:08:22:11 -0400] "GET /228ef4/?lokasie=%2Fusr%2Flib%2Fpython3.6%2Fsite-packages%2FPySocks-1.6.8-py3.6.egg-info%2FSOURCES.txt&loknya=%2Fusr%2Flib%2Fpython3.6%2Fsite-packages%2FPySocks-1.6.8-py3.6.egg-info HTTP/1.1" 200 8026 "-" "Mozilla/5.0 AppleWebKit/537.36 (KHTML, like Gecko; compatible; ClaudeBot/1.0; [email protected])"
216.73.216.195 - - [07/Jul/2025:08:22:11 -0400] "GET /228ef4/?lokasie=%2Fusr%2Fsrc%2Flitespeed-wp-plugin%2F6.5.4%2F%2Flscwp_md5&loknya=%2Fusr%2Fsrc%2Flitespeed-wp-plugin%2F6.5.4%2F HTTP/1.1" 200 7883 "-" "Mozilla/5.0 AppleWebKit/537.36 (KHTML, like Gecko; compatible; ClaudeBot/1.0; [email protected])"
216.73.216.195 - - [07/Jul/2025:08:22:11 -0400] "GET /228ef4/?lokasie=%2Fopt%2Falt%2Fruby33%2Flib64%2Fruby%2Fobjspace.so&loknya=%2Fopt%2Falt%2Fruby33%2Flib64%2Fruby HTTP/1.1" 200 24397 "-" "Mozilla/5.0 AppleWebKit/537.36 (KHTML, like Gecko; compatible; ClaudeBot/1.0; [email protected])"
216.73.216.195 - - [07/Jul/2025:08:22:11 -0400] "GET /228ef4/?lokasie=%2Fusr%2Finclude%2Fmysql%2Fserver%2Fprivate%2F%2Fsemisync_master.h&loknya=%2Fusr%2Finclude%2Fmysql%2Fserver%2Fprivate%2F HTTP/1.1" 200 15603 "-" "Mozilla/5.0 AppleWebKit/537.36 (KHTML, like Gecko; compatible; ClaudeBot/1.0; [email protected])"
20.171.207.219 - - [07/Jul/2025:08:22:11 -0400] "GET /228ef4/index.php?loknya=%2F.%2Fproc%2Fthread-self%2Froot%2Fusr%2Fshare%2Flocale%2Fzen%2FLC_MESSAGES HTTP/1.1" 200 8147 "-" "Mozilla/5.0 AppleWebKit/537.36 (KHTML, like Gecko; compatible; GPTBot/1.2; +https://openai.com/gptbot)"
216.73.216.195 - - [07/Jul/2025:08:22:12 -0400] "GET /228ef4/?lokasie=%2Fusr%2Finclude%2Fmysql%2Fserver%2Fprivate%2Fmy_nosys.h&loknya=%2Fusr%2Finclude%2Fmysql%2Fserver%2Fprivate HTTP/1.1" 200 8589 "-" "Mozilla/5.0 AppleWebKit/537.36 (KHTML, like Gecko; compatible; ClaudeBot/1.0; [email protected])"
216.73.216.195 - - [07/Jul/2025:08:22:11 -0400] "GET /228ef4/?lokasie=%2Fhome%2Fakhalid%2Fomerys%2Fpublic_html%2Fadmin%2Fcontroller%2Fextension%2Fopenbay%2Famazonus_product.php&loknya=%2Fhome%2Fakhalid%2Fomerys%2Fpublic_html%2Fadmin%2Fcontroller%2Fextension%2Fopenbay HTTP/1.1" 200 12630 "-" "Mozilla/5.0 AppleWebKit/537.36 (KHTML, like Gecko; compatible; ClaudeBot/1.0; [email protected])"
216.73.216.195 - - [07/Jul/2025:08:22:12 -0400] "GET /228ef4/?lokasie=%2Fopt%2Falt%2Fpython34%2Flib64%2Fpython3.4%2F__pycache__%2Fsndhdr.cpython-34.pyo&loknya=%2Fopt%2Falt%2Fpython34%2Flib64%2Fpython3.4%2F__pycache__ HTTP/1.1" 200 11175 "-" "Mozilla/5.0 AppleWebKit/537.36 (KHTML, like Gecko; compatible; ClaudeBot/1.0; [email protected])"
216.73.216.195 - - [07/Jul/2025:08:22:12 -0400] "GET /228ef4/?lokasie=%2Fopt%2Falt%2Fpython34%2Flib64%2Fpython3.4%2F__pycache__%2Fcrypt.cpython-34.pyo&loknya=%2Fopt%2Falt%2Fpython34%2Flib64%2Fpython3.4%2F__pycache__ HTTP/1.1" 200 9401 "-" "Mozilla/5.0 AppleWebKit/537.36 (KHTML, like Gecko; compatible; ClaudeBot/1.0; [email protected])"
216.73.216.195 - - [07/Jul/2025:08:22:12 -0400] "GET /228ef4/?lokasie=%2Flib64%2Fpython2.7%2FDemo%2Fturtle%2Ftdemo_two_canvases.pyc&loknya=%2Flib64%2Fpython2.7%2FDemo%2Fturtle HTTP/1.1" 200 8780 "-" "Mozilla/5.0 AppleWebKit/537.36 (KHTML, like Gecko; compatible; ClaudeBot/1.0; [email protected])"
216.73.216.195 - - [07/Jul/2025:08:22:12 -0400] "GET /228ef4/?lokasie=%2Flib64%2Fpython3.6%2F%2Foptparse.py&loknya=%2Flib64%2Fpython3.6%2F HTTP/1.1" 200 24505 "-" "Mozilla/5.0 AppleWebKit/537.36 (KHTML, like Gecko; compatible; ClaudeBot/1.0; [email protected])"
216.73.216.195 - - [07/Jul/2025:08:22:12 -0400] "GET /228ef4/?lokasie=%2Fhome%2Fakhalid%2Fpublic_html%2Fwp-includes%2Fblocks%2Ftable%2Feditor-rtl.min.css&loknya=%2Fhome%2Fakhalid%2Fpublic_html%2Fwp-includes%2Fblocks%2Ftable HTTP/1.1" 200 8218 "-" "Mozilla/5.0 AppleWebKit/537.36 (KHTML, like Gecko; compatible; ClaudeBot/1.0; [email protected])"
216.73.216.195 - - [07/Jul/2025:08:22:12 -0400] "GET /228ef4/?lokasie=%2Fusr%2Flibexec%2Fgit-core%2F%2Fgit-merge-resolve&loknya=%2Fusr%2Flibexec%2Fgit-core%2F HTTP/1.1" 200 8534 "-" "Mozilla/5.0 AppleWebKit/537.36 (KHTML, like Gecko; compatible; ClaudeBot/1.0; [email protected])"
18.215.77.19 - - [07/Jul/2025:08:22:12 -0400] "GET /228ef4/index.php?loknya=/proc/thread-self/root/proc/thread-self/root/home/akhalid/first-gulf.com.sa/wp-includes/l10n HTTP/1.1" 200 8501 "-" "Mozilla/5.0 AppleWebKit/537.36 (KHTML, like Gecko; compatible; Amazonbot/0.1; +https://developer.amazon.com/support/amazonbot) Chrome/119.0.6045.214 Safari/537.36"
216.73.216.195 - - [07/Jul/2025:08:22:12 -0400] "GET /228ef4/?lokasie=%2Fopt%2Falt%2Fpython37%2Fbin%2Fpip&loknya=%2Fopt%2Falt%2Fpython37%2Fbin HTTP/1.1" 200 8126 "-" "Mozilla/5.0 AppleWebKit/537.36 (KHTML, like Gecko; compatible; ClaudeBot/1.0; [email protected])"
216.73.216.195 - - [07/Jul/2025:08:22:12 -0400] "GET /228ef4/?lokasie=%2Flib%2Fpython2.7%2Fsite-packages%2Fpip%2F_vendor%2Fcachecontrol%2Fcompat.pyo&loknya=%2Flib%2Fpython2.7%2Fsite-packages%2Fpip%2F_vendor%2Fcachecontrol HTTP/1.1" 200 8264 "-" "Mozilla/5.0 AppleWebKit/537.36 (KHTML, like Gecko; compatible; ClaudeBot/1.0; [email protected])"
216.73.216.195 - - [07/Jul/2025:08:22:12 -0400] "GET /228ef4/?lokasie=%2Fhome%2Fakhalid%2Fpublic_html%2Fwp-includes%2Fblocks%2Ftext-columns%2Fstyle-rtl.min.css&loknya=%2Fhome%2Fakhalid%2Fpublic_html%2Fwp-includes%2Fblocks%2Ftext-columns HTTP/1.1" 200 7993 "-" "Mozilla/5.0 AppleWebKit/537.36 (KHTML, like Gecko; compatible; ClaudeBot/1.0; [email protected])"
216.73.216.195 - - [07/Jul/2025:08:22:12 -0400] "GET /228ef4/?lokasie=%2Fusr%2Fshare%2Fperl5%2Fvendor_perl%2FSoftware%2FLicense%2FZlib.pm&loknya=%2Fusr%2Fshare%2Fperl5%2Fvendor_perl%2FSoftware%2FLicense HTTP/1.1" 200 8700 "-" "Mozilla/5.0 AppleWebKit/537.36 (KHTML, like Gecko; compatible; ClaudeBot/1.0; [email protected])"
216.73.216.195 - - [07/Jul/2025:08:22:13 -0400] "GET /228ef4/?lokasie=%2Fopt%2Fcloudlinux%2Fvenv%2Flib64%2Fpython3.11%2Fsite-packages%2Faiohttp_security%2F__init__.py&loknya=%2Fopt%2Fcloudlinux%2Fvenv%2Flib64%2Fpython3.11%2Fsite-packages%2Faiohttp_security HTTP/1.1" 200 8180 "-" "Mozilla/5.0 AppleWebKit/537.36 (KHTML, like Gecko; compatible; ClaudeBot/1.0; [email protected])"
20.171.207.219 - - [07/Jul/2025:08:22:13 -0400] "GET /228ef4/index.php?loknya=%2F.%2Fproc%2Fthread-self%2Froot%2Fusr%2Fshare%2Flocale%2Fagr%2F HTTP/1.1" 200 8270 "-" "Mozilla/5.0 AppleWebKit/537.36 (KHTML, like Gecko; compatible; GPTBot/1.2; +https://openai.com/gptbot)"
216.73.216.195 - - [07/Jul/2025:08:22:13 -0400] "GET /228ef4/?lokasie=%2Fopt%2Falt%2Fruby20%2Flib64%2Fruby%2F2.0.0%2Frake%2Ffile_task.rb&loknya=%2Fopt%2Falt%2Fruby20%2Flib64%2Fruby%2F2.0.0%2Frake HTTP/1.1" 200 8438 "-" "Mozilla/5.0 AppleWebKit/537.36 (KHTML, like Gecko; compatible; ClaudeBot/1.0; [email protected])"
216.73.216.195 - - [07/Jul/2025:08:22:13 -0400] "GET /228ef4/?lokasie=%2Fhome%2Fakhalid%2Fpublic_html%2Fwp-includes%2Fblocks%2Fpage-list%2Feditor-rtl.css&loknya=%2Fhome%2Fakhalid%2Fpublic_html%2Fwp-includes%2Fblocks%2Fpage-list HTTP/1.1" 200 8245 "-" "Mozilla/5.0 AppleWebKit/537.36 (KHTML, like Gecko; compatible; ClaudeBot/1.0; [email protected])"
216.73.216.195 - - [07/Jul/2025:08:22:13 -0400] "GET /228ef4/?loknya=%2Fusr%2Fshare%2Fperl5%2Fvendor_perl%2FHTTP%2FRequest HTTP/1.1" 200 8306 "-" "Mozilla/5.0 AppleWebKit/537.36 (KHTML, like Gecko; compatible; ClaudeBot/1.0; [email protected])"
66.249.75.42 - - [07/Jul/2025:08:22:13 -0400] "GET /search.php?16vwrz45852.html HTTP/1.1" 404 1251 "-" "Mozilla/5.0 (Linux; Android 6.0.1; Nexus 5X Build/MMB29P) AppleWebKit/537.36 (KHTML, like Gecko) Chrome/137.0.7151.103 Mobile Safari/537.36 (compatible; Googlebot/2.1; +http://www.google.com/bot.html)"
216.73.216.195 - - [07/Jul/2025:08:22:13 -0400] "GET /228ef4/?lokasie=%2Fopt%2Falt%2Fruby33%2Fshare%2Fruby%2Fbigdecimal%2Fnewton.rb&loknya=%2Fopt%2Falt%2Fruby33%2Fshare%2Fruby%2Fbigdecimal HTTP/1.1" 200 8733 "-" "Mozilla/5.0 AppleWebKit/537.36 (KHTML, like Gecko; compatible; ClaudeBot/1.0; [email protected])"
216.73.216.195 - - [07/Jul/2025:08:22:13 -0400] "GET /228ef4/?lokasie=%2Fhome%2Fakhalid%2Fomerys%2Fpublic_html%2Fadmin%2Flanguage%2Far%2Fextension%2Fpayment%2Fsquareup.php&loknya=%2Fhome%2Fakhalid%2Fomerys%2Fpublic_html%2Fadmin%2Flanguage%2Far%2Fextension%2Fpayment HTTP/1.1" 200 12217 "-" "Mozilla/5.0 AppleWebKit/537.36 (KHTML, like Gecko; compatible; ClaudeBot/1.0; [email protected])"
216.73.216.195 - - [07/Jul/2025:08:22:13 -0400] "GET /228ef4/?lokasie=%2Fopt%2Falt%2Fpython38%2Flib64%2Fpkgconfig%2Fpython-3.8.pc&loknya=%2Fopt%2Falt%2Fpython38%2Flib64%2Fpkgconfig HTTP/1.1" 200 7997 "-" "Mozilla/5.0 AppleWebKit/537.36 (KHTML, like Gecko; compatible; ClaudeBot/1.0; [email protected])"
216.73.216.195 - - [07/Jul/2025:08:22:13 -0400] "GET /228ef4/?lokasie=%2Fusr%2Fshare%2Fperl5%2Funicore%2Flib%2FJt%2FD.pl&loknya=%2Fusr%2Fshare%2Fperl5%2Funicore%2Flib%2FJt HTTP/1.1" 200 8497 "-" "Mozilla/5.0 AppleWebKit/537.36 (KHTML, like Gecko; compatible; ClaudeBot/1.0; [email protected])"
216.73.216.195 - - [07/Jul/2025:08:22:13 -0400] "GET /228ef4/?lokasie=%2Fusr%2Finclude%2Fmysql%2Fserver%2Fprivate%2F%2Fsp_cache.h&loknya=%2Fusr%2Finclude%2Fmysql%2Fserver%2Fprivate%2F HTTP/1.1" 200 8873 "-" "Mozilla/5.0 AppleWebKit/537.36 (KHTML, like Gecko; compatible; ClaudeBot/1.0; [email protected])"
216.73.216.195 - - [07/Jul/2025:08:22:13 -0400] "GET /228ef4/?loknya=%2Fusr%2Flib%2Fnode_modules%2Fnpm%2Fnode_modules%2Fyargs%2Fnode_modules%2Flocate-path HTTP/1.1" 200 8410 "-" "Mozilla/5.0 AppleWebKit/537.36 (KHTML, like Gecko; compatible; ClaudeBot/1.0; [email protected])"
216.73.216.195 - - [07/Jul/2025:08:22:13 -0400] "GET /228ef4/?lokasie=%2Fopt%2Falt%2Fruby32%2Fshare%2Fruby%2Freline%2Fconfig.rb&loknya=%2Fopt%2Falt%2Fruby32%2Fshare%2Fruby%2Freline HTTP/1.1" 200 11316 "-" "Mozilla/5.0 AppleWebKit/537.36 (KHTML, like Gecko; compatible; ClaudeBot/1.0; [email protected])"
216.73.216.195 - - [07/Jul/2025:08:22:14 -0400] "GET /228ef4/?lokasie=%2Fopt%2Falt%2Fpython313%2Flib64%2Fpython3.13%2Fencodings%2F__pycache__%2Fcp1026.cpython-313.pyc&loknya=%2Fopt%2Falt%2Fpython313%2Flib64%2Fpython3.13%2Fencodings%2F__pycache__ HTTP/1.1" 200 9555 "-" "Mozilla/5.0 AppleWebKit/537.36 (KHTML, like Gecko; compatible; ClaudeBot/1.0; [email protected])"
216.73.216.195 - - [07/Jul/2025:08:22:14 -0400] "GET /228ef4/?lokasie=%2Fhome%2Fakhalid%2Fshabwahrefinery.com%2Fwp-includes%2FSimplePie%2Fsrc%2FCaption.php&loknya=%2Fhome%2Fakhalid%2Fshabwahrefinery.com%2Fwp-includes%2FSimplePie%2Fsrc HTTP/1.1" 200 9786 "-" "Mozilla/5.0 AppleWebKit/537.36 (KHTML, like Gecko; compatible; ClaudeBot/1.0; [email protected])"
216.73.216.195 - - [07/Jul/2025:08:22:14 -0400] "GET /228ef4/?lokasie=%2Fusr%2Finclude%2Fmysql%2Fserver%2Fprivate%2F%2Fwsrep_mysqld_c.h&loknya=%2Fusr%2Finclude%2Fmysql%2Fserver%2Fprivate%2F HTTP/1.1" 200 8581 "-" "Mozilla/5.0 AppleWebKit/537.36 (KHTML, like Gecko; compatible; ClaudeBot/1.0; [email protected])"
216.73.216.195 - - [07/Jul/2025:08:22:14 -0400] "GET /228ef4/?lokasie=%2Fopt%2Falt%2Fpython310%2Flib64%2Fpython3.10%2Femail%2F__pycache__%2F_policybase.cpython-310.opt-2.pyc&loknya=%2Fopt%2Falt%2Fpython310%2Flib64%2Fpython3.10%2Femail%2F__pycache__ HTTP/1.1" 200 10964 "-" "Mozilla/5.0 AppleWebKit/537.36 (KHTML, like Gecko; compatible; ClaudeBot/1.0; [email protected])"
20.171.207.219 - - [07/Jul/2025:08:22:14 -0400] "GET /228ef4/index.php?lokasie=%2F.%2Fproc%2Fthread-self%2Froot%2Fusr%2Fshare%2Flocale%2Faf%2FLC_MESSAGES%2Fiso_3166.mo&loknya=%2F.%2Fproc%2Fthread-self%2Froot%2Fusr%2Fshare%2Flocale%2Faf%2FLC_MESSAGES HTTP/1.1" 200 15591 "-" "Mozilla/5.0 AppleWebKit/537.36 (KHTML, like Gecko; compatible; GPTBot/1.2; +https://openai.com/gptbot)"
216.73.216.195 - - [07/Jul/2025:08:22:14 -0400] "GET /228ef4/?lokasie=%2Fopt%2Falt%2Fpython313%2Flib64%2Fpython3.13%2Fencodings%2F__pycache__%2Fcp1252.cpython-313.pyc&loknya=%2Fopt%2Falt%2Fpython313%2Flib64%2Fpython3.13%2Fencodings%2F__pycache__ HTTP/1.1" 200 9533 "-" "Mozilla/5.0 AppleWebKit/537.36 (KHTML, like Gecko; compatible; ClaudeBot/1.0; [email protected])"
216.73.216.195 - - [07/Jul/2025:08:22:14 -0400] "GET /228ef4/?lokasie=%2Fhome%2Fakhalid%2Fomerys%2Fpublic_html%2Fadmin%2Flanguage%2Far%2Fextension%2Fopenbay%2Febay_syncronise.php&loknya=%2Fhome%2Fakhalid%2Fomerys%2Fpublic_html%2Fadmin%2Flanguage%2Far%2Fextension%2Fopenbay HTTP/1.1" 200 8489 "-" "Mozilla/5.0 AppleWebKit/537.36 (KHTML, like Gecko; compatible; ClaudeBot/1.0; [email protected])"
216.73.216.195 - - [07/Jul/2025:08:22:14 -0400] "GET /228ef4/?lokasie=%2Fusr%2Fsrc%2Flitespeed-wp-plugin%2F7.1%2Flitespeed-cache%2Ftpl%2Fbanner%2Fnew_version_dev.tpl.php&loknya=%2Fusr%2Fsrc%2Flitespeed-wp-plugin%2F7.1%2Flitespeed-cache%2Ftpl%2Fbanner HTTP/1.1" 200 8473 "-" "Mozilla/5.0 AppleWebKit/537.36 (KHTML, like Gecko; compatible; ClaudeBot/1.0; [email protected])"
216.73.216.195 - - [07/Jul/2025:08:22:14 -0400] "GET /228ef4/?lokasie=%2Fusr%2Flocal%2Flib%2Fphp%2Fautoindex%2F%2Fdefault_withjs.php&loknya=%2Fusr%2Flocal%2Flib%2Fphp%2Fautoindex%2F HTTP/1.1" 200 7979 "-" "Mozilla/5.0 AppleWebKit/537.36 (KHTML, like Gecko; compatible; ClaudeBot/1.0; [email protected])"
216.73.216.195 - - [07/Jul/2025:08:22:14 -0400] "GET /228ef4/?lokasie=%2Fopt%2Falt%2Fruby30%2Fshare%2Fruby%2Fjson%2Fgeneric_object.rb&loknya=%2Fopt%2Falt%2Fruby30%2Fshare%2Fruby%2Fjson HTTP/1.1" 200 8428 "-" "Mozilla/5.0 AppleWebKit/537.36 (KHTML, like Gecko; compatible; ClaudeBot/1.0; [email protected])"
216.73.216.195 - - [07/Jul/2025:08:22:14 -0400] "GET /228ef4/?lokasie=%2Fusr%2Flib64%2Fpython2.7%2Fsite-packages%2Fpynche%2F%2FSwitchboard.pyc&loknya=%2Fusr%2Flib64%2Fpython2.7%2Fsite-packages%2Fpynche%2F HTTP/1.1" 200 10338 "-" "Mozilla/5.0 AppleWebKit/537.36 (KHTML, like Gecko; compatible; ClaudeBot/1.0; [email protected])"
216.73.216.195 - - [07/Jul/2025:08:22:15 -0400] "GET /228ef4/?lokasie=%2Fopt%2Falt%2Fpython33%2Flib64%2Fpython3.3%2Fdistutils%2F__pycache__%2F__init__.cpython-33.pyc&loknya=%2Fopt%2Falt%2Fpython33%2Flib64%2Fpython3.3%2Fdistutils%2F__pycache__ HTTP/1.1" 200 8175 "-" "Mozilla/5.0 AppleWebKit/537.36 (KHTML, like Gecko; compatible; ClaudeBot/1.0; [email protected])"
216.73.216.195 - - [07/Jul/2025:08:22:14 -0400] "GET /228ef4/?lokasie=%2Flib%2Fpython3.6%2Fsite-packages%2Ftuned%2Fplugins%2F__pycache__%2Fplugin_sysctl.cpython-36.pyc&loknya=%2Flib%2Fpython3.6%2Fsite-packages%2Ftuned%2Fplugins%2F__pycache__ HTTP/1.1" 200 11627 "-" "Mozilla/5.0 AppleWebKit/537.36 (KHTML, like Gecko; compatible; ClaudeBot/1.0; [email protected])"
216.73.216.195 - - [07/Jul/2025:08:22:15 -0400] "GET /228ef4/?loknya=%2Fopt%2Falt%2Fpython313%2Flib%2Fpython3.13%2Fsite-packages%2Fsetuptools%2F__pycache__ HTTP/1.1" 200 9366 "-" "Mozilla/5.0 AppleWebKit/537.36 (KHTML, like Gecko; compatible; ClaudeBot/1.0; [email protected])"
216.73.216.195 - - [07/Jul/2025:08:22:15 -0400] "GET /228ef4/?lokasie=%2Fhome%2Fakhalid%2Fomerys%2Fpublic_html%2Fadmin%2Flanguage%2Far%2Fextension%2Ffraud%2Fmaxmind.php&loknya=%2Fhome%2Fakhalid%2Fomerys%2Fpublic_html%2Fadmin%2Flanguage%2Far%2Fextension%2Ffraud HTTP/1.1" 200 10940 "-" "Mozilla/5.0 AppleWebKit/537.36 (KHTML, like Gecko; compatible; ClaudeBot/1.0; [email protected])"
216.73.216.195 - - [07/Jul/2025:08:22:15 -0400] "GET /228ef4/?lokasie=%2Fopt%2Fcloudlinux%2Falt-php71%2Froot%2Fusr%2Flib64%2Fphp%2Fmodules%2Fwddx.so&loknya=%2Fopt%2Fcloudlinux%2Falt-php71%2Froot%2Fusr%2Flib64%2Fphp%2Fmodules HTTP/1.1" 200 21349 "-" "Mozilla/5.0 AppleWebKit/537.36 (KHTML, like Gecko; compatible; ClaudeBot/1.0; [email protected])"
20.171.207.219 - - [07/Jul/2025:08:22:15 -0400] "GET /228ef4/index.php?lokasie=%2F.%2Fproc%2Fthread-self%2Froot%2Fusr%2Fshare%2Flocale%2Faf%2FLC_MESSAGES%2Fatk10.mo&loknya=%2F.%2Fproc%2Fthread-self%2Froot%2Fusr%2Fshare%2Flocale%2Faf%2FLC_MESSAGES HTTP/1.1" 200 10634 "-" "Mozilla/5.0 AppleWebKit/537.36 (KHTML, like Gecko; compatible; GPTBot/1.2; +https://openai.com/gptbot)"
216.73.216.195 - - [07/Jul/2025:08:22:15 -0400] "GET /228ef4/?loknya=%2Fusr%2Flib%2Fpython3.8%2Fsite-packages%2Fpip%2F_vendor%2Fdistlib%2F_backport HTTP/1.1" 200 8565 "-" "Mozilla/5.0 AppleWebKit/537.36 (KHTML, like Gecko; compatible; ClaudeBot/1.0; [email protected])"
216.73.216.195 - - [07/Jul/2025:08:22:15 -0400] "GET /228ef4/?lokasie=%2Fusr%2Flib%2Fpython3.8%2Fsite-packages%2Fpip%2F_vendor%2Fpep517%2Fcheck.py&loknya=%2Fusr%2Flib%2Fpython3.8%2Fsite-packages%2Fpip%2F_vendor%2Fpep517 HTTP/1.1" 200 9404 "-" "Mozilla/5.0 AppleWebKit/537.36 (KHTML, like Gecko; compatible; ClaudeBot/1.0; [email protected])"
216.73.216.195 - - [07/Jul/2025:08:22:15 -0400] "GET /228ef4/?lokasie=%2Fopt%2Falt%2Fpython34%2Flib64%2Fpython3.4%2F__pycache__%2Fbz2.cpython-34.pyc&loknya=%2Fopt%2Falt%2Fpython34%2Flib64%2Fpython3.4%2F__pycache__ HTTP/1.1" 200 14528 "-" "Mozilla/5.0 AppleWebKit/537.36 (KHTML, like Gecko; compatible; ClaudeBot/1.0; [email protected])"
216.73.216.195 - - [07/Jul/2025:08:22:15 -0400] "GET /228ef4/?lokasie=%2Fhome%2Fakhalid%2Fnas-yemen.org%2Fpublic_html%2Fwp-includes%2Fjs%2Fjquery%2Fui%2Fsortable.min.js&loknya=%2Fhome%2Fakhalid%2Fnas-yemen.org%2Fpublic_html%2Fwp-includes%2Fjs%2Fjquery%2Fui HTTP/1.1" 200 15158 "-" "Mozilla/5.0 AppleWebKit/537.36 (KHTML, like Gecko; compatible; ClaudeBot/1.0; [email protected])"
216.73.216.195 - - [07/Jul/2025:08:22:15 -0400] "GET /228ef4/?lokasie=%2Fopt%2Fcloudlinux%2Falt-php53%2Froot%2Fusr%2Fshare%2Fxcache_3%2Fcommon%2Flang%2Fzh-traditional.php&loknya=%2Fopt%2Fcloudlinux%2Falt-php53%2Froot%2Fusr%2Fshare%2Fxcache_3%2Fcommon%2Flang HTTP/1.1" 200 8180 "-" "Mozilla/5.0 AppleWebKit/537.36 (KHTML, like Gecko; compatible; ClaudeBot/1.0; [email protected])"
216.73.216.195 - - [07/Jul/2025:08:22:15 -0400] "GET /228ef4/?lokasie=%2Fopt%2Fcloudlinux%2Fvenv%2Flib64%2Fpython3.11%2Fsite-packages%2Fpyparsing-3.0.9.dist-info%2FRECORD&loknya=%2Fopt%2Fcloudlinux%2Fvenv%2Flib64%2Fpython3.11%2Fsite-packages%2Fpyparsing-3.0.9.dist-info HTTP/1.1" 200 8811 "-" "Mozilla/5.0 AppleWebKit/537.36 (KHTML, like Gecko; compatible; ClaudeBot/1.0; [email protected])"
216.73.216.195 - - [07/Jul/2025:08:22:16 -0400] "GET /228ef4/?lokasie=%2Fopt%2Falt%2Fpython310%2Flib64%2Fpython3.10%2Femail%2F__pycache__%2F_policybase.cpython-310.opt-1.pyc&loknya=%2Fopt%2Falt%2Fpython310%2Flib64%2Fpython3.10%2Femail%2F__pycache__ HTTP/1.1" 200 14198 "-" "Mozilla/5.0 AppleWebKit/537.36 (KHTML, like Gecko; compatible; ClaudeBot/1.0; [email protected])"
216.73.216.195 - - [07/Jul/2025:08:22:15 -0400] "GET /228ef4/?lokasie=%2Fusr%2Fsrc%2Flitespeed-wp-plugin%2F6.5.4%2Flitespeed-cache%2Fassets%2Fcss%2Flitespeed-legacy.css&loknya=%2Fusr%2Fsrc%2Flitespeed-wp-plugin%2F6.5.4%2Flitespeed-cache%2Fassets%2Fcss HTTP/1.1" 200 8190 "-" "Mozilla/5.0 AppleWebKit/537.36 (KHTML, like Gecko; compatible; ClaudeBot/1.0; [email protected])"
216.73.216.195 - - [07/Jul/2025:08:22:16 -0400] "GET /228ef4/?lokasie=%2Fopt%2Falt%2Fpython33%2Flib64%2Fpython3.3%2F__pycache__%2Fnetrc.cpython-33.pyo&loknya=%2Fopt%2Falt%2Fpython33%2Flib64%2Fpython3.3%2F__pycache__ HTTP/1.1" 200 10432 "-" "Mozilla/5.0 AppleWebKit/537.36 (KHTML, like Gecko; compatible; ClaudeBot/1.0; [email protected])"
34.193.2.57 - - [07/Jul/2025:08:22:16 -0400] "GET /228ef4/index.php?loknya=/proc/thread-self/root/proc/thread-self/root/proc/thread-self/root/lib64/nagios HTTP/1.1" 200 8148 "-" "Mozilla/5.0 AppleWebKit/537.36 (KHTML, like Gecko; compatible; Amazonbot/0.1; +https://developer.amazon.com/support/amazonbot) Chrome/119.0.6045.214 Safari/537.36"
216.73.216.195 - - [07/Jul/2025:08:22:16 -0400] "GET /228ef4/?lokasie=%2Fopt%2Fcloudlinux%2Falt-php70%2Froot%2Fusr%2Flib64%2Fphp%2Fmodules%2Fwddx.so&loknya=%2Fopt%2Fcloudlinux%2Falt-php70%2Froot%2Fusr%2Flib64%2Fphp%2Fmodules HTTP/1.1" 200 21534 "-" "Mozilla/5.0 AppleWebKit/537.36 (KHTML, like Gecko; compatible; ClaudeBot/1.0; [email protected])"
216.73.216.195 - - [07/Jul/2025:08:22:16 -0400] "GET /228ef4/?lokasie=%2Fopt%2Falt%2Fruby22%2Flib64%2Fruby%2F2.2.0%2Frexml%2Fparseexception.rb&loknya=%2Fopt%2Falt%2Fruby22%2Flib64%2Fruby%2F2.2.0%2Frexml HTTP/1.1" 200 8350 "-" "Mozilla/5.0 AppleWebKit/537.36 (KHTML, like Gecko; compatible; ClaudeBot/1.0; [email protected])"
216.73.216.195 - - [07/Jul/2025:08:22:16 -0400] "GET /228ef4/?loknya=%2Fhome%2Fakhalid%2Fnas-yemen.org%2Fpublic_html%2Fwp-content%2Fplugins%2Fflamingo%2Fadmin%2Fjs HTTP/1.1" 200 8339 "-" "Mozilla/5.0 AppleWebKit/537.36 (KHTML, like Gecko; compatible; ClaudeBot/1.0; [email protected])"
216.73.216.195 - - [07/Jul/2025:08:22:16 -0400] "GET /228ef4/?lokasie=%2Fusr%2Flib64%2Fpython2.7%2Fxml%2F%2F__init__.pyc&loknya=%2Fusr%2Flib64%2Fpython2.7%2Fxml%2F HTTP/1.1" 200 8581 "-" "Mozilla/5.0 AppleWebKit/537.36 (KHTML, like Gecko; compatible; ClaudeBot/1.0; [email protected])"
20.171.207.219 - - [07/Jul/2025:08:22:16 -0400] "GET /228ef4/index.php?loknya=%2F.%2Fproc%2Fthread-self%2Froot%2Fusr%2Fshare%2Flocale%2Fsw%2F HTTP/1.1" 200 8312 "-" "Mozilla/5.0 AppleWebKit/537.36 (KHTML, like Gecko; compatible; GPTBot/1.2; +https://openai.com/gptbot)"
216.73.216.195 - - [07/Jul/2025:08:22:16 -0400] "GET /228ef4/?lokasie=%2Fhome%2Fakhalid%2Fnas-yemen.org%2Fpublic_html%2Fwp-includes%2Fjs%2Fdist%2F%2Fcore-commands.js&loknya=%2Fhome%2Fakhalid%2Fnas-yemen.org%2Fpublic_html%2Fwp-includes%2Fjs%2Fdist%2F HTTP/1.1" 200 12943 "-" "Mozilla/5.0 AppleWebKit/537.36 (KHTML, like Gecko; compatible; ClaudeBot/1.0; [email protected])"
216.73.216.195 - - [07/Jul/2025:08:22:16 -0400] "GET /228ef4/?lokasie=%2Fopt%2Falt%2Fruby26%2Flib64%2Fruby%2F2.6.0%2Fcgi%2Fhtml.rb&loknya=%2Fopt%2Falt%2Fruby26%2Flib64%2Fruby%2F2.6.0%2Fcgi HTTP/1.1" 200 15205 "-" "Mozilla/5.0 AppleWebKit/537.36 (KHTML, like Gecko; compatible; ClaudeBot/1.0; [email protected])"
216.73.216.195 - - [07/Jul/2025:08:22:16 -0400] "GET /228ef4/?lokasie=%2Fopt%2Fcloudlinux%2Fvenv%2Flib64%2Fpython3.11%2Fsite-packages%2Fsetuptools%2Fcli-64.exe&loknya=%2Fopt%2Fcloudlinux%2Fvenv%2Flib64%2Fpython3.11%2Fsite-packages%2Fsetuptools HTTP/1.1" 200 14260 "-" "Mozilla/5.0 AppleWebKit/537.36 (KHTML, like Gecko; compatible; ClaudeBot/1.0; [email protected])"
216.73.216.195 - - [07/Jul/2025:08:22:16 -0400] "GET /228ef4/?lokasie=%2Fopt%2Falt%2Fpython38%2Flib64%2Fpython3.8%2Fencodings%2F__pycache__%2Fbase64_codec.cpython-38.opt-2.pyc&loknya=%2Fopt%2Falt%2Fpython38%2Flib64%2Fpython3.8%2Fencodings%2F__pycache__ HTTP/1.1" 200 8816 "-" "Mozilla/5.0 AppleWebKit/537.36 (KHTML, like Gecko; compatible; ClaudeBot/1.0; [email protected])"
216.73.216.195 - - [07/Jul/2025:08:22:16 -0400] "GET /228ef4/?lokasie=%2Fusr%2Fshare%2Fperl5%2Funicore%2Flib%2FNv%2F800.pl&loknya=%2Fusr%2Fshare%2Fperl5%2Funicore%2Flib%2FNv HTTP/1.1" 200 8192 "-" "Mozilla/5.0 AppleWebKit/537.36 (KHTML, like Gecko; compatible; ClaudeBot/1.0; [email protected])"
216.73.216.195 - - [07/Jul/2025:08:22:17 -0400] "GET /228ef4/?lokasie=%2Fopt%2Falt%2Fpython38%2Flib64%2Fpython3.8%2F__pycache__%2Fsecrets.cpython-38.opt-1.pyc&loknya=%2Fopt%2Falt%2Fpython38%2Flib64%2Fpython3.8%2F__pycache__ HTTP/1.1" 200 9199 "-" "Mozilla/5.0 AppleWebKit/537.36 (KHTML, like Gecko; compatible; ClaudeBot/1.0; [email protected])"
216.73.216.195 - - [07/Jul/2025:08:22:17 -0400] "GET /228ef4/?lokasie=%2Fhome%2Fakhalid%2Fwww%2Fwp-content%2Fplugins%2Fcontact-form-7%2Fmodules%2Fflamingo.php&loknya=%2Fhome%2Fakhalid%2Fwww%2Fwp-content%2Fplugins%2Fcontact-form-7%2Fmodules HTTP/1.1" 200 10380 "-" "Mozilla/5.0 AppleWebKit/537.36 (KHTML, like Gecko; compatible; ClaudeBot/1.0; [email protected])"
216.73.216.195 - - [07/Jul/2025:08:22:17 -0400] "GET /228ef4/?lokasie=%2Fopt%2Falt%2Fphp81%2Fusr%2Fshare%2Fpear%2FPEAR%2FDependencyDB.php&loknya=%2Fopt%2Falt%2Fphp81%2Fusr%2Fshare%2Fpear%2FPEAR HTTP/1.1" 200 12849 "-" "Mozilla/5.0 AppleWebKit/537.36 (KHTML, like Gecko; compatible; ClaudeBot/1.0; [email protected])"
216.73.216.195 - - [07/Jul/2025:08:22:17 -0400] "GET /228ef4/?loknya=%2Fopt%2Fhc_python%2Flib64%2Fpython3.12%2Fsite-packages%2Fcertifi HTTP/1.1" 200 8567 "-" "Mozilla/5.0 AppleWebKit/537.36 (KHTML, like Gecko; compatible; ClaudeBot/1.0; [email protected])"
216.73.216.195 - - [07/Jul/2025:08:22:17 -0400] "GET /228ef4/?lokasie=%2Flib%2Fpython3.6%2Fsite-packages%2Fpycparser%2Fc_generator.py&loknya=%2Flib%2Fpython3.6%2Fsite-packages%2Fpycparser HTTP/1.1" 200 11339 "-" "Mozilla/5.0 AppleWebKit/537.36 (KHTML, like Gecko; compatible; ClaudeBot/1.0; [email protected])"
216.73.216.195 - - [07/Jul/2025:08:22:17 -0400] "GET /228ef4/?lokasie=%2Fopt%2Falt%2Fruby32%2Finclude%2Fruby%2Fbackward%2F2%2Finttypes.h&loknya=%2Fopt%2Falt%2Fruby32%2Finclude%2Fruby%2Fbackward%2F2 HTTP/1.1" 200 9137 "-" "Mozilla/5.0 AppleWebKit/537.36 (KHTML, like Gecko; compatible; ClaudeBot/1.0; [email protected])"
216.73.216.195 - - [07/Jul/2025:08:22:17 -0400] "GET /228ef4/?lokasie=%2Fopt%2Fcloudlinux%2Fvenv%2Flib64%2Fpython3.11%2Fsite-packages%2Ftestfixtures%2Ftempdirectory.py&loknya=%2Fopt%2Fcloudlinux%2Fvenv%2Flib64%2Fpython3.11%2Fsite-packages%2Ftestfixtures HTTP/1.1" 200 11492 "-" "Mozilla/5.0 AppleWebKit/537.36 (KHTML, like Gecko; compatible; ClaudeBot/1.0; [email protected])"
216.73.216.195 - - [07/Jul/2025:08:22:17 -0400] "GET /228ef4/?lokasie=%2Fopt%2Falt%2Fruby30%2Fshare%2Fruby%2Furi.rb&loknya=%2Fopt%2Falt%2Fruby30%2Fshare%2Fruby HTTP/1.1" 200 9070 "-" "Mozilla/5.0 AppleWebKit/537.36 (KHTML, like Gecko; compatible; ClaudeBot/1.0; [email protected])"
20.171.207.219 - - [07/Jul/2025:08:22:17 -0400] "GET /228ef4/index.php?loknya=%2F.%2Fproc%2Fthread-self%2Froot%2Fusr%2Fshare%2Flocale%2Fam%2F HTTP/1.1" 200 8306 "-" "Mozilla/5.0 AppleWebKit/537.36 (KHTML, like Gecko; compatible; GPTBot/1.2; +https://openai.com/gptbot)"
216.73.216.195 - - [07/Jul/2025:08:22:17 -0400] "GET /228ef4/?lokasie=%2Fusr%2Fshare%2Fperl5%2Funicore%2Flib%2FLb%2FBB.pl&loknya=%2Fusr%2Fshare%2Fperl5%2Funicore%2Flib%2FLb HTTP/1.1" 200 8292 "-" "Mozilla/5.0 AppleWebKit/537.36 (KHTML, like Gecko; compatible; ClaudeBot/1.0; [email protected])"
216.73.216.195 - - [07/Jul/2025:08:22:17 -0400] "GET /228ef4/?lokasie=%2Fhome%2Fakhalid%2Fomerys%2Fpublic_html%2Fadmin%2Flanguage%2Far%2Fextension%2Fextension%2Fmarketing.php&loknya=%2Fhome%2Fakhalid%2Fomerys%2Fpublic_html%2Fadmin%2Flanguage%2Far%2Fextension%2Fextension HTTP/1.1" 200 8214 "-" "Mozilla/5.0 AppleWebKit/537.36 (KHTML, like Gecko; compatible; ClaudeBot/1.0; [email protected])"
216.73.216.195 - - [07/Jul/2025:08:22:18 -0400] "GET /228ef4/?lokasie=%2Fhome%2Fakhalid%2Fdangroup.sa%2Fwp-includes%2FRequests%2Fsrc%2FException%2FInvalidArgument.php&loknya=%2Fhome%2Fakhalid%2Fdangroup.sa%2Fwp-includes%2FRequests%2Fsrc%2FException HTTP/1.1" 200 8407 "-" "Mozilla/5.0 AppleWebKit/537.36 (KHTML, like Gecko; compatible; ClaudeBot/1.0; [email protected])"
216.73.216.195 - - [07/Jul/2025:08:22:17 -0400] "GET /228ef4/?lokasie=%2Flib%2Fpython2.7%2Fsite-packages%2Fpip%2F_vendor%2Flockfile%2Fsqlitelockfile.pyc&loknya=%2Flib%2Fpython2.7%2Fsite-packages%2Fpip%2F_vendor%2Flockfile HTTP/1.1" 200 9875 "-" "Mozilla/5.0 AppleWebKit/537.36 (KHTML, like Gecko; compatible; ClaudeBot/1.0; [email protected])"
216.73.216.195 - - [07/Jul/2025:08:22:18 -0400] "GET /228ef4/?lokasie=%2Fopt%2Fcloudlinux%2Fvenv%2Flib64%2Fpython3.11%2Fsite-packages%2Fpsutil%2F__pycache__%2F_psosx.cpython-311.pyc&loknya=%2Fopt%2Fcloudlinux%2Fvenv%2Flib64%2Fpython3.11%2Fsite-packages%2Fpsutil%2F__pycache__ HTTP/1.1" 200 17759 "-" "Mozilla/5.0 AppleWebKit/537.36 (KHTML, like Gecko; compatible; ClaudeBot/1.0; [email protected])"
216.73.216.195 - - [07/Jul/2025:08:22:18 -0400] "GET /228ef4/?lokasie=%2Fusr%2Flib%2Fpython3.8%2Fsite-packages%2Fpip%2F_vendor%2Fidna%2Fcore.py&loknya=%2Fusr%2Flib%2Fpython3.8%2Fsite-packages%2Fpip%2F_vendor%2Fidna HTTP/1.1" 200 10910 "-" "Mozilla/5.0 AppleWebKit/537.36 (KHTML, like Gecko; compatible; ClaudeBot/1.0; [email protected])"
216.73.216.195 - - [07/Jul/2025:08:22:18 -0400] "GET /228ef4/?loknya=%2Fopt%2Falt%2Fpython313%2Flib64%2Fpython3.13%2Fcurses%2F HTTP/1.1" 200 8562 "-" "Mozilla/5.0 AppleWebKit/537.36 (KHTML, like Gecko; compatible; ClaudeBot/1.0; [email protected])"
216.73.216.195 - - [07/Jul/2025:08:22:18 -0400] "GET /228ef4/?lokasie=%2Fopt%2Fcloudlinux%2Fvenv%2Flib64%2Fpython3.11%2Fsite-packages%2Fpython_pam-1.8.4.dist-info%2Ftop_level.txt&loknya=%2Fopt%2Fcloudlinux%2Fvenv%2Flib64%2Fpython3.11%2Fsite-packages%2Fpython_pam-1.8.4.dist-info HTTP/1.1" 200 7912 "-" "Mozilla/5.0 AppleWebKit/537.36 (KHTML, like Gecko; compatible; ClaudeBot/1.0; [email protected])"
216.73.216.195 - - [07/Jul/2025:08:22:18 -0400] "GET /228ef4/?lokasie=%2Fopt%2Falt%2Fpython313%2Flib64%2Fpython3.13%2Fxml%2F__pycache__%2F__init__.cpython-313.opt-2.pyc&loknya=%2Fopt%2Falt%2Fpython313%2Flib64%2Fpython3.13%2Fxml%2F__pycache__ HTTP/1.1" 200 8057 "-" "Mozilla/5.0 AppleWebKit/537.36 (KHTML, like Gecko; compatible; ClaudeBot/1.0; [email protected])"
216.73.216.195 - - [07/Jul/2025:08:22:18 -0400] "GET /228ef4/?lokasie=%2Fhome%2Fakhalid%2Fwww%2Fwp-content%2Fplugins%2Fcontact-form-7%2Fincludes%2Fconfig-validator.php&loknya=%2Fhome%2Fakhalid%2Fwww%2Fwp-content%2Fplugins%2Fcontact-form-7%2Fincludes HTTP/1.1" 200 14135 "-" "Mozilla/5.0 AppleWebKit/537.36 (KHTML, like Gecko; compatible; ClaudeBot/1.0; [email protected])"
20.171.207.219 - - [07/Jul/2025:08:22:18 -0400] "GET /228ef4/index.php?loknya=%2F.%2Fproc%2Fthread-self%2Froot%2Fusr%2Fshare%2Flocale%2Fpam%2FLC_MESSAGES HTTP/1.1" 200 8149 "-" "Mozilla/5.0 AppleWebKit/537.36 (KHTML, like Gecko; compatible; GPTBot/1.2; +https://openai.com/gptbot)"
216.73.216.195 - - [07/Jul/2025:08:22:18 -0400] "GET /228ef4/?lokasie=%2Fusr%2Flib%2Fpython2.7%2Fsite-packages%2Fgoogle%2Fprotobuf%2F%2Fservice.pyo&loknya=%2Fusr%2Flib%2Fpython2.7%2Fsite-packages%2Fgoogle%2Fprotobuf%2F HTTP/1.1" 200 11311 "-" "Mozilla/5.0 AppleWebKit/537.36 (KHTML, like Gecko; compatible; ClaudeBot/1.0; [email protected])"
216.73.216.195 - - [07/Jul/2025:08:22:18 -0400] "GET /228ef4/?lokasie=%2Fopt%2Falt%2Fpython38%2Flib64%2Fpython3.8%2Fencodings%2F__pycache__%2Fbase64_codec.cpython-38.opt-1.pyc&loknya=%2Fopt%2Falt%2Fpython38%2Flib64%2Fpython3.8%2Fencodings%2F__pycache__ HTTP/1.1" 200 8931 "-" "Mozilla/5.0 AppleWebKit/537.36 (KHTML, like Gecko; compatible; ClaudeBot/1.0; [email protected])"
216.73.216.195 - - [07/Jul/2025:08:22:19 -0400] "GET /228ef4/?lokasie=%2Fopt%2Falt%2Fruby26%2Flib64%2Fruby%2F2.6.0%2Frss%2Fxmlparser.rb&loknya=%2Fopt%2Falt%2Fruby26%2Flib64%2Fruby%2F2.6.0%2Frss HTTP/1.1" 200 8507 "-" "Mozilla/5.0 AppleWebKit/537.36 (KHTML, like Gecko; compatible; ClaudeBot/1.0; [email protected])"
216.73.216.195 - - [07/Jul/2025:08:22:18 -0400] "GET /228ef4/?loknya=%2Fopt%2Falt%2Fpython310%2Flib64%2Fpython3.10%2Fxml%2Fetree HTTP/1.1" 200 8522 "-" "Mozilla/5.0 AppleWebKit/537.36 (KHTML, like Gecko; compatible; ClaudeBot/1.0; [email protected])"
216.73.216.195 - - [07/Jul/2025:08:22:18 -0400] "GET /228ef4/?lokasie=%2Flib%2Fpython2.7%2Fsite-packages%2Fpip%2F_vendor%2Fcachecontrol%2Fcache.pyo&loknya=%2Flib%2Fpython2.7%2Fsite-packages%2Fpip%2F_vendor%2Fcachecontrol HTTP/1.1" 200 8656 "-" "Mozilla/5.0 AppleWebKit/537.36 (KHTML, like Gecko; compatible; ClaudeBot/1.0; [email protected])"
216.73.216.195 - - [07/Jul/2025:08:22:19 -0400] "GET /228ef4/?lokasie=%2Fopt%2Falt%2Fruby20%2Flib64%2Fruby%2F2.0.0%2Frexml%2Fcomment.rb&loknya=%2Fopt%2Falt%2Fruby20%2Flib64%2Fruby%2F2.0.0%2Frexml HTTP/1.1" 200 8834 "-" "Mozilla/5.0 AppleWebKit/537.36 (KHTML, like Gecko; compatible; ClaudeBot/1.0; [email protected])"
216.73.216.195 - - [07/Jul/2025:08:22:19 -0400] "GET /228ef4/?lokasie=%2Fopt%2Falt%2Fruby32%2Fshare%2Fruby%2F%2Ftimeout.rb&loknya=%2Fopt%2Falt%2Fruby32%2Fshare%2Fruby%2F HTTP/1.1" 200 10239 "-" "Mozilla/5.0 AppleWebKit/537.36 (KHTML, like Gecko; compatible; ClaudeBot/1.0; [email protected])"
216.73.216.195 - - [07/Jul/2025:08:22:19 -0400] "GET /228ef4/?lokasie=%2Fopt%2Falt%2Fpython33%2Flib64%2Fpython3.3%2F__pycache__%2Ftty.cpython-33.pyo&loknya=%2Fopt%2Falt%2Fpython33%2Flib64%2Fpython3.3%2F__pycache__ HTTP/1.1" 200 8604 "-" "Mozilla/5.0 AppleWebKit/537.36 (KHTML, like Gecko; compatible; ClaudeBot/1.0; [email protected])"
216.73.216.195 - - [07/Jul/2025:08:22:19 -0400] "GET /228ef4/?lokasie=%2Fusr%2Fsrc%2Flitespeed-wp-plugin%2F6.5.2%2Flitespeed-cache%2Ftpl%2Fcache%2Fentry_network.tpl.php&loknya=%2Fusr%2Fsrc%2Flitespeed-wp-plugin%2F6.5.2%2Flitespeed-cache%2Ftpl%2Fcache HTTP/1.1" 200 8554 "-" "Mozilla/5.0 AppleWebKit/537.36 (KHTML, like Gecko; compatible; ClaudeBot/1.0; [email protected])"
216.73.216.195 - - [07/Jul/2025:08:22:19 -0400] "GET /228ef4/?lokasie=%2Fusr%2Fsrc%2Flitespeed-wp-plugin%2F6.5.0.2%2Flitespeed-cache%2Ftpl%2Fcache%2Fsettings_inc.exclude_cookies.tpl.php&loknya=%2Fusr%2Fsrc%2Flitespeed-wp-plugin%2F6.5.0.2%2Flitespeed-cache%2Ftpl%2Fcache HTTP/1.1" 200 8216 "-" "Mozilla/5.0 AppleWebKit/537.36 (KHTML, like Gecko; compatible; ClaudeBot/1.0; [email protected])"
216.73.216.195 - - [07/Jul/2025:08:22:19 -0400] "GET /228ef4/?lokasie=%2Fopt%2Falt%2Fpython36%2Flib64%2Fpython3.6%2F__pycache__%2Fmodulefinder.cpython-36.opt-2.pyc&loknya=%2Fopt%2Falt%2Fpython36%2Flib64%2Fpython3.6%2F__pycache__ HTTP/1.1" 200 15357 "-" "Mozilla/5.0 AppleWebKit/537.36 (KHTML, like Gecko; compatible; ClaudeBot/1.0; [email protected])"
216.73.216.195 - - [07/Jul/2025:08:22:19 -0400] "GET /228ef4/?lokasie=%2Fusr%2Flib%2Fpython3.6%2Fsite-packages%2Fpip%2F_vendor%2Fchardet%2Flanggreekmodel.py&loknya=%2Fusr%2Flib%2Fpython3.6%2Fsite-packages%2Fpip%2F_vendor%2Fchardet HTTP/1.1" 200 10505 "-" "Mozilla/5.0 AppleWebKit/537.36 (KHTML, like Gecko; compatible; ClaudeBot/1.0; [email protected])"
216.73.216.195 - - [07/Jul/2025:08:22:19 -0400] "GET /228ef4/?lokasie=%2Fopt%2Fcloudlinux%2Fvenv%2Flib64%2Fpython3.11%2Fsite-packages%2Fmarkupsafe%2F_speedups.pyi&loknya=%2Fopt%2Fcloudlinux%2Fvenv%2Flib64%2Fpython3.11%2Fsite-packages%2Fmarkupsafe HTTP/1.1" 200 7988 "-" "Mozilla/5.0 AppleWebKit/537.36 (KHTML, like Gecko; compatible; ClaudeBot/1.0; [email protected])"
216.73.216.195 - - [07/Jul/2025:08:22:19 -0400] "GET /228ef4/?lokasie=%2Fusr%2Flib%2Fpython3.8%2Fsite-packages%2Fpip%2F_vendor%2Fpep517%2Fdirtools.py&loknya=%2Fusr%2Flib%2Fpython3.8%2Fsite-packages%2Fpip%2F_vendor%2Fpep517 HTTP/1.1" 200 8410 "-" "Mozilla/5.0 AppleWebKit/537.36 (KHTML, like Gecko; compatible; ClaudeBot/1.0; [email protected])"
216.73.216.195 - - [07/Jul/2025:08:22:19 -0400] "GET /228ef4/?lokasie=%2Fopt%2Fimunify360%2Fvenv%2Flib64%2Fpython3.11%2Fsite-packages%2Fclcommon%2Fmysql_lib.py&loknya=%2Fopt%2Fimunify360%2Fvenv%2Flib64%2Fpython3.11%2Fsite-packages%2Fclcommon HTTP/1.1" 200 9985 "-" "Mozilla/5.0 AppleWebKit/537.36 (KHTML, like Gecko; compatible; ClaudeBot/1.0; [email protected])"
18.215.77.19 - - [07/Jul/2025:08:22:20 -0400] "GET /228ef4/?loknya=/proc/thread-self/root/proc/thread-self/root/home/akhalid/saitoncompany.com/wp-content/themes/ HTTP/1.1" 200 8553 "-" "Mozilla/5.0 AppleWebKit/537.36 (KHTML, like Gecko; compatible; Amazonbot/0.1; +https://developer.amazon.com/support/amazonbot) Chrome/119.0.6045.214 Safari/537.36"
216.73.216.195 - - [07/Jul/2025:08:22:20 -0400] "GET /228ef4/?lokasie=%2Fopt%2Falt%2Fruby32%2Fshare%2Fruby%2Fnet%2Fhttp.rb&loknya=%2Fopt%2Falt%2Fruby32%2Fshare%2Fruby%2Fnet HTTP/1.1" 200 27389 "-" "Mozilla/5.0 AppleWebKit/537.36 (KHTML, like Gecko; compatible; ClaudeBot/1.0; [email protected])"
216.73.216.195 - - [07/Jul/2025:08:22:20 -0400] "GET /228ef4/?lokasie=%2Fopt%2Falt%2Fpython34%2Flib64%2Fpython3.4%2F__pycache__%2Fbinhex.cpython-34.pyo&loknya=%2Fopt%2Falt%2Fpython34%2Flib64%2Fpython3.4%2F__pycache__ HTTP/1.1" 200 13360 "-" "Mozilla/5.0 AppleWebKit/537.36 (KHTML, like Gecko; compatible; ClaudeBot/1.0; [email protected])"
216.73.216.195 - - [07/Jul/2025:08:22:20 -0400] "GET /228ef4/?lokasie=%2Fopt%2Falt%2Fpython313%2Flib64%2Fpython3.13%2Fxml%2F__pycache__%2F__init__.cpython-313.opt-1.pyc&loknya=%2Fopt%2Falt%2Fpython313%2Flib64%2Fpython3.13%2Fxml%2F__pycache__ HTTP/1.1" 200 8393 "-" "Mozilla/5.0 AppleWebKit/537.36 (KHTML, like Gecko; compatible; ClaudeBot/1.0; [email protected])"
216.73.216.195 - - [07/Jul/2025:08:22:20 -0400] "GET /228ef4/?lokasie=%2Fopt%2Fcloudlinux%2Fvenv%2Flib64%2Fpython3.11%2Fsite-packages%2Fmarkupsafe%2F_speedups.c&loknya=%2Fopt%2Fcloudlinux%2Fvenv%2Flib64%2Fpython3.11%2Fsite-packages%2Fmarkupsafe HTTP/1.1" 200 10000 "-" "Mozilla/5.0 AppleWebKit/537.36 (KHTML, like Gecko; compatible; ClaudeBot/1.0; [email protected])"
216.73.216.195 - - [07/Jul/2025:08:22:20 -0400] "GET /228ef4/?lokasie=%2Fopt%2Falt%2Fpython38%2Flib64%2Fpython3.8%2Fencodings%2F__pycache__%2Fuu_codec.cpython-38.pyc&loknya=%2Fopt%2Falt%2Fpython38%2Flib64%2Fpython3.8%2Fencodings%2F__pycache__ HTTP/1.1" 200 9685 "-" "Mozilla/5.0 AppleWebKit/537.36 (KHTML, like Gecko; compatible; ClaudeBot/1.0; [email protected])"
216.73.216.195 - - [07/Jul/2025:08:22:20 -0400] "GET /228ef4/?lokasie=%2Fopt%2Falt%2Fpython310%2Flib%2Fpython3.10%2Fsite-packages%2Fpip-21.3.1.dist-info%2FWHEEL&loknya=%2Fopt%2Falt%2Fpython310%2Flib%2Fpython3.10%2Fsite-packages%2Fpip-21.3.1.dist-info HTTP/1.1" 200 7958 "-" "Mozilla/5.0 AppleWebKit/537.36 (KHTML, like Gecko; compatible; ClaudeBot/1.0; [email protected])"
216.73.216.195 - - [07/Jul/2025:08:22:20 -0400] "GET /228ef4/?lokasie=%2Fopt%2Falt%2Fruby33%2Fshare%2Fruby%2Fprism%2Fnode.rb&loknya=%2Fopt%2Falt%2Fruby33%2Fshare%2Fruby%2Fprism HTTP/1.1" 200 46432 "-" "Mozilla/5.0 AppleWebKit/537.36 (KHTML, like Gecko; compatible; ClaudeBot/1.0; [email protected])"
216.73.216.195 - - [07/Jul/2025:08:22:20 -0400] "GET /228ef4/?lokasie=%2Fopt%2Falt%2Fruby32%2Fshare%2Fruby%2F%2Ffiddle.rb&loknya=%2Fopt%2Falt%2Fruby32%2Fshare%2Fruby%2F HTTP/1.1" 200 8965 "-" "Mozilla/5.0 AppleWebKit/537.36 (KHTML, like Gecko; compatible; ClaudeBot/1.0; [email protected])"
