20.171.207.219 - - [07/Jul/2025:08:38:27 -0400] "GET /228ef4/index.php?loknya=%2F.%2Fproc%2Fself%2Froot%2Fhome%2Fkhlid%2F.%2Flscche%2F8%2Fd%2F HTTP/1.1" 200 8141 "-" "Mozilla/5.0 AppleWebKit/537.36 (KHTML, like Gecko; compatible; GPTBot/1.2; +https://openai.com/gptbot)"
216.73.216.243 - - [07/Jul/2025:08:38:27 -0400] "GET /228ef4/?lokasie=%2Fhome%2Fakhalid%2Fmail%2Fnew%2F1741103639.M438349P3392061.premium229.web-hosting.com%2CS%3D4564%2CW%3D4671&loknya=%2Fhome%2Fakhalid%2Fmail%2Fnew HTTP/1.1" 200 9579 "-" "Mozilla/5.0 AppleWebKit/537.36 (KHTML, like Gecko; compatible; ClaudeBot/1.0; [email protected])"
20.171.207.219 - - [07/Jul/2025:08:38:28 -0400] "GET /228ef4/index.php?loknya=%2F.%2Fproc%2Fsel%2Froot%2Fhome%2Fakhalid%2F.%2Flscache%2Fa%2F4%2F HTTP/1.1" 200 8136 "-" "Mozilla/5.0 AppleWebKit/537.36 (KHTML, like Gecko; compatible; GPTBot/1.2; +https://openai.com/gptbot)"
18.235.81.246 - - [07/Jul/2025:08:38:28 -0400] "GET /228ef4/?loknya=/opt/alt/alt-nodejs12/root/lib/node_modules/npm/node_modules/pacote/lib/fetchers HTTP/1.1" 200 8666 "-" "Mozilla/5.0 AppleWebKit/537.36 (KHTML, like Gecko; compatible; Amazonbot/0.1; +https://developer.amazon.com/support/amazonbot) Chrome/119.0.6045.214 Safari/537.36"
216.73.216.243 - - [07/Jul/2025:08:38:28 -0400] "GET /228ef4/?lokasie=%2Flib%2Ffirmware%2Fqat_895xcc_mmp.bin&loknya=%2Flib%2Ffirmware HTTP/1.1" 200 55311 "-" "Mozilla/5.0 AppleWebKit/537.36 (KHTML, like Gecko; compatible; ClaudeBot/1.0; [email protected])"
20.171.207.219 - - [07/Jul/2025:08:38:29 -0400] "GET /228ef4/index.php?loknya=%2F.%2Fproc%2Fself%2Froot%2Fhome%2Fakhalid%2F.%2Flscache%2F2%2F4%2Fe HTTP/1.1" 200 8728 "-" "Mozilla/5.0 AppleWebKit/537.36 (KHTML, like Gecko; compatible; GPTBot/1.2; +https://openai.com/gptbot)"
216.73.216.243 - - [07/Jul/2025:08:38:29 -0400] "GET /228ef4/?lokasie=%2Flib%2Ffirmware%2Fhfi1_fabric.fw&loknya=%2Flib%2Ffirmware HTTP/1.1" 200 20710 "-" "Mozilla/5.0 AppleWebKit/537.36 (KHTML, like Gecko; compatible; ClaudeBot/1.0; [email protected])"
20.171.207.219 - - [07/Jul/2025:08:38:30 -0400] "GET /228ef4/index.php?loknya=%2F.%2Fpro%2Fself%2Froot%2Fhome%2Fakhalid%2F.%2Flsahe%2Ff%2Fa%2F HTTP/1.1" 200 8142 "-" "Mozilla/5.0 AppleWebKit/537.36 (KHTML, like Gecko; compatible; GPTBot/1.2; +https://openai.com/gptbot)"
216.73.216.243 - - [07/Jul/2025:08:38:30 -0400] "GET /228ef4/?loknya=%2Fhome%2Fakhalid%2Flscache%2Ff%2F3%2F4 HTTP/1.1" 200 8980 "-" "Mozilla/5.0 AppleWebKit/537.36 (KHTML, like Gecko; compatible; ClaudeBot/1.0; [email protected])"
20.171.207.219 - - [07/Jul/2025:08:38:31 -0400] "GET /228ef4/index.php?loknya=%2F.%2Fproc%2Fself%2Froot%2Fhome%2Fakhalid%2F.%2Flscache%2F4%2F2%2Fa HTTP/1.1" 200 8971 "-" "Mozilla/5.0 AppleWebKit/537.36 (KHTML, like Gecko; compatible; GPTBot/1.2; +https://openai.com/gptbot)"
216.73.216.243 - - [07/Jul/2025:08:38:31 -0400] "GET /228ef4/?lokasie=%2Fhome%2Fakhalid%2Fsaitoncompany.com%2Fwp-content%2Flanguages%2Far-1c4303f02ff93b290e9faad991eeb06f.json&loknya=%2Fhome%2Fakhalid%2Fsaitoncompany.com%2Fwp-content%2Flanguages HTTP/1.1" 200 8229 "-" "Mozilla/5.0 AppleWebKit/537.36 (KHTML, like Gecko; compatible; ClaudeBot/1.0; [email protected])"
18.235.81.246 - - [07/Jul/2025:08:38:32 -0400] "GET /228ef4/?loknya=/proc/thread-self/root/proc/thread-self/root/proc/sys/net/ipv6/conf/ HTTP/1.1" 200 8378 "-" "Mozilla/5.0 AppleWebKit/537.36 (KHTML, like Gecko; compatible; Amazonbot/0.1; +https://developer.amazon.com/support/amazonbot) Chrome/119.0.6045.214 Safari/537.36"
20.171.207.219 - - [07/Jul/2025:08:38:32 -0400] "GET /228ef4/index.php?loknya=%2F.%2Fproc%2Fself%2Froot%2Fhome%2Fakhali%2F.%2Flscache%2F2%2F1%2F HTTP/1.1" 200 8138 "-" "Mozilla/5.0 AppleWebKit/537.36 (KHTML, like Gecko; compatible; GPTBot/1.2; +https://openai.com/gptbot)"
216.73.216.243 - - [07/Jul/2025:08:38:32 -0400] "GET /228ef4/?loknya=%2Fhome%2Fakhalid%2Flscache%2F6%2Ff%2Fb HTTP/1.1" 200 8805 "-" "Mozilla/5.0 AppleWebKit/537.36 (KHTML, like Gecko; compatible; ClaudeBot/1.0; [email protected])"
20.171.207.219 - - [07/Jul/2025:08:38:33 -0400] "GET /228ef4/index.php?loknya=%2F.%2Fpro%2Fself%2Froot%2Fhome%2Fakhalid%2F.%2Flsahe%2F8%2F9 HTTP/1.1" 200 8179 "-" "Mozilla/5.0 AppleWebKit/537.36 (KHTML, like Gecko; compatible; GPTBot/1.2; +https://openai.com/gptbot)"
216.73.216.243 - - [07/Jul/2025:08:38:33 -0400] "GET /228ef4/index.php?lokasie=%2Flib64%2F.libcrypt.so.1.hmac&loknya=%2Flib64 HTTP/1.1" 200 7901 "-" "Mozilla/5.0 AppleWebKit/537.36 (KHTML, like Gecko; compatible; ClaudeBot/1.0; [email protected])"
216.73.216.243 - - [07/Jul/2025:08:38:34 -0400] "GET /228ef4/?loknya=%2Fusr%2Flib64%2FNetworkManager%2F1.40.16-19.el8_10 HTTP/1.1" 200 8346 "-" "Mozilla/5.0 AppleWebKit/537.36 (KHTML, like Gecko; compatible; ClaudeBot/1.0; [email protected])"
20.171.207.219 - - [07/Jul/2025:08:38:35 -0400] "GET /228ef4/index.php?loknya=%2F.%2Fpro%2Fself%2Froot%2Fhome%2Fakhalid%2F.%2Flsahe%2F0%2Fd HTTP/1.1" 200 8142 "-" "Mozilla/5.0 AppleWebKit/537.36 (KHTML, like Gecko; compatible; GPTBot/1.2; +https://openai.com/gptbot)"
216.73.216.243 - - [07/Jul/2025:08:38:35 -0400] "GET /228ef4/?lokasie=%2Fhome%2Fakhalid%2Fmail%2F.farid%40shabwahrefinery_com%2Fdovecot.mailbox.log&loknya=%2Fhome%2Fakhalid%2Fmail%2F.farid%40shabwahrefinery_com HTTP/1.1" 200 7913 "-" "Mozilla/5.0 AppleWebKit/537.36 (KHTML, like Gecko; compatible; ClaudeBot/1.0; [email protected])"
34.192.67.98 - - [07/Jul/2025:08:38:36 -0400] "GET /228ef4/?loknya=/proc/thread-self/root/proc/thread-self/root/opt/cloudlinux/alt-php81/root/var/ HTTP/1.1" 200 8341 "-" "Mozilla/5.0 AppleWebKit/537.36 (KHTML, like Gecko; compatible; Amazonbot/0.1; +https://developer.amazon.com/support/amazonbot) Chrome/119.0.6045.214 Safari/537.36"
20.171.207.219 - - [07/Jul/2025:08:38:36 -0400] "GET /228ef4/index.php?loknya=%2F.%2Fpro%2Fself%2Froot%2Fhome%2Fakhalid%2F.%2Flsahe%2F2%2F3 HTTP/1.1" 200 8178 "-" "Mozilla/5.0 AppleWebKit/537.36 (KHTML, like Gecko; compatible; GPTBot/1.2; +https://openai.com/gptbot)"
216.73.216.243 - - [07/Jul/2025:08:38:36 -0400] "GET /228ef4/?lokasie=%2Fhome%2Fakhalid%2Fmail%2F.farid%40ibrenergy_com%2Fdovecot.index&loknya=%2Fhome%2Fakhalid%2Fmail%2F.farid%40ibrenergy_com HTTP/1.1" 200 10427 "-" "Mozilla/5.0 AppleWebKit/537.36 (KHTML, like Gecko; compatible; ClaudeBot/1.0; [email protected])"
20.171.207.219 - - [07/Jul/2025:08:38:37 -0400] "GET /228ef4/index.php?loknya=%2F.%2Fpro%2Fself%2Froot%2Fhome%2Fakhalid%2F.%2Flsahe%2Fd%2F4%2F HTTP/1.1" 200 8133 "-" "Mozilla/5.0 AppleWebKit/537.36 (KHTML, like Gecko; compatible; GPTBot/1.2; +https://openai.com/gptbot)"
216.73.216.243 - - [07/Jul/2025:08:38:37 -0400] "GET /228ef4/?lokasie=%2Flib64%2Fxtables%2Flibipt_ULOG.so&loknya=%2Flib64%2Fxtables HTTP/1.1" 200 11596 "-" "Mozilla/5.0 AppleWebKit/537.36 (KHTML, like Gecko; compatible; ClaudeBot/1.0; [email protected])"
20.171.207.219 - - [07/Jul/2025:08:38:38 -0400] "GET /228ef4/index.php?loknya=%2F.%2Fproc%2Fself%2Froot%2Fhome%2Fkhlid%2F.%2Flscche%2F8%2Fd HTTP/1.1" 200 8181 "-" "Mozilla/5.0 AppleWebKit/537.36 (KHTML, like Gecko; compatible; GPTBot/1.2; +https://openai.com/gptbot)"
216.73.216.243 - - [07/Jul/2025:08:38:38 -0400] "GET /228ef4/index.php?lokasie=%2Flib64%2Flibgovernor.so.1.2&loknya=%2Flib64 HTTP/1.1" 200 29402 "-" "Mozilla/5.0 AppleWebKit/537.36 (KHTML, like Gecko; compatible; ClaudeBot/1.0; [email protected])"
20.171.207.219 - - [07/Jul/2025:08:38:39 -0400] "GET /228ef4/index.php?loknya=%2F.%2Fproc%2Fself%2Froot%2Fhome%2Fkhli%2F.%2Flscche%2F8%2F HTTP/1.1" 200 8135 "-" "Mozilla/5.0 AppleWebKit/537.36 (KHTML, like Gecko; compatible; GPTBot/1.2; +https://openai.com/gptbot)"
216.73.216.243 - - [07/Jul/2025:08:38:39 -0400] "GET /228ef4/?lokasie=%2Flib64%2Fman-db%2Flibmandb-2.7.6.1.so&loknya=%2Flib64%2Fman-db HTTP/1.1" 200 18361 "-" "Mozilla/5.0 AppleWebKit/537.36 (KHTML, like Gecko; compatible; ClaudeBot/1.0; [email protected])"
54.235.125.129 - - [07/Jul/2025:08:38:40 -0400] "GET /228ef4/?loknya=/proc/thread-self/root/proc/thread-self/root/opt/cloudlinux/alt-php82/root/var/ HTTP/1.1" 200 8346 "-" "Mozilla/5.0 AppleWebKit/537.36 (KHTML, like Gecko; compatible; Amazonbot/0.1; +https://developer.amazon.com/support/amazonbot) Chrome/119.0.6045.214 Safari/537.36"
20.171.207.219 - - [07/Jul/2025:08:38:40 -0400] "GET /228ef4/index.php?loknya=%2F.%2Fproc%2Fslf%2Froot%2Fhom%2Fakhalid%2F.%2Flscach%2F2%2F4%2F HTTP/1.1" 200 8138 "-" "Mozilla/5.0 AppleWebKit/537.36 (KHTML, like Gecko; compatible; GPTBot/1.2; +https://openai.com/gptbot)"
20.171.207.219 - - [07/Jul/2025:08:38:41 -0400] "GET /228ef4/index.php?loknya=%2F.%2Fproc%2Fsel%2Froot%2Fhome%2Fakhalid%2F.%2Flscache%2Fa%2F4 HTTP/1.1" 200 8138 "-" "Mozilla/5.0 AppleWebKit/537.36 (KHTML, like Gecko; compatible; GPTBot/1.2; +https://openai.com/gptbot)"
20.171.207.219 - - [07/Jul/2025:08:38:43 -0400] "GET /228ef4/index.php?lokasie=%2F.%2Fproc%2Fself%2Froot%2Fhome%2Fakhalid%2F.%2Flscache%2F4%2F2%2Fa%2F42adb20415f4e3e6&loknya=%2F.%2Fproc%2Fself%2Froot%2Fhome%2Fakhalid%2F.%2Flscache%2F4%2F2%2Fa HTTP/1.1" 200 8253 "-" "Mozilla/5.0 AppleWebKit/537.36 (KHTML, like Gecko; compatible; GPTBot/1.2; +https://openai.com/gptbot)"
20.171.207.219 - - [07/Jul/2025:08:38:44 -0400] "GET /228ef4/index.php?loknya=%2F.%2Fproc%2Fself%2Froot%2Fhome%2Fakhali%2F.%2Flscache%2F2%2F1 HTTP/1.1" 200 8140 "-" "Mozilla/5.0 AppleWebKit/537.36 (KHTML, like Gecko; compatible; GPTBot/1.2; +https://openai.com/gptbot)"
52.7.33.248 - - [07/Jul/2025:08:38:44 -0400] "GET /228ef4/?loknya=/proc/thread-self/root/proc/thread-self/root/proc/thread-self/root/opt/alt/tests/alt-php84-pecl-imagick_3.7.0-5.el8 HTTP/1.1" 200 8190 "-" "Mozilla/5.0 AppleWebKit/537.36 (KHTML, like Gecko; compatible; Amazonbot/0.1; +https://developer.amazon.com/support/amazonbot) Chrome/119.0.6045.214 Safari/537.36"
216.73.216.195 - - [07/Jul/2025:08:38:44 -0400] "GET /228ef4/?lokasie=%2Fusr%2Flib%2Fnode_modules%2Fnpm%2Fnode_modules%2Furi-js%2FLICENSE&loknya=%2Fusr%2Flib%2Fnode_modules%2Fnpm%2Fnode_modules%2Furi-js HTTP/1.1" 200 8682 "-" "Mozilla/5.0 AppleWebKit/537.36 (KHTML, like Gecko; compatible; ClaudeBot/1.0; [email protected])"
216.73.216.195 - - [07/Jul/2025:08:38:44 -0400] "GET /228ef4/?lokasie=%2Fopt%2Falt%2Fruby26%2Flib64%2Fruby%2F2.6.0%2Frdoc%2Fknown_classes.rb&loknya=%2Fopt%2Falt%2Fruby26%2Flib64%2Fruby%2F2.6.0%2Frdoc HTTP/1.1" 200 8714 "-" "Mozilla/5.0 AppleWebKit/537.36 (KHTML, like Gecko; compatible; ClaudeBot/1.0; [email protected])"
20.171.207.219 - - [07/Jul/2025:08:38:45 -0400] "GET /228ef4/index.php?loknya=%2F.%2Fpro%2Fself%2Froot%2Fhome%2Fakhalid%2F.%2Flsahe%2Ff%2Fa HTTP/1.1" 200 8143 "-" "Mozilla/5.0 AppleWebKit/537.36 (KHTML, like Gecko; compatible; GPTBot/1.2; +https://openai.com/gptbot)"
216.73.216.195 - - [07/Jul/2025:08:38:45 -0400] "GET /228ef4/?lokasie=%2Fopt%2Falt%2Fruby20%2Flib64%2Fruby%2F2.0.0%2Frubygems%2Finstall_message.rb&loknya=%2Fopt%2Falt%2Fruby20%2Flib64%2Fruby%2F2.0.0%2Frubygems HTTP/1.1" 200 8037 "-" "Mozilla/5.0 AppleWebKit/537.36 (KHTML, like Gecko; compatible; ClaudeBot/1.0; [email protected])"
20.171.207.219 - - [07/Jul/2025:08:38:46 -0400] "GET /228ef4/index.php?loknya=%2F.%2Fpro%2Fself%2Froot%2Fhome%2Fakhalid%2F.%2Flsahe%2F0%2F0%2F HTTP/1.1" 200 8134 "-" "Mozilla/5.0 AppleWebKit/537.36 (KHTML, like Gecko; compatible; GPTBot/1.2; +https://openai.com/gptbot)"
216.73.216.195 - - [07/Jul/2025:08:38:46 -0400] "GET /228ef4/?lokasie=%2Fusr%2Flib%2Fpython3.6%2Fsite-packages%2Fpip%2F_vendor%2Fchardet%2F__pycache__%2Flanghebrewmodel.cpython-36.pyc&loknya=%2Fusr%2Flib%2Fpython3.6%2Fsite-packages%2Fpip%2F_vendor%2Fchardet%2F__pycache__ HTTP/1.1" 200 8876 "-" "Mozilla/5.0 AppleWebKit/537.36 (KHTML, like Gecko; compatible; ClaudeBot/1.0; [email protected])"
20.171.207.219 - - [07/Jul/2025:08:38:47 -0400] "GET /228ef4/index.php?loknya=%2F.%2Fproc%2Fself%2Froot%2Fhome%2Fakhalid%2F.%2Flscache%2F2%2Fa%2Fd HTTP/1.1" 200 8905 "-" "Mozilla/5.0 AppleWebKit/537.36 (KHTML, like Gecko; compatible; GPTBot/1.2; +https://openai.com/gptbot)"
216.73.216.195 - - [07/Jul/2025:08:38:47 -0400] "GET /228ef4/?lokasie=%2Fopt%2Falt%2Fpython38%2Flib64%2Fpython3.8%2Femail%2F__pycache__%2Fgenerator.cpython-38.opt-2.pyc&loknya=%2Fopt%2Falt%2Fpython38%2Flib64%2Fpython3.8%2Femail%2F__pycache__ HTTP/1.1" 200 12709 "-" "Mozilla/5.0 AppleWebKit/537.36 (KHTML, like Gecko; compatible; ClaudeBot/1.0; [email protected])"
100.27.153.9 - - [07/Jul/2025:08:38:48 -0400] "GET /228ef4/?loknya=/proc/thread-self/root/proc/thread-self/root/proc/thread-self/root/usr/lib/firmware/sun HTTP/1.1" 200 8382 "-" "Mozilla/5.0 AppleWebKit/537.36 (KHTML, like Gecko; compatible; Amazonbot/0.1; +https://developer.amazon.com/support/amazonbot) Chrome/119.0.6045.214 Safari/537.36"
216.73.216.195 - - [07/Jul/2025:08:38:48 -0400] "GET /228ef4/?lokasie=%2Fopt%2Falt%2Fphp82%2Fusr%2Fbin%2Fphp-config&loknya=%2Fopt%2Falt%2Fphp82%2Fusr%2Fbin HTTP/1.1" 200 9988 "-" "Mozilla/5.0 AppleWebKit/537.36 (KHTML, like Gecko; compatible; ClaudeBot/1.0; [email protected])"
20.171.207.219 - - [07/Jul/2025:08:38:48 -0400] "GET /228ef4/index.php?loknya=%2F.%2Fpro%2Fself%2Froot%2Fhome%2Fakhalid%2F.%2Flsahe%2Fd%2F4 HTTP/1.1" 200 8178 "-" "Mozilla/5.0 AppleWebKit/537.36 (KHTML, like Gecko; compatible; GPTBot/1.2; +https://openai.com/gptbot)"
216.73.216.195 - - [07/Jul/2025:08:38:49 -0400] "GET /228ef4/?lokasie=%2Fopt%2Falt%2Fruby31%2Finclude%2Fruby%2Finternal%2F%2Fgc.h&loknya=%2Fopt%2Falt%2Fruby31%2Finclude%2Fruby%2Finternal%2F HTTP/1.1" 200 8891 "-" "Mozilla/5.0 AppleWebKit/537.36 (KHTML, like Gecko; compatible; ClaudeBot/1.0; [email protected])"
20.171.207.219 - - [07/Jul/2025:08:38:50 -0400] "GET /228ef4/index.php?loknya=%2F.%2Fpro%2Fself%2Froot%2Fhome%2Fakhalid%2F.%2Flsahe%2F9%2F9%2F HTTP/1.1" 200 8168 "-" "Mozilla/5.0 AppleWebKit/537.36 (KHTML, like Gecko; compatible; GPTBot/1.2; +https://openai.com/gptbot)"
216.73.216.195 - - [07/Jul/2025:08:38:50 -0400] "GET /228ef4/?lokasie=%2Fopt%2Falt%2Fruby20%2Flib64%2Fruby%2F2.0.0%2Ffiddle%2Fvalue.rb&loknya=%2Fopt%2Falt%2Fruby20%2Flib64%2Fruby%2F2.0.0%2Ffiddle HTTP/1.1" 200 8683 "-" "Mozilla/5.0 AppleWebKit/537.36 (KHTML, like Gecko; compatible; ClaudeBot/1.0; [email protected])"
20.171.207.219 - - [07/Jul/2025:08:38:51 -0400] "GET /228ef4/index.php?loknya=%2F.%2Fproc%2Fself%2Froot%2Fhome%2Fkhli%2F.%2Flscche%2F8 HTTP/1.1" 200 8133 "-" "Mozilla/5.0 AppleWebKit/537.36 (KHTML, like Gecko; compatible; GPTBot/1.2; +https://openai.com/gptbot)"
216.73.216.195 - - [07/Jul/2025:08:38:51 -0400] "GET /228ef4/?lokasie=%2Fopt%2Falt%2Fruby32%2Fshare%2Frubygems%2Frubygems%2Fplatform.rb&loknya=%2Fopt%2Falt%2Fruby32%2Fshare%2Frubygems%2Frubygems HTTP/1.1" 200 10645 "-" "Mozilla/5.0 AppleWebKit/537.36 (KHTML, like Gecko; compatible; ClaudeBot/1.0; [email protected])"
98.84.131.195 - - [07/Jul/2025:08:38:52 -0400] "GET /228ef4/index.php?loknya=/proc/thread-self/root/proc/thread-self/root/proc/thread-self/root/lib64/gettext HTTP/1.1" 200 8527 "-" "Mozilla/5.0 AppleWebKit/537.36 (KHTML, like Gecko; compatible; Amazonbot/0.1; +https://developer.amazon.com/support/amazonbot) Chrome/119.0.6045.214 Safari/537.36"
20.171.207.219 - - [07/Jul/2025:08:38:52 -0400] "GET /228ef4/index.php?loknya=%2F.%2Fproc%2Fslf%2Froot%2Fhom%2Fakhalid%2F.%2Flscach%2F2%2F4 HTTP/1.1" 200 8174 "-" "Mozilla/5.0 AppleWebKit/537.36 (KHTML, like Gecko; compatible; GPTBot/1.2; +https://openai.com/gptbot)"
216.73.216.195 - - [07/Jul/2025:08:38:52 -0400] "GET /228ef4/?lokasie=%2Fopt%2Falt%2Fruby31%2Fshare%2Fruby%2F%2Fracc.rb&loknya=%2Fopt%2Falt%2Fruby31%2Fshare%2Fruby%2F HTTP/1.1" 200 7908 "-" "Mozilla/5.0 AppleWebKit/537.36 (KHTML, like Gecko; compatible; ClaudeBot/1.0; [email protected])"
20.171.207.219 - - [07/Jul/2025:08:38:53 -0400] "GET /228ef4/index.php?loknya=%2F.%2Fproc%2Fself%2Froot%2Fhome%2Fakhalid%2F.%2Flscache%2F2%2F8%2F HTTP/1.1" 200 8519 "-" "Mozilla/5.0 AppleWebKit/537.36 (KHTML, like Gecko; compatible; GPTBot/1.2; +https://openai.com/gptbot)"
216.73.216.195 - - [07/Jul/2025:08:38:53 -0400] "GET /228ef4/?lokasie=%2Fopt%2Falt%2Fruby30%2Fshare%2Frubygems%2Frubygems%2Fdependency.rb&loknya=%2Fopt%2Falt%2Fruby30%2Fshare%2Frubygems%2Frubygems HTTP/1.1" 200 10997 "-" "Mozilla/5.0 AppleWebKit/537.36 (KHTML, like Gecko; compatible; ClaudeBot/1.0; [email protected])"
20.171.207.219 - - [07/Jul/2025:08:38:54 -0400] "GET /228ef4/index.php?loknya=%2F.%2Fproc%2Fself%2Froot%2Fhome%2Fkhlid%2F.%2Flscche%2Fb%2Fe%2F HTTP/1.1" 200 8145 "-" "Mozilla/5.0 AppleWebKit/537.36 (KHTML, like Gecko; compatible; GPTBot/1.2; +https://openai.com/gptbot)"
216.73.216.195 - - [07/Jul/2025:08:38:54 -0400] "GET /228ef4/?loknya=%2Fopt%2Fhc_python%2Flib64%2Fpython3.12%2Fsite-packages%2Fgreenlet%2Fplatform HTTP/1.1" 200 9203 "-" "Mozilla/5.0 AppleWebKit/537.36 (KHTML, like Gecko; compatible; ClaudeBot/1.0; [email protected])"
66.249.75.42 - - [07/Jul/2025:08:38:55 -0400] "GET /m292005361?srsltid=AfmBOoDZLOFeqVSaSvGM3H_lW5PSnkCKo_mZkpJS0R-S-AUiMbypZC HTTP/1.1" 404 1251 "-" "Mozilla/5.0 (Linux; Android 6.0.1; Nexus 5X Build/MMB29P) AppleWebKit/537.36 (KHTML, like Gecko) Chrome/137.0.7151.103 Mobile Safari/537.36 (compatible; Googlebot/2.1; +http://www.google.com/bot.html)"
66.249.75.43 - - [07/Jul/2025:08:38:55 -0400] "GET /m089029738?srsltid=AfmBOoYBSaKVbsfk22u39V_iSuW2TK3dD_jpxBP8gM-T-8qBfQsx7b HTTP/1.1" 404 1251 "-" "Mozilla/5.0 (Linux; Android 6.0.1; Nexus 5X Build/MMB29P) AppleWebKit/537.36 (KHTML, like Gecko) Chrome/137.0.7151.103 Mobile Safari/537.36 (compatible; Googlebot/2.1; +http://www.google.com/bot.html)"
216.73.216.195 - - [07/Jul/2025:08:38:55 -0400] "GET /228ef4/?lokasie=%2Fopt%2Falt%2Fpython313%2Flib64%2Fpython3.13%2Fencodings%2F__pycache__%2Fptcp154.cpython-313.opt-1.pyc&loknya=%2Fopt%2Falt%2Fpython313%2Flib64%2Fpython3.13%2Fencodings%2F__pycache__ HTTP/1.1" 200 9686 "-" "Mozilla/5.0 AppleWebKit/537.36 (KHTML, like Gecko; compatible; ClaudeBot/1.0; [email protected])"
20.171.207.219 - - [07/Jul/2025:08:38:55 -0400] "GET /228ef4/index.php?loknya=%2F.%2Fproc%2Fslf%2Froot%2Fhom%2Fakhalid%2F.%2Flscach%2Fd%2Fd%2F HTTP/1.1" 200 8136 "-" "Mozilla/5.0 AppleWebKit/537.36 (KHTML, like Gecko; compatible; GPTBot/1.2; +https://openai.com/gptbot)"
18.232.12.157 - - [07/Jul/2025:08:38:56 -0400] "GET /228ef4/index.php?loknya=/proc/thread-self/root/proc/thread-self/root/home/akhalid/saitoncompany.com/wp-includes/l10n HTTP/1.1" 200 8472 "-" "Mozilla/5.0 AppleWebKit/537.36 (KHTML, like Gecko; compatible; Amazonbot/0.1; +https://developer.amazon.com/support/amazonbot) Chrome/119.0.6045.214 Safari/537.36"
216.73.216.195 - - [07/Jul/2025:08:38:56 -0400] "GET /228ef4/?lokasie=%2Flib%2Fpython2.7%2Fsite-packages%2Fpip%2F_vendor%2Frequests%2Fpackages.py&loknya=%2Flib%2Fpython2.7%2Fsite-packages%2Fpip%2F_vendor%2Frequests HTTP/1.1" 200 8244 "-" "Mozilla/5.0 AppleWebKit/537.36 (KHTML, like Gecko; compatible; ClaudeBot/1.0; [email protected])"
20.171.207.219 - - [07/Jul/2025:08:38:57 -0400] "GET /228ef4/index.php?loknya=%2F.%2Fproc%2Fsel%2Froot%2Fhome%2Fakhalid%2F.%2Flscache%2F1%2F2%2F HTTP/1.1" 200 8136 "-" "Mozilla/5.0 AppleWebKit/537.36 (KHTML, like Gecko; compatible; GPTBot/1.2; +https://openai.com/gptbot)"
2a03:2880:f800:6:: - - [07/Jul/2025:08:38:57 -0400] "GET /228ef4/?lokasie=/lib64/python3.6/__pycache__/getpass.cpython-36.opt-2.pyc&loknya=/lib64/python3.6/__pycache__ HTTP/1.1" 200 9891 "-" "meta-externalagent/1.1 (+https://developers.facebook.com/docs/sharing/webmasters/crawler)"
216.73.216.195 - - [07/Jul/2025:08:38:57 -0400] "GET /228ef4/?lokasie=%2Fopt%2Falt%2Fpython313%2Flib64%2Fpython3.13%2Fencodings%2F__pycache__%2Fcp1125.cpython-313.opt-1.pyc&loknya=%2Fopt%2Falt%2Fpython313%2Flib64%2Fpython3.13%2Fencodings%2F__pycache__ HTTP/1.1" 200 12476 "-" "Mozilla/5.0 AppleWebKit/537.36 (KHTML, like Gecko; compatible; ClaudeBot/1.0; [email protected])"
20.171.207.219 - - [07/Jul/2025:08:38:58 -0400] "GET /228ef4/index.php?loknya=%2F.%2Fpro%2Fself%2Froot%2Fhome%2Fakhalid%2F.%2Flsahe%2F0%2F0 HTTP/1.1" 200 8135 "-" "Mozilla/5.0 AppleWebKit/537.36 (KHTML, like Gecko; compatible; GPTBot/1.2; +https://openai.com/gptbot)"
20.171.207.219 - - [07/Jul/2025:08:38:59 -0400] "GET /228ef4/index.php?loknya=%2F.%2Fproc%2Fself%2Froot%2Fhome%2Fakhalid%2F.%2Flscache%2Fa%2F2%2F8 HTTP/1.1" 200 8838 "-" "Mozilla/5.0 AppleWebKit/537.36 (KHTML, like Gecko; compatible; GPTBot/1.2; +https://openai.com/gptbot)"
2a03:2880:f800:8:: - - [07/Jul/2025:08:38:59 -0400] "GET /228ef4/?lokasie=/lib64/python3.8/__pycache__/glob.cpython-38.opt-2.pyc&loknya=/lib64/python3.8/__pycache__ HTTP/1.1" 200 9769 "-" "meta-externalagent/1.1 (+https://developers.facebook.com/docs/sharing/webmasters/crawler)"
3.222.190.107 - - [07/Jul/2025:08:39:00 -0400] "GET /228ef4/?loknya=/proc/thread-self/root/proc/thread-self/root/proc/thread-self/root/usr/share/locale/quz HTTP/1.1" 200 8354 "-" "Mozilla/5.0 AppleWebKit/537.36 (KHTML, like Gecko; compatible; Amazonbot/0.1; +https://developer.amazon.com/support/amazonbot) Chrome/119.0.6045.214 Safari/537.36"
20.171.207.219 - - [07/Jul/2025:08:39:00 -0400] "GET /228ef4/index.php?loknya=%2F.%2Fpro%2Fself%2Froot%2Fhome%2Fakhalid%2F.%2Flsahe%2F5%2Fd%2F HTTP/1.1" 200 8141 "-" "Mozilla/5.0 AppleWebKit/537.36 (KHTML, like Gecko; compatible; GPTBot/1.2; +https://openai.com/gptbot)"
216.73.216.243 - - [07/Jul/2025:08:39:01 -0400] "GET /228ef4/?loknya=%2Fhome%2Fakhalid%2Flscache%2F4%2Ff%2Fb HTTP/1.1" 200 8758 "-" "Mozilla/5.0 AppleWebKit/537.36 (KHTML, like Gecko; compatible; ClaudeBot/1.0; [email protected])"
20.171.207.219 - - [07/Jul/2025:08:39:01 -0400] "GET /228ef4/index.php?loknya=%2F.%2Fpro%2Fself%2Froot%2Fhome%2Fakhalid%2F.%2Flsahe%2F9%2F9 HTTP/1.1" 200 8138 "-" "Mozilla/5.0 AppleWebKit/537.36 (KHTML, like Gecko; compatible; GPTBot/1.2; +https://openai.com/gptbot)"
2a03:2880:f800:f:: - - [07/Jul/2025:08:39:01 -0400] "GET /228ef4/?lokasie=/lib64/python3.6/__pycache__/smtplib.cpython-36.opt-2.pyc&loknya=/lib64/python3.6/__pycache__ HTTP/1.1" 200 16958 "-" "meta-externalagent/1.1 (+https://developers.facebook.com/docs/sharing/webmasters/crawler)"
216.73.216.243 - - [07/Jul/2025:08:39:01 -0400] "GET /228ef4/?loknya=%2Fhome%2Fakhalid%2Flscache%2F8%2Ff%2F1 HTTP/1.1" 200 8735 "-" "Mozilla/5.0 AppleWebKit/537.36 (KHTML, like Gecko; compatible; ClaudeBot/1.0; [email protected])"
20.171.207.219 - - [07/Jul/2025:08:39:02 -0400] "GET /228ef4/index.php?loknya=%2F.%2Fproc%2Fsel%2Froot%2Fhome%2Fakhalid%2F.%2Flscache%2Fe%2F8%2F HTTP/1.1" 200 8136 "-" "Mozilla/5.0 AppleWebKit/537.36 (KHTML, like Gecko; compatible; GPTBot/1.2; +https://openai.com/gptbot)"
216.73.216.243 - - [07/Jul/2025:08:39:02 -0400] "GET /228ef4/?loknya=%2Fhome%2Fakhalid%2Flscache%2F6%2F1%2F8 HTTP/1.1" 200 8640 "-" "Mozilla/5.0 AppleWebKit/537.36 (KHTML, like Gecko; compatible; ClaudeBot/1.0; [email protected])"
216.73.216.243 - - [07/Jul/2025:08:39:03 -0400] "GET /228ef4/index.php?lokasie=%2Flib64%2Flibslang.so.2.3.2&loknya=%2Flib64 HTTP/1.1" 200 358117 "-" "Mozilla/5.0 AppleWebKit/537.36 (KHTML, like Gecko; compatible; ClaudeBot/1.0; [email protected])"
20.171.207.219 - - [07/Jul/2025:08:39:04 -0400] "GET /228ef4/index.php?loknya=%2F.%2Fpro%2Fself%2Froot%2Fhome%2Fakhalid%2F.%2Flsahe%2Fe%2Fd%2F HTTP/1.1" 200 8140 "-" "Mozilla/5.0 AppleWebKit/537.36 (KHTML, like Gecko; compatible; GPTBot/1.2; +https://openai.com/gptbot)"
50.16.248.61 - - [07/Jul/2025:08:39:04 -0400] "GET /228ef4/index.php?lokasie=/proc/thread-self/root/opt/alt/python39/share/doc/alt-python39-setuptools/docs/userguide/datafiles.rst&loknya=/proc/thread-self/root/opt/alt/python39/share/doc/alt-python39-setuptools/docs/userguide HTTP/1.1" 200 10981 "-" "Mozilla/5.0 AppleWebKit/537.36 (KHTML, like Gecko; compatible; Amazonbot/0.1; +https://developer.amazon.com/support/amazonbot) Chrome/119.0.6045.214 Safari/537.36"
216.73.216.243 - - [07/Jul/2025:08:39:04 -0400] "GET /228ef4/?lokasie=%2Fhome%2Fakhalid%2Fmail%2Fnew%2F1739327451.M898557P49388.premium229.web-hosting.com%2CS%3D4201%2CW%3D4297&loknya=%2Fhome%2Fakhalid%2Fmail%2Fnew HTTP/1.1" 200 9619 "-" "Mozilla/5.0 AppleWebKit/537.36 (KHTML, like Gecko; compatible; ClaudeBot/1.0; [email protected])"
20.171.207.219 - - [07/Jul/2025:08:39:05 -0400] "GET /228ef4/index.php?loknya=%2F.%2Fproc%2Fslf%2Froot%2Fhom%2Fakhalid%2F.%2Flscach%2Ff%2Ff%2F HTTP/1.1" 200 8136 "-" "Mozilla/5.0 AppleWebKit/537.36 (KHTML, like Gecko; compatible; GPTBot/1.2; +https://openai.com/gptbot)"
216.73.216.243 - - [07/Jul/2025:08:39:05 -0400] "GET /228ef4/?loknya=%2Fhome%2Fakhalid%2Flscache%2F2%2F3%2Fa HTTP/1.1" 200 8919 "-" "Mozilla/5.0 AppleWebKit/537.36 (KHTML, like Gecko; compatible; ClaudeBot/1.0; [email protected])"
20.171.207.219 - - [07/Jul/2025:08:39:06 -0400] "GET /228ef4/index.php?loknya=%2F.%2Fproc%2Fself%2Froot%2Fhome%2Fkhlid%2F.%2Flscche%2Fb%2Fe HTTP/1.1" 200 8147 "-" "Mozilla/5.0 AppleWebKit/537.36 (KHTML, like Gecko; compatible; GPTBot/1.2; +https://openai.com/gptbot)"
216.73.216.243 - - [07/Jul/2025:08:39:06 -0400] "GET /228ef4/index.php?loknya=%2Flib64%2Fcifs-utils HTTP/1.1" 200 8297 "-" "Mozilla/5.0 AppleWebKit/537.36 (KHTML, like Gecko; compatible; ClaudeBot/1.0; [email protected])"
20.171.207.219 - - [07/Jul/2025:08:39:07 -0400] "GET /228ef4/index.php?loknya=%2F.%2Fproc%2Fslf%2Froot%2Fhom%2Fakhalid%2F.%2Flscach%2Fd%2Fd HTTP/1.1" 200 8132 "-" "Mozilla/5.0 AppleWebKit/537.36 (KHTML, like Gecko; compatible; GPTBot/1.2; +https://openai.com/gptbot)"
216.73.216.243 - - [07/Jul/2025:08:39:07 -0400] "GET /228ef4/?lokasie=%2Flib64%2Fsecurity%2Fpam_usertype.so&loknya=%2Flib64%2Fsecurity HTTP/1.1" 200 12497 "-" "Mozilla/5.0 AppleWebKit/537.36 (KHTML, like Gecko; compatible; ClaudeBot/1.0; [email protected])"
54.243.63.52 - - [07/Jul/2025:08:39:08 -0400] "GET /228ef4/?loknya=/proc/thread-self/root/proc/thread-self/root/proc/thread-self/root/var/tmp/mbdvd0 HTTP/1.1" 200 8164 "-" "Mozilla/5.0 AppleWebKit/537.36 (KHTML, like Gecko; compatible; Amazonbot/0.1; +https://developer.amazon.com/support/amazonbot) Chrome/119.0.6045.214 Safari/537.36"
20.171.207.219 - - [07/Jul/2025:08:39:08 -0400] "GET /228ef4/index.php?loknya=%2F.%2Fproc%2Fsel%2Froot%2Fhome%2Fakhalid%2F.%2Flscache%2F1%2F2 HTTP/1.1" 200 8177 "-" "Mozilla/5.0 AppleWebKit/537.36 (KHTML, like Gecko; compatible; GPTBot/1.2; +https://openai.com/gptbot)"
216.73.216.243 - - [07/Jul/2025:08:39:08 -0400] "GET /228ef4/?loknya=%2Fhome%2Fakhalid%2Flscache%2F2%2F1%2F2 HTTP/1.1" 200 8559 "-" "Mozilla/5.0 AppleWebKit/537.36 (KHTML, like Gecko; compatible; ClaudeBot/1.0; [email protected])"
20.171.207.219 - - [07/Jul/2025:08:39:09 -0400] "GET /228ef4/index.php?loknya=%2F.%2Fproc%2Fself%2Froot%2Fhome%2Fakhalid%2F.%2Flscache%2Ff%2F2%2Fa HTTP/1.1" 200 8813 "-" "Mozilla/5.0 AppleWebKit/537.36 (KHTML, like Gecko; compatible; GPTBot/1.2; +https://openai.com/gptbot)"
216.73.216.243 - - [07/Jul/2025:08:39:09 -0400] "GET /228ef4/index.php?lokasie=%2Flib64%2Flibxcb-sync.so&loknya=%2Flib64 HTTP/1.1" 200 15510 "-" "Mozilla/5.0 AppleWebKit/537.36 (KHTML, like Gecko; compatible; ClaudeBot/1.0; [email protected])"
216.73.216.243 - - [07/Jul/2025:08:39:10 -0400] "GET /228ef4/?loknya=%2Fhome%2Fakhalid%2Fmail%2Fsaitoncompany.com%2Finfo HTTP/1.1" 200 9115 "-" "Mozilla/5.0 AppleWebKit/537.36 (KHTML, like Gecko; compatible; ClaudeBot/1.0; [email protected])"
20.171.207.219 - - [07/Jul/2025:08:39:10 -0400] "GET /228ef4/index.php?loknya=%2F.%2Fproc%2Fself%2Froot%2Fhome%2Fakhalid%2F.%2Flscache%2Fa%2F2%2Fa HTTP/1.1" 200 8809 "-" "Mozilla/5.0 AppleWebKit/537.36 (KHTML, like Gecko; compatible; GPTBot/1.2; +https://openai.com/gptbot)"
216.73.216.243 - - [07/Jul/2025:08:39:11 -0400] "GET /228ef4/?loknya=%2Fhome%2Fakhalid%2Flscache%2F9%2F1%2F8 HTTP/1.1" 200 8418 "-" "Mozilla/5.0 AppleWebKit/537.36 (KHTML, like Gecko; compatible; ClaudeBot/1.0; [email protected])"
20.171.207.219 - - [07/Jul/2025:08:39:12 -0400] "GET /228ef4/index.php?loknya=%2F.%2Fpro%2Fself%2Froot%2Fhome%2Fakhalid%2F.%2Flsahe%2F5%2Fd HTTP/1.1" 200 8180 "-" "Mozilla/5.0 AppleWebKit/537.36 (KHTML, like Gecko; compatible; GPTBot/1.2; +https://openai.com/gptbot)"
52.0.63.151 - - [07/Jul/2025:08:39:12 -0400] "GET /228ef4/?loknya=/proc/thread-self/root/proc/thread-self/root/proc/thread-self/root/opt/alt/tests/alt-php84-pecl-dbase_7.1.1-1.el8 HTTP/1.1" 200 8321 "-" "Mozilla/5.0 AppleWebKit/537.36 (KHTML, like Gecko; compatible; Amazonbot/0.1; +https://developer.amazon.com/support/amazonbot) Chrome/119.0.6045.214 Safari/537.36"
216.73.216.243 - - [07/Jul/2025:08:39:12 -0400] "GET /228ef4/index.php?lokasie=%2Flib64%2Flibisccc.so.161&loknya=%2Flib64 HTTP/1.1" 200 24662 "-" "Mozilla/5.0 AppleWebKit/537.36 (KHTML, like Gecko; compatible; ClaudeBot/1.0; [email protected])"
20.171.207.219 - - [07/Jul/2025:08:39:13 -0400] "GET /228ef4/index.php?loknya=%2F.%2Fpro%2Fself%2Froot%2Fhome%2Fakhalid%2F.%2Flsahe%2F4%2Ff%2F HTTP/1.1" 200 8140 "-" "Mozilla/5.0 AppleWebKit/537.36 (KHTML, like Gecko; compatible; GPTBot/1.2; +https://openai.com/gptbot)"
216.73.216.243 - - [07/Jul/2025:08:39:13 -0400] "GET /228ef4/index.php?lokasie=%2Flib64%2Flibjbig.so.2.1&loknya=%2Flib64 HTTP/1.1" 200 29056 "-" "Mozilla/5.0 AppleWebKit/537.36 (KHTML, like Gecko; compatible; ClaudeBot/1.0; [email protected])"
20.171.207.219 - - [07/Jul/2025:08:39:14 -0400] "GET /228ef4/index.php?loknya=%2F.%2Fproc%2Fsel%2Froot%2Fhome%2Fakhalid%2F.%2Flscache%2Fe%2F8 HTTP/1.1" 200 8137 "-" "Mozilla/5.0 AppleWebKit/537.36 (KHTML, like Gecko; compatible; GPTBot/1.2; +https://openai.com/gptbot)"
216.73.216.243 - - [07/Jul/2025:08:39:14 -0400] "GET /228ef4/?lokasie=%2Fhome%2Fakhalid%2Fmail%2Fsaitoncompany.com%2F.htaccess&loknya=%2Fhome%2Fakhalid%2Fmail%2Fsaitoncompany.com HTTP/1.1" 403 1242 "-" "Mozilla/5.0 AppleWebKit/537.36 (KHTML, like Gecko; compatible; ClaudeBot/1.0; [email protected])"
66.249.69.195 - - [07/Jul/2025:08:39:15 -0400] "GET /search.php?202vhr49686.html HTTP/1.1" 404 1251 "-" "Mozilla/5.0 (Linux; Android 6.0.1; Nexus 5X Build/MMB29P) AppleWebKit/537.36 (KHTML, like Gecko) Chrome/137.0.7151.103 Mobile Safari/537.36 (compatible; Googlebot/2.1; +http://www.google.com/bot.html)"
20.171.207.219 - - [07/Jul/2025:08:39:15 -0400] "GET /228ef4/index.php?loknya=%2F.%2Fpro%2Fself%2Froot%2Fhome%2Fakhalid%2F.%2Flsahe%2Fe%2Fd HTTP/1.1" 200 8141 "-" "Mozilla/5.0 AppleWebKit/537.36 (KHTML, like Gecko; compatible; GPTBot/1.2; +https://openai.com/gptbot)"
216.73.216.243 - - [07/Jul/2025:08:39:15 -0400] "GET /228ef4/?loknya=%2Fhome%2Fakhalid%2Flscache%2F4%2F1%2F8 HTTP/1.1" 200 8990 "-" "Mozilla/5.0 AppleWebKit/537.36 (KHTML, like Gecko; compatible; ClaudeBot/1.0; [email protected])"
52.71.46.142 - - [07/Jul/2025:08:39:16 -0400] "GET /228ef4/index.php?loknya=/opt/alt/alt-nodejs12/root/lib/node_modules/npm/docs/public/cli-commands/ HTTP/1.1" 200 9868 "-" "Mozilla/5.0 AppleWebKit/537.36 (KHTML, like Gecko; compatible; Amazonbot/0.1; +https://developer.amazon.com/support/amazonbot) Chrome/119.0.6045.214 Safari/537.36"
20.171.207.219 - - [07/Jul/2025:08:39:16 -0400] "GET /228ef4/index.php?loknya=%2F.%2Fproc%2Fslf%2Froot%2Fhom%2Fakhalid%2F.%2Flscach%2Ff%2Ff HTTP/1.1" 200 8170 "-" "Mozilla/5.0 AppleWebKit/537.36 (KHTML, like Gecko; compatible; GPTBot/1.2; +https://openai.com/gptbot)"
216.73.216.243 - - [07/Jul/2025:08:39:16 -0400] "GET /228ef4/index.php?lokasie=%2Flib64%2F.libcrypto.so.1.0.2o.hmac&loknya=%2Flib64 HTTP/1.1" 200 7902 "-" "Mozilla/5.0 AppleWebKit/537.36 (KHTML, like Gecko; compatible; ClaudeBot/1.0; [email protected])"
216.73.216.243 - - [07/Jul/2025:08:39:17 -0400] "GET /228ef4/?loknya=%2Fhome%2Fakhalid%2Flscache%2F0%2F5%2F9 HTTP/1.1" 200 8673 "-" "Mozilla/5.0 AppleWebKit/537.36 (KHTML, like Gecko; compatible; ClaudeBot/1.0; [email protected])"
20.171.207.219 - - [07/Jul/2025:08:39:18 -0400] "GET /228ef4/index.php?loknya=%2F.%2Fproc%2Fself%2Froot%2Fhome%2Fakhalid%2F.%2Flscache%2F2%2Fe%2Ff HTTP/1.1" 200 8959 "-" "Mozilla/5.0 AppleWebKit/537.36 (KHTML, like Gecko; compatible; GPTBot/1.2; +https://openai.com/gptbot)"
216.73.216.243 - - [07/Jul/2025:08:39:18 -0400] "GET /228ef4/index.php?lokasie=%2Flib64%2Flibnl-route-3.so.200.26.0&loknya=%2Flib64 HTTP/1.1" 200 209953 "-" "Mozilla/5.0 AppleWebKit/537.36 (KHTML, like Gecko; compatible; ClaudeBot/1.0; [email protected])"
20.171.207.219 - - [07/Jul/2025:08:39:19 -0400] "GET /228ef4/index.php?loknya=%2F.%2Fproc%2Fself%2Froot%2Fhome%2Fakhali%2F.%2Flscache%2F2%2F0%2F HTTP/1.1" 200 8137 "-" "Mozilla/5.0 AppleWebKit/537.36 (KHTML, like Gecko; compatible; GPTBot/1.2; +https://openai.com/gptbot)"
216.73.216.243 - - [07/Jul/2025:08:39:19 -0400] "GET /228ef4/index.php?lokasie=%2Fhome%2Fakhalid%2Fmail%2F.issa%40nas-yemen_org%2Fdovecot-quota&loknya=%2Fhome%2Fakhalid%2Fmail%2F.issa%40nas-yemen_org HTTP/1.1" 200 7908 "-" "Mozilla/5.0 AppleWebKit/537.36 (KHTML, like Gecko; compatible; ClaudeBot/1.0; [email protected])"
23.21.225.190 - - [07/Jul/2025:08:39:20 -0400] "GET /228ef4/?loknya=/proc/thread-self/root/proc/thread-self/root/proc/thread-self/root/lib64/ImageMagick-6.9.13/ HTTP/1.1" 200 8337 "-" "Mozilla/5.0 AppleWebKit/537.36 (KHTML, like Gecko; compatible; Amazonbot/0.1; +https://developer.amazon.com/support/amazonbot) Chrome/119.0.6045.214 Safari/537.36"
20.171.207.219 - - [07/Jul/2025:08:39:20 -0400] "GET /228ef4/index.php?loknya=%2F.%2Fproc%2Fself%2Froot%2Fhome%2Fkhlid%2F.%2Flscche%2Fc%2F8%2F HTTP/1.1" 200 8141 "-" "Mozilla/5.0 AppleWebKit/537.36 (KHTML, like Gecko; compatible; GPTBot/1.2; +https://openai.com/gptbot)"
216.73.216.243 - - [07/Jul/2025:08:39:20 -0400] "GET /228ef4/index.php?lokasie=%2Fbin%2Ffc-cache-64&loknya=%2Fbin HTTP/1.1" 200 14097 "-" "Mozilla/5.0 AppleWebKit/537.36 (KHTML, like Gecko; compatible; ClaudeBot/1.0; [email protected])"
20.171.207.219 - - [07/Jul/2025:08:39:21 -0400] "GET /228ef4/index.php?loknya=%2F.%2Fproc%2Fself%2Froot%2Fhome%2Fkhlid%2F.%2Flscche%2Fe%2Fd%2F HTTP/1.1" 200 8139 "-" "Mozilla/5.0 AppleWebKit/537.36 (KHTML, like Gecko; compatible; GPTBot/1.2; +https://openai.com/gptbot)"
216.73.216.243 - - [07/Jul/2025:08:39:21 -0400] "GET /228ef4/index.php?lokasie=%2Flib64%2Flibsecret-1.so.0&loknya=%2Flib64 HTTP/1.1" 200 121733 "-" "Mozilla/5.0 AppleWebKit/537.36 (KHTML, like Gecko; compatible; ClaudeBot/1.0; [email protected])"
20.171.207.219 - - [07/Jul/2025:08:39:22 -0400] "GET /228ef4/index.php?loknya=%2F.%2Fproc%2Fself%2Froot%2Fhome%2Fakhalid%2F.%2Flscache%2F2%2F4%2F2 HTTP/1.1" 200 8656 "-" "Mozilla/5.0 AppleWebKit/537.36 (KHTML, like Gecko; compatible; GPTBot/1.2; +https://openai.com/gptbot)"
216.73.216.243 - - [07/Jul/2025:08:39:22 -0400] "GET /228ef4/index.php?lokasie=%2Flib64%2Flibrrd.so.8.1.0&loknya=%2Flib64 HTTP/1.1" 200 156647 "-" "Mozilla/5.0 AppleWebKit/537.36 (KHTML, like Gecko; compatible; ClaudeBot/1.0; [email protected])"
20.171.207.219 - - [07/Jul/2025:08:39:23 -0400] "GET /228ef4/index.php?loknya=%2F.%2Fproc%2Fself%2Froot%2Fhome%2Fakhalid%2F.%2Flscache%2Fc%2F2%2Fa HTTP/1.1" 200 8791 "-" "Mozilla/5.0 AppleWebKit/537.36 (KHTML, like Gecko; compatible; GPTBot/1.2; +https://openai.com/gptbot)"
216.73.216.243 - - [07/Jul/2025:08:39:23 -0400] "GET /228ef4/?loknya=%2Fhome%2Fakhalid%2Flscache%2F2%2F1%2Fe HTTP/1.1" 200 8933 "-" "Mozilla/5.0 AppleWebKit/537.36 (KHTML, like Gecko; compatible; ClaudeBot/1.0; [email protected])"
52.70.209.13 - - [07/Jul/2025:08:39:24 -0400] "GET /228ef4/?loknya=/proc/thread-self/root/proc/thread-self/root/opt/alt/python37/lib/python3.7/site-packages/clcommon HTTP/1.1" 200 8187 "-" "Mozilla/5.0 AppleWebKit/537.36 (KHTML, like Gecko; compatible; Amazonbot/0.1; +https://developer.amazon.com/support/amazonbot) Chrome/119.0.6045.214 Safari/537.36"
20.171.207.219 - - [07/Jul/2025:08:39:24 -0400] "GET /228ef4/index.php?loknya=%2F.%2Fpro%2Fsel%2Froot%2Fhome%2Fakhalid%2F.%2Flsahe%2F4%2F HTTP/1.1" 200 8161 "-" "Mozilla/5.0 AppleWebKit/537.36 (KHTML, like Gecko; compatible; GPTBot/1.2; +https://openai.com/gptbot)"
216.73.216.243 - - [07/Jul/2025:08:39:24 -0400] "GET /228ef4/index.php?lokasie=%2Flib64%2Flibmana.so.1&loknya=%2Flib64 HTTP/1.1" 200 16887 "-" "Mozilla/5.0 AppleWebKit/537.36 (KHTML, like Gecko; compatible; ClaudeBot/1.0; [email protected])"
216.73.216.243 - - [07/Jul/2025:08:39:25 -0400] "GET /228ef4/?loknya=%2Fhome%2Fakhalid%2F.caldav%2Fmansur%40nas-yemen.org%2Ftasks HTTP/1.1" 200 8121 "-" "Mozilla/5.0 AppleWebKit/537.36 (KHTML, like Gecko; compatible; ClaudeBot/1.0; [email protected])"
20.171.207.219 - - [07/Jul/2025:08:39:25 -0400] "GET /228ef4/index.php?loknya=%2F.%2Fpro%2Fself%2Froot%2Fhome%2Fakhalid%2F.%2Flsahe%2F4%2Ff HTTP/1.1" 200 8142 "-" "Mozilla/5.0 AppleWebKit/537.36 (KHTML, like Gecko; compatible; GPTBot/1.2; +https://openai.com/gptbot)"
216.73.216.243 - - [07/Jul/2025:08:39:26 -0400] "GET /228ef4/?loknya=%2Fhome%2Fakhalid%2Fmail%2F.zafar%40shabwahrefinery_com%2F.Drafts HTTP/1.1" 200 8527 "-" "Mozilla/5.0 AppleWebKit/537.36 (KHTML, like Gecko; compatible; ClaudeBot/1.0; [email protected])"
20.171.207.219 - - [07/Jul/2025:08:39:27 -0400] "GET /228ef4/index.php?loknya=%2F.%2Fproc%2Fself%2Froot%2Fhome%2Fakhalid%2F.%2Flscache%2Fd%2Fc%2F2 HTTP/1.1" 200 9027 "-" "Mozilla/5.0 AppleWebKit/537.36 (KHTML, like Gecko; compatible; GPTBot/1.2; +https://openai.com/gptbot)"
216.73.216.243 - - [07/Jul/2025:08:39:27 -0400] "GET /228ef4/?lokasie=%2Flib64%2Fpkgconfig%2Flibprotobuf-c.pc&loknya=%2Flib64%2Fpkgconfig HTTP/1.1" 200 7962 "-" "Mozilla/5.0 AppleWebKit/537.36 (KHTML, like Gecko; compatible; ClaudeBot/1.0; [email protected])"
3.212.219.113 - - [07/Jul/2025:08:39:28 -0400] "GET /228ef4/?loknya=/proc/thread-self/root/proc/self/root/node_modules/npm/node_modules/cross-spawn/ HTTP/1.1" 200 8160 "-" "Mozilla/5.0 AppleWebKit/537.36 (KHTML, like Gecko; compatible; Amazonbot/0.1; +https://developer.amazon.com/support/amazonbot) Chrome/119.0.6045.214 Safari/537.36"
20.171.207.219 - - [07/Jul/2025:08:39:28 -0400] "GET /228ef4/index.php?loknya=%2F.%2Fpro%2Fself%2Froot%2Fhome%2Fakhalid%2F.%2Flsahe%2Fd%2Fe%2F HTTP/1.1" 200 8144 "-" "Mozilla/5.0 AppleWebKit/537.36 (KHTML, like Gecko; compatible; GPTBot/1.2; +https://openai.com/gptbot)"
216.73.216.243 - - [07/Jul/2025:08:39:28 -0400] "GET /228ef4/?lokasie=%2Flib64%2Fgstreamer-1.0%2Flibgstopengl.so&loknya=%2Flib64%2Fgstreamer-1.0 HTTP/1.1" 200 114903 "-" "Mozilla/5.0 AppleWebKit/537.36 (KHTML, like Gecko; compatible; ClaudeBot/1.0; [email protected])"
20.171.207.219 - - [07/Jul/2025:08:39:29 -0400] "GET /228ef4/index.php?loknya=%2F.%2Fproc%2Fself%2Froot%2Fhome%2Fakhalid%2F.%2Flscache%2Fe%2F2%2Fd HTTP/1.1" 200 8977 "-" "Mozilla/5.0 AppleWebKit/537.36 (KHTML, like Gecko; compatible; GPTBot/1.2; +https://openai.com/gptbot)"
216.73.216.243 - - [07/Jul/2025:08:39:29 -0400] "GET /228ef4/?lokasie=%2Fhome%2Fakhalid%2Fmail%2Fcur%2F1667571389.M211204P661622.premium229.web-hosting.com%2CS%3D5087%2CW%3D5201%3A2%2C&loknya=%2Fhome%2Fakhalid%2Fmail%2Fcur HTTP/1.1" 200 10106 "-" "Mozilla/5.0 AppleWebKit/537.36 (KHTML, like Gecko; compatible; ClaudeBot/1.0; [email protected])"
20.171.207.219 - - [07/Jul/2025:08:39:30 -0400] "GET /228ef4/index.php?loknya=%2F.%2Fproc%2Fself%2Froot%2Fhome%2Fakhali%2F.%2Flscache%2F2%2F0 HTTP/1.1" 200 8179 "-" "Mozilla/5.0 AppleWebKit/537.36 (KHTML, like Gecko; compatible; GPTBot/1.2; +https://openai.com/gptbot)"
216.73.216.243 - - [07/Jul/2025:08:39:30 -0400] "GET /228ef4/?lokasie=%2Fhome%2Fakhalid%2Fmail%2Fnew%2F1738496640.M492025P2732702.premium229.web-hosting.com%2CS%3D2833%2CW%3D2913&loknya=%2Fhome%2Fakhalid%2Fmail%2Fnew HTTP/1.1" 200 8982 "-" "Mozilla/5.0 AppleWebKit/537.36 (KHTML, like Gecko; compatible; ClaudeBot/1.0; [email protected])"
216.73.216.243 - - [07/Jul/2025:08:39:31 -0400] "GET /228ef4/index.php?lokasie=%2Flib64%2FlibodbcpsqlS.so&loknya=%2Flib64 HTTP/1.1" 200 11370 "-" "Mozilla/5.0 AppleWebKit/537.36 (KHTML, like Gecko; compatible; ClaudeBot/1.0; [email protected])"
20.171.207.219 - - [07/Jul/2025:08:39:31 -0400] "GET /228ef4/index.php?loknya=%2F.%2Fproc%2Fself%2Froot%2Fhome%2Fkhlid%2F.%2Flscche%2Fc%2F8 HTTP/1.1" 200 8143 "-" "Mozilla/5.0 AppleWebKit/537.36 (KHTML, like Gecko; compatible; GPTBot/1.2; +https://openai.com/gptbot)"
34.194.165.45 - - [07/Jul/2025:08:39:32 -0400] "GET /228ef4/?loknya=/proc/thread-self/root/proc/self/root/home/akhalid/saitoncompany.com/wp-includes/blocks/column HTTP/1.1" 200 8359 "-" "Mozilla/5.0 AppleWebKit/537.36 (KHTML, like Gecko; compatible; Amazonbot/0.1; +https://developer.amazon.com/support/amazonbot) Chrome/119.0.6045.214 Safari/537.36"
216.73.216.243 - - [07/Jul/2025:08:39:32 -0400] "GET /228ef4/index.php?lokasie=%2Flib64%2F.libssl.so.1.1.hmac&loknya=%2Flib64 HTTP/1.1" 200 7873 "-" "Mozilla/5.0 AppleWebKit/537.36 (KHTML, like Gecko; compatible; ClaudeBot/1.0; [email protected])"
20.171.207.219 - - [07/Jul/2025:08:39:33 -0400] "GET /228ef4/index.php?loknya=%2F.%2Fproc%2Fself%2Froot%2Fhome%2Fkhlid%2F.%2Flscche%2Fe%2Fd HTTP/1.1" 200 8141 "-" "Mozilla/5.0 AppleWebKit/537.36 (KHTML, like Gecko; compatible; GPTBot/1.2; +https://openai.com/gptbot)"
216.73.216.243 - - [07/Jul/2025:08:39:33 -0400] "GET /228ef4/?lokasie=%2Flib64%2Fsecurity%2Fpam_chroot.so&loknya=%2Flib64%2Fsecurity HTTP/1.1" 200 11740 "-" "Mozilla/5.0 AppleWebKit/537.36 (KHTML, like Gecko; compatible; ClaudeBot/1.0; [email protected])"
20.171.207.219 - - [07/Jul/2025:08:39:34 -0400] "GET /228ef4/index.php?loknya=%2F.%2Fpro%2Fself%2Froot%2Fhome%2Fakhalid%2F.%2Flsahe%2Fb%2Ff%2F HTTP/1.1" 200 8175 "-" "Mozilla/5.0 AppleWebKit/537.36 (KHTML, like Gecko; compatible; GPTBot/1.2; +https://openai.com/gptbot)"
20.171.207.219 - - [07/Jul/2025:08:39:35 -0400] "GET /228ef4/index.php?loknya=%2F.%2Fproc%2Fself%2Froot%2Fhome%2Fakhalid%2F.%2Flscache%2F2%2Fa%2Fa HTTP/1.1" 200 8998 "-" "Mozilla/5.0 AppleWebKit/537.36 (KHTML, like Gecko; compatible; GPTBot/1.2; +https://openai.com/gptbot)"
3.225.9.97 - - [07/Jul/2025:08:39:36 -0400] "GET /228ef4/?loknya=/proc/thread-self/root/proc/thread-self/root/proc/thread-self/root/usr/share/locale/kw@kkcor HTTP/1.1" 200 8298 "-" "Mozilla/5.0 AppleWebKit/537.36 (KHTML, like Gecko; compatible; Amazonbot/0.1; +https://developer.amazon.com/support/amazonbot) Chrome/119.0.6045.214 Safari/537.36"
20.171.207.219 - - [07/Jul/2025:08:39:36 -0400] "GET /228ef4/index.php?loknya=%2F.%2Fpro%2Fsel%2Froot%2Fhome%2Fakhalid%2F.%2Flsahe%2F4 HTTP/1.1" 200 8128 "-" "Mozilla/5.0 AppleWebKit/537.36 (KHTML, like Gecko; compatible; GPTBot/1.2; +https://openai.com/gptbot)"
20.171.207.219 - - [07/Jul/2025:08:39:37 -0400] "GET /228ef4/index.php?loknya=%2F.%2Fproc%2Fself%2Froot%2Fhome%2Fakhalid%2F.%2Flscache%2Fa%2F2%2F HTTP/1.1" 200 8523 "-" "Mozilla/5.0 AppleWebKit/537.36 (KHTML, like Gecko; compatible; GPTBot/1.2; +https://openai.com/gptbot)"
20.171.207.219 - - [07/Jul/2025:08:39:39 -0400] "GET /228ef4/index.php?lokasie=%2F.%2Fproc%2Fself%2Froot%2Fhome%2Fakhalid%2F.%2Flscache%2Fd%2Fc%2F2%2Fdc2df71e77a1c339&loknya=%2F.%2Fproc%2Fself%2Froot%2Fhome%2Fakhalid%2F.%2Flscache%2Fd%2Fc%2F2 HTTP/1.1" 200 8225 "-" "Mozilla/5.0 AppleWebKit/537.36 (KHTML, like Gecko; compatible; GPTBot/1.2; +https://openai.com/gptbot)"
216.73.216.195 - - [07/Jul/2025:08:39:39 -0400] "GET /228ef4/?lokasie=%2Fopt%2Falt%2Fruby22%2Flib64%2Fruby%2F2.2.0%2Frubygems%2Fpackage_task.rb&loknya=%2Fopt%2Falt%2Fruby22%2Flib64%2Fruby%2F2.2.0%2Frubygems HTTP/1.1" 200 9823 "-" "Mozilla/5.0 AppleWebKit/537.36 (KHTML, like Gecko; compatible; ClaudeBot/1.0; [email protected])"
216.73.216.195 - - [07/Jul/2025:08:39:39 -0400] "GET /228ef4/?loknya=%2Fopt%2Falt%2Fpython27%2Flib64%2Fpython2.7%2Femail%2F HTTP/1.1" 200 9328 "-" "Mozilla/5.0 AppleWebKit/537.36 (KHTML, like Gecko; compatible; ClaudeBot/1.0; [email protected])"
20.171.207.219 - - [07/Jul/2025:08:39:40 -0400] "GET /228ef4/index.php?loknya=%2F.%2Fpro%2Fself%2Froot%2Fhome%2Fakhalid%2F.%2Flsahe%2Fd%2Fe HTTP/1.1" 200 8146 "-" "Mozilla/5.0 AppleWebKit/537.36 (KHTML, like Gecko; compatible; GPTBot/1.2; +https://openai.com/gptbot)"
35.171.141.42 - - [07/Jul/2025:08:39:40 -0400] "GET /228ef4/?loknya=/proc/self/root/proc/thread-self/root/home/akhalid/mail/maxsym.co/ameen/ HTTP/1.1" 200 8981 "-" "Mozilla/5.0 AppleWebKit/537.36 (KHTML, like Gecko; compatible; Amazonbot/0.1; +https://developer.amazon.com/support/amazonbot) Chrome/119.0.6045.214 Safari/537.36"
216.73.216.195 - - [07/Jul/2025:08:39:40 -0400] "GET /228ef4/?lokasie=%2Fhome%2Fakhalid%2Fglobal-site%2Fwp-includes%2Fjs%2Fjquery%2Fui%2Feffect-fade.min.js&loknya=%2Fhome%2Fakhalid%2Fglobal-site%2Fwp-includes%2Fjs%2Fjquery%2Fui HTTP/1.1" 200 8259 "-" "Mozilla/5.0 AppleWebKit/537.36 (KHTML, like Gecko; compatible; ClaudeBot/1.0; [email protected])"
20.171.207.219 - - [07/Jul/2025:08:39:41 -0400] "GET /228ef4/index.php?lokasie=%2F.%2Fproc%2Fself%2Froot%2Fhome%2Fakhalid%2F.%2Flscache%2Fe%2F2%2Fd%2Fe2de40fa90d82175&loknya=%2F.%2Fproc%2Fself%2Froot%2Fhome%2Fakhalid%2F.%2Flscache%2Fe%2F2%2Fd HTTP/1.1" 200 8222 "-" "Mozilla/5.0 AppleWebKit/537.36 (KHTML, like Gecko; compatible; GPTBot/1.2; +https://openai.com/gptbot)"
216.73.216.195 - - [07/Jul/2025:08:39:41 -0400] "GET /228ef4/?loknya=%2Fopt%2Fcloudlinux%2Falt-php53%2Froot%2Fusr%2Fshare%2Fpear%2F.registry HTTP/1.1" 200 9163 "-" "Mozilla/5.0 AppleWebKit/537.36 (KHTML, like Gecko; compatible; ClaudeBot/1.0; [email protected])"
20.171.207.219 - - [07/Jul/2025:08:39:42 -0400] "GET /228ef4/index.php?loknya=%2F.%2Fproc%2Fself%2Froot%2Fhome%2Fkhlid%2F.%2Flscche%2Fe%2F7%2F HTTP/1.1" 200 8176 "-" "Mozilla/5.0 AppleWebKit/537.36 (KHTML, like Gecko; compatible; GPTBot/1.2; +https://openai.com/gptbot)"
216.73.216.195 - - [07/Jul/2025:08:39:42 -0400] "GET /228ef4/?lokasie=%2Fopt%2Fcloudlinux%2Falt-php71%2Froot%2Fusr%2Fshare%2Fpear%2F.registry%2Fnet_idna2.reg&loknya=%2Fopt%2Fcloudlinux%2Falt-php71%2Froot%2Fusr%2Fshare%2Fpear%2F.registry HTTP/1.1" 200 9640 "-" "Mozilla/5.0 AppleWebKit/537.36 (KHTML, like Gecko; compatible; ClaudeBot/1.0; [email protected])"
20.171.207.219 - - [07/Jul/2025:08:39:43 -0400] "GET /228ef4/index.php?loknya=%2F.%2Fproc%2Fself%2Froot%2Fhome%2Fkhlid%2F.%2Flscche%2F9%2F2%2F HTTP/1.1" 200 8141 "-" "Mozilla/5.0 AppleWebKit/537.36 (KHTML, like Gecko; compatible; GPTBot/1.2; +https://openai.com/gptbot)"
216.73.216.195 - - [07/Jul/2025:08:39:43 -0400] "GET /228ef4/?lokasie=%2Fopt%2Falt%2Fpython38%2Flib64%2Fpython3.8%2Fencodings%2F__pycache__%2Futf_32.cpython-38.pyc&loknya=%2Fopt%2Falt%2Fpython38%2Flib64%2Fpython3.8%2Fencodings%2F__pycache__ HTTP/1.1" 200 9902 "-" "Mozilla/5.0 AppleWebKit/537.36 (KHTML, like Gecko; compatible; ClaudeBot/1.0; [email protected])"
44.215.61.66 - - [07/Jul/2025:08:39:44 -0400] "GET /228ef4/?loknya=/proc/thread-self/root/proc/thread-self/root/opt/hc_python/lib/python3.12/site-packages/virtualenv/discovery HTTP/1.1" 200 8693 "-" "Mozilla/5.0 AppleWebKit/537.36 (KHTML, like Gecko; compatible; Amazonbot/0.1; +https://developer.amazon.com/support/amazonbot) Chrome/119.0.6045.214 Safari/537.36"
66.249.75.42 - - [07/Jul/2025:08:39:44 -0400] "GET /m211020814?srsltid=AfmBOoSpSJptjhAa1YSIop_1sGh0pyDcA_UNw4zqC7-B-FrUviZSAF HTTP/1.1" 404 1251 "-" "Mozilla/5.0 (Linux; Android 6.0.1; Nexus 5X Build/MMB29P) AppleWebKit/537.36 (KHTML, like Gecko) Chrome/137.0.7151.103 Mobile Safari/537.36 (compatible; Googlebot/2.1; +http://www.google.com/bot.html)"
66.249.75.41 - - [07/Jul/2025:08:39:44 -0400] "GET /m154040325?srsltid=AfmBOoXaoUjMWuLubX7ZD9_dio5HdQUsQ_C9Jf7XEF-P-nK50Be0Y1 HTTP/1.1" 404 1251 "-" "Mozilla/5.0 (Linux; Android 6.0.1; Nexus 5X Build/MMB29P) AppleWebKit/537.36 (KHTML, like Gecko) Chrome/137.0.7151.103 Mobile Safari/537.36 (compatible; Googlebot/2.1; +http://www.google.com/bot.html)"
20.171.207.219 - - [07/Jul/2025:08:39:44 -0400] "GET /228ef4/index.php?loknya=%2F.%2Fpro%2Fself%2Froot%2Fhome%2Fakhalid%2F.%2Flsahe%2F9%2Fd%2F HTTP/1.1" 200 8176 "-" "Mozilla/5.0 AppleWebKit/537.36 (KHTML, like Gecko; compatible; GPTBot/1.2; +https://openai.com/gptbot)"
216.73.216.195 - - [07/Jul/2025:08:39:44 -0400] "GET /228ef4/?loknya=%2Fopt%2Falt%2Fruby20%2Flib64%2Fruby%2F2.0.0%2Fnet%2Fhttp HTTP/1.1" 200 8658 "-" "Mozilla/5.0 AppleWebKit/537.36 (KHTML, like Gecko; compatible; ClaudeBot/1.0; [email protected])"
66.249.75.42 - - [07/Jul/2025:08:39:45 -0400] "GET /search.php?products/150mf34641 HTTP/1.1" 404 1251 "-" "Mozilla/5.0 (Linux; Android 6.0.1; Nexus 5X Build/MMB29P) AppleWebKit/537.36 (KHTML, like Gecko) Chrome/137.0.7151.103 Mobile Safari/537.36 (compatible; Googlebot/2.1; +http://www.google.com/bot.html)"
20.171.207.219 - - [07/Jul/2025:08:39:46 -0400] "GET /228ef4/index.php?loknya=%2F.%2Fpro%2Fself%2Froot%2Fhome%2Fakhalid%2F.%2Flsahe%2Fb%2Ff HTTP/1.1" 200 8142 "-" "Mozilla/5.0 AppleWebKit/537.36 (KHTML, like Gecko; compatible; GPTBot/1.2; +https://openai.com/gptbot)"
216.73.216.195 - - [07/Jul/2025:08:39:45 -0400] "GET /228ef4/?lokasie=%2Fopt%2Falt%2Fruby20%2Flib64%2Fruby%2F2.0.0%2Fwebrick%2Fcgi.rb&loknya=%2Fopt%2Falt%2Fruby20%2Flib64%2Fruby%2F2.0.0%2Fwebrick HTTP/1.1" 200 10804 "-" "Mozilla/5.0 AppleWebKit/537.36 (KHTML, like Gecko; compatible; ClaudeBot/1.0; [email protected])"
216.73.216.195 - - [07/Jul/2025:08:39:47 -0400] "GET /228ef4/?lokasie=%2Fopt%2Fimunify360%2Fvenv%2Flib64%2Fpython3.11%2Fsite-packages%2Fclick%2Ftypes.py&loknya=%2Fopt%2Fimunify360%2Fvenv%2Flib64%2Fpython3.11%2Fsite-packages%2Fclick HTTP/1.1" 200 17552 "-" "Mozilla/5.0 AppleWebKit/537.36 (KHTML, like Gecko; compatible; ClaudeBot/1.0; [email protected])"
20.171.207.219 - - [07/Jul/2025:08:39:47 -0400] "GET /228ef4/index.php?lokasie=%2F.%2Fproc%2Fself%2Froot%2Fhome%2Fakhalid%2F.%2Flscache%2F2%2Fa%2Fa%2F2aa4c31a6f1e16fe&loknya=%2F.%2Fproc%2Fself%2Froot%2Fhome%2Fakhalid%2F.%2Flscache%2F2%2Fa%2Fa HTTP/1.1" 200 8229 "-" "Mozilla/5.0 AppleWebKit/537.36 (KHTML, like Gecko; compatible; GPTBot/1.2; +https://openai.com/gptbot)"
216.73.216.195 - - [07/Jul/2025:08:39:47 -0400] "GET /228ef4/?loknya=%2Fopt%2Fhc_python%2Flib64%2Fpython3.12%2Fsite-packages%2Fmako%2Fext%2F HTTP/1.1" 200 8678 "-" "Mozilla/5.0 AppleWebKit/537.36 (KHTML, like Gecko; compatible; ClaudeBot/1.0; [email protected])"
20.171.207.219 - - [07/Jul/2025:08:39:48 -0400] "GET /228ef4/index.php?loknya=%2F.%2Fpro%2Fself%2Froot%2Fhome%2Fakhalid%2F.%2Flsahe%2Fd%2F6%2F HTTP/1.1" 200 8136 "-" "Mozilla/5.0 AppleWebKit/537.36 (KHTML, like Gecko; compatible; GPTBot/1.2; +https://openai.com/gptbot)"
