20.171.207.219 - - [07/Jul/2025:08:48:46 -0400] "GET /228ef4/index.php?lokasie=%2Fhome%2F.%2Fakhalid%2Flscache%2Ff%2Fe%2F2%2Ffe2214af3f8027a7&loknya=%2Fhome%2F.%2Fakhalid%2Flscache%2Ff%2Fe%2F2 HTTP/1.1" 200 8209 "-" "Mozilla/5.0 AppleWebKit/537.36 (KHTML, like Gecko; compatible; GPTBot/1.2; +https://openai.com/gptbot)"
20.171.207.219 - - [07/Jul/2025:08:48:47 -0400] "GET /228ef4/index.php?lokasie=%2Fhome%2F.%2Fakhalid%2Flscache%2F2%2Fe%2Ff%2F2efa9223a2487841&loknya=%2Fhome%2F.%2Fakhalid%2Flscache%2F2%2Fe%2Ff HTTP/1.1" 200 8204 "-" "Mozilla/5.0 AppleWebKit/537.36 (KHTML, like Gecko; compatible; GPTBot/1.2; +https://openai.com/gptbot)"
216.73.216.243 - - [07/Jul/2025:08:48:47 -0400] "GET /228ef4/?lokasie=%2Fhome%2Fakhalid%2Fmail%2Fnew%2F1720781177.M629651P7399.premium229.web-hosting.com%2CS%3D3347%2CW%3D3423&loknya=%2Fhome%2Fakhalid%2Fmail%2Fnew HTTP/1.1" 200 9266 "-" "Mozilla/5.0 AppleWebKit/537.36 (KHTML, like Gecko; compatible; ClaudeBot/1.0; [email protected])"
216.73.216.243 - - [07/Jul/2025:08:48:48 -0400] "GET /228ef4/?lokasie=%2Fhome%2Fakhalid%2Fmail%2Fnew%2F1738476556.M713056P1243530.premium229.web-hosting.com%2CS%3D2826%2CW%3D2906&loknya=%2Fhome%2Fakhalid%2Fmail%2Fnew HTTP/1.1" 200 8961 "-" "Mozilla/5.0 AppleWebKit/537.36 (KHTML, like Gecko; compatible; ClaudeBot/1.0; [email protected])"
20.171.207.219 - - [07/Jul/2025:08:48:48 -0400] "GET /228ef4/index.php?lokasie=%2Fhome%2F.%2Fakhalid%2Flscache%2Fa%2F6%2Fa%2Fa6ac1dfa270661ae&loknya=%2Fhome%2F.%2Fakhalid%2Flscache%2Fa%2F6%2Fa HTTP/1.1" 200 35010 "-" "Mozilla/5.0 AppleWebKit/537.36 (KHTML, like Gecko; compatible; GPTBot/1.2; +https://openai.com/gptbot)"
52.22.87.224 - - [07/Jul/2025:08:48:49 -0400] "GET /228ef4/?loknya=/proc/thread-self/root/proc/thread-self/root/proc/thread-self/root/usr/share/locale/chm HTTP/1.1" 200 8307 "-" "Mozilla/5.0 AppleWebKit/537.36 (KHTML, like Gecko; compatible; Amazonbot/0.1; +https://developer.amazon.com/support/amazonbot) Chrome/119.0.6045.214 Safari/537.36"
216.73.216.243 - - [07/Jul/2025:08:48:49 -0400] "GET /228ef4/?lokasie=%2Fhome%2Fakhalid%2Fmail%2Fnew%2F1736175268.M950349P2750346.premium229.web-hosting.com%2CS%3D3443%2CW%3D3519&loknya=%2Fhome%2Fakhalid%2Fmail%2Fnew HTTP/1.1" 200 9307 "-" "Mozilla/5.0 AppleWebKit/537.36 (KHTML, like Gecko; compatible; ClaudeBot/1.0; [email protected])"
20.171.207.219 - - [07/Jul/2025:08:48:49 -0400] "GET /228ef4/index.php?lokasie=%2Fhome%2Fakhalid%2F.%2Flscache%2F9%2Fc%2Fe%2F9ceccead6e0c2d5a&loknya=%2Fhome%2Fakhalid%2F.%2Flscache%2F9%2Fc%2Fe HTTP/1.1" 200 8185 "-" "Mozilla/5.0 AppleWebKit/537.36 (KHTML, like Gecko; compatible; GPTBot/1.2; +https://openai.com/gptbot)"
216.73.216.243 - - [07/Jul/2025:08:48:50 -0400] "GET /228ef4/?lokasie=%2Fhome%2Fakhalid%2Fmail%2Fnew%2F1683491602.M356762P1978560.premium229.web-hosting.com%2CS%3D3379%2CW%3D3455&loknya=%2Fhome%2Fakhalid%2Fmail%2Fnew HTTP/1.1" 200 9299 "-" "Mozilla/5.0 AppleWebKit/537.36 (KHTML, like Gecko; compatible; ClaudeBot/1.0; [email protected])"
20.171.207.219 - - [07/Jul/2025:08:48:50 -0400] "GET /228ef4/index.php?lokasie=%2F.%2Fhome%2Fakhalid%2Flscache%2F7%2Fa%2Fa%2F7aa3e34acfd4c2d9&loknya=%2F.%2Fhome%2Fakhalid%2Flscache%2F7%2Fa%2Fa HTTP/1.1" 200 35201 "-" "Mozilla/5.0 AppleWebKit/537.36 (KHTML, like Gecko; compatible; GPTBot/1.2; +https://openai.com/gptbot)"
216.73.216.243 - - [07/Jul/2025:08:48:51 -0400] "GET /228ef4/?lokasie=%2Flib64%2Flibgomp.so.1&loknya=%2Flib64 HTTP/1.1" 200 104759 "-" "Mozilla/5.0 AppleWebKit/537.36 (KHTML, like Gecko; compatible; ClaudeBot/1.0; [email protected])"
20.171.207.219 - - [07/Jul/2025:08:48:52 -0400] "GET /228ef4/index.php?lokasie=%2Fhome%2Fakhalid%2F.%2Flscache%2Fd%2Fa%2Fe%2Fdae14faa7940ee0a&loknya=%2Fhome%2Fakhalid%2F.%2Flscache%2Fd%2Fa%2Fe HTTP/1.1" 200 8197 "-" "Mozilla/5.0 AppleWebKit/537.36 (KHTML, like Gecko; compatible; GPTBot/1.2; +https://openai.com/gptbot)"
3.210.114.189 - - [07/Jul/2025:08:48:52 -0400] "GET /228ef4/?loknya=/proc/self/root/proc/thread-self/root/home/akhalid/first-gulf.com.sa/wp-includes/css/ HTTP/1.1" 200 9694 "-" "Mozilla/5.0 AppleWebKit/537.36 (KHTML, like Gecko; compatible; Amazonbot/0.1; +https://developer.amazon.com/support/amazonbot) Chrome/119.0.6045.214 Safari/537.36"
216.73.216.243 - - [07/Jul/2025:08:48:52 -0400] "GET /228ef4/?lokasie=%2Fhome%2Fakhalid%2Fmail%2Fnew%2F1700182797.M966411P4010389.premium229.web-hosting.com%2CS%3D2860%2CW%3D2936&loknya=%2Fhome%2Fakhalid%2Fmail%2Fnew HTTP/1.1" 200 9046 "-" "Mozilla/5.0 AppleWebKit/537.36 (KHTML, like Gecko; compatible; ClaudeBot/1.0; [email protected])"
20.171.207.219 - - [07/Jul/2025:08:48:53 -0400] "GET /228ef4/index.php?lokasie=%2F.%2Fhome%2Fakhalid%2Flscache%2Fd%2Fa%2F2%2Fda2c9b3cc80bdeae&loknya=%2F.%2Fhome%2Fakhalid%2Flscache%2Fd%2Fa%2F2 HTTP/1.1" 200 8196 "-" "Mozilla/5.0 AppleWebKit/537.36 (KHTML, like Gecko; compatible; GPTBot/1.2; +https://openai.com/gptbot)"
216.73.216.243 - - [07/Jul/2025:08:48:53 -0400] "GET /228ef4/?lokasie=%2Fbin%2Frview&loknya=%2Fbin HTTP/1.1" 200 527556 "-" "Mozilla/5.0 AppleWebKit/537.36 (KHTML, like Gecko; compatible; ClaudeBot/1.0; [email protected])"
20.171.207.219 - - [07/Jul/2025:08:48:54 -0400] "GET /228ef4/index.php?lokasie=%2Fhome%2F.%2Fakhalid%2Flscache%2Fe%2F9%2F2%2Fe92ca12028ac62f4&loknya=%2Fhome%2F.%2Fakhalid%2Flscache%2Fe%2F9%2F2 HTTP/1.1" 200 8228 "-" "Mozilla/5.0 AppleWebKit/537.36 (KHTML, like Gecko; compatible; GPTBot/1.2; +https://openai.com/gptbot)"
216.73.216.243 - - [07/Jul/2025:08:48:54 -0400] "GET /228ef4/?lokasie=%2Fhome%2Fakhalid%2Fmail%2Fnew%2F1744020837.M808601P394812.premium229.web-hosting.com%2CS%3D2679%2CW%3D2753&loknya=%2Fhome%2Fakhalid%2Fmail%2Fnew HTTP/1.1" 200 8868 "-" "Mozilla/5.0 AppleWebKit/537.36 (KHTML, like Gecko; compatible; ClaudeBot/1.0; [email protected])"
20.171.207.219 - - [07/Jul/2025:08:48:55 -0400] "GET /228ef4/index.php?lokasie=%2Fhome%2Fakhalid%2F.%2Flscache%2F2%2F2%2Fc%2F22ca151bab60c402&loknya=%2Fhome%2Fakhalid%2F.%2Flscache%2F2%2F2%2Fc HTTP/1.1" 200 8176 "-" "Mozilla/5.0 AppleWebKit/537.36 (KHTML, like Gecko; compatible; GPTBot/1.2; +https://openai.com/gptbot)"
216.73.216.243 - - [07/Jul/2025:08:48:55 -0400] "GET /228ef4/?lokasie=%2Fhome%2Fakhalid%2Fmail%2Fnew%2F1740101551.M763937P1677638.premium229.web-hosting.com%2CS%3D3359%2CW%3D3463&loknya=%2Fhome%2Fakhalid%2Fmail%2Fnew HTTP/1.1" 200 9310 "-" "Mozilla/5.0 AppleWebKit/537.36 (KHTML, like Gecko; compatible; ClaudeBot/1.0; [email protected])"
34.224.9.144 - - [07/Jul/2025:08:48:56 -0400] "GET /228ef4/?loknya=/proc/thread-self/root/proc/thread-self/root/usr/share/locale/nia/ HTTP/1.1" 200 8288 "-" "Mozilla/5.0 AppleWebKit/537.36 (KHTML, like Gecko; compatible; Amazonbot/0.1; +https://developer.amazon.com/support/amazonbot) Chrome/119.0.6045.214 Safari/537.36"
20.171.207.219 - - [07/Jul/2025:08:48:56 -0400] "GET /228ef4/index.php?lokasie=%2F.%2Fhome%2Fakhalid%2Flscache%2Fc%2Fd%2F9%2Fcd924ed8d4ed11ad&loknya=%2F.%2Fhome%2Fakhalid%2Flscache%2Fc%2Fd%2F9 HTTP/1.1" 200 8196 "-" "Mozilla/5.0 AppleWebKit/537.36 (KHTML, like Gecko; compatible; GPTBot/1.2; +https://openai.com/gptbot)"
216.73.216.243 - - [07/Jul/2025:08:48:56 -0400] "GET /228ef4/?lokasie=%2Fhome%2Fakhalid%2Fmail%2Fnew%2F1698709357.M52441P774652.premium229.web-hosting.com%2CS%3D2992%2CW%3D3074&loknya=%2Fhome%2Fakhalid%2Fmail%2Fnew HTTP/1.1" 200 9049 "-" "Mozilla/5.0 AppleWebKit/537.36 (KHTML, like Gecko; compatible; ClaudeBot/1.0; [email protected])"
216.73.216.243 - - [07/Jul/2025:08:48:57 -0400] "GET /228ef4/?lokasie=%2Fhome%2Fakhalid%2Fmail%2Fnew%2F1686669263.M420130P831828.premium229.web-hosting.com%2CS%3D2836%2CW%3D2912&loknya=%2Fhome%2Fakhalid%2Fmail%2Fnew HTTP/1.1" 200 8981 "-" "Mozilla/5.0 AppleWebKit/537.36 (KHTML, like Gecko; compatible; ClaudeBot/1.0; [email protected])"
20.171.207.219 - - [07/Jul/2025:08:48:57 -0400] "GET /228ef4/index.php?lokasie=%2Fhome%2Fakhalid%2F.%2Flscache%2Fe%2F2%2F4%2Fe246dce9f438292c&loknya=%2Fhome%2Fakhalid%2F.%2Flscache%2Fe%2F2%2F4 HTTP/1.1" 200 7858 "-" "Mozilla/5.0 AppleWebKit/537.36 (KHTML, like Gecko; compatible; GPTBot/1.2; +https://openai.com/gptbot)"
93.152.230.160 - - [07/Jul/2025:08:48:58 -0400] "GET / HTTP/1.1" 200 1589 "https://ahmedkhalid.com/" "Mozilla/5.0 (Windows NT 10.0; Win64; x64) AppleWebKit/537.36 (KHTML, like Gecko) Chrome/129.0.0.0 Safari/537.36"
216.73.216.243 - - [07/Jul/2025:08:48:58 -0400] "GET /228ef4/?lokasie=%2Flib64%2Flibnm.so.0&loknya=%2Flib64 HTTP/1.1" 200 527128 "-" "Mozilla/5.0 AppleWebKit/537.36 (KHTML, like Gecko; compatible; ClaudeBot/1.0; [email protected])"
20.171.207.219 - - [07/Jul/2025:08:48:58 -0400] "GET /228ef4/index.php?lokasie=%2Fhome%2Fakhalid%2F.%2Flscache%2Fc%2F2%2Fe%2Fc2e10cdf4ffed314&loknya=%2Fhome%2Fakhalid%2F.%2Flscache%2Fc%2F2%2Fe HTTP/1.1" 200 8178 "-" "Mozilla/5.0 AppleWebKit/537.36 (KHTML, like Gecko; compatible; GPTBot/1.2; +https://openai.com/gptbot)"
216.73.216.243 - - [07/Jul/2025:08:48:59 -0400] "GET /228ef4/?loknya=%2Fhome%2Fakhalid%2Flscache%2F6%2Fb%2F6 HTTP/1.1" 200 9018 "-" "Mozilla/5.0 AppleWebKit/537.36 (KHTML, like Gecko; compatible; ClaudeBot/1.0; [email protected])"
20.171.207.219 - - [07/Jul/2025:08:49:00 -0400] "GET /228ef4/index.php?lokasie=%2Fhome%2Fakhalid%2F.%2Flscache%2F2%2F4%2Fd%2F24da48523dcf1e1d&loknya=%2Fhome%2Fakhalid%2F.%2Flscache%2F2%2F4%2Fd HTTP/1.1" 200 8226 "-" "Mozilla/5.0 AppleWebKit/537.36 (KHTML, like Gecko; compatible; GPTBot/1.2; +https://openai.com/gptbot)"
54.197.178.107 - - [07/Jul/2025:08:49:00 -0400] "GET /228ef4/?loknya=/proc/thread-self/root/proc/thread-self/root/proc/thread-self/root/usr/share/locale/yao HTTP/1.1" 200 8353 "-" "Mozilla/5.0 AppleWebKit/537.36 (KHTML, like Gecko; compatible; Amazonbot/0.1; +https://developer.amazon.com/support/amazonbot) Chrome/119.0.6045.214 Safari/537.36"
216.73.216.243 - - [07/Jul/2025:08:49:00 -0400] "GET /228ef4/?lokasie=%2Fhome%2Fakhalid%2Fmail%2Fnew%2F1735993915.M628527P3357600.premium229.web-hosting.com%2CS%3D2828%2CW%3D2908&loknya=%2Fhome%2Fakhalid%2Fmail%2Fnew HTTP/1.1" 200 8979 "-" "Mozilla/5.0 AppleWebKit/537.36 (KHTML, like Gecko; compatible; ClaudeBot/1.0; [email protected])"
20.171.207.219 - - [07/Jul/2025:08:49:01 -0400] "GET /228ef4/index.php?lokasie=%2F.%2Fhome%2Fakhalid%2Flscache%2Fd%2Fa%2Fe%2Fdae10a9dd72dcfc0&loknya=%2F.%2Fhome%2Fakhalid%2Flscache%2Fd%2Fa%2Fe HTTP/1.1" 200 35007 "-" "Mozilla/5.0 AppleWebKit/537.36 (KHTML, like Gecko; compatible; GPTBot/1.2; +https://openai.com/gptbot)"
216.73.216.243 - - [07/Jul/2025:08:49:01 -0400] "GET /228ef4/?lokasie=%2Fhome%2Fakhalid%2Fmail%2Fnew%2F1731894837.M938612P25153.premium229.web-hosting.com%2CS%3D3345%2CW%3D3433&loknya=%2Fhome%2Fakhalid%2Fmail%2Fnew HTTP/1.1" 200 9278 "-" "Mozilla/5.0 AppleWebKit/537.36 (KHTML, like Gecko; compatible; ClaudeBot/1.0; [email protected])"
20.171.207.219 - - [07/Jul/2025:08:49:02 -0400] "GET /228ef4/index.php?lokasie=%2Fhome%2Fakhalid%2F.%2Flscache%2Fa%2Ff%2F2%2Faf2e4bd0d7e1dcee&loknya=%2Fhome%2Fakhalid%2F.%2Flscache%2Fa%2Ff%2F2 HTTP/1.1" 200 8200 "-" "Mozilla/5.0 AppleWebKit/537.36 (KHTML, like Gecko; compatible; GPTBot/1.2; +https://openai.com/gptbot)"
216.73.216.243 - - [07/Jul/2025:08:49:02 -0400] "GET /228ef4/?lokasie=%2Fhome%2Fakhalid%2Fmail%2Fnew%2F1749292034.M8862P1628972.premium229.web-hosting.com%2CS%3D2871%2CW%3D2951&loknya=%2Fhome%2Fakhalid%2Fmail%2Fnew HTTP/1.1" 200 8985 "-" "Mozilla/5.0 AppleWebKit/537.36 (KHTML, like Gecko; compatible; ClaudeBot/1.0; [email protected])"
20.171.207.219 - - [07/Jul/2025:08:49:03 -0400] "GET /228ef4/index.php?lokasie=%2F.%2Fhome%2Fakhalid%2Flscache%2Fa%2F2%2F4%2Fa24aa9d115227bd1&loknya=%2F.%2Fhome%2Fakhalid%2Flscache%2Fa%2F2%2F4 HTTP/1.1" 200 8195 "-" "Mozilla/5.0 AppleWebKit/537.36 (KHTML, like Gecko; compatible; GPTBot/1.2; +https://openai.com/gptbot)"
216.73.216.243 - - [07/Jul/2025:08:49:03 -0400] "GET /228ef4/?lokasie=%2Fhome%2Fakhalid%2Fmail%2Fnew%2F1678041226.M603511P752421.premium229.web-hosting.com%2CS%3D4113%2CW%3D4202&loknya=%2Fhome%2Fakhalid%2Fmail%2Fnew HTTP/1.1" 200 9600 "-" "Mozilla/5.0 AppleWebKit/537.36 (KHTML, like Gecko; compatible; ClaudeBot/1.0; [email protected])"
20.171.207.219 - - [07/Jul/2025:08:49:04 -0400] "GET /228ef4/index.php?lokasie=%2F.%2Fproc%2F3671081%2Froot%2Fhome%2Fakhalid%2Fmail%2F.mansur%40nas-yemen_org%2Fcur%2F1686730083.M452300P2622464.premium229.web-hosting.com%2CS%3D1433325%2CW%3D1452044%3A2%2C&loknya=%2F.%2Fproc%2F3671081%2Froot%2Fhome%2Fakhalid%2Fmail%2F.mansur%40nas-yemen_org%2Fcur HTTP/1.1" 200 7947 "-" "Mozilla/5.0 AppleWebKit/537.36 (KHTML, like Gecko; compatible; GPTBot/1.2; +https://openai.com/gptbot)"
216.73.216.243 - - [07/Jul/2025:08:49:04 -0400] "GET /228ef4/?lokasie=%2Fhome%2Fakhalid%2Fmail%2Fnew%2F1686876469.M496462P3461511.premium229.web-hosting.com%2CS%3D2927%2CW%3D3003&loknya=%2Fhome%2Fakhalid%2Fmail%2Fnew HTTP/1.1" 200 9057 "-" "Mozilla/5.0 AppleWebKit/537.36 (KHTML, like Gecko; compatible; ClaudeBot/1.0; [email protected])"
216.73.216.243 - - [07/Jul/2025:08:49:05 -0400] "GET /228ef4/?lokasie=%2Flib64%2Flibply-splash-core.so.5&loknya=%2Flib64 HTTP/1.1" 200 51978 "-" "Mozilla/5.0 AppleWebKit/537.36 (KHTML, like Gecko; compatible; ClaudeBot/1.0; [email protected])"
98.84.131.195 - - [07/Jul/2025:08:49:05 -0400] "GET /228ef4/index.php?loknya=/proc/thread-self/root/proc/self/root/lib64/gdk-pixbuf-2.0/ HTTP/1.1" 200 8296 "-" "Mozilla/5.0 AppleWebKit/537.36 (KHTML, like Gecko; compatible; Amazonbot/0.1; +https://developer.amazon.com/support/amazonbot) Chrome/119.0.6045.214 Safari/537.36"
20.171.207.219 - - [07/Jul/2025:08:49:05 -0400] "GET /228ef4/index.php?lokasie=%2F.%2Fproc%2Fself%2Froot%2Fproc%2Fself%2Froot%2Fopt%2Falt%2Falt-nodejs14%2Froot%2Fsbin%2Fgenccode&loknya=%2F.%2Fproc%2Fself%2Froot%2Fproc%2Fself%2Froot%2Fopt%2Falt%2Falt-nodejs14%2Froot%2Fsbin HTTP/1.1" 200 12414 "-" "Mozilla/5.0 AppleWebKit/537.36 (KHTML, like Gecko; compatible; GPTBot/1.2; +https://openai.com/gptbot)"
216.73.216.243 - - [07/Jul/2025:08:49:06 -0400] "GET /228ef4/?lokasie=%2Fhome%2Fakhalid%2Fmail%2Fnew%2F1736322448.M996417P17009.premium229.web-hosting.com%2CS%3D3108%2CW%3D3186&loknya=%2Fhome%2Fakhalid%2Fmail%2Fnew HTTP/1.1" 200 9126 "-" "Mozilla/5.0 AppleWebKit/537.36 (KHTML, like Gecko; compatible; ClaudeBot/1.0; [email protected])"
20.171.207.219 - - [07/Jul/2025:08:49:07 -0400] "GET /228ef4/index.php?lokasie=%2F.%2Fproc%2Fself%2Froot%2Fvar%2Fsoftaculous%2Fyui%2Finstall.php&loknya=%2F.%2Fproc%2Fself%2Froot%2Fvar%2Fsoftaculous%2Fyui HTTP/1.1" 200 9868 "-" "Mozilla/5.0 AppleWebKit/537.36 (KHTML, like Gecko; compatible; GPTBot/1.2; +https://openai.com/gptbot)"
216.73.216.243 - - [07/Jul/2025:08:49:07 -0400] "GET /228ef4/?lokasie=%2Fhome%2Fakhalid%2Fmail%2Fnew%2F1673158265.M551615P2974580.premium229.web-hosting.com%2CS%3D3480%2CW%3D3629&loknya=%2Fhome%2Fakhalid%2Fmail%2Fnew HTTP/1.1" 200 9248 "-" "Mozilla/5.0 AppleWebKit/537.36 (KHTML, like Gecko; compatible; ClaudeBot/1.0; [email protected])"
20.171.207.219 - - [07/Jul/2025:08:49:08 -0400] "GET /228ef4/index.php?lokasie=%2F.%2Fproc%2Fself%2Froot%2Fvar%2Fsoftaculous%2Fcpg%2Finstall.php&loknya=%2F.%2Fproc%2Fself%2Froot%2Fvar%2Fsoftaculous%2Fcpg HTTP/1.1" 200 11826 "-" "Mozilla/5.0 AppleWebKit/537.36 (KHTML, like Gecko; compatible; GPTBot/1.2; +https://openai.com/gptbot)"
3.229.95.193 - - [07/Jul/2025:08:49:08 -0400] "GET /228ef4/?lokasie=/home/akhalid/./first-gulf.com.sa/wp-includes/sitemaps//class-wp-sitemaps-registry.php&loknya=/home/akhalid/./first-gulf.com.sa/wp-includes/sitemaps/ HTTP/1.1" 200 8502 "-" "Mozilla/5.0 AppleWebKit/537.36 (KHTML, like Gecko; compatible; Amazonbot/0.1; +https://developer.amazon.com/support/amazonbot) Chrome/119.0.6045.214 Safari/537.36"
216.73.216.243 - - [07/Jul/2025:08:49:08 -0400] "GET /228ef4/index.php?lokasie=%2Flib64%2Flibxcb.so&loknya=%2Flib64 HTTP/1.1" 200 55370 "-" "Mozilla/5.0 AppleWebKit/537.36 (KHTML, like Gecko; compatible; ClaudeBot/1.0; [email protected])"
20.171.207.219 - - [07/Jul/2025:08:49:09 -0400] "GET /228ef4/index.php?lokasie=%2Fhome%2F.%2Fakhalid%2Fsaitoncompany.com%2Fwp-admin%2Fprofile.php&loknya=%2Fhome%2F.%2Fakhalid%2Fsaitoncompany.com%2Fwp-admin HTTP/1.1" 200 8080 "-" "Mozilla/5.0 AppleWebKit/537.36 (KHTML, like Gecko; compatible; GPTBot/1.2; +https://openai.com/gptbot)"
216.73.216.243 - - [07/Jul/2025:08:49:09 -0400] "GET /228ef4/?lokasie=%2Fhome%2Fakhalid%2Fmail%2Fnew%2F1682901233.M459108P4164691.premium229.web-hosting.com%2CS%3D4486%2CW%3D4608&loknya=%2Fhome%2Fakhalid%2Fmail%2Fnew HTTP/1.1" 200 9848 "-" "Mozilla/5.0 AppleWebKit/537.36 (KHTML, like Gecko; compatible; ClaudeBot/1.0; [email protected])"
20.171.207.219 - - [07/Jul/2025:08:49:10 -0400] "GET /228ef4/index.php?lokasie=%2F.%2Fhome%2Fakhalid%2Fdangroup.sa%2Fwp-content%2Fthemes%2Ftwentytwentythree%2Fstyles%2Fpitch.json&loknya=%2F.%2Fhome%2Fakhalid%2Fdangroup.sa%2Fwp-content%2Fthemes%2Ftwentytwentythree%2Fstyles HTTP/1.1" 200 9103 "-" "Mozilla/5.0 AppleWebKit/537.36 (KHTML, like Gecko; compatible; GPTBot/1.2; +https://openai.com/gptbot)"
216.73.216.243 - - [07/Jul/2025:08:49:10 -0400] "GET /228ef4/?loknya=%2Fhome%2Fakhalid%2Flscache%2F2%2Fb%2Fb HTTP/1.1" 200 8808 "-" "Mozilla/5.0 AppleWebKit/537.36 (KHTML, like Gecko; compatible; ClaudeBot/1.0; [email protected])"
20.171.207.219 - - [07/Jul/2025:08:49:11 -0400] "GET /228ef4/index.php?lokasie=%2Fhome%2F.%2Fakhalid%2F.%2Fibrenergy.com%2Fwp-admin%2F%2Fplugin-install.php&loknya=%2Fhome%2F.%2Fakhalid%2F.%2Fibrenergy.com%2Fwp-admin%2F HTTP/1.1" 200 10650 "-" "Mozilla/5.0 AppleWebKit/537.36 (KHTML, like Gecko; compatible; GPTBot/1.2; +https://openai.com/gptbot)"
216.73.216.243 - - [07/Jul/2025:08:49:11 -0400] "GET /228ef4/?lokasie=%2Fhome%2Fakhalid%2Fmail%2Fnew%2F1734595029.M98965P2954328.premium229.web-hosting.com%2CS%3D2836%2CW%3D2916&loknya=%2Fhome%2Fakhalid%2Fmail%2Fnew HTTP/1.1" 200 8985 "-" "Mozilla/5.0 AppleWebKit/537.36 (KHTML, like Gecko; compatible; ClaudeBot/1.0; [email protected])"
216.73.216.243 - - [07/Jul/2025:08:49:12 -0400] "GET /228ef4/?lokasie=%2Fhome%2Fakhalid%2Fmail%2Fnew%2F1738242559.M346183P2195002.premium229.web-hosting.com%2CS%3D3302%2CW%3D3386&loknya=%2Fhome%2Fakhalid%2Fmail%2Fnew HTTP/1.1" 200 9274 "-" "Mozilla/5.0 AppleWebKit/537.36 (KHTML, like Gecko; compatible; ClaudeBot/1.0; [email protected])"
52.0.41.164 - - [07/Jul/2025:08:49:12 -0400] "GET /228ef4/?loknya=/proc/self/root/proc/thread-self/root/proc/thread-self/root/lib/systemd/user-environment-generators HTTP/1.1" 200 8353 "-" "Mozilla/5.0 AppleWebKit/537.36 (KHTML, like Gecko; compatible; Amazonbot/0.1; +https://developer.amazon.com/support/amazonbot) Chrome/119.0.6045.214 Safari/537.36"
20.171.207.219 - - [07/Jul/2025:08:49:12 -0400] "GET /228ef4/index.php?lokasie=%2F.%2Fproc%2F3671081%2Froot%2Fhome%2Fakhalid%2Fmail%2F.ndhr%40nas-yemen_org%2Fcur%2F1747582033.M924109P3550482.premium229.web-hosting.com%2CS%3D478452%2CW%3D484711%3A2%2C&loknya=%2F.%2Fproc%2F3671081%2Froot%2Fhome%2Fakhalid%2Fmail%2F.ndhr%40nas-yemen_org%2Fcur HTTP/1.1" 200 7970 "-" "Mozilla/5.0 AppleWebKit/537.36 (KHTML, like Gecko; compatible; GPTBot/1.2; +https://openai.com/gptbot)"
216.73.216.243 - - [07/Jul/2025:08:49:13 -0400] "GET /228ef4/index.php?loknya=%2Flib64%2Fgirepository-1.0 HTTP/1.1" 200 10157 "-" "Mozilla/5.0 AppleWebKit/537.36 (KHTML, like Gecko; compatible; ClaudeBot/1.0; [email protected])"
20.171.207.219 - - [07/Jul/2025:08:49:14 -0400] "GET /228ef4/index.php?loknya=%2F.%2Fproc%2Fself%2Froot%2Fproc%2Fself%2Froot%2Fopt%2Falt%2Fphp56%2Fetc%2Fmariadb1011 HTTP/1.1" 403 1242 "-" "Mozilla/5.0 AppleWebKit/537.36 (KHTML, like Gecko; compatible; GPTBot/1.2; +https://openai.com/gptbot)"
216.73.216.243 - - [07/Jul/2025:08:49:14 -0400] "GET /228ef4/?loknya=%2Fhome%2Fakhalid%2Flscache%2F2%2F6%2F6 HTTP/1.1" 200 8794 "-" "Mozilla/5.0 AppleWebKit/537.36 (KHTML, like Gecko; compatible; ClaudeBot/1.0; [email protected])"
20.171.207.219 - - [07/Jul/2025:08:49:15 -0400] "GET /228ef4/index.php?lokasie=%2F.%2Fproc%2Fthread-self%2Froot%2Fopt%2Fimunify360%2Fvenv%2Flib64%2Fpython3.11%2Fsite-packages%2Fmarkupsafe-2.0.1.dist-info%2FINSTALLER&loknya=%2F.%2Fproc%2Fthread-self%2Froot%2Fopt%2Fimunify360%2Fvenv%2Flib64%2Fpython3.11%2Fsite-packages%2Fmarkupsafe-2.0.1.dist-info HTTP/1.1" 200 7951 "-" "Mozilla/5.0 AppleWebKit/537.36 (KHTML, like Gecko; compatible; GPTBot/1.2; +https://openai.com/gptbot)"
216.73.216.243 - - [07/Jul/2025:08:49:15 -0400] "GET /228ef4/?loknya=%2Fhome%2Fakhalid%2Flscache%2F6%2Fb%2F5 HTTP/1.1" 200 8736 "-" "Mozilla/5.0 AppleWebKit/537.36 (KHTML, like Gecko; compatible; ClaudeBot/1.0; [email protected])"
20.171.207.219 - - [07/Jul/2025:08:49:16 -0400] "GET /228ef4/index.php?lokasie=%2F.%2Fproc%2Fthread-self%2Froot%2Fopt%2Fcloudlinux%2Fvenv%2Flib64%2Fpython3.11%2Fsite-packages%2Ffilelock-3.13.1.dist-info%2FREQUESTED&loknya=%2F.%2Fproc%2Fthread-self%2Froot%2Fopt%2Fcloudlinux%2Fvenv%2Flib64%2Fpython3.11%2Fsite-packages%2Ffilelock-3.13.1.dist-info HTTP/1.1" 200 7943 "-" "Mozilla/5.0 AppleWebKit/537.36 (KHTML, like Gecko; compatible; GPTBot/1.2; +https://openai.com/gptbot)"
216.73.216.195 - - [07/Jul/2025:08:49:16 -0400] "GET /228ef4/?loknya=%2Fopt%2Falt%2Fphp56%2Fusr%2Fshare%2Fpear%2FPEAR%2FPackageFile HTTP/1.1" 200 8540 "-" "Mozilla/5.0 AppleWebKit/537.36 (KHTML, like Gecko; compatible; ClaudeBot/1.0; [email protected])"
20.171.207.219 - - [07/Jul/2025:08:49:17 -0400] "GET /228ef4/index.php?lokasie=%2F.%2Fproc%2Fthread-self%2Froot%2Fopt%2Fcloudlinux%2Fvenv%2Flib64%2Fpython3.11%2Fsite-packages%2Faiohttp_jinja2-1.5.dist-info%2FWHEEL&loknya=%2F.%2Fproc%2Fthread-self%2Froot%2Fopt%2Fcloudlinux%2Fvenv%2Flib64%2Fpython3.11%2Fsite-packages%2Faiohttp_jinja2-1.5.dist-info HTTP/1.1" 200 8013 "-" "Mozilla/5.0 AppleWebKit/537.36 (KHTML, like Gecko; compatible; GPTBot/1.2; +https://openai.com/gptbot)"
216.73.216.195 - - [07/Jul/2025:08:49:17 -0400] "GET /228ef4/?lokasie=%2Fopt%2Falt%2Fruby26%2Flib64%2Fruby%2F2.6.0%2Ffiddle%2Fimport.rb&loknya=%2Fopt%2Falt%2Fruby26%2Flib64%2Fruby%2F2.6.0%2Ffiddle HTTP/1.1" 200 10614 "-" "Mozilla/5.0 AppleWebKit/537.36 (KHTML, like Gecko; compatible; ClaudeBot/1.0; [email protected])"
100.28.44.58 - - [07/Jul/2025:08:49:17 -0400] "GET /228ef4/?lokasie=/proc/thread-self/root/proc/thread-self/root/usr/lib/firmware/ar3k/1020200/RamPatch.txt&loknya=/proc/thread-self/root/proc/thread-self/root/usr/lib/firmware/ar3k/1020200 HTTP/1.1" 200 25605 "-" "Mozilla/5.0 AppleWebKit/537.36 (KHTML, like Gecko; compatible; Amazonbot/0.1; +https://developer.amazon.com/support/amazonbot) Chrome/119.0.6045.214 Safari/537.36"
216.73.216.195 - - [07/Jul/2025:08:49:18 -0400] "GET /228ef4/?lokasie=%2Fopt%2Falt%2Fruby18%2Flib64%2Fruby%2F1.8%2Fcomplex.rb&loknya=%2Fopt%2Falt%2Fruby18%2Flib64%2Fruby%2F1.8 HTTP/1.1" 200 11553 "-" "Mozilla/5.0 AppleWebKit/537.36 (KHTML, like Gecko; compatible; ClaudeBot/1.0; [email protected])"
20.171.207.219 - - [07/Jul/2025:08:49:18 -0400] "GET /228ef4/index.php?lokasie=%2F.%2Fproc%2Fthread-self%2Froot%2Fusr%2Fshare%2Flocale%2Fbn_IN%2FLC_MESSAGES%2Fiso_3166-1.mo&loknya=%2F.%2Fproc%2Fthread-self%2Froot%2Fusr%2Fshare%2Flocale%2Fbn_IN%2FLC_MESSAGES HTTP/1.1" 200 17740 "-" "Mozilla/5.0 AppleWebKit/537.36 (KHTML, like Gecko; compatible; GPTBot/1.2; +https://openai.com/gptbot)"
216.73.216.195 - - [07/Jul/2025:08:49:19 -0400] "GET /228ef4/?lokasie=%2Fopt%2Fimunify360%2Fvenv%2Flib64%2Fpython3.11%2Fsite-packages%2Flxml%2Fpublic-api.pxi&loknya=%2Fopt%2Fimunify360%2Fvenv%2Flib64%2Fpython3.11%2Fsite-packages%2Flxml HTTP/1.1" 200 9345 "-" "Mozilla/5.0 AppleWebKit/537.36 (KHTML, like Gecko; compatible; ClaudeBot/1.0; [email protected])"
20.171.207.219 - - [07/Jul/2025:08:49:19 -0400] "GET /228ef4/index.php?lokasie=%2F.%2Fproc%2Fself%2Froot%2Fvar%2Fsoftaculous%2Fgeeklog%2Fedit.xml&loknya=%2F.%2Fproc%2Fself%2Froot%2Fvar%2Fsoftaculous%2Fgeeklog HTTP/1.1" 200 8071 "-" "Mozilla/5.0 AppleWebKit/537.36 (KHTML, like Gecko; compatible; GPTBot/1.2; +https://openai.com/gptbot)"
216.73.216.195 - - [07/Jul/2025:08:49:20 -0400] "GET /228ef4/?lokasie=%2Fusr%2Flocal%2Flib64%2Fperl5%2FXML%2FParser%2FEncodings%2Fx-euc-jp-unicode.enc&loknya=%2Fusr%2Flocal%2Flib64%2Fperl5%2FXML%2FParser%2FEncodings HTTP/1.1" 200 25114 "-" "Mozilla/5.0 AppleWebKit/537.36 (KHTML, like Gecko; compatible; ClaudeBot/1.0; [email protected])"
20.171.207.219 - - [07/Jul/2025:08:49:20 -0400] "GET /228ef4/index.php?lokasie=%2F.%2Fproc%2Fself%2Froot%2Fproc%2Fself%2Froot%2Fusr%2Flib%2Fkbd%2Fkeymaps%2Fxkb%2Fdk-mac.map.gz&loknya=%2F.%2Fproc%2Fself%2Froot%2Fproc%2Fself%2Froot%2Fusr%2Flib%2Fkbd%2Fkeymaps%2Fxkb HTTP/1.1" 200 11414 "-" "Mozilla/5.0 AppleWebKit/537.36 (KHTML, like Gecko; compatible; GPTBot/1.2; +https://openai.com/gptbot)"
54.243.63.52 - - [07/Jul/2025:08:49:21 -0400] "GET /228ef4/?loknya=/proc/self/root/proc/thread-self/root/home/akhalid/dangroup.sa/wp-content/themes/twentytwentytwo HTTP/1.1" 200 8809 "-" "Mozilla/5.0 AppleWebKit/537.36 (KHTML, like Gecko; compatible; Amazonbot/0.1; +https://developer.amazon.com/support/amazonbot) Chrome/119.0.6045.214 Safari/537.36"
216.73.216.195 - - [07/Jul/2025:08:49:21 -0400] "GET /228ef4/?lokasie=%2Fopt%2Falt%2Fruby26%2Flib64%2Fruby%2F2.6.0%2Fwebrick%2Fhttpauth.rb&loknya=%2Fopt%2Falt%2Fruby26%2Flib64%2Fruby%2F2.6.0%2Fwebrick HTTP/1.1" 200 9168 "-" "Mozilla/5.0 AppleWebKit/537.36 (KHTML, like Gecko; compatible; ClaudeBot/1.0; [email protected])"
20.171.207.219 - - [07/Jul/2025:08:49:22 -0400] "GET /228ef4/index.php?lokasie=%2F.%2Fproc%2Fself%2Froot%2Fhome%2Fakhalid%2F.%2Flscache%2F6%2F6%2F1%2F661c7d999b1c7add&loknya=%2F.%2Fproc%2Fself%2Froot%2Fhome%2Fakhalid%2F.%2Flscache%2F6%2F6%2F1 HTTP/1.1" 200 8232 "-" "Mozilla/5.0 AppleWebKit/537.36 (KHTML, like Gecko; compatible; GPTBot/1.2; +https://openai.com/gptbot)"
216.73.216.195 - - [07/Jul/2025:08:49:22 -0400] "GET /228ef4/?lokasie=%2Fopt%2Fcloudlinux%2Fvenv%2Flib64%2Fpython3.11%2Fsite-packages%2Fmock%2F__pycache__%2F__init__.cpython-311.pyc&loknya=%2Fopt%2Fcloudlinux%2Fvenv%2Flib64%2Fpython3.11%2Fsite-packages%2Fmock%2F__pycache__ HTTP/1.1" 200 8553 "-" "Mozilla/5.0 AppleWebKit/537.36 (KHTML, like Gecko; compatible; ClaudeBot/1.0; [email protected])"
20.171.207.219 - - [07/Jul/2025:08:49:23 -0400] "GET /228ef4/index.php?lokasie=%2F.%2Fproc%2Fself%2Froot%2Fvar%2Fsoftaculous%2Fangular%2Finfo.xml&loknya=%2F.%2Fproc%2Fself%2Froot%2Fvar%2Fsoftaculous%2Fangular HTTP/1.1" 200 9175 "-" "Mozilla/5.0 AppleWebKit/537.36 (KHTML, like Gecko; compatible; GPTBot/1.2; +https://openai.com/gptbot)"
216.73.216.195 - - [07/Jul/2025:08:49:23 -0400] "GET /228ef4/?lokasie=%2Fhome%2Fakhalid%2Fgootech.app%2Fwp-includes%2FRequests%2Fsrc%2F%2FIpv6.php&loknya=%2Fhome%2Fakhalid%2Fgootech.app%2Fwp-includes%2FRequests%2Fsrc%2F HTTP/1.1" 200 9867 "-" "Mozilla/5.0 AppleWebKit/537.36 (KHTML, like Gecko; compatible; ClaudeBot/1.0; [email protected])"
52.22.64.232 - - [07/Jul/2025:08:49:24 -0400] "GET /228ef4/index.php?loknya=/proc/thread-self/root/proc/self/root/proc/thread-self/root/etc/scl HTTP/1.1" 403 1242 "-" "Mozilla/5.0 AppleWebKit/537.36 (KHTML, like Gecko; compatible; Amazonbot/0.1; +https://developer.amazon.com/support/amazonbot) Chrome/119.0.6045.214 Safari/537.36"
20.171.207.219 - - [07/Jul/2025:08:49:24 -0400] "GET /228ef4/index.php?lokasie=%2F.%2Fproc%2Fself%2Froot%2Fhome%2Fakhalid%2F.%2Flscache%2F1%2F6%2F3%2F1639e3111da9ae71&loknya=%2F.%2Fproc%2Fself%2Froot%2Fhome%2Fakhalid%2F.%2Flscache%2F1%2F6%2F3 HTTP/1.1" 200 8223 "-" "Mozilla/5.0 AppleWebKit/537.36 (KHTML, like Gecko; compatible; GPTBot/1.2; +https://openai.com/gptbot)"
216.73.216.195 - - [07/Jul/2025:08:49:24 -0400] "GET /228ef4/index.php?lokasie=%2Flib64%2Fpython3.8%2F__future__.py&loknya=%2Flib64%2Fpython3.8 HTTP/1.1" 200 9642 "-" "Mozilla/5.0 AppleWebKit/537.36 (KHTML, like Gecko; compatible; ClaudeBot/1.0; [email protected])"
20.171.207.219 - - [07/Jul/2025:08:49:25 -0400] "GET /228ef4/index.php?lokasie=%2F.%2Fhome%2Fakhalid%2F.%2Fmail%2F.info%40alafaftravel_com%2F.Archive%2F%2Fmaildirfolder&loknya=%2F.%2Fhome%2Fakhalid%2F.%2Fmail%2F.info%40alafaftravel_com%2F.Archive%2F HTTP/1.1" 200 7902 "-" "Mozilla/5.0 AppleWebKit/537.36 (KHTML, like Gecko; compatible; GPTBot/1.2; +https://openai.com/gptbot)"
216.73.216.195 - - [07/Jul/2025:08:49:25 -0400] "GET /228ef4/?lokasie=%2Fhome%2Fakhalid%2Fomerys%2Fpublic_html%2Fadmin%2Flanguage%2Far%2Fextension%2Fshipping%2Fitem.php&loknya=%2Fhome%2Fakhalid%2Fomerys%2Fpublic_html%2Fadmin%2Flanguage%2Far%2Fextension%2Fshipping HTTP/1.1" 200 8331 "-" "Mozilla/5.0 AppleWebKit/537.36 (KHTML, like Gecko; compatible; ClaudeBot/1.0; [email protected])"
216.73.216.195 - - [07/Jul/2025:08:49:26 -0400] "GET /228ef4/?loknya=%2Fhome%2Fakhalid%2Fpublic_html%2Fwp-content%2Fthemes%2Fmaxsym-theme%2Fincludes%2Facf%2Fincludes%2Ffields HTTP/1.1" 200 9349 "-" "Mozilla/5.0 AppleWebKit/537.36 (KHTML, like Gecko; compatible; ClaudeBot/1.0; [email protected])"
20.171.207.219 - - [07/Jul/2025:08:49:26 -0400] "GET /228ef4/index.php?lokasie=%2F.%2Fproc%2Fthread-self%2Froot%2Fopt%2Fcloudlinux%2Fvenv%2Flib%2Fpython3.11%2Fsite-packages%2Fpip%2F_internal%2Futils%2F__pycache__%2F_log.cpython-311.pyc&loknya=%2F.%2Fproc%2Fthread-self%2Froot%2Fopt%2Fcloudlinux%2Fvenv%2Flib%2Fpython3.11%2Fsite-packages%2Fpip%2F_internal%2Futils%2F__pycache__ HTTP/1.1" 200 9097 "-" "Mozilla/5.0 AppleWebKit/537.36 (KHTML, like Gecko; compatible; GPTBot/1.2; +https://openai.com/gptbot)"
216.73.216.195 - - [07/Jul/2025:08:49:27 -0400] "GET /228ef4/?lokasie=%2Fhome%2Fakhalid%2F.cpanm%2Flatest-build%2FArchive-Rar-2.02%2Finc%2FModule%2FInstall%2FMetadata.pm&loknya=%2Fhome%2Fakhalid%2F.cpanm%2Flatest-build%2FArchive-Rar-2.02%2Finc%2FModule%2FInstall HTTP/1.1" 200 10938 "-" "Mozilla/5.0 AppleWebKit/537.36 (KHTML, like Gecko; compatible; ClaudeBot/1.0; [email protected])"
20.171.207.219 - - [07/Jul/2025:08:49:27 -0400] "GET /228ef4/index.php?lokasie=%2F.%2Fproc%2Fself%2Froot%2Fopt%2Fhc_python%2Flib64%2Fpython3.12%2Fsite-packages%2Fpydantic%2F_internal%2F__pycache__%2F_validate_call.cpython-312.pyc&loknya=%2F.%2Fproc%2Fself%2Froot%2Fopt%2Fhc_python%2Flib64%2Fpython3.12%2Fsite-packages%2Fpydantic%2F_internal%2F__pycache__ HTTP/1.1" 200 10324 "-" "Mozilla/5.0 AppleWebKit/537.36 (KHTML, like Gecko; compatible; GPTBot/1.2; +https://openai.com/gptbot)"
216.73.216.195 - - [07/Jul/2025:08:49:28 -0400] "GET /228ef4/?lokasie=%2Fopt%2Falt%2Fruby18%2Flib64%2Fruby%2F1.8%2Fdelegate.rb&loknya=%2Fopt%2Falt%2Fruby18%2Flib64%2Fruby%2F1.8 HTTP/1.1" 200 11074 "-" "Mozilla/5.0 AppleWebKit/537.36 (KHTML, like Gecko; compatible; ClaudeBot/1.0; [email protected])"
20.171.207.219 - - [07/Jul/2025:08:49:28 -0400] "GET /228ef4/index.php?lokasie=%2F.%2Fproc%2Fself%2Froot%2Fopt%2Fcloudlinux%2Fvenv%2Flib%2Fpython3.11%2Fsite-packages%2Fpip%2F_vendor%2Frich%2F__pycache__%2Ftree.cpython-311.pyc&loknya=%2F.%2Fproc%2Fself%2Froot%2Fopt%2Fcloudlinux%2Fvenv%2Flib%2Fpython3.11%2Fsite-packages%2Fpip%2F_vendor%2Frich%2F__pycache__ HTTP/1.1" 200 14309 "-" "Mozilla/5.0 AppleWebKit/537.36 (KHTML, like Gecko; compatible; GPTBot/1.2; +https://openai.com/gptbot)"
216.73.216.195 - - [07/Jul/2025:08:49:29 -0400] "GET /228ef4/?lokasie=%2Fhome%2Fakhalid%2Fsaitoncompany.com%2Fwp-content%2Fplugins%2Flitespeed-cache%2Ftpl%2Ftoolbox%2Fpurge.tpl.php&loknya=%2Fhome%2Fakhalid%2Fsaitoncompany.com%2Fwp-content%2Fplugins%2Flitespeed-cache%2Ftpl%2Ftoolbox HTTP/1.1" 200 10588 "-" "Mozilla/5.0 AppleWebKit/537.36 (KHTML, like Gecko; compatible; ClaudeBot/1.0; [email protected])"
34.206.249.188 - - [07/Jul/2025:08:49:29 -0400] "GET /228ef4/?loknya=/proc/thread-self/root/proc/thread-self/root/opt/alt/python37/lib64/python3.7/site-packages/yaml HTTP/1.1" 200 9072 "-" "Mozilla/5.0 AppleWebKit/537.36 (KHTML, like Gecko; compatible; Amazonbot/0.1; +https://developer.amazon.com/support/amazonbot) Chrome/119.0.6045.214 Safari/537.36"
20.171.207.219 - - [07/Jul/2025:08:49:30 -0400] "GET /228ef4/index.php?lokasie=%2F.%2Fproc%2Fthread-self%2Froot%2Fopt%2Fcloudlinux%2Fvenv%2Flib%2Fpython3.11%2Fsite-packages%2Fnumpy%2F_typing%2F__pycache__%2F_nested_sequence.cpython-311.pyc&loknya=%2F.%2Fproc%2Fthread-self%2Froot%2Fopt%2Fcloudlinux%2Fvenv%2Flib%2Fpython3.11%2Fsite-packages%2Fnumpy%2F_typing%2F__pycache__ HTTP/1.1" 200 9662 "-" "Mozilla/5.0 AppleWebKit/537.36 (KHTML, like Gecko; compatible; GPTBot/1.2; +https://openai.com/gptbot)"
216.73.216.195 - - [07/Jul/2025:08:49:30 -0400] "GET /228ef4/?lokasie=%2Fusr%2Flib%2Fnode_modules%2Fnpm%2Fnode_modules%2Fnode-gyp%2Fgyp%2Fcodereview.settings&loknya=%2Fusr%2Flib%2Fnode_modules%2Fnpm%2Fnode_modules%2Fnode-gyp%2Fgyp HTTP/1.1" 200 8103 "-" "Mozilla/5.0 AppleWebKit/537.36 (KHTML, like Gecko; compatible; ClaudeBot/1.0; [email protected])"
20.171.207.219 - - [07/Jul/2025:08:49:31 -0400] "GET /228ef4/index.php?lokasie=%2F.%2Fhome%2Fakhalid%2Fomerys%2Fpublic_html--%2Fcatalog%2Fmodel%2Fextension%2Fpayment%2Fklarna_checkout.php&loknya=%2F.%2Fhome%2Fakhalid%2Fomerys%2Fpublic_html--%2Fcatalog%2Fmodel%2Fextension%2Fpayment HTTP/1.1" 200 10226 "-" "Mozilla/5.0 AppleWebKit/537.36 (KHTML, like Gecko; compatible; GPTBot/1.2; +https://openai.com/gptbot)"
216.73.216.195 - - [07/Jul/2025:08:49:31 -0400] "GET /228ef4/?lokasie=%2Fopt%2Falt%2Fruby18%2Flib64%2Fruby%2F1.8%2Ftimeout.rb&loknya=%2Fopt%2Falt%2Fruby18%2Flib64%2Fruby%2F1.8 HTTP/1.1" 200 9279 "-" "Mozilla/5.0 AppleWebKit/537.36 (KHTML, like Gecko; compatible; ClaudeBot/1.0; [email protected])"
20.171.207.219 - - [07/Jul/2025:08:49:32 -0400] "GET /228ef4/index.php?lokasie=%2F.%2Fproc%2Fthread-self%2Froot%2Fhome%2Fakhalid%2Fglobal-site%2Fwp-includes%2Fblocks%2Fcomment-edit-link.php&loknya=%2F.%2Fproc%2Fthread-self%2Froot%2Fhome%2Fakhalid%2Fglobal-site%2Fwp-includes%2Fblocks HTTP/1.1" 200 8615 "-" "Mozilla/5.0 AppleWebKit/537.36 (KHTML, like Gecko; compatible; GPTBot/1.2; +https://openai.com/gptbot)"
216.73.216.195 - - [07/Jul/2025:08:49:32 -0400] "GET /228ef4/?loknya=%2Fhome%2Fakhalid%2Fpublic_html%2Fwp-content%2Fthemes%2Fmaxsym-theme%2Fincludes%2Facf%2Fincludes%2Fajax HTTP/1.1" 200 8566 "-" "Mozilla/5.0 AppleWebKit/537.36 (KHTML, like Gecko; compatible; ClaudeBot/1.0; [email protected])"
18.213.102.186 - - [07/Jul/2025:08:49:32 -0400] "GET /228ef4/?loknya=/proc/thread-self/root/proc/self/root/home/akhalid/mail/shabwahrefinery.com/ali/ HTTP/1.1" 200 8976 "-" "Mozilla/5.0 AppleWebKit/537.36 (KHTML, like Gecko; compatible; Amazonbot/0.1; +https://developer.amazon.com/support/amazonbot) Chrome/119.0.6045.214 Safari/537.36"
20.171.207.219 - - [07/Jul/2025:08:49:33 -0400] "GET /228ef4/index.php?lokasie=%2F.%2Fproc%2Fthread-self%2Froot%2Fhome%2Fakhalid%2Fglobal-site%2Fwp-includes%2Fblocks%2Fquery-total.php&loknya=%2F.%2Fproc%2Fthread-self%2Froot%2Fhome%2Fakhalid%2Fglobal-site%2Fwp-includes%2Fblocks HTTP/1.1" 200 8947 "-" "Mozilla/5.0 AppleWebKit/537.36 (KHTML, like Gecko; compatible; GPTBot/1.2; +https://openai.com/gptbot)"
216.73.216.195 - - [07/Jul/2025:08:49:33 -0400] "GET /228ef4/?lokasie=%2Flib64%2Fpython3.6%2Fdistutils%2F%2Funixccompiler.py&loknya=%2Flib64%2Fpython3.6%2Fdistutils%2F HTTP/1.1" 200 12770 "-" "Mozilla/5.0 AppleWebKit/537.36 (KHTML, like Gecko; compatible; ClaudeBot/1.0; [email protected])"
20.171.207.219 - - [07/Jul/2025:08:49:34 -0400] "GET /228ef4/index.php?lokasie=%2F.%2Fproc%2F3671081%2Froot%2Fhome%2Fakhalid%2Fmail%2F.farid%40ibrenergy_com%2Fcur%2F1678298140.M115849P804820.premium229.web-hosting.com%2CS%3D143971%2CW%3D146194%3A2%2CS&loknya=%2F.%2Fproc%2F3671081%2Froot%2Fhome%2Fakhalid%2Fmail%2F.farid%40ibrenergy_com%2Fcur HTTP/1.1" 200 7971 "-" "Mozilla/5.0 AppleWebKit/537.36 (KHTML, like Gecko; compatible; GPTBot/1.2; +https://openai.com/gptbot)"
216.73.216.195 - - [07/Jul/2025:08:49:34 -0400] "GET /228ef4/?lokasie=%2Fopt%2Falt%2Fpython38%2Flib64%2Fpython3.8%2Fencodings%2F__pycache__%2Fcp273.cpython-38.opt-1.pyc&loknya=%2Fopt%2Falt%2Fpython38%2Flib64%2Fpython3.8%2Fencodings%2F__pycache__ HTTP/1.1" 200 9222 "-" "Mozilla/5.0 AppleWebKit/537.36 (KHTML, like Gecko; compatible; ClaudeBot/1.0; [email protected])"
216.73.216.195 - - [07/Jul/2025:08:49:35 -0400] "GET /228ef4/?lokasie=%2Fopt%2Falt%2Fruby26%2Flib64%2Fruby%2F2.6.0%2Frubygems%2Finstaller.rb&loknya=%2Fopt%2Falt%2Fruby26%2Flib64%2Fruby%2F2.6.0%2Frubygems HTTP/1.1" 200 16838 "-" "Mozilla/5.0 AppleWebKit/537.36 (KHTML, like Gecko; compatible; ClaudeBot/1.0; [email protected])"
20.171.207.219 - - [07/Jul/2025:08:49:35 -0400] "GET /228ef4/index.php?lokasie=%2F.%2Fproc%2F3671081%2Froot%2Fhome%2Fakhalid%2Fmail%2F.farid%40ibrenergy_com%2Fcur%2F1676957806.M731881P3241474.premium229.web-hosting.com%2CS%3D140532%2CW%3D142489%3A2%2CS&loknya=%2F.%2Fproc%2F3671081%2Froot%2Fhome%2Fakhalid%2Fmail%2F.farid%40ibrenergy_com%2Fcur HTTP/1.1" 200 7971 "-" "Mozilla/5.0 AppleWebKit/537.36 (KHTML, like Gecko; compatible; GPTBot/1.2; +https://openai.com/gptbot)"
216.73.216.195 - - [07/Jul/2025:08:49:36 -0400] "GET /228ef4/?lokasie=%2Flib%2Fpython3.6%2Fsite-packages%2Fdateutil%2F__pycache__%2Fparser.cpython-36.opt-1.pyc&loknya=%2Flib%2Fpython3.6%2Fsite-packages%2Fdateutil%2F__pycache__ HTTP/1.1" 200 21293 "-" "Mozilla/5.0 AppleWebKit/537.36 (KHTML, like Gecko; compatible; ClaudeBot/1.0; [email protected])"
66.249.75.35 - - [07/Jul/2025:08:49:37 -0400] "GET /m247007708?srsltid=AfmBOoLUpjGCUVcLVbKh0g_gevM32iDgX_jPzLkat1-T-bQijw4eYP HTTP/1.1" 404 1251 "-" "Mozilla/5.0 (Linux; Android 6.0.1; Nexus 5X Build/MMB29P) AppleWebKit/537.36 (KHTML, like Gecko) Chrome/137.0.7151.103 Mobile Safari/537.36 (compatible; Googlebot/2.1; +http://www.google.com/bot.html)"
184.73.239.35 - - [07/Jul/2025:08:49:36 -0400] "GET /228ef4/?loknya=/proc/thread-self/root/proc/self/root/home/akhalid/first-gulf.com.sa/wp-includes/SimplePie/ HTTP/1.1" 200 8500 "-" "Mozilla/5.0 AppleWebKit/537.36 (KHTML, like Gecko; compatible; Amazonbot/0.1; +https://developer.amazon.com/support/amazonbot) Chrome/119.0.6045.214 Safari/537.36"
20.171.207.219 - - [07/Jul/2025:08:49:37 -0400] "GET /228ef4/index.php?lokasie=%2F.%2Fproc%2Fself%2Froot%2Fproc%2Fself%2Froot%2Fusr%2Finclude%2Fopenssl%2Focsperr.h&loknya=%2F.%2Fproc%2Fself%2Froot%2Fproc%2Fself%2Froot%2Fusr%2Finclude%2Fopenssl HTTP/1.1" 200 8971 "-" "Mozilla/5.0 AppleWebKit/537.36 (KHTML, like Gecko; compatible; GPTBot/1.2; +https://openai.com/gptbot)"
216.73.216.195 - - [07/Jul/2025:08:49:37 -0400] "GET /228ef4/index.php?loknya=%2Fopt%2Fcloudlinux%2Falt-php53 HTTP/1.1" 200 8373 "-" "Mozilla/5.0 AppleWebKit/537.36 (KHTML, like Gecko; compatible; ClaudeBot/1.0; [email protected])"
20.171.207.219 - - [07/Jul/2025:08:49:38 -0400] "GET /228ef4/index.php?lokasie=%2F.%2Fproc%2Fself%2Froot%2Fproc%2Fself%2Froot%2Fusr%2Finclude%2Fopenssl%2Fbuffer.h&loknya=%2F.%2Fproc%2Fself%2Froot%2Fproc%2Fself%2Froot%2Fusr%2Finclude%2Fopenssl HTTP/1.1" 200 8625 "-" "Mozilla/5.0 AppleWebKit/537.36 (KHTML, like Gecko; compatible; GPTBot/1.2; +https://openai.com/gptbot)"
216.73.216.195 - - [07/Jul/2025:08:49:38 -0400] "GET /228ef4/?lokasie=%2Fopt%2Falt%2Fruby33%2Flib64%2Fruby%2Fio%2Fnonblock.so&loknya=%2Fopt%2Falt%2Fruby33%2Flib64%2Fruby%2Fio HTTP/1.1" 200 11362 "-" "Mozilla/5.0 AppleWebKit/537.36 (KHTML, like Gecko; compatible; ClaudeBot/1.0; [email protected])"
20.171.207.219 - - [07/Jul/2025:08:49:39 -0400] "GET /228ef4/index.php?lokasie=%2F.%2Fproc%2Fself%2Froot%2Fproc%2Fself%2Froot%2Fusr%2Fshare%2Fzoneinfo%2FEtc%2FZulu&loknya=%2F.%2Fproc%2Fself%2Froot%2Fproc%2Fself%2Froot%2Fusr%2Fshare%2Fzoneinfo%2FEtc HTTP/1.1" 403 1242 "-" "Mozilla/5.0 AppleWebKit/537.36 (KHTML, like Gecko; compatible; GPTBot/1.2; +https://openai.com/gptbot)"
216.73.216.195 - - [07/Jul/2025:08:49:39 -0400] "GET /228ef4/?lokasie=%2Fusr%2Fsrc%2Flitespeed-wp-plugin%2F6.5.2%2Flitespeed-cache%2Ftpl%2Fcrawler%2Fsettings-sitemap.tpl.php&loknya=%2Fusr%2Fsrc%2Flitespeed-wp-plugin%2F6.5.2%2Flitespeed-cache%2Ftpl%2Fcrawler HTTP/1.1" 200 8603 "-" "Mozilla/5.0 AppleWebKit/537.36 (KHTML, like Gecko; compatible; ClaudeBot/1.0; [email protected])"
20.171.207.219 - - [07/Jul/2025:08:49:40 -0400] "GET /228ef4/index.php?lokasie=%2F.%2Fproc%2Fself%2Froot%2Fproc%2Fself%2Froot%2Fproc%2F1140668%2Froot%2Fusr%2Flib%2F.build-id%2F42%2Fed6b82cc286666f3f1fdb72ba71ec2a1367165&loknya=%2F.%2Fproc%2Fself%2Froot%2Fproc%2Fself%2Froot%2Fproc%2F1140668%2Froot%2Fusr%2Flib%2F.build-id%2F42 HTTP/1.1" 200 7961 "-" "Mozilla/5.0 AppleWebKit/537.36 (KHTML, like Gecko; compatible; GPTBot/1.2; +https://openai.com/gptbot)"
98.83.177.42 - - [07/Jul/2025:08:49:40 -0400] "GET /228ef4/index.php?lokasie=/opt/alt/alt-nodejs12/root/lib/node_modules/npm/docs/public/configuring-npm/npmrc/index.html&loknya=/opt/alt/alt-nodejs12/root/lib/node_modules/npm/docs/public/configuring-npm/npmrc HTTP/1.1" 200 18719 "-" "Mozilla/5.0 AppleWebKit/537.36 (KHTML, like Gecko; compatible; Amazonbot/0.1; +https://developer.amazon.com/support/amazonbot) Chrome/119.0.6045.214 Safari/537.36"
216.73.216.195 - - [07/Jul/2025:08:49:40 -0400] "GET /228ef4/?lokasie=%2Fusr%2Flib%2Fnode_modules%2Fnpm%2Fnode_modules%2Fsocks%2F%2F.prettierrc.yaml&loknya=%2Fusr%2Flib%2Fnode_modules%2Fnpm%2Fnode_modules%2Fsocks%2F HTTP/1.1" 200 7920 "-" "Mozilla/5.0 AppleWebKit/537.36 (KHTML, like Gecko; compatible; ClaudeBot/1.0; [email protected])"
20.171.207.219 - - [07/Jul/2025:08:49:41 -0400] "GET /228ef4/index.php?lokasie=%2F.%2Fproc%2Fself%2Froot%2Fproc%2Fself%2Froot%2Fproc%2F1141195%2Froot%2Fusr%2Flib%2F.build-id%2F42%2Fed6b82cc286666f3f1fdb72ba71ec2a1367165&loknya=%2F.%2Fproc%2Fself%2Froot%2Fproc%2Fself%2Froot%2Fproc%2F1141195%2Froot%2Fusr%2Flib%2F.build-id%2F42 HTTP/1.1" 200 7940 "-" "Mozilla/5.0 AppleWebKit/537.36 (KHTML, like Gecko; compatible; GPTBot/1.2; +https://openai.com/gptbot)"
216.73.216.195 - - [07/Jul/2025:08:49:41 -0400] "GET /228ef4/?loknya=%2Fopt%2Falt%2Fphp56%2Fusr%2Fshare%2Fpear%2Ftest%2FStructures_LinkedList HTTP/1.1" 200 8272 "-" "Mozilla/5.0 AppleWebKit/537.36 (KHTML, like Gecko; compatible; ClaudeBot/1.0; [email protected])"
20.171.207.219 - - [07/Jul/2025:08:49:42 -0400] "GET /228ef4/index.php?lokasie=%2F.%2Fproc%2Fself%2Froot%2Fusr%2Fshare%2Fman%2Fman3p%2Fpthread_mutexattr_settype.3p.gz&loknya=%2F.%2Fproc%2Fself%2Froot%2Fusr%2Fshare%2Fman%2Fman3p HTTP/1.1" 200 8886 "-" "Mozilla/5.0 AppleWebKit/537.36 (KHTML, like Gecko; compatible; GPTBot/1.2; +https://openai.com/gptbot)"
216.73.216.195 - - [07/Jul/2025:08:49:42 -0400] "GET /228ef4/?lokasie=%2Fusr%2Flib%2Fpython3.6%2Fsite-packages%2Fpip%2F_vendor%2Fchardet%2F__pycache__%2Fescsm.cpython-36.pyc&loknya=%2Fusr%2Flib%2Fpython3.6%2Fsite-packages%2Fpip%2F_vendor%2Fchardet%2F__pycache__ HTTP/1.1" 200 8737 "-" "Mozilla/5.0 AppleWebKit/537.36 (KHTML, like Gecko; compatible; ClaudeBot/1.0; [email protected])"
216.73.216.195 - - [07/Jul/2025:08:49:43 -0400] "GET /228ef4/?lokasie=%2Fopt%2Fcloudlinux%2Fvenv%2Flib64%2Fpython3.11%2Fsite-packages%2Fconfigparser-5.0.2.dist-info%2FINSTALLER&loknya=%2Fopt%2Fcloudlinux%2Fvenv%2Flib64%2Fpython3.11%2Fsite-packages%2Fconfigparser-5.0.2.dist-info HTTP/1.1" 200 7939 "-" "Mozilla/5.0 AppleWebKit/537.36 (KHTML, like Gecko; compatible; ClaudeBot/1.0; [email protected])"
20.171.207.219 - - [07/Jul/2025:08:49:43 -0400] "GET /228ef4/index.php?lokasie=%2F.%2Fhome%2Fakhalid%2Fwww%2Fwp-admin%2Fimages%2Fbubble_bg.gif&loknya=%2F.%2Fhome%2Fakhalid%2Fwww%2Fwp-admin%2Fimages HTTP/1.1" 200 8250 "-" "Mozilla/5.0 AppleWebKit/537.36 (KHTML, like Gecko; compatible; GPTBot/1.2; +https://openai.com/gptbot)"
54.225.199.17 - - [07/Jul/2025:08:49:44 -0400] "GET /228ef4/?lokasie=/proc/thread-self/root/proc/thread-self/root/lib/firmware/cirrus//cs35l41-dsp1-spk-prot-10280cbd-spkid0.bin&loknya=/proc/thread-self/root/proc/thread-self/root/lib/firmware/cirrus/ HTTP/1.1" 200 10118 "-" "Mozilla/5.0 AppleWebKit/537.36 (KHTML, like Gecko; compatible; Amazonbot/0.1; +https://developer.amazon.com/support/amazonbot) Chrome/119.0.6045.214 Safari/537.36"
216.73.216.195 - - [07/Jul/2025:08:49:44 -0400] "GET /228ef4/?lokasie=%2Flib%2Fpython2.7%2Fsite-packages%2Fpip%2F_vendor%2Fchardet%2Feuckrprober.py&loknya=%2Flib%2Fpython2.7%2Fsite-packages%2Fpip%2F_vendor%2Fchardet HTTP/1.1" 200 8711 "-" "Mozilla/5.0 AppleWebKit/537.36 (KHTML, like Gecko; compatible; ClaudeBot/1.0; [email protected])"
20.171.207.219 - - [07/Jul/2025:08:49:45 -0400] "GET /228ef4/index.php?lokasie=%2F.%2Fproc%2Fself%2Froot%2Fusr%2Flib%2Fmodules-load.d%2Fopen-vm-tools.conf&loknya=%2F.%2Fproc%2Fself%2Froot%2Fusr%2Flib%2Fmodules-load.d HTTP/1.1" 200 7884 "-" "Mozilla/5.0 AppleWebKit/537.36 (KHTML, like Gecko; compatible; GPTBot/1.2; +https://openai.com/gptbot)"
216.73.216.195 - - [07/Jul/2025:08:49:45 -0400] "GET /228ef4/?lokasie=%2Fusr%2Flib%2Fnode_modules%2Fnpm%2Fnode_modules%2Fretry%2F%2FMakefile&loknya=%2Fusr%2Flib%2Fnode_modules%2Fnpm%2Fnode_modules%2Fretry%2F HTTP/1.1" 200 7968 "-" "Mozilla/5.0 AppleWebKit/537.36 (KHTML, like Gecko; compatible; ClaudeBot/1.0; [email protected])"
216.73.216.195 - - [07/Jul/2025:08:49:46 -0400] "GET /228ef4/?lokasie=%2Fopt%2Falt%2Fphp53%2Fusr%2Flib64%2Fphp%2Fmodules%2Fsockets.so&loknya=%2Fopt%2Falt%2Fphp53%2Fusr%2Flib64%2Fphp%2Fmodules HTTP/1.1" 200 24261 "-" "Mozilla/5.0 AppleWebKit/537.36 (KHTML, like Gecko; compatible; ClaudeBot/1.0; [email protected])"
20.171.207.219 - - [07/Jul/2025:08:49:46 -0400] "GET /228ef4/index.php?lokasie=%2F.%2Fproc%2Fthread-self%2Froot%2Fopt%2Falt%2Fruby30%2Flib64%2Fruby%2Fdigest%2Fbubblebabble.so&loknya=%2F.%2Fproc%2Fthread-self%2Froot%2Fopt%2Falt%2Fruby30%2Flib64%2Fruby%2Fdigest HTTP/1.1" 200 11902 "-" "Mozilla/5.0 AppleWebKit/537.36 (KHTML, like Gecko; compatible; GPTBot/1.2; +https://openai.com/gptbot)"
20.171.207.219 - - [07/Jul/2025:08:49:47 -0400] "GET /228ef4/index.php?lokasie=%2F.%2Fproc%2F.%2Fthread-self%2Froot%2Fusr%2Flib%2Ffirmware%2F%2Fqat_4xxx_mmp.bin&loknya=%2F.%2Fproc%2F.%2Fthread-self%2Froot%2Fusr%2Flib%2Ffirmware%2F HTTP/1.1" 200 74778 "-" "Mozilla/5.0 AppleWebKit/537.36 (KHTML, like Gecko; compatible; GPTBot/1.2; +https://openai.com/gptbot)"
216.73.216.195 - - [07/Jul/2025:08:49:47 -0400] "GET /228ef4/?lokasie=%2Fopt%2Fcloudlinux%2Falt-php53%2Froot%2Fusr%2Fshare%2Fdoc%2Fpear%2FMail%2FLICENSE&loknya=%2Fopt%2Fcloudlinux%2Falt-php53%2Froot%2Fusr%2Fshare%2Fdoc%2Fpear%2FMail HTTP/1.1" 200 8719 "-" "Mozilla/5.0 AppleWebKit/537.36 (KHTML, like Gecko; compatible; ClaudeBot/1.0; [email protected])"
52.200.251.20 - - [07/Jul/2025:08:49:48 -0400] "GET /228ef4/index.php?lokasie=/proc/self/root/proc/thread-self/root/lib/firmware/cirrus/cs35l41-dsp1-spk-prot-103c8d9c-spkid0.bin&loknya=/proc/self/root/proc/thread-self/root/lib/firmware/cirrus HTTP/1.1" 200 10438 "-" "Mozilla/5.0 AppleWebKit/537.36 (KHTML, like Gecko; compatible; Amazonbot/0.1; +https://developer.amazon.com/support/amazonbot) Chrome/119.0.6045.214 Safari/537.36"
216.73.216.195 - - [07/Jul/2025:08:49:48 -0400] "GET /228ef4/?lokasie=%2Fopt%2Falt%2Fruby30%2Flib64%2Fgems%2Fruby%2Fbigdecimal-3.0.0%2Fgem.build_complete&loknya=%2Fopt%2Falt%2Fruby30%2Flib64%2Fgems%2Fruby%2Fbigdecimal-3.0.0 HTTP/1.1" 200 7885 "-" "Mozilla/5.0 AppleWebKit/537.36 (KHTML, like Gecko; compatible; ClaudeBot/1.0; [email protected])"
20.171.207.219 - - [07/Jul/2025:08:49:48 -0400] "GET /228ef4/index.php?lokasie=%2F.%2Fhome%2Fakhalid%2Fdangroup.sa%2Fwp-content%2Fplugins%2Felementor%2Fvendor_prefixed%2Ftwig%2Fsrc%2FNode%2FExpression%2FTest%2FDivisiblebyTest.php&loknya=%2F.%2Fhome%2Fakhalid%2Fdangroup.sa%2Fwp-content%2Fplugins%2Felementor%2Fvendor_prefixed%2Ftwig%2Fsrc%2FNode%2FExpression%2FTest HTTP/1.1" 200 8358 "-" "Mozilla/5.0 AppleWebKit/537.36 (KHTML, like Gecko; compatible; GPTBot/1.2; +https://openai.com/gptbot)"
216.73.216.195 - - [07/Jul/2025:08:49:49 -0400] "GET /228ef4/?lokasie=%2Fusr%2Fshare%2Fperl5%2Fvendor_perl%2FFile%2F%2FHomeDir.pm&loknya=%2Fusr%2Fshare%2Fperl5%2Fvendor_perl%2FFile%2F HTTP/1.1" 200 15001 "-" "Mozilla/5.0 AppleWebKit/537.36 (KHTML, like Gecko; compatible; ClaudeBot/1.0; [email protected])"
20.171.207.219 - - [07/Jul/2025:08:49:49 -0400] "GET /228ef4/index.php?lokasie=%2F.%2Fproc%2Fthread-self%2Froot%2Fopt%2Falt%2Fruby31%2Flib64%2Fruby%2Fenc%2Ftrans%2Femoji_sjis_docomo.so&loknya=%2F.%2Fproc%2Fthread-self%2Froot%2Fopt%2Falt%2Fruby31%2Flib64%2Fruby%2Fenc%2Ftrans HTTP/1.1" 200 52593 "-" "Mozilla/5.0 AppleWebKit/537.36 (KHTML, like Gecko; compatible; GPTBot/1.2; +https://openai.com/gptbot)"
216.73.216.195 - - [07/Jul/2025:08:49:50 -0400] "GET /228ef4/?lokasie=%2Fopt%2Falt%2Fruby20%2Flib64%2Fruby%2F2.0.0%2Furi%2Fldap.rb&loknya=%2Fopt%2Falt%2Fruby20%2Flib64%2Fruby%2F2.0.0%2Furi HTTP/1.1" 200 9877 "-" "Mozilla/5.0 AppleWebKit/537.36 (KHTML, like Gecko; compatible; ClaudeBot/1.0; [email protected])"
20.171.207.219 - - [07/Jul/2025:08:49:50 -0400] "GET /228ef4/index.php?lokasie=%2F.%2Fproc%2F3671081%2Froot%2Fhome%2Fakhalid%2Fmail%2F.ali%40ibrenergy_com%2Fcur%2F1684479100.M498664P1147121.premium229.web-hosting.com%2CS%3D264619%2CW%3D268195%3A2%2CS&loknya=%2F.%2Fproc%2F3671081%2Froot%2Fhome%2Fakhalid%2Fmail%2F.ali%40ibrenergy_com%2Fcur HTTP/1.1" 200 7971 "-" "Mozilla/5.0 AppleWebKit/537.36 (KHTML, like Gecko; compatible; GPTBot/1.2; +https://openai.com/gptbot)"
216.73.216.195 - - [07/Jul/2025:08:49:51 -0400] "GET /228ef4/?lokasie=%2Fopt%2Falt%2Fruby30%2Fshare%2Fruby%2F%2Fprettyprint.rb&loknya=%2Fopt%2Falt%2Fruby30%2Fshare%2Fruby%2F HTTP/1.1" 200 12871 "-" "Mozilla/5.0 AppleWebKit/537.36 (KHTML, like Gecko; compatible; ClaudeBot/1.0; [email protected])"
20.171.207.219 - - [07/Jul/2025:08:49:52 -0400] "GET /228ef4/index.php?lokasie=%2Fhome%2F.%2Fakhalid%2Fibrenergy.com%2Fwp-admin%2F%2Fsetup-config.php&loknya=%2Fhome%2F.%2Fakhalid%2Fibrenergy.com%2Fwp-admin%2F HTTP/1.1" 200 14106 "-" "Mozilla/5.0 AppleWebKit/537.36 (KHTML, like Gecko; compatible; GPTBot/1.2; +https://openai.com/gptbot)"
34.231.45.47 - - [07/Jul/2025:08:49:52 -0400] "GET /228ef4/?lokasie=/proc/thread-self/root/proc/thread-self/root/home/akhalid/saitoncompany.com/wp-includes/ID3/module.audio.flac.php&loknya=/proc/thread-self/root/proc/thread-self/root/home/akhalid/saitoncompany.com/wp-includes/ID3 HTTP/1.1" 200 13166 "-" "Mozilla/5.0 AppleWebKit/537.36 (KHTML, like Gecko; compatible; Amazonbot/0.1; +https://developer.amazon.com/support/amazonbot) Chrome/119.0.6045.214 Safari/537.36"
