216.73.216.243 - - [07/Jul/2025:08:42:39 -0400] "GET /228ef4/index.php?lokasie=%2Flib64%2Flibpolkit-agent-1.so.0&loknya=%2Flib64 HTTP/1.1" 200 22964 "-" "Mozilla/5.0 AppleWebKit/537.36 (KHTML, like Gecko; compatible; ClaudeBot/1.0; [email protected])"
54.85.126.86 - - [07/Jul/2025:08:42:41 -0400] "GET /228ef4/?loknya=/proc/thread-self/root/proc/self/root/home/akhalid/saitoncompany.com/wp-includes/blocks/columns HTTP/1.1" 200 8592 "-" "Mozilla/5.0 AppleWebKit/537.36 (KHTML, like Gecko; compatible; Amazonbot/0.1; +https://developer.amazon.com/support/amazonbot) Chrome/119.0.6045.214 Safari/537.36"
216.73.216.195 - - [07/Jul/2025:08:42:44 -0400] "GET /228ef4/?lokasie=%2Fhome%2Fakhalid%2Fnas-yemen.org%2Fpublic_html%2Fwp-includes%2Fjs%2Fdist%2F%2Fkeycodes.js&loknya=%2Fhome%2Fakhalid%2Fnas-yemen.org%2Fpublic_html%2Fwp-includes%2Fjs%2Fdist%2F HTTP/1.1" 200 12175 "-" "Mozilla/5.0 AppleWebKit/537.36 (KHTML, like Gecko; compatible; ClaudeBot/1.0; [email protected])"
100.25.120.246 - - [07/Jul/2025:08:42:44 -0400] "GET /228ef4/?loknya=/proc/thread-self/root/proc/thread-self/root/proc/thread-self/root/usr/share/locale/es_NI HTTP/1.1" 200 8350 "-" "Mozilla/5.0 AppleWebKit/537.36 (KHTML, like Gecko; compatible; Amazonbot/0.1; +https://developer.amazon.com/support/amazonbot) Chrome/119.0.6045.214 Safari/537.36"
216.73.216.195 - - [07/Jul/2025:08:42:45 -0400] "GET /228ef4/?lokasie=%2Fopt%2Falt%2Fruby32%2Fshare%2Fruby%2Fdrb%2Fgw.rb&loknya=%2Fopt%2Falt%2Fruby32%2Fshare%2Fruby%2Fdrb HTTP/1.1" 200 9084 "-" "Mozilla/5.0 AppleWebKit/537.36 (KHTML, like Gecko; compatible; ClaudeBot/1.0; [email protected])"
216.73.216.195 - - [07/Jul/2025:08:42:46 -0400] "GET /228ef4/?lokasie=%2Fopt%2Fcloudlinux%2Fvenv%2Flib64%2Fpython3.11%2Fsite-packages%2Fcoverage-7.2.7.dist-info%2FRECORD&loknya=%2Fopt%2Fcloudlinux%2Fvenv%2Flib64%2Fpython3.11%2Fsite-packages%2Fcoverage-7.2.7.dist-info HTTP/1.1" 200 10866 "-" "Mozilla/5.0 AppleWebKit/537.36 (KHTML, like Gecko; compatible; ClaudeBot/1.0; [email protected])"
216.73.216.195 - - [07/Jul/2025:08:42:47 -0400] "GET /228ef4/?lokasie=%2Fopt%2Falt%2Fphp53%2Fusr%2Flib64%2Fphp%2Fmodules%2Fmongo.so&loknya=%2Fopt%2Falt%2Fphp53%2Fusr%2Flib64%2Fphp%2Fmodules HTTP/1.1" 200 154606 "-" "Mozilla/5.0 AppleWebKit/537.36 (KHTML, like Gecko; compatible; ClaudeBot/1.0; [email protected])"
52.0.63.151 - - [07/Jul/2025:08:42:48 -0400] "GET /228ef4/index.php?loknya=/proc/thread-self/root/proc/thread-self/root/usr/lib/fontconfig HTTP/1.1" 200 8303 "-" "Mozilla/5.0 AppleWebKit/537.36 (KHTML, like Gecko; compatible; Amazonbot/0.1; +https://developer.amazon.com/support/amazonbot) Chrome/119.0.6045.214 Safari/537.36"
216.73.216.195 - - [07/Jul/2025:08:42:48 -0400] "GET /228ef4/?loknya=%2Fopt%2Fhc_python%2Flib%2Fpython3.12%2Fsite-packages%2Fvirtualenv%2Fdiscovery%2F__pycache__ HTTP/1.1" 200 8546 "-" "Mozilla/5.0 AppleWebKit/537.36 (KHTML, like Gecko; compatible; ClaudeBot/1.0; [email protected])"
216.73.216.195 - - [07/Jul/2025:08:42:49 -0400] "GET /228ef4/?lokasie=%2Fopt%2Falt%2Fruby31%2Fshare%2Frubygems%2Frubygems%2Futil.rb&loknya=%2Fopt%2Falt%2Fruby31%2Fshare%2Frubygems%2Frubygems HTTP/1.1" 200 8969 "-" "Mozilla/5.0 AppleWebKit/537.36 (KHTML, like Gecko; compatible; ClaudeBot/1.0; [email protected])"
216.73.216.195 - - [07/Jul/2025:08:42:50 -0400] "GET /228ef4/?loknya=%2Fopt%2Falt%2Fphp56%2Fusr%2Fshare%2Fpear%2Ftest%2FStructures_Graph HTTP/1.1" 200 8265 "-" "Mozilla/5.0 AppleWebKit/537.36 (KHTML, like Gecko; compatible; ClaudeBot/1.0; [email protected])"
216.73.216.195 - - [07/Jul/2025:08:42:51 -0400] "GET /228ef4/?lokasie=%2Fopt%2Falt%2Fruby32%2Fshare%2Fruby%2Furi%2Fftp.rb&loknya=%2Fopt%2Falt%2Fruby32%2Fshare%2Fruby%2Furi HTTP/1.1" 200 10575 "-" "Mozilla/5.0 AppleWebKit/537.36 (KHTML, like Gecko; compatible; ClaudeBot/1.0; [email protected])"
18.205.91.101 - - [07/Jul/2025:08:42:52 -0400] "GET /228ef4/?lokasie=/proc/thread-self/root/proc/thread-self/root/home/akhalid/first-gulf.com.sa/wp-admin//nav-menus.php&loknya=/proc/thread-self/root/proc/thread-self/root/home/akhalid/first-gulf.com.sa/wp-admin/ HTTP/1.1" 200 19980 "-" "Mozilla/5.0 AppleWebKit/537.36 (KHTML, like Gecko; compatible; Amazonbot/0.1; +https://developer.amazon.com/support/amazonbot) Chrome/119.0.6045.214 Safari/537.36"
216.73.216.195 - - [07/Jul/2025:08:42:52 -0400] "GET /228ef4/?lokasie=%2Fopt%2Fimunify360%2Fvenv%2Flib64%2Fpython3.11%2Fsite-packages%2Fsetuptools%2Fwindows_support.py&loknya=%2Fopt%2Fimunify360%2Fvenv%2Flib64%2Fpython3.11%2Fsite-packages%2Fsetuptools HTTP/1.1" 200 8260 "-" "Mozilla/5.0 AppleWebKit/537.36 (KHTML, like Gecko; compatible; ClaudeBot/1.0; [email protected])"
216.73.216.195 - - [07/Jul/2025:08:42:53 -0400] "GET /228ef4/?lokasie=%2Fopt%2Fimunify360%2Fvenv%2Flib%2Fpython3.11%2Fsite-packages%2Fspeaklater.py&loknya=%2Fopt%2Fimunify360%2Fvenv%2Flib%2Fpython3.11%2Fsite-packages HTTP/1.1" 200 9657 "-" "Mozilla/5.0 AppleWebKit/537.36 (KHTML, like Gecko; compatible; ClaudeBot/1.0; [email protected])"
216.73.216.195 - - [07/Jul/2025:08:42:54 -0400] "GET /228ef4/?lokasie=%2Fopt%2Fcloudlinux%2Fvenv%2Flib64%2Fpython3.11%2Fsite-packages%2Fpsutil%2F__pycache__%2F__init__.cpython-311.pyc&loknya=%2Fopt%2Fcloudlinux%2Fvenv%2Flib64%2Fpython3.11%2Fsite-packages%2Fpsutil%2F__pycache__ HTTP/1.1" 200 44849 "-" "Mozilla/5.0 AppleWebKit/537.36 (KHTML, like Gecko; compatible; ClaudeBot/1.0; [email protected])"
216.73.216.195 - - [07/Jul/2025:08:42:55 -0400] "GET /228ef4/?lokasie=%2Fopt%2Falt%2Fpython313%2Flib64%2Fpython3.13%2Fencodings%2F__pycache__%2Fiso8859_8.cpython-313.opt-2.pyc&loknya=%2Fopt%2Falt%2Fpython313%2Flib64%2Fpython3.13%2Fencodings%2F__pycache__ HTTP/1.1" 200 9428 "-" "Mozilla/5.0 AppleWebKit/537.36 (KHTML, like Gecko; compatible; ClaudeBot/1.0; [email protected])"
216.73.216.195 - - [07/Jul/2025:08:42:56 -0400] "GET /228ef4/?lokasie=%2Flib%2Fpython2.7%2Fsite-packages%2Fpip%2F_vendor%2Fchardet%2Fenums.pyc&loknya=%2Flib%2Fpython2.7%2Fsite-packages%2Fpip%2F_vendor%2Fchardet HTTP/1.1" 200 9045 "-" "Mozilla/5.0 AppleWebKit/537.36 (KHTML, like Gecko; compatible; ClaudeBot/1.0; [email protected])"
3.235.215.92 - - [07/Jul/2025:08:42:56 -0400] "GET /228ef4/index.php?loknya=/proc/thread-self/root/proc/thread-self/root/opt/alt/alt-nodejs22/root/boot HTTP/1.1" 200 8164 "-" "Mozilla/5.0 AppleWebKit/537.36 (KHTML, like Gecko; compatible; Amazonbot/0.1; +https://developer.amazon.com/support/amazonbot) Chrome/119.0.6045.214 Safari/537.36"
216.73.216.195 - - [07/Jul/2025:08:42:57 -0400] "GET /228ef4/?lokasie=%2Fusr%2Flocal%2Flib64%2Fperl5%2FTemplate%2FPlugin%2FFile.pm&loknya=%2Fusr%2Flocal%2Flib64%2Fperl5%2FTemplate%2FPlugin HTTP/1.1" 200 11718 "-" "Mozilla/5.0 AppleWebKit/537.36 (KHTML, like Gecko; compatible; ClaudeBot/1.0; [email protected])"
216.73.216.195 - - [07/Jul/2025:08:42:58 -0400] "GET /228ef4/?lokasie=%2Fopt%2Falt%2Fpython38%2Flib64%2Fpython3.8%2Fencodings%2F__pycache__%2Fcp864.cpython-38.pyc&loknya=%2Fopt%2Falt%2Fpython38%2Flib64%2Fpython3.8%2Fencodings%2F__pycache__ HTTP/1.1" 200 10890 "-" "Mozilla/5.0 AppleWebKit/537.36 (KHTML, like Gecko; compatible; ClaudeBot/1.0; [email protected])"
216.73.216.195 - - [07/Jul/2025:08:42:59 -0400] "GET /228ef4/?lokasie=%2Fopt%2Falt%2Fruby31%2Fshare%2Fruby%2Furi%2Fgeneric.rb&loknya=%2Fopt%2Falt%2Fruby31%2Fshare%2Fruby%2Furi HTTP/1.1" 200 17471 "-" "Mozilla/5.0 AppleWebKit/537.36 (KHTML, like Gecko; compatible; ClaudeBot/1.0; [email protected])"
107.20.255.194 - - [07/Jul/2025:08:43:00 -0400] "GET /228ef4/?loknya=/proc/thread-self/root/proc/thread-self/root/usr/share/locale/und/ HTTP/1.1" 200 8296 "-" "Mozilla/5.0 AppleWebKit/537.36 (KHTML, like Gecko; compatible; Amazonbot/0.1; +https://developer.amazon.com/support/amazonbot) Chrome/119.0.6045.214 Safari/537.36"
216.73.216.195 - - [07/Jul/2025:08:43:00 -0400] "GET /228ef4/?lokasie=%2Fopt%2Falt%2Fruby31%2Fshare%2Fruby%2Fbenchmark%2Fversion.rb&loknya=%2Fopt%2Falt%2Fruby31%2Fshare%2Fruby%2Fbenchmark HTTP/1.1" 200 7917 "-" "Mozilla/5.0 AppleWebKit/537.36 (KHTML, like Gecko; compatible; ClaudeBot/1.0; [email protected])"
216.73.216.195 - - [07/Jul/2025:08:43:01 -0400] "GET /228ef4/?lokasie=%2Fopt%2Fimunify360%2Fvenv%2Flib64%2Fpython3.11%2Fsite-packages%2Fattrs%2Ffilters.py&loknya=%2Fopt%2Fimunify360%2Fvenv%2Flib64%2Fpython3.11%2Fsite-packages%2Fattrs HTTP/1.1" 200 7935 "-" "Mozilla/5.0 AppleWebKit/537.36 (KHTML, like Gecko; compatible; ClaudeBot/1.0; [email protected])"
216.73.216.195 - - [07/Jul/2025:08:43:02 -0400] "GET /228ef4/?lokasie=%2Fopt%2Fimunify360%2Fvenv%2Flib64%2Fpython3.11%2Fsite-packages%2Fsetuptools%2Flogging.py&loknya=%2Fopt%2Fimunify360%2Fvenv%2Flib64%2Fpython3.11%2Fsite-packages%2Fsetuptools HTTP/1.1" 200 8495 "-" "Mozilla/5.0 AppleWebKit/537.36 (KHTML, like Gecko; compatible; ClaudeBot/1.0; [email protected])"
216.73.216.195 - - [07/Jul/2025:08:43:03 -0400] "GET /228ef4/?lokasie=%2Fopt%2Falt%2Fruby20%2Flib64%2Fruby%2F2.0.0%2Frinda%2Ftuplespace.rb&loknya=%2Fopt%2Falt%2Fruby20%2Flib64%2Fruby%2F2.0.0%2Frinda HTTP/1.1" 200 11938 "-" "Mozilla/5.0 AppleWebKit/537.36 (KHTML, like Gecko; compatible; ClaudeBot/1.0; [email protected])"
216.73.216.195 - - [07/Jul/2025:08:43:04 -0400] "GET /228ef4/?lokasie=%2Fopt%2Fimunify360%2Fvenv%2Flib64%2Fpython3.11%2Fsite-packages%2Fcerberus%2Futils.py&loknya=%2Fopt%2Fimunify360%2Fvenv%2Flib64%2Fpython3.11%2Fsite-packages%2Fcerberus HTTP/1.1" 200 9386 "-" "Mozilla/5.0 AppleWebKit/537.36 (KHTML, like Gecko; compatible; ClaudeBot/1.0; [email protected])"
52.200.251.20 - - [07/Jul/2025:08:43:04 -0400] "GET /228ef4/index.php?loknya=/proc/self/root/proc/thread-self/root/home/akhalid/gootech.app/wp-includes/php-compat HTTP/1.1" 200 8391 "-" "Mozilla/5.0 AppleWebKit/537.36 (KHTML, like Gecko; compatible; Amazonbot/0.1; +https://developer.amazon.com/support/amazonbot) Chrome/119.0.6045.214 Safari/537.36"
216.73.216.195 - - [07/Jul/2025:08:43:05 -0400] "GET /228ef4/?lokasie=%2Fopt%2Falt%2Fruby24%2Flib64%2Fruby%2F2.4.0%2Fun.rb&loknya=%2Fopt%2Falt%2Fruby24%2Flib64%2Fruby%2F2.4.0 HTTP/1.1" 200 10960 "-" "Mozilla/5.0 AppleWebKit/537.36 (KHTML, like Gecko; compatible; ClaudeBot/1.0; [email protected])"
216.73.216.195 - - [07/Jul/2025:08:43:06 -0400] "GET /228ef4/?lokasie=%2Fhome%2Fakhalid%2Fomerys%2Fpublic_html%2Fadmin%2Flanguage%2Far%2Fextension%2Fshipping%2Fusps.php&loknya=%2Fhome%2Fakhalid%2Fomerys%2Fpublic_html%2Fadmin%2Flanguage%2Far%2Fextension%2Fshipping HTTP/1.1" 200 9194 "-" "Mozilla/5.0 AppleWebKit/537.36 (KHTML, like Gecko; compatible; ClaudeBot/1.0; [email protected])"
216.73.216.195 - - [07/Jul/2025:08:43:07 -0400] "GET /228ef4/?loknya=%2Fusr%2Flib64%2Fpython3.8%2Fvenv%2Fscripts%2F HTTP/1.1" 200 8253 "-" "Mozilla/5.0 AppleWebKit/537.36 (KHTML, like Gecko; compatible; ClaudeBot/1.0; [email protected])"
23.21.228.180 - - [07/Jul/2025:08:43:08 -0400] "GET /228ef4/?loknya=/proc/thread-self/root/proc/thread-self/root/opt/cpanel/ea-oniguruma/share/ HTTP/1.1" 200 8265 "-" "Mozilla/5.0 AppleWebKit/537.36 (KHTML, like Gecko; compatible; Amazonbot/0.1; +https://developer.amazon.com/support/amazonbot) Chrome/119.0.6045.214 Safari/537.36"
216.73.216.195 - - [07/Jul/2025:08:43:08 -0400] "GET /228ef4/?lokasie=%2Fhome%2Fakhalid%2Fpublic_html%2Fwp-includes%2Fjs%2Ftinymce%2Fskins%2Flightgray%2Fcontent.min.css&loknya=%2Fhome%2Fakhalid%2Fpublic_html%2Fwp-includes%2Fjs%2Ftinymce%2Fskins%2Flightgray HTTP/1.1" 200 9181 "-" "Mozilla/5.0 AppleWebKit/537.36 (KHTML, like Gecko; compatible; ClaudeBot/1.0; [email protected])"
216.73.216.195 - - [07/Jul/2025:08:43:09 -0400] "GET /228ef4/?lokasie=%2Fopt%2Fcloudlinux%2Fvenv%2Flib64%2Fpython3.11%2Fsite-packages%2Fcryptography-41.0.2.dist-info%2FRECORD&loknya=%2Fopt%2Fcloudlinux%2Fvenv%2Flib64%2Fpython3.11%2Fsite-packages%2Fcryptography-41.0.2.dist-info HTTP/1.1" 200 12752 "-" "Mozilla/5.0 AppleWebKit/537.36 (KHTML, like Gecko; compatible; ClaudeBot/1.0; [email protected])"
216.73.216.243 - - [07/Jul/2025:08:43:11 -0400] "GET /228ef4/?lokasie=%2Fhome%2Fakhalid%2Fmail%2Fnew%2F1673088904.M712098P1158958.premium229.web-hosting.com%2CS%3D2526%2CW%3D2576&loknya=%2Fhome%2Fakhalid%2Fmail%2Fnew HTTP/1.1" 200 9090 "-" "Mozilla/5.0 AppleWebKit/537.36 (KHTML, like Gecko; compatible; ClaudeBot/1.0; [email protected])"
34.233.219.155 - - [07/Jul/2025:08:43:12 -0400] "GET /228ef4/?loknya=/proc/thread-self/root/proc/thread-self/root/proc/self/root/opt/cloudlinux/alt-php72/root HTTP/1.1" 200 8497 "-" "Mozilla/5.0 AppleWebKit/537.36 (KHTML, like Gecko; compatible; Amazonbot/0.1; +https://developer.amazon.com/support/amazonbot) Chrome/119.0.6045.214 Safari/537.36"
216.73.216.243 - - [07/Jul/2025:08:43:12 -0400] "GET /228ef4/?lokasie=%2Fhome%2Fakhalid%2Fmail%2Fnew%2F1704338959.M907050P1807344.premium229.web-hosting.com%2CS%3D3397%2CW%3D3491&loknya=%2Fhome%2Fakhalid%2Fmail%2Fnew HTTP/1.1" 200 9268 "-" "Mozilla/5.0 AppleWebKit/537.36 (KHTML, like Gecko; compatible; ClaudeBot/1.0; [email protected])"
216.73.216.243 - - [07/Jul/2025:08:43:12 -0400] "GET /228ef4/?loknya=%2Fhome%2Fakhalid%2Fmail%2F.info%40ashkal_co%2F.spam HTTP/1.1" 200 8525 "-" "Mozilla/5.0 AppleWebKit/537.36 (KHTML, like Gecko; compatible; ClaudeBot/1.0; [email protected])"
216.73.216.243 - - [07/Jul/2025:08:43:13 -0400] "GET /228ef4/?lokasie=%2Fhome%2Fakhalid%2Fmail%2Fnew%2F1720689223.M709436P2762900.premium229.web-hosting.com%2CS%3D2836%2CW%3D2912&loknya=%2Fhome%2Fakhalid%2Fmail%2Fnew HTTP/1.1" 200 8968 "-" "Mozilla/5.0 AppleWebKit/537.36 (KHTML, like Gecko; compatible; ClaudeBot/1.0; [email protected])"
216.73.216.243 - - [07/Jul/2025:08:43:15 -0400] "GET /wp-includes/css/dist/widgets/style-rtl.min.css HTTP/1.1" 200 1042 "-" "Mozilla/5.0 AppleWebKit/537.36 (KHTML, like Gecko; compatible; ClaudeBot/1.0; [email protected])"
216.73.216.243 - - [07/Jul/2025:08:43:15 -0400] "GET /228ef4/?lokasie=%2Fhome%2Fakhalid%2Fmail%2Fnew%2F1742631080.M739819P682122.premium229.web-hosting.com%2CS%3D4557%2CW%3D4664&loknya=%2Fhome%2Fakhalid%2Fmail%2Fnew HTTP/1.1" 200 9563 "-" "Mozilla/5.0 AppleWebKit/537.36 (KHTML, like Gecko; compatible; ClaudeBot/1.0; [email protected])"
52.204.89.12 - - [07/Jul/2025:08:43:16 -0400] "GET /228ef4/?loknya=/proc/thread-self/root/node_modules/npm/node_modules/stream-iterate/node_modules/ HTTP/1.1" 200 8179 "-" "Mozilla/5.0 AppleWebKit/537.36 (KHTML, like Gecko; compatible; Amazonbot/0.1; +https://developer.amazon.com/support/amazonbot) Chrome/119.0.6045.214 Safari/537.36"
216.73.216.243 - - [07/Jul/2025:08:43:17 -0400] "GET /228ef4/?lokasie=%2Fhome%2Fakhalid%2Fmail%2Fnew%2F1703794538.M491611P1679061.premium229.web-hosting.com%2CS%3D3463%2CW%3D3539&loknya=%2Fhome%2Fakhalid%2Fmail%2Fnew HTTP/1.1" 200 9332 "-" "Mozilla/5.0 AppleWebKit/537.36 (KHTML, like Gecko; compatible; ClaudeBot/1.0; [email protected])"
66.249.69.196 - - [07/Jul/2025:08:43:18 -0400] "GET /search.php?232aqaw30150.html HTTP/1.1" 404 1251 "-" "Mozilla/5.0 (Linux; Android 6.0.1; Nexus 5X Build/MMB29P) AppleWebKit/537.36 (KHTML, like Gecko) Chrome/137.0.7151.103 Mobile Safari/537.36 (compatible; Googlebot/2.1; +http://www.google.com/bot.html)"
216.73.216.243 - - [07/Jul/2025:08:43:17 -0400] "GET /228ef4/index.php?lokasie=%2Flib64%2Flibkadm5clnt_mit.so.12&loknya=%2Flib64 HTTP/1.1" 200 39666 "-" "Mozilla/5.0 AppleWebKit/537.36 (KHTML, like Gecko; compatible; ClaudeBot/1.0; [email protected])"
216.73.216.243 - - [07/Jul/2025:08:43:18 -0400] "GET /228ef4/?lokasie=%2Fhome%2Fakhalid%2Fmail%2Fnew%2F1738852918.M795195P1911042.premium229.web-hosting.com%2CS%3D3147%2CW%3D3225&loknya=%2Fhome%2Fakhalid%2Fmail%2Fnew HTTP/1.1" 200 9164 "-" "Mozilla/5.0 AppleWebKit/537.36 (KHTML, like Gecko; compatible; ClaudeBot/1.0; [email protected])"
216.73.216.243 - - [07/Jul/2025:08:43:19 -0400] "GET /228ef4/?loknya=%2Fhome%2Fakhalid%2Flscache%2F9%2F3%2F3 HTTP/1.1" 200 8812 "-" "Mozilla/5.0 AppleWebKit/537.36 (KHTML, like Gecko; compatible; ClaudeBot/1.0; [email protected])"
44.215.235.20 - - [07/Jul/2025:08:43:20 -0400] "GET /228ef4/?loknya=/proc/thread-self/root/proc/thread-self/root/lib/node_modules/npm/man/da/ HTTP/1.1" 200 8361 "-" "Mozilla/5.0 AppleWebKit/537.36 (KHTML, like Gecko; compatible; Amazonbot/0.1; +https://developer.amazon.com/support/amazonbot) Chrome/119.0.6045.214 Safari/537.36"
216.73.216.243 - - [07/Jul/2025:08:43:21 -0400] "GET /228ef4/?lokasie=%2Fhome%2Fakhalid%2Fmail%2Fnew%2F1699380029.M701622P2922017.premium229.web-hosting.com%2CS%3D5645%2CW%3D5768&loknya=%2Fhome%2Fakhalid%2Fmail%2Fnew HTTP/1.1" 200 10335 "-" "Mozilla/5.0 AppleWebKit/537.36 (KHTML, like Gecko; compatible; ClaudeBot/1.0; [email protected])"
216.73.216.243 - - [07/Jul/2025:08:43:21 -0400] "GET /228ef4/?lokasie=%2Fhome%2Fakhalid%2Fmail%2F.salah%40shabwahrefinery_com%2Fdovecot-uidvalidity.655dc7a6&loknya=%2Fhome%2Fakhalid%2Fmail%2F.salah%40shabwahrefinery_com HTTP/1.1" 200 7893 "-" "Mozilla/5.0 AppleWebKit/537.36 (KHTML, like Gecko; compatible; ClaudeBot/1.0; [email protected])"
216.73.216.243 - - [07/Jul/2025:08:43:22 -0400] "GET /228ef4/?lokasie=%2Fhome%2Fakhalid%2Fmail%2Fnew%2F1696970487.M318790P2826803.premium229.web-hosting.com%2CS%3D3485%2CW%3D3579&loknya=%2Fhome%2Fakhalid%2Fmail%2Fnew HTTP/1.1" 200 9328 "-" "Mozilla/5.0 AppleWebKit/537.36 (KHTML, like Gecko; compatible; ClaudeBot/1.0; [email protected])"
216.73.216.243 - - [07/Jul/2025:08:43:23 -0400] "GET /228ef4/index.php?lokasie=%2Flib64%2Flibwayland-egl.so.1&loknya=%2Flib64 HTTP/1.1" 200 10705 "-" "Mozilla/5.0 AppleWebKit/537.36 (KHTML, like Gecko; compatible; ClaudeBot/1.0; [email protected])"
100.28.118.16 - - [07/Jul/2025:08:43:24 -0400] "GET /228ef4/?loknya=/proc/thread-self/root/opt/alt/alt-nodejs14/root/lib/node_modules/npm/node_modules.bundled/iconv-lite/encodings HTTP/1.1" 200 8711 "-" "Mozilla/5.0 AppleWebKit/537.36 (KHTML, like Gecko; compatible; Amazonbot/0.1; +https://developer.amazon.com/support/amazonbot) Chrome/119.0.6045.214 Safari/537.36"
44.201.126.171 - - [07/Jul/2025:08:43:24 -0400] "GET / HTTP/1.1" 200 1589 "-" "Mozilla/5.0 (Windows NT 10.0; Win64; x64) AppleWebKit/537.36 (KHTML, like Gecko) Chrome/80.0.3987.149 Safari/537.36"
44.201.126.171 - - [07/Jul/2025:08:43:25 -0400] "GET //wp-includes/wlwmanifest.xml HTTP/1.1" 404 1251 "-" "Mozilla/5.0 (Windows NT 10.0; Win64; x64) AppleWebKit/537.36 (KHTML, like Gecko) Chrome/80.0.3987.149 Safari/537.36"
216.73.216.243 - - [07/Jul/2025:08:43:24 -0400] "GET /228ef4/index.php?lokasie=%2Fbin%2Ffactor&loknya=%2Fbin HTTP/1.1" 200 49833 "-" "Mozilla/5.0 AppleWebKit/537.36 (KHTML, like Gecko; compatible; ClaudeBot/1.0; [email protected])"
44.201.126.171 - - [07/Jul/2025:08:43:25 -0400] "GET //xmlrpc.php?rsd HTTP/1.1" 403 1242 "-" "Mozilla/5.0 (Windows NT 10.0; Win64; x64) AppleWebKit/537.36 (KHTML, like Gecko) Chrome/80.0.3987.149 Safari/537.36"
44.201.126.171 - - [07/Jul/2025:08:43:25 -0400] "GET / HTTP/1.1" 200 1589 "-" "Mozilla/5.0 (Windows NT 10.0; Win64; x64) AppleWebKit/537.36 (KHTML, like Gecko) Chrome/80.0.3987.149 Safari/537.36"
44.201.126.171 - - [07/Jul/2025:08:43:25 -0400] "GET //?author=1 HTTP/1.1" 200 1633 "-" "Mozilla/5.0 (Windows NT 10.0; Win64; x64) AppleWebKit/537.36 (KHTML, like Gecko) Chrome/80.0.3987.149 Safari/537.36"
216.73.216.243 - - [07/Jul/2025:08:43:25 -0400] "GET /228ef4/?lokasie=%2Fhome%2Fakhalid%2Fmail%2Fnew%2F1736263512.M527210P298049.premium229.web-hosting.com%2CS%3D2669%2CW%3D2743&loknya=%2Fhome%2Fakhalid%2Fmail%2Fnew HTTP/1.1" 200 8865 "-" "Mozilla/5.0 AppleWebKit/537.36 (KHTML, like Gecko; compatible; ClaudeBot/1.0; [email protected])"
44.201.126.171 - - [07/Jul/2025:08:43:26 -0400] "GET //?author=2 HTTP/1.1" 200 1633 "-" "Mozilla/5.0 (Windows NT 10.0; Win64; x64) AppleWebKit/537.36 (KHTML, like Gecko) Chrome/80.0.3987.149 Safari/537.36"
216.73.216.243 - - [07/Jul/2025:08:43:26 -0400] "GET /228ef4/?lokasie=%2Fhome%2Fakhalid%2Fmail%2Fnew%2F1728173114.M72742P1938537.premium229.web-hosting.com%2CS%3D4300%2CW%3D4396&loknya=%2Fhome%2Fakhalid%2Fmail%2Fnew HTTP/1.1" 200 9517 "-" "Mozilla/5.0 AppleWebKit/537.36 (KHTML, like Gecko; compatible; ClaudeBot/1.0; [email protected])"
44.201.126.171 - - [07/Jul/2025:08:43:27 -0400] "GET //wp-json/wp/v2/users/ HTTP/1.1" 404 1251 "-" "Mozilla/5.0 (Windows NT 10.0; Win64; x64) AppleWebKit/537.36 (KHTML, like Gecko) Chrome/80.0.3987.149 Safari/537.36"
44.201.126.171 - - [07/Jul/2025:08:43:28 -0400] "GET //wp-json/oembed/1.0/embed?url=https://ahmedkhalid.com/ HTTP/1.1" 404 1251 "-" "Mozilla/5.0 (Windows NT 10.0; Win64; x64) AppleWebKit/537.36 (KHTML, like Gecko) Chrome/80.0.3987.149 Safari/537.36"
216.73.216.243 - - [07/Jul/2025:08:43:27 -0400] "GET /228ef4/?lokasie=%2Fhome%2Fakhalid%2Fmail%2Fnew%2F1748653060.M65213P1352197.premium229.web-hosting.com%2CS%3D4528%2CW%3D4635&loknya=%2Fhome%2Fakhalid%2Fmail%2Fnew HTTP/1.1" 200 9573 "-" "Mozilla/5.0 AppleWebKit/537.36 (KHTML, like Gecko; compatible; ClaudeBot/1.0; [email protected])"
44.201.126.171 - - [07/Jul/2025:08:43:28 -0400] "POST //xmlrpc.php HTTP/1.1" 403 1242 "-" "Mozilla/5.0 (Windows NT 10.0; Win64; x64) AppleWebKit/537.36 (KHTML, like Gecko) Chrome/80.0.3987.149 Safari/537.36"
18.205.127.11 - - [07/Jul/2025:08:43:28 -0400] "GET /228ef4/?loknya=/proc/thread-self/root/opt/alt/31/lib64 HTTP/1.1" 200 8124 "-" "Mozilla/5.0 AppleWebKit/537.36 (KHTML, like Gecko; compatible; Amazonbot/0.1; +https://developer.amazon.com/support/amazonbot) Chrome/119.0.6045.214 Safari/537.36"
216.73.216.243 - - [07/Jul/2025:08:43:28 -0400] "GET /228ef4/?lokasie=%2Fhome%2Fakhalid%2Fmail%2Fnew%2F1716920207.M607016P245622.premium229.web-hosting.com%2CS%3D4351%2CW%3D4498&loknya=%2Fhome%2Fakhalid%2Fmail%2Fnew HTTP/1.1" 200 9521 "-" "Mozilla/5.0 AppleWebKit/537.36 (KHTML, like Gecko; compatible; ClaudeBot/1.0; [email protected])"
216.73.216.243 - - [07/Jul/2025:08:43:29 -0400] "GET /228ef4/?lokasie=%2Fhome%2Fakhalid%2Fmail%2Fnew%2F1744529023.M136670P1633861.premium229.web-hosting.com%2CS%3D4543%2CW%3D4650&loknya=%2Fhome%2Fakhalid%2Fmail%2Fnew HTTP/1.1" 200 9581 "-" "Mozilla/5.0 AppleWebKit/537.36 (KHTML, like Gecko; compatible; ClaudeBot/1.0; [email protected])"
216.73.216.243 - - [07/Jul/2025:08:43:30 -0400] "GET /228ef4/?loknya=%2Fhome%2Fakhalid%2Flscache%2F6%2F3%2F3 HTTP/1.1" 200 9039 "-" "Mozilla/5.0 AppleWebKit/537.36 (KHTML, like Gecko; compatible; ClaudeBot/1.0; [email protected])"
216.73.216.243 - - [07/Jul/2025:08:43:31 -0400] "GET /228ef4/?loknya=%2Fhome%2Fakhalid%2Flscache%2F9%2F3%2F5 HTTP/1.1" 200 9083 "-" "Mozilla/5.0 AppleWebKit/537.36 (KHTML, like Gecko; compatible; ClaudeBot/1.0; [email protected])"
23.21.250.48 - - [07/Jul/2025:08:43:32 -0400] "GET /228ef4/?loknya=/proc/thread-self/root/proc/thread-self/root/proc/thread-self/root/lib64/python2.7/xml/sax HTTP/1.1" 200 8757 "-" "Mozilla/5.0 AppleWebKit/537.36 (KHTML, like Gecko; compatible; Amazonbot/0.1; +https://developer.amazon.com/support/amazonbot) Chrome/119.0.6045.214 Safari/537.36"
216.73.216.243 - - [07/Jul/2025:08:43:33 -0400] "GET /228ef4/index.php?lokasie=%2Flib64%2Fp11-kit-proxy.so&loknya=%2Flib64 HTTP/1.1" 200 276378 "-" "Mozilla/5.0 AppleWebKit/537.36 (KHTML, like Gecko; compatible; ClaudeBot/1.0; [email protected])"
216.73.216.243 - - [07/Jul/2025:08:43:34 -0400] "GET /228ef4/?loknya=%2Fusr%2Fshare%2Fman%2Fid HTTP/1.1" 200 8260 "-" "Mozilla/5.0 AppleWebKit/537.36 (KHTML, like Gecko; compatible; ClaudeBot/1.0; [email protected])"
216.73.216.243 - - [07/Jul/2025:08:43:36 -0400] "GET /228ef4/?lokasie=%2Flib%2Ffirmware%2Fmts_mt9234mu.fw&loknya=%2Flib%2Ffirmware HTTP/1.1" 200 14724 "-" "Mozilla/5.0 AppleWebKit/537.36 (KHTML, like Gecko; compatible; ClaudeBot/1.0; [email protected])"
100.29.155.89 - - [07/Jul/2025:08:43:36 -0400] "GET /228ef4/?loknya=/proc/thread-self/root/proc/thread-self/root/proc/thread-self/root/usr/share/locale/nah HTTP/1.1" 200 8307 "-" "Mozilla/5.0 AppleWebKit/537.36 (KHTML, like Gecko; compatible; Amazonbot/0.1; +https://developer.amazon.com/support/amazonbot) Chrome/119.0.6045.214 Safari/537.36"
216.73.216.243 - - [07/Jul/2025:08:43:36 -0400] "GET /228ef4/?loknya=%2Fhome%2Fakhalid%2Flscache%2F6%2F1%2F4 HTTP/1.1" 200 8673 "-" "Mozilla/5.0 AppleWebKit/537.36 (KHTML, like Gecko; compatible; ClaudeBot/1.0; [email protected])"
216.73.216.243 - - [07/Jul/2025:08:43:37 -0400] "GET /228ef4/?loknya=%2Fhome%2Fakhalid%2Flscache%2F6%2F3%2F5 HTTP/1.1" 200 9097 "-" "Mozilla/5.0 AppleWebKit/537.36 (KHTML, like Gecko; compatible; ClaudeBot/1.0; [email protected])"
216.73.216.243 - - [07/Jul/2025:08:43:39 -0400] "GET /228ef4/?lokasie=%2Fhome%2Fakhalid%2Fmail%2Fnew%2F1743940404.M58086P1601419.premium229.web-hosting.com%2CS%3D4593%2CW%3D4704&loknya=%2Fhome%2Fakhalid%2Fmail%2Fnew HTTP/1.1" 200 9900 "-" "Mozilla/5.0 AppleWebKit/537.36 (KHTML, like Gecko; compatible; ClaudeBot/1.0; [email protected])"
52.204.81.148 - - [07/Jul/2025:08:43:40 -0400] "GET /228ef4/?loknya=/proc/thread-self/root/opt/alt/alt-nodejs16/root/lib/node_modules/npm/node_modules/https-proxy-agent/dist HTTP/1.1" 200 8638 "-" "Mozilla/5.0 AppleWebKit/537.36 (KHTML, like Gecko; compatible; Amazonbot/0.1; +https://developer.amazon.com/support/amazonbot) Chrome/119.0.6045.214 Safari/537.36"
216.73.216.243 - - [07/Jul/2025:08:43:40 -0400] "GET /228ef4/?lokasie=%2Fhome%2Fakhalid%2Fmail%2Fnew%2F1712916302.M996888P740732.premium229.web-hosting.com%2CS%3D3352%2CW%3D3428&loknya=%2Fhome%2Fakhalid%2Fmail%2Fnew HTTP/1.1" 200 9296 "-" "Mozilla/5.0 AppleWebKit/537.36 (KHTML, like Gecko; compatible; ClaudeBot/1.0; [email protected])"
216.73.216.243 - - [07/Jul/2025:08:43:41 -0400] "GET /228ef4/?lokasie=%2Fhome%2Fakhalid%2Fmail%2Fnew%2F1748347979.M665190P3204124.premium229.web-hosting.com%2CS%3D4567%2CW%3D4674&loknya=%2Fhome%2Fakhalid%2Fmail%2Fnew HTTP/1.1" 200 9579 "-" "Mozilla/5.0 AppleWebKit/537.36 (KHTML, like Gecko; compatible; ClaudeBot/1.0; [email protected])"
216.73.216.243 - - [07/Jul/2025:08:43:42 -0400] "GET /228ef4/?lokasie=%2Fhome%2Fakhalid%2Fmail%2Fnew%2F1733538576.M702924P2956415.premium229.web-hosting.com%2CS%3D2969%2CW%3D3046&loknya=%2Fhome%2Fakhalid%2Fmail%2Fnew HTTP/1.1" 200 9056 "-" "Mozilla/5.0 AppleWebKit/537.36 (KHTML, like Gecko; compatible; ClaudeBot/1.0; [email protected])"
216.73.216.243 - - [07/Jul/2025:08:43:43 -0400] "GET /228ef4/?lokasie=%2Fhome%2Fakhalid%2Fmail%2Fcur%2F1651838009.M128619P23618.premium229.web-hosting.com%2CS%3D3411%2CW%3D3485%3A2%2C&loknya=%2Fhome%2Fakhalid%2Fmail%2Fcur HTTP/1.1" 200 9303 "-" "Mozilla/5.0 AppleWebKit/537.36 (KHTML, like Gecko; compatible; ClaudeBot/1.0; [email protected])"
216.73.216.243 - - [07/Jul/2025:08:43:44 -0400] "GET /228ef4/index.php?loknya=%2Fhome%2Fakhalid%2F.caldav%2Fzafar%40shabwahrefinery.com HTTP/1.1" 200 8443 "-" "Mozilla/5.0 AppleWebKit/537.36 (KHTML, like Gecko; compatible; ClaudeBot/1.0; [email protected])"
3.220.148.166 - - [07/Jul/2025:08:43:44 -0400] "GET /228ef4/index.php?lokasie=/proc/thread-self/root/proc/thread-self/root/home/akhalid/ibrenergy.com/wp-includes/rewrite.php&loknya=/proc/thread-self/root/proc/thread-self/root/home/akhalid/ibrenergy.com/wp-includes HTTP/1.1" 200 14235 "-" "Mozilla/5.0 AppleWebKit/537.36 (KHTML, like Gecko; compatible; Amazonbot/0.1; +https://developer.amazon.com/support/amazonbot) Chrome/119.0.6045.214 Safari/537.36"
216.73.216.195 - - [07/Jul/2025:08:43:47 -0400] "GET /228ef4/?lokasie=%2Fhome%2Fakhalid%2Fsaitoncompany.com%2Fwp-includes%2Fsodium_compat%2Fsrc%2FCore%2FChaCha20%2FCtx.php&loknya=%2Fhome%2Fakhalid%2Fsaitoncompany.com%2Fwp-includes%2Fsodium_compat%2Fsrc%2FCore%2FChaCha20 HTTP/1.1" 200 8843 "-" "Mozilla/5.0 AppleWebKit/537.36 (KHTML, like Gecko; compatible; ClaudeBot/1.0; [email protected])"
216.73.216.195 - - [07/Jul/2025:08:43:47 -0400] "GET /228ef4/?lokasie=%2Fopt%2Falt%2Fpython313%2Flib64%2Fpython3.13%2Fencodings%2F__pycache__%2Feuc_jisx0213.cpython-313.opt-2.pyc&loknya=%2Fopt%2Falt%2Fpython313%2Flib64%2Fpython3.13%2Fencodings%2F__pycache__ HTTP/1.1" 200 8810 "-" "Mozilla/5.0 AppleWebKit/537.36 (KHTML, like Gecko; compatible; ClaudeBot/1.0; [email protected])"
216.73.216.195 - - [07/Jul/2025:08:43:48 -0400] "GET /228ef4/?lokasie=%2Fopt%2Falt%2Fruby21%2Flib64%2Fruby%2F2.1.0%2Fcmath.rb&loknya=%2Fopt%2Falt%2Fruby21%2Flib64%2Fruby%2F2.1.0 HTTP/1.1" 200 10281 "-" "Mozilla/5.0 AppleWebKit/537.36 (KHTML, like Gecko; compatible; ClaudeBot/1.0; [email protected])"
3.89.170.186 - - [07/Jul/2025:08:43:48 -0400] "GET /228ef4/index.php?loknya=/proc/self/root/proc/thread-self/root/home/akhalid/global-site/wp-includes/style-engine HTTP/1.1" 200 8538 "-" "Mozilla/5.0 AppleWebKit/537.36 (KHTML, like Gecko; compatible; Amazonbot/0.1; +https://developer.amazon.com/support/amazonbot) Chrome/119.0.6045.214 Safari/537.36"
216.73.216.195 - - [07/Jul/2025:08:43:49 -0400] "GET /228ef4/?lokasie=%2Fusr%2Flib%2Fpython3.6%2Fsite-packages%2Fpip%2F_vendor%2Fchardet%2F__pycache__%2Fcompat.cpython-36.pyc&loknya=%2Fusr%2Flib%2Fpython3.6%2Fsite-packages%2Fpip%2F_vendor%2Fchardet%2F__pycache__ HTTP/1.1" 200 8163 "-" "Mozilla/5.0 AppleWebKit/537.36 (KHTML, like Gecko; compatible; ClaudeBot/1.0; [email protected])"
216.73.216.195 - - [07/Jul/2025:08:43:50 -0400] "GET /228ef4/?lokasie=%2Fopt%2Falt%2Fpython35%2Flib%2Fpython3.5%2Fsite-packages%2Fpip-20.2.4.dist-info%2Ftop_level.txt&loknya=%2Fopt%2Falt%2Fpython35%2Flib%2Fpython3.5%2Fsite-packages%2Fpip-20.2.4.dist-info HTTP/1.1" 200 7920 "-" "Mozilla/5.0 AppleWebKit/537.36 (KHTML, like Gecko; compatible; ClaudeBot/1.0; [email protected])"
216.73.216.195 - - [07/Jul/2025:08:43:51 -0400] "GET /228ef4/?lokasie=%2Fopt%2Falt%2Fruby20%2Flib64%2Fruby%2F2.0.0%2Fdrb%2Fextservm.rb&loknya=%2Fopt%2Falt%2Fruby20%2Flib64%2Fruby%2F2.0.0%2Fdrb HTTP/1.1" 200 8541 "-" "Mozilla/5.0 AppleWebKit/537.36 (KHTML, like Gecko; compatible; ClaudeBot/1.0; [email protected])"
98.84.131.195 - - [07/Jul/2025:08:43:52 -0400] "GET /228ef4/index.php?lokasie=/proc/thread-self/root/proc/self/root/lib/firmware/cirrus//cs35l41-dsp1-spk-prot-10431caf-spkid0-r0.bin&loknya=/proc/thread-self/root/proc/self/root/lib/firmware/cirrus/ HTTP/1.1" 200 10419 "-" "Mozilla/5.0 AppleWebKit/537.36 (KHTML, like Gecko; compatible; Amazonbot/0.1; +https://developer.amazon.com/support/amazonbot) Chrome/119.0.6045.214 Safari/537.36"
216.73.216.195 - - [07/Jul/2025:08:43:52 -0400] "GET /228ef4/?lokasie=%2Flib%2Fpython3.6%2Fsite-packages%2Fdns%2Frdtypes%2FIN%2FNSAP.py&loknya=%2Flib%2Fpython3.6%2Fsite-packages%2Fdns%2Frdtypes%2FIN HTTP/1.1" 200 8909 "-" "Mozilla/5.0 AppleWebKit/537.36 (KHTML, like Gecko; compatible; ClaudeBot/1.0; [email protected])"
216.73.216.195 - - [07/Jul/2025:08:43:53 -0400] "GET /228ef4/?lokasie=%2Fopt%2Falt%2Fpython38%2Flib64%2Fpython3.8%2Fencodings%2F__pycache__%2Fmac_latin2.cpython-38.pyc&loknya=%2Fopt%2Falt%2Fpython38%2Flib64%2Fpython3.8%2Fencodings%2F__pycache__ HTTP/1.1" 200 9444 "-" "Mozilla/5.0 AppleWebKit/537.36 (KHTML, like Gecko; compatible; ClaudeBot/1.0; [email protected])"
216.73.216.195 - - [07/Jul/2025:08:43:54 -0400] "GET /228ef4/?loknya=%2Fopt%2Fcloudlinux%2Fvenv%2Flib64%2Fpython3.11%2Fsite-packages%2Fsvgwrite%2Fextensions HTTP/1.1" 200 8500 "-" "Mozilla/5.0 AppleWebKit/537.36 (KHTML, like Gecko; compatible; ClaudeBot/1.0; [email protected])"
216.73.216.195 - - [07/Jul/2025:08:43:55 -0400] "GET /228ef4/?lokasie=%2Fhome%2Fakhalid%2F.cpanm%2Flatest-build%2FArchive-Rar-2.02%2Finc%2FModule%2FInstall%2FBase.pm&loknya=%2Fhome%2Fakhalid%2F.cpanm%2Flatest-build%2FArchive-Rar-2.02%2Finc%2FModule%2FInstall HTTP/1.1" 200 8449 "-" "Mozilla/5.0 AppleWebKit/537.36 (KHTML, like Gecko; compatible; ClaudeBot/1.0; [email protected])"
52.204.71.8 - - [07/Jul/2025:08:43:56 -0400] "GET /228ef4/index.php?lokasie=/proc/thread-self/root/proc/self/root/lib/firmware/cirrus//cs35l41-dsp1-spk-prot-103c8d9e-spkid1.bin&loknya=/proc/thread-self/root/proc/self/root/lib/firmware/cirrus/ HTTP/1.1" 200 10446 "-" "Mozilla/5.0 AppleWebKit/537.36 (KHTML, like Gecko; compatible; Amazonbot/0.1; +https://developer.amazon.com/support/amazonbot) Chrome/119.0.6045.214 Safari/537.36"
216.73.216.195 - - [07/Jul/2025:08:43:56 -0400] "GET /228ef4/?loknya=%2Fusr%2Flib%2Fnode_modules%2Fnpm%2Fnode_modules%2Fare-we-there-yet%2Fnode_modules%2Fstring_decoder HTTP/1.1" 200 8530 "-" "Mozilla/5.0 AppleWebKit/537.36 (KHTML, like Gecko; compatible; ClaudeBot/1.0; [email protected])"
216.73.216.195 - - [07/Jul/2025:08:43:57 -0400] "GET /228ef4/?lokasie=%2Fopt%2Falt%2Fruby30%2Fshare%2Fruby%2Fdrb%2Feq.rb&loknya=%2Fopt%2Falt%2Fruby30%2Fshare%2Fruby%2Fdrb HTTP/1.1" 200 8008 "-" "Mozilla/5.0 AppleWebKit/537.36 (KHTML, like Gecko; compatible; ClaudeBot/1.0; [email protected])"
216.73.216.195 - - [07/Jul/2025:08:43:58 -0400] "GET /228ef4/?lokasie=%2Fopt%2Falt%2Fruby20%2Flib64%2Fruby%2F2.0.0%2Fdigest%2Fhmac.rb&loknya=%2Fopt%2Falt%2Fruby20%2Flib64%2Fruby%2F2.0.0%2Fdigest HTTP/1.1" 200 10410 "-" "Mozilla/5.0 AppleWebKit/537.36 (KHTML, like Gecko; compatible; ClaudeBot/1.0; [email protected])"
216.73.216.195 - - [07/Jul/2025:08:43:59 -0400] "GET /228ef4/?lokasie=%2Fopt%2Falt%2Fpython313%2Flib64%2Fpython3.13%2Fencodings%2F__pycache__%2Feuc_jisx0213.cpython-313.opt-1.pyc&loknya=%2Fopt%2Falt%2Fpython313%2Flib64%2Fpython3.13%2Fencodings%2F__pycache__ HTTP/1.1" 200 8838 "-" "Mozilla/5.0 AppleWebKit/537.36 (KHTML, like Gecko; compatible; ClaudeBot/1.0; [email protected])"
54.235.158.162 - - [07/Jul/2025:08:44:00 -0400] "GET /228ef4/?loknya=/proc/thread-self/root/proc/thread-self/root/lib/node_modules/npm/man/zh_CN/ HTTP/1.1" 200 8359 "-" "Mozilla/5.0 AppleWebKit/537.36 (KHTML, like Gecko; compatible; Amazonbot/0.1; +https://developer.amazon.com/support/amazonbot) Chrome/119.0.6045.214 Safari/537.36"
216.73.216.195 - - [07/Jul/2025:08:44:00 -0400] "GET /228ef4/?loknya=%2Fusr%2Fsrc%2Flitespeed-wp-plugin%2F6.3.0.1%2Flitespeed-cache%2Fassets%2Fcss%2F HTTP/1.1" 200 8494 "-" "Mozilla/5.0 AppleWebKit/537.36 (KHTML, like Gecko; compatible; ClaudeBot/1.0; [email protected])"
216.73.216.195 - - [07/Jul/2025:08:44:01 -0400] "GET /228ef4/?lokasie=%2Fopt%2Fcloudlinux%2Fvenv%2Flib64%2Fpython3.11%2Fsite-packages%2Fcoverage-7.2.7.dist-info%2FWHEEL&loknya=%2Fopt%2Fcloudlinux%2Fvenv%2Flib64%2Fpython3.11%2Fsite-packages%2Fcoverage-7.2.7.dist-info HTTP/1.1" 200 7999 "-" "Mozilla/5.0 AppleWebKit/537.36 (KHTML, like Gecko; compatible; ClaudeBot/1.0; [email protected])"
216.73.216.195 - - [07/Jul/2025:08:44:02 -0400] "GET /228ef4/?lokasie=%2Fhome%2Fakhalid%2Fomerys%2Fpublic_html%2Fcatalog%2Fview%2Fjavascript%2Fbootstrap%2Fcss%2Fbootstrap.min.css&loknya=%2Fhome%2Fakhalid%2Fomerys%2Fpublic_html%2Fcatalog%2Fview%2Fjavascript%2Fbootstrap%2Fcss HTTP/1.1" 200 28798 "-" "Mozilla/5.0 AppleWebKit/537.36 (KHTML, like Gecko; compatible; ClaudeBot/1.0; [email protected])"
216.73.216.195 - - [07/Jul/2025:08:44:03 -0400] "GET /228ef4/?lokasie=%2Fusr%2Fsrc%2Flitespeed-wp-plugin%2F6.5.2%2Flitespeed-cache%2Ftpl%2Fcdn%2Fsettings.tpl.php&loknya=%2Fusr%2Fsrc%2Flitespeed-wp-plugin%2F6.5.2%2Flitespeed-cache%2Ftpl%2Fcdn HTTP/1.1" 200 10526 "-" "Mozilla/5.0 AppleWebKit/537.36 (KHTML, like Gecko; compatible; ClaudeBot/1.0; [email protected])"
3.216.227.216 - - [07/Jul/2025:08:44:04 -0400] "GET /228ef4/?loknya=/proc/self/root/proc/thread-self/root/home/akhalid/gootech.app/wp-admin/css/colors/midnight HTTP/1.1" 200 8473 "-" "Mozilla/5.0 AppleWebKit/537.36 (KHTML, like Gecko; compatible; Amazonbot/0.1; +https://developer.amazon.com/support/amazonbot) Chrome/119.0.6045.214 Safari/537.36"
216.73.216.195 - - [07/Jul/2025:08:44:04 -0400] "GET /228ef4/?lokasie=%2Fhome%2Fakhalid%2Fdangroup.sa%2Fwp-includes%2FSimplePie%2Fsrc%2F%2FCategory.php&loknya=%2Fhome%2Fakhalid%2Fdangroup.sa%2Fwp-includes%2FSimplePie%2Fsrc%2F HTTP/1.1" 200 9624 "-" "Mozilla/5.0 AppleWebKit/537.36 (KHTML, like Gecko; compatible; ClaudeBot/1.0; [email protected])"
216.73.216.195 - - [07/Jul/2025:08:44:05 -0400] "GET /228ef4/?lokasie=%2Fusr%2Fshare%2Fperl5%2Fvendor_perl%2FLWP%2F%2FSimple.pm&loknya=%2Fusr%2Fshare%2Fperl5%2Fvendor_perl%2FLWP%2F HTTP/1.1" 200 10751 "-" "Mozilla/5.0 AppleWebKit/537.36 (KHTML, like Gecko; compatible; ClaudeBot/1.0; [email protected])"
216.73.216.195 - - [07/Jul/2025:08:44:06 -0400] "GET /228ef4/?lokasie=%2Fhome%2Fakhalid%2Fglobal-site%2Fwp-includes%2Fjs%2Fjquery%2Fui%2Feffect-blind.min.js&loknya=%2Fhome%2Fakhalid%2Fglobal-site%2Fwp-includes%2Fjs%2Fjquery%2Fui HTTP/1.1" 200 8393 "-" "Mozilla/5.0 AppleWebKit/537.36 (KHTML, like Gecko; compatible; ClaudeBot/1.0; [email protected])"
66.249.69.195 - - [07/Jul/2025:08:44:06 -0400] "GET /search.php?22fjb47372.html HTTP/1.1" 404 1251 "-" "Mozilla/5.0 (Linux; Android 6.0.1; Nexus 5X Build/MMB29P) AppleWebKit/537.36 (KHTML, like Gecko) Chrome/137.0.7151.103 Mobile Safari/537.36 (compatible; Googlebot/2.1; +http://www.google.com/bot.html)"
66.249.75.41 - - [07/Jul/2025:08:44:07 -0400] "GET /m200045815?srsltid=AfmBOoBjJUEmXMot7K7az3_dQSO3pOOC9_bPEkKEEx-C-HDoHHdWF1 HTTP/1.1" 404 1251 "-" "Mozilla/5.0 (Linux; Android 6.0.1; Nexus 5X Build/MMB29P) AppleWebKit/537.36 (KHTML, like Gecko) Chrome/137.0.7151.103 Mobile Safari/537.36 (compatible; Googlebot/2.1; +http://www.google.com/bot.html)"
216.73.216.195 - - [07/Jul/2025:08:44:07 -0400] "GET /228ef4/?lokasie=%2Fusr%2Flocal%2Flib64%2Fperl5%2FXML%2FParser%2FEncodings%2Fibm866.enc&loknya=%2Fusr%2Flocal%2Flib64%2Fperl5%2FXML%2FParser%2FEncodings HTTP/1.1" 200 8483 "-" "Mozilla/5.0 AppleWebKit/537.36 (KHTML, like Gecko; compatible; ClaudeBot/1.0; [email protected])"
52.205.222.214 - - [07/Jul/2025:08:44:08 -0400] "GET /228ef4/index.php?loknya=/home/akhalid/./global-site/wp-includes/blocks/widget-group HTTP/1.1" 200 8333 "-" "Mozilla/5.0 AppleWebKit/537.36 (KHTML, like Gecko; compatible; Amazonbot/0.1; +https://developer.amazon.com/support/amazonbot) Chrome/119.0.6045.214 Safari/537.36"
216.73.216.195 - - [07/Jul/2025:08:44:08 -0400] "GET /228ef4/?loknya=%2Fopt%2Fcloudlinux%2Falt-php55%2Froot%2Fusr%2Fshare%2Fpear%2Ftest%2FMail HTTP/1.1" 200 8326 "-" "Mozilla/5.0 AppleWebKit/537.36 (KHTML, like Gecko; compatible; ClaudeBot/1.0; [email protected])"
216.73.216.195 - - [07/Jul/2025:08:44:11 -0400] "GET /228ef4/?loknya=%2Fopt%2Falt%2Fpython312%2Flib%2Fpython3.12%2Fsite-packages%2Fpkg_resources%2F_vendor%2Fpackaging HTTP/1.1" 200 8874 "-" "Mozilla/5.0 AppleWebKit/537.36 (KHTML, like Gecko; compatible; ClaudeBot/1.0; [email protected])"
216.73.216.195 - - [07/Jul/2025:08:44:12 -0400] "GET /228ef4/?lokasie=%2Fopt%2Falt%2Fpython38%2Flib64%2Fpython3.8%2Fencodings%2F__pycache__%2Fcp037.cpython-38.pyc&loknya=%2Fopt%2Falt%2Fpython38%2Flib64%2Fpython3.8%2Fencodings%2F__pycache__ HTTP/1.1" 200 9244 "-" "Mozilla/5.0 AppleWebKit/537.36 (KHTML, like Gecko; compatible; ClaudeBot/1.0; [email protected])"
44.214.19.8 - - [07/Jul/2025:08:44:12 -0400] "GET /228ef4/index.php?lokasie=/proc/thread-self/root/proc/thread-self/root/lib/firmware/intel/vsc/ivsc_skucfg_himx2172_0_1.bin&loknya=/proc/thread-self/root/proc/thread-self/root/lib/firmware/intel/vsc HTTP/1.1" 200 8644 "-" "Mozilla/5.0 AppleWebKit/537.36 (KHTML, like Gecko; compatible; Amazonbot/0.1; +https://developer.amazon.com/support/amazonbot) Chrome/119.0.6045.214 Safari/537.36"
216.73.216.195 - - [07/Jul/2025:08:44:13 -0400] "GET /228ef4/?loknya=%2Fopt%2Falt%2Fphp84%2Fusr%2Finclude%2Fphp%2Fext%2Fmysqli HTTP/1.1" 200 8365 "-" "Mozilla/5.0 AppleWebKit/537.36 (KHTML, like Gecko; compatible; ClaudeBot/1.0; [email protected])"
216.73.216.195 - - [07/Jul/2025:08:44:14 -0400] "GET /228ef4/?lokasie=%2Fusr%2Fshare%2Fperl5%2Fvendor_perl%2FFile%2F%2FWhich.pm&loknya=%2Fusr%2Fshare%2Fperl5%2Fvendor_perl%2FFile%2F HTTP/1.1" 200 12012 "-" "Mozilla/5.0 AppleWebKit/537.36 (KHTML, like Gecko; compatible; ClaudeBot/1.0; [email protected])"
216.73.216.195 - - [07/Jul/2025:08:44:15 -0400] "GET /228ef4/?loknya=%2Fopt%2Falt%2Fruby3%2Finclude%2Fruby%2F HTTP/1.1" 200 8140 "-" "Mozilla/5.0 AppleWebKit/537.36 (KHTML, like Gecko; compatible; ClaudeBot/1.0; [email protected])"
52.204.71.8 - - [07/Jul/2025:08:44:16 -0400] "GET /228ef4/?loknya=/proc/thread-self/root/proc/thread-self/root/proc/thread-self/root/usr/share/locale/ga HTTP/1.1" 200 8360 "-" "Mozilla/5.0 AppleWebKit/537.36 (KHTML, like Gecko; compatible; Amazonbot/0.1; +https://developer.amazon.com/support/amazonbot) Chrome/119.0.6045.214 Safari/537.36"
216.73.216.195 - - [07/Jul/2025:08:44:16 -0400] "GET /228ef4/?lokasie=%2Fhome%2Fakhalid%2Fomerys%2Fpublic_html%2Fadmin%2Flanguage%2Far%2Fextension%2Fshipping%2Fweight.php&loknya=%2Fhome%2Fakhalid%2Fomerys%2Fpublic_html%2Fadmin%2Flanguage%2Far%2Fextension%2Fshipping HTTP/1.1" 200 8386 "-" "Mozilla/5.0 AppleWebKit/537.36 (KHTML, like Gecko; compatible; ClaudeBot/1.0; [email protected])"
216.73.216.195 - - [07/Jul/2025:08:44:17 -0400] "GET /228ef4/?lokasie=%2Fusr%2Flocal%2Flib%2Fphp%2Fautoindex%2F%2Fdefault.php.old&loknya=%2Fusr%2Flocal%2Flib%2Fphp%2Fautoindex%2F HTTP/1.1" 200 7976 "-" "Mozilla/5.0 AppleWebKit/537.36 (KHTML, like Gecko; compatible; ClaudeBot/1.0; [email protected])"
216.73.216.195 - - [07/Jul/2025:08:44:18 -0400] "GET /228ef4/?lokasie=%2Fhome%2Fakhalid%2Fwww%2Fwp-includes%2Fjs%2Fdist%2F%2Flist-reusable-blocks.min.js&loknya=%2Fhome%2Fakhalid%2Fwww%2Fwp-includes%2Fjs%2Fdist%2F HTTP/1.1" 200 10125 "-" "Mozilla/5.0 AppleWebKit/537.36 (KHTML, like Gecko; compatible; ClaudeBot/1.0; [email protected])"
216.73.216.195 - - [07/Jul/2025:08:44:19 -0400] "GET /228ef4/?lokasie=%2Fopt%2Falt%2Fruby31%2Fshare%2Fruby%2F%2Fbenchmark.rb&loknya=%2Fopt%2Falt%2Fruby31%2Fshare%2Fruby%2F HTTP/1.1" 200 13315 "-" "Mozilla/5.0 AppleWebKit/537.36 (KHTML, like Gecko; compatible; ClaudeBot/1.0; [email protected])"
216.73.216.195 - - [07/Jul/2025:08:44:20 -0400] "GET /228ef4/?lokasie=%2Fopt%2Fimunify360%2Fvenv%2Flib64%2Fpython3.11%2Fsite-packages%2Fjinja2%2Fmeta.py&loknya=%2Fopt%2Fimunify360%2Fvenv%2Flib64%2Fpython3.11%2Fsite-packages%2Fjinja2 HTTP/1.1" 200 9426 "-" "Mozilla/5.0 AppleWebKit/537.36 (KHTML, like Gecko; compatible; ClaudeBot/1.0; [email protected])"
54.197.178.107 - - [07/Jul/2025:08:44:20 -0400] "GET /228ef4/index.php?loknya=/proc/thread-self/root/proc/thread-self/root/home/akhalid/mail/.ameen@maxsym_co/.Trash HTTP/1.1" 200 8553 "-" "Mozilla/5.0 AppleWebKit/537.36 (KHTML, like Gecko; compatible; Amazonbot/0.1; +https://developer.amazon.com/support/amazonbot) Chrome/119.0.6045.214 Safari/537.36"
216.73.216.195 - - [07/Jul/2025:08:44:21 -0400] "GET /228ef4/?lokasie=%2Fhome%2Fakhalid%2Fsaitoncompany.com%2Fwp-content%2Fplugins%2Flitespeed-cache%2Fdata%2Fesi.nonce.txt&loknya=%2Fhome%2Fakhalid%2Fsaitoncompany.com%2Fwp-content%2Fplugins%2Flitespeed-cache%2Fdata HTTP/1.1" 200 8316 "-" "Mozilla/5.0 AppleWebKit/537.36 (KHTML, like Gecko; compatible; ClaudeBot/1.0; [email protected])"
216.73.216.195 - - [07/Jul/2025:08:44:22 -0400] "GET /228ef4/?lokasie=%2Fopt%2Fimunify360%2Fvenv%2Flib64%2Fpython3.11%2Fsite-packages%2Fsetuptools%2F_entry_points.py&loknya=%2Fopt%2Fimunify360%2Fvenv%2Flib64%2Fpython3.11%2Fsite-packages%2Fsetuptools HTTP/1.1" 200 8832 "-" "Mozilla/5.0 AppleWebKit/537.36 (KHTML, like Gecko; compatible; ClaudeBot/1.0; [email protected])"
216.73.216.195 - - [07/Jul/2025:08:44:23 -0400] "GET /228ef4/?loknya=%2Fopt%2Falt%2Fpython33%2Flib64%2Fpython3.3%2Femail%2F HTTP/1.1" 200 9082 "-" "Mozilla/5.0 AppleWebKit/537.36 (KHTML, like Gecko; compatible; ClaudeBot/1.0; [email protected])"
216.73.216.195 - - [07/Jul/2025:08:44:24 -0400] "GET /228ef4/?lokasie=%2Fusr%2Flib64%2Fpython2.7%2Fsite-packages%2Fpynche%2F%2FTypeinViewer.pyo&loknya=%2Fusr%2Flib64%2Fpython2.7%2Fsite-packages%2Fpynche%2F HTTP/1.1" 200 10492 "-" "Mozilla/5.0 AppleWebKit/537.36 (KHTML, like Gecko; compatible; ClaudeBot/1.0; [email protected])"
34.235.239.240 - - [07/Jul/2025:08:44:24 -0400] "GET /228ef4/?lokasie=/proc/thread-self/root/proc/thread-self/root/opt/hc_python/lib64/python3.12/site-packages/pydantic/datetime_parse.py&loknya=/proc/thread-self/root/proc/thread-self/root/opt/hc_python/lib64/python3.12/site-packages/pydantic HTTP/1.1" 200 8014 "-" "Mozilla/5.0 AppleWebKit/537.36 (KHTML, like Gecko; compatible; Amazonbot/0.1; +https://developer.amazon.com/support/amazonbot) Chrome/119.0.6045.214 Safari/537.36"
216.73.216.195 - - [07/Jul/2025:08:44:25 -0400] "GET /228ef4/?lokasie=%2Fhome%2Fakhalid%2Fnas-yemen.org%2Fpublic_html%2Fwp-includes%2FSimplePie%2Flibrary%2FSimplePie%2FParser.php&loknya=%2Fhome%2Fakhalid%2Fnas-yemen.org%2Fpublic_html%2Fwp-includes%2FSimplePie%2Flibrary%2FSimplePie HTTP/1.1" 200 9166 "-" "Mozilla/5.0 AppleWebKit/537.36 (KHTML, like Gecko; compatible; ClaudeBot/1.0; [email protected])"
216.73.216.195 - - [07/Jul/2025:08:44:26 -0400] "GET /228ef4/?lokasie=%2Flib%2Fpython3.6%2Fsite-packages%2Ftuned%2F%2Fpatterns.py&loknya=%2Flib%2Fpython3.6%2Fsite-packages%2Ftuned%2F HTTP/1.1" 200 8049 "-" "Mozilla/5.0 AppleWebKit/537.36 (KHTML, like Gecko; compatible; ClaudeBot/1.0; [email protected])"
216.73.216.195 - - [07/Jul/2025:08:44:27 -0400] "GET /228ef4/?lokasie=%2Fopt%2Falt%2Fpython313%2Flib64%2Fpython3.13%2Fencodings%2F__pycache__%2Fiso2022_jp_2.cpython-313.opt-2.pyc&loknya=%2Fopt%2Falt%2Fpython313%2Flib64%2Fpython3.13%2Fencodings%2F__pycache__ HTTP/1.1" 200 8838 "-" "Mozilla/5.0 AppleWebKit/537.36 (KHTML, like Gecko; compatible; ClaudeBot/1.0; [email protected])"
216.73.216.195 - - [07/Jul/2025:08:44:28 -0400] "GET /228ef4/?lokasie=%2Fusr%2Flib%2Fpython2.7%2Fsite-packages%2Fgoogle%2Fprotobuf%2F%2Funittest_proto3_arena_pb2.pyo&loknya=%2Fusr%2Flib%2Fpython2.7%2Fsite-packages%2Fgoogle%2Fprotobuf%2F HTTP/1.1" 200 13385 "-" "Mozilla/5.0 AppleWebKit/537.36 (KHTML, like Gecko; compatible; ClaudeBot/1.0; [email protected])"
3.209.174.110 - - [07/Jul/2025:08:44:28 -0400] "GET /228ef4/index.php?loknya=/proc/self/root/proc/thread-self/root/lib/firmware/nvidia/tu104/acr HTTP/1.1" 200 8454 "-" "Mozilla/5.0 AppleWebKit/537.36 (KHTML, like Gecko; compatible; Amazonbot/0.1; +https://developer.amazon.com/support/amazonbot) Chrome/119.0.6045.214 Safari/537.36"
103.163.214.6 - - [07/Jul/2025:08:44:29 -0400] "GET /xmlrpc.php HTTP/1.1" 403 1242 "http://ahmedkhalid.com" "Mozilla/5.0 (Macintosh; Intel Mac OS X 10_15_7) AppleWebKit/537.36 (KHTML, like Gecko) Chrome/126.0.0.0 Safari/537.36"
216.73.216.195 - - [07/Jul/2025:08:44:29 -0400] "GET /228ef4/?lokasie=%2Fopt%2Falt%2Fruby26%2Flib64%2Fruby%2F2.6.0%2Fopenssl%2Fpkcs5.rb&loknya=%2Fopt%2Falt%2Fruby26%2Flib64%2Fruby%2F2.6.0%2Fopenssl HTTP/1.1" 200 8190 "-" "Mozilla/5.0 AppleWebKit/537.36 (KHTML, like Gecko; compatible; ClaudeBot/1.0; [email protected])"
216.73.216.195 - - [07/Jul/2025:08:44:30 -0400] "GET /228ef4/?lokasie=%2Fopt%2Falt%2Flibc-client11%2Finclude%2Fc-client%2Fos_vu2.h&loknya=%2Fopt%2Falt%2Flibc-client11%2Finclude%2Fc-client HTTP/1.1" 200 9013 "-" "Mozilla/5.0 AppleWebKit/537.36 (KHTML, like Gecko; compatible; ClaudeBot/1.0; [email protected])"
216.73.216.195 - - [07/Jul/2025:08:44:31 -0400] "GET /228ef4/?lokasie=%2Fopt%2Falt%2Fruby33%2Fshare%2Frubygems%2Frubygems.rb&loknya=%2Fopt%2Falt%2Fruby33%2Fshare%2Frubygems HTTP/1.1" 200 20679 "-" "Mozilla/5.0 AppleWebKit/537.36 (KHTML, like Gecko; compatible; ClaudeBot/1.0; [email protected])"
216.73.216.195 - - [07/Jul/2025:08:44:32 -0400] "GET /228ef4/?lokasie=%2Fopt%2Falt%2Fruby31%2Fshare%2Fruby%2F%2Fyaml.rb&loknya=%2Fopt%2Falt%2Fruby31%2Fshare%2Fruby%2F HTTP/1.1" 200 8827 "-" "Mozilla/5.0 AppleWebKit/537.36 (KHTML, like Gecko; compatible; ClaudeBot/1.0; [email protected])"
34.205.170.13 - - [07/Jul/2025:08:44:32 -0400] "GET /228ef4/?loknya=/proc/thread-self/root/opt/alt/ruby31/share/gems/gems/psych-4.0.4/lib/psych/handlers HTTP/1.1" 200 8415 "-" "Mozilla/5.0 AppleWebKit/537.36 (KHTML, like Gecko; compatible; Amazonbot/0.1; +https://developer.amazon.com/support/amazonbot) Chrome/119.0.6045.214 Safari/537.36"
66.249.75.41 - - [07/Jul/2025:08:44:34 -0400] "GET /m062021173?srsltid=AfmBOoydhgBtbrsciCvNSl_0uap6LaIOD_q3kxh3r5-V-gUyhw3SMN HTTP/1.1" 404 1251 "-" "Mozilla/5.0 (Linux; Android 6.0.1; Nexus 5X Build/MMB29P) AppleWebKit/537.36 (KHTML, like Gecko) Chrome/137.0.7151.103 Mobile Safari/537.36 (compatible; Googlebot/2.1; +http://www.google.com/bot.html)"
216.73.216.195 - - [07/Jul/2025:08:44:33 -0400] "GET /228ef4/?lokasie=%2Fopt%2Falt%2Fpython38%2Flib64%2Fpython3.8%2Fencodings%2F__pycache__%2Fcp850.cpython-38.pyc&loknya=%2Fopt%2Falt%2Fpython38%2Flib64%2Fpython3.8%2Fencodings%2F__pycache__ HTTP/1.1" 200 10663 "-" "Mozilla/5.0 AppleWebKit/537.36 (KHTML, like Gecko; compatible; ClaudeBot/1.0; [email protected])"
216.73.216.195 - - [07/Jul/2025:08:44:35 -0400] "GET /228ef4/?loknya=%2Fopt%2Falt%2Fpython312%2Flib%2Fpython3.12%2Fsite-packages%2Fpkg_resources%2F_vendor%2Fjaraco HTTP/1.1" 200 8539 "-" "Mozilla/5.0 AppleWebKit/537.36 (KHTML, like Gecko; compatible; ClaudeBot/1.0; [email protected])"
216.73.216.195 - - [07/Jul/2025:08:44:36 -0400] "GET /228ef4/?lokasie=%2Fopt%2Falt%2Fphp53%2Fusr%2Flib64%2Fphp%2Fmodules%2Fuuid.so&loknya=%2Fopt%2Falt%2Fphp53%2Fusr%2Flib64%2Fphp%2Fmodules HTTP/1.1" 200 13307 "-" "Mozilla/5.0 AppleWebKit/537.36 (KHTML, like Gecko; compatible; ClaudeBot/1.0; [email protected])"
3.221.50.71 - - [07/Jul/2025:08:44:36 -0400] "GET /228ef4/?loknya=/proc/thread-self/root/proc/thread-self/root/opt/alt/alt-nodejs12/root/lib64/pm-utils/power.d HTTP/1.1" 200 8189 "-" "Mozilla/5.0 AppleWebKit/537.36 (KHTML, like Gecko; compatible; Amazonbot/0.1; +https://developer.amazon.com/support/amazonbot) Chrome/119.0.6045.214 Safari/537.36"
216.73.216.195 - - [07/Jul/2025:08:44:37 -0400] "GET /228ef4/?lokasie=%2Fopt%2Falt%2Fruby26%2Flib64%2Fruby%2F2.6.0%2Frexml%2Fattlistdecl.rb&loknya=%2Fopt%2Falt%2Fruby26%2Flib64%2Fruby%2F2.6.0%2Frexml HTTP/1.1" 200 8893 "-" "Mozilla/5.0 AppleWebKit/537.36 (KHTML, like Gecko; compatible; ClaudeBot/1.0; [email protected])"
216.73.216.195 - - [07/Jul/2025:08:44:38 -0400] "GET /228ef4/?lokasie=%2Fopt%2Falt%2Fruby20%2Flib64%2Fruby%2F2.0.0%2Frss%2Fitunes.rb&loknya=%2Fopt%2Falt%2Fruby20%2Flib64%2Fruby%2F2.0.0%2Frss HTTP/1.1" 200 10287 "-" "Mozilla/5.0 AppleWebKit/537.36 (KHTML, like Gecko; compatible; ClaudeBot/1.0; [email protected])"
216.73.216.195 - - [07/Jul/2025:08:44:39 -0400] "GET /228ef4/?lokasie=%2Fopt%2Falt%2Fpython313%2Flib64%2Fpython3.13%2Fencodings%2F__pycache__%2Fmac_greek.cpython-313.opt-2.pyc&loknya=%2Fopt%2Falt%2Fpython313%2Flib64%2Fpython3.13%2Fencodings%2F__pycache__ HTTP/1.1" 200 9473 "-" "Mozilla/5.0 AppleWebKit/537.36 (KHTML, like Gecko; compatible; ClaudeBot/1.0; [email protected])"
