66.249.72.99 - - [06/Jul/2025:14:22:51 -0400] "GET /items/upeou277/43811?key=Canadian HTTP/1.1" 200 87064 "-" "Mozilla/5.0 (Linux; Android 6.0.1; Nexus 5X Build/MMB29P) AppleWebKit/537.36 (KHTML, like Gecko) Chrome/137.0.7151.103 Mobile Safari/537.36 (compatible; Googlebot/2.1; +http://www.google.com/bot.html)"
192.178.6.66 - - [06/Jul/2025:14:22:52 -0400] "GET /pcmypage?callback=/product%2Fdetail%2sakan8man-trus-1579321 HTTP/1.1" 403 1242 "-" "Mozilla/5.0 (Linux; Android 6.0.1; Nexus 5X Build/MMB29P) AppleWebKit/537.36 (KHTML, like Gecko) Chrome/137.0.7151.103 Mobile Safari/537.36 (compatible; Googlebot/2.1; +http://www.google.com/bot.html)"
52.169.201.215 - - [06/Jul/2025:14:22:50 -0400] "GET /wp-content/about.php HTTP/1.1" 404 23127 "-" "-"
192.178.6.65 - - [06/Jul/2025:14:22:53 -0400] "GET /289nvnfd48006.html HTTP/1.1" 200 87288 "-" "Mozilla/5.0 (Linux; Android 6.0.1; Nexus 5X Build/MMB29P) AppleWebKit/537.36 (KHTML, like Gecko) Chrome/137.0.7151.103 Mobile Safari/537.36 (compatible; Googlebot/2.1; +http://www.google.com/bot.html)"
192.178.6.66 - - [06/Jul/2025:14:22:54 -0400] "GET /93gvqi15740.html HTTP/1.1" 200 86784 "-" "Mozilla/5.0 (Linux; Android 6.0.1; Nexus 5X Build/MMB29P) AppleWebKit/537.36 (KHTML, like Gecko) Chrome/137.0.7151.103 Mobile Safari/537.36 (compatible; Googlebot/2.1; +http://www.google.com/bot.html)"
192.178.6.66 - - [06/Jul/2025:14:22:56 -0400] "GET /133zolon55858.html HTTP/1.1" 200 87450 "-" "Mozilla/5.0 (Linux; Android 6.0.1; Nexus 5X Build/MMB29P) AppleWebKit/537.36 (KHTML, like Gecko) Chrome/137.0.7151.103 Mobile Safari/537.36 (compatible; Googlebot/2.1; +http://www.google.com/bot.html)"
136.243.228.194 - - [06/Jul/2025:14:22:52 -0400] "GET /items/kpqcr229/29531?key=builder HTTP/1.1" 404 23129 "-" "Mozilla/5.0 (compatible; DataForSeoBot/1.0; +https://dataforseo.com/dataforseo-bot)"
52.169.201.215 - - [06/Jul/2025:14:22:55 -0400] "GET /.well-known/about.php HTTP/1.1" 404 23127 "-" "-"
20.171.207.36 - - [06/Jul/2025:14:22:56 -0400] "GET /38pdhir44437.html HTTP/1.1" 404 23127 "-" "Mozilla/5.0 AppleWebKit/537.36 (KHTML, like Gecko; compatible; GPTBot/1.2; +https://openai.com/gptbot)"
136.243.228.194 - - [06/Jul/2025:14:22:58 -0400] "GET /items/upnms76/39526?key=sea HTTP/1.1" 404 23129 "-" "Mozilla/5.0 (compatible; DataForSeoBot/1.0; +https://dataforseo.com/dataforseo-bot)"
52.169.201.215 - - [06/Jul/2025:14:23:01 -0400] "GET /wp-includes/Text/about.php HTTP/1.1" 404 23127 "-" "-"
192.178.6.65 - - [06/Jul/2025:14:23:07 -0400] "GET /items/fcyfs90/38486?key=visible HTTP/1.1" 200 86984 "-" "Mozilla/5.0 (compatible; Googlebot/2.1; +http://www.google.com/bot.html)"
192.178.6.65 - - [06/Jul/2025:14:23:10 -0400] "GET /300kmkuw13387.html HTTP/1.1" 200 87241 "-" "Mozilla/5.0 (Linux; Android 6.0.1; Nexus 5X Build/MMB29P) AppleWebKit/537.36 (KHTML, like Gecko) Chrome/137.0.7151.103 Mobile Safari/537.36 (compatible; Googlebot/2.1; +http://www.google.com/bot.html)"
136.243.228.194 - - [06/Jul/2025:14:23:06 -0400] "GET /81vpbn41050.html HTTP/1.1" 404 23129 "-" "Mozilla/5.0 (compatible; DataForSeoBot/1.0; +https://dataforseo.com/dataforseo-bot)"
52.169.201.215 - - [06/Jul/2025:14:23:07 -0400] "GET /wp-includes/ID3/about.php HTTP/1.1" 404 23127 "-" "-"
66.29.146.47 - - [06/Jul/2025:14:23:12 -0400] "POST /wp-cron.php?doing_wp_cron=1751826192.7831149101257324218750 HTTP/1.1" 403 1242 "-" "WordPress/6.8; https://dangroup.sa"
52.169.201.215 - - [06/Jul/2025:14:23:12 -0400] "GET /img/about.php HTTP/1.1" 404 23127 "-" "-"
136.243.228.194 - - [06/Jul/2025:14:23:13 -0400] "GET /196aqf37339.html HTTP/1.1" 404 23127 "-" "Mozilla/5.0 (compatible; DataForSeoBot/1.0; +https://dataforseo.com/dataforseo-bot)"
52.169.201.215 - - [06/Jul/2025:14:23:16 -0400] "GET /wp-content/languages/about.php HTTP/1.1" 404 23127 "-" "-"
136.243.228.194 - - [06/Jul/2025:14:23:19 -0400] "GET /70nor12365.html HTTP/1.1" 404 23127 "-" "Mozilla/5.0 (compatible; DataForSeoBot/1.0; +https://dataforseo.com/dataforseo-bot)"
52.169.201.215 - - [06/Jul/2025:14:23:21 -0400] "GET /wp-includes/customize/about.php HTTP/1.1" 404 23129 "-" "-"
192.178.6.65 - - [06/Jul/2025:14:23:27 -0400] "GET /3kaxw25666.html HTTP/1.1" 200 86653 "-" "Mozilla/5.0 (Linux; Android 6.0.1; Nexus 5X Build/MMB29P) AppleWebKit/537.36 (KHTML, like Gecko) Chrome/137.0.7151.103 Mobile Safari/537.36 (compatible; Googlebot/2.1; +http://www.google.com/bot.html)"
20.171.207.36 - - [06/Jul/2025:14:23:24 -0400] "GET /92jpppo51531.html HTTP/1.1" 404 23127 "-" "Mozilla/5.0 AppleWebKit/537.36 (KHTML, like Gecko; compatible; GPTBot/1.2; +https://openai.com/gptbot)"
136.243.228.194 - - [06/Jul/2025:14:23:26 -0400] "GET /118cvhg40435.html HTTP/1.1" 404 23127 "-" "Mozilla/5.0 (compatible; DataForSeoBot/1.0; +https://dataforseo.com/dataforseo-bot)"
52.169.201.215 - - [06/Jul/2025:14:23:26 -0400] "GET /wp-includes.bak/html-api/about.php HTTP/1.1" 404 23127 "-" "-"
192.178.6.65 - - [06/Jul/2025:14:23:37 -0400] "GET /6jub34231.html HTTP/1.1" 200 87262 "-" "Mozilla/5.0 (Linux; Android 6.0.1; Nexus 5X Build/MMB29P) AppleWebKit/537.36 (KHTML, like Gecko) Chrome/137.0.7151.103 Mobile Safari/537.36 (compatible; Googlebot/2.1; +http://www.google.com/bot.html)"
52.169.201.215 - - [06/Jul/2025:14:23:34 -0400] "GET /wp-includes/widgets/about.php HTTP/1.1" 404 23127 "-" "-"
136.243.228.194 - - [06/Jul/2025:14:23:34 -0400] "GET /items/awsnf216/26744?key=letter HTTP/1.1" 404 23127 "-" "Mozilla/5.0 (compatible; DataForSeoBot/1.0; +https://dataforseo.com/dataforseo-bot)"
52.169.201.215 - - [06/Jul/2025:14:23:39 -0400] "GET /wp-includes/IXR/about.php HTTP/1.1" 404 23127 "-" "-"
136.243.228.194 - - [06/Jul/2025:14:23:41 -0400] "GET /219sjv41270.html HTTP/1.1" 404 23127 "-" "Mozilla/5.0 (compatible; DataForSeoBot/1.0; +https://dataforseo.com/dataforseo-bot)"
192.178.6.65 - - [06/Jul/2025:14:23:46 -0400] "GET /87ojow19036.html HTTP/1.1" 200 86883 "-" "Mozilla/5.0 (Linux; Android 6.0.1; Nexus 5X Build/MMB29P) AppleWebKit/537.36 (KHTML, like Gecko) Chrome/137.0.7151.103 Mobile Safari/537.36 (compatible; Googlebot/2.1; +http://www.google.com/bot.html)"
52.169.201.215 - - [06/Jul/2025:14:23:44 -0400] "GET /wp-admin/js/about.php HTTP/1.1" 404 23127 "-" "-"
52.169.201.215 - - [06/Jul/2025:14:23:49 -0400] "GET /.well-known/pki-validation/about.php HTTP/1.1" 404 1251 "-" "-"
136.243.228.194 - - [06/Jul/2025:14:23:47 -0400] "GET /items/zrdcp115/42175?key=balanced HTTP/1.1" 404 23129 "-" "Mozilla/5.0 (compatible; DataForSeoBot/1.0; +https://dataforseo.com/dataforseo-bot)"
52.169.201.215 - - [06/Jul/2025:14:23:49 -0400] "GET /wp-includes/pomo/about.php HTTP/1.1" 404 23129 "-" "-"
20.171.207.36 - - [06/Jul/2025:14:23:51 -0400] "GET /110jcmkv5559.html HTTP/1.1" 404 23128 "-" "Mozilla/5.0 AppleWebKit/537.36 (KHTML, like Gecko; compatible; GPTBot/1.2; +https://openai.com/gptbot)"
218.220.142.33 - - [06/Jul/2025:14:23:58 -0400] "GET /12ndms565.html HTTP/1.1" 200 135 "https://search.yahoo.co.jp/" "Mozilla/5.0 (Linux; Android 10; SOG01 Build/58.0.C.1.133; wv) AppleWebKit/537.36 (KHTML, like Gecko) Version/4.0 Chrome/138.0.7204.63 Mobile Safari/537.36 YJApp-ANDROID jp.co.yahoo.android.yjtop/3.197.0"
136.243.228.194 - - [06/Jul/2025:14:23:53 -0400] "GET /items/dsexc176/35002?key=consistently HTTP/1.1" 404 23129 "-" "Mozilla/5.0 (compatible; DataForSeoBot/1.0; +https://dataforseo.com/dataforseo-bot)"
52.169.201.215 - - [06/Jul/2025:14:23:55 -0400] "GET /wp-includes/block-patterns/about.php HTTP/1.1" 404 23127 "-" "-"
136.243.228.194 - - [06/Jul/2025:14:24:00 -0400] "GET /261ywc21536.html HTTP/1.1" 404 23127 "-" "Mozilla/5.0 (compatible; DataForSeoBot/1.0; +https://dataforseo.com/dataforseo-bot)"
52.169.201.215 - - [06/Jul/2025:14:24:01 -0400] "GET /wp-content/updraft/about.php HTTP/1.1" 404 23127 "-" "-"
192.178.6.65 - - [06/Jul/2025:14:24:07 -0400] "GET /85ghvtk19978.html HTTP/1.1" 200 86913 "-" "Mozilla/5.0 (compatible; Googlebot/2.1; +http://www.google.com/bot.html)"
52.169.201.215 - - [06/Jul/2025:14:24:07 -0400] "GET /wp-content/upgrade-temp-backup/about.php HTTP/1.1" 404 23127 "-" "-"
136.243.228.194 - - [06/Jul/2025:14:24:07 -0400] "GET /195gyad9556.html HTTP/1.1" 404 23129 "-" "Mozilla/5.0 (compatible; DataForSeoBot/1.0; +https://dataforseo.com/dataforseo-bot)"
66.29.146.47 - - [06/Jul/2025:14:24:13 -0400] "POST /wp-cron.php?doing_wp_cron=1751826252.9762279987335205078125 HTTP/1.1" 403 1242 "-" "WordPress/6.8; https://dangroup.sa"
52.169.201.215 - - [06/Jul/2025:14:24:12 -0400] "GET /wp-content/themes/about.php HTTP/1.1" 404 23127 "-" "-"
136.243.228.194 - - [06/Jul/2025:14:24:15 -0400] "GET /items/gcvkv247/23093?key=exploration HTTP/1.1" 404 23127 "-" "Mozilla/5.0 (compatible; DataForSeoBot/1.0; +https://dataforseo.com/dataforseo-bot)"
52.169.201.215 - - [06/Jul/2025:14:24:17 -0400] "GET /wp-admin/includes/about.php HTTP/1.1" 404 23127 "-" "-"
20.171.207.36 - - [06/Jul/2025:14:24:17 -0400] "GET /50xnmlu26999.html HTTP/1.1" 404 23127 "-" "Mozilla/5.0 AppleWebKit/537.36 (KHTML, like Gecko; compatible; GPTBot/1.2; +https://openai.com/gptbot)"
136.243.228.194 - - [06/Jul/2025:14:24:21 -0400] "GET /192zgzqd6543.html HTTP/1.1" 404 23127 "-" "Mozilla/5.0 (compatible; DataForSeoBot/1.0; +https://dataforseo.com/dataforseo-bot)"
52.169.201.215 - - [06/Jul/2025:14:24:24 -0400] "GET /images/about.php HTTP/1.1" 404 23127 "-" "-"
52.169.201.215 - - [06/Jul/2025:14:24:29 -0400] "GET /wp-content/blogs.dir/about.php HTTP/1.1" 404 23127 "-" "-"
136.243.228.194 - - [06/Jul/2025:14:24:29 -0400] "GET /188esze36167.html HTTP/1.1" 404 23127 "-" "Mozilla/5.0 (compatible; DataForSeoBot/1.0; +https://dataforseo.com/dataforseo-bot)"
52.169.201.215 - - [06/Jul/2025:14:24:34 -0400] "GET /wp-includes/images/about.php HTTP/1.1" 404 23127 "-" "-"
136.243.228.194 - - [06/Jul/2025:14:24:35 -0400] "GET /items/gjdib21/39583?key=merit HTTP/1.1" 404 23127 "-" "Mozilla/5.0 (compatible; DataForSeoBot/1.0; +https://dataforseo.com/dataforseo-bot)"
52.169.201.215 - - [06/Jul/2025:14:24:39 -0400] "GET /wp-includes/about.php HTTP/1.1" 404 23127 "-" "-"
136.243.228.194 - - [06/Jul/2025:14:24:42 -0400] "GET /18kpcy23869.html HTTP/1.1" 404 23129 "-" "Mozilla/5.0 (compatible; DataForSeoBot/1.0; +https://dataforseo.com/dataforseo-bot)"
52.169.201.215 - - [06/Jul/2025:14:24:43 -0400] "GET /cgi-bin/about.php HTTP/1.1" 404 23127 "-" "-"
20.171.207.36 - - [06/Jul/2025:14:24:43 -0400] "GET /116zzzon7327.html HTTP/1.1" 404 23127 "-" "Mozilla/5.0 AppleWebKit/537.36 (KHTML, like Gecko; compatible; GPTBot/1.2; +https://openai.com/gptbot)"
66.249.72.101 - - [06/Jul/2025:14:24:51 -0400] "GET /58iwh711.html HTTP/1.1" 200 87479 "-" "Mozilla/5.0 (Linux; Android 6.0.1; Nexus 5X Build/MMB29P) AppleWebKit/537.36 (KHTML, like Gecko) Chrome/137.0.7151.103 Mobile Safari/537.36 (compatible; Googlebot/2.1; +http://www.google.com/bot.html)"
136.243.228.194 - - [06/Jul/2025:14:24:48 -0400] "GET /93puc4202.html HTTP/1.1" 404 23127 "-" "Mozilla/5.0 (compatible; DataForSeoBot/1.0; +https://dataforseo.com/dataforseo-bot)"
52.169.201.215 - - [06/Jul/2025:14:24:50 -0400] "GET /wp-content/gallery/about.php HTTP/1.1" 404 23127 "-" "-"
192.178.6.66 - - [06/Jul/2025:14:24:59 -0400] "GET /153wld30770.html HTTP/1.1" 200 86711 "-" "Mozilla/5.0 (compatible; Googlebot/2.1; +http://www.google.com/bot.html)"
52.169.201.215 - - [06/Jul/2025:14:24:55 -0400] "GET /wp-includes/blocks/about.php HTTP/1.1" 404 23129 "-" "-"
136.243.228.194 - - [06/Jul/2025:14:24:55 -0400] "GET /138hzgg11121.html HTTP/1.1" 404 23127 "-" "Mozilla/5.0 (compatible; DataForSeoBot/1.0; +https://dataforseo.com/dataforseo-bot)"
52.169.201.215 - - [06/Jul/2025:14:25:01 -0400] "GET /wp-admin/css/about.php HTTP/1.1" 404 23127 "-" "-"
136.243.228.194 - - [06/Jul/2025:14:25:03 -0400] "GET /115exus37942.html HTTP/1.1" 404 23127 "-" "Mozilla/5.0 (compatible; DataForSeoBot/1.0; +https://dataforseo.com/dataforseo-bot)"
52.169.201.215 - - [06/Jul/2025:14:25:06 -0400] "GET /wp-admin/images/about.php HTTP/1.1" 404 23127 "-" "-"
192.178.6.65 - - [06/Jul/2025:14:25:08 -0400] "GET /67bmr6252.html HTTP/1.1" 200 86300 "-" "Mozilla/5.0 (compatible; Googlebot/2.1; +http://www.google.com/bot.html)"
52.169.201.215 - - [06/Jul/2025:14:25:11 -0400] "GET /.well-known/pki-validation/cloud.php HTTP/1.1" 404 1251 "-" "-"
66.29.146.47 - - [06/Jul/2025:14:25:13 -0400] "POST /wp-cron.php?doing_wp_cron=1751826313.4735860824584960937500 HTTP/1.1" 403 1242 "-" "WordPress/6.8; https://dangroup.sa"
136.243.228.194 - - [06/Jul/2025:14:25:11 -0400] "GET /68kjw43523.html HTTP/1.1" 404 23127 "-" "Mozilla/5.0 (compatible; DataForSeoBot/1.0; +https://dataforseo.com/dataforseo-bot)"
192.178.6.65 - - [06/Jul/2025:14:25:15 -0400] "GET /188fek14601.html HTTP/1.1" 200 86427 "-" "Mozilla/5.0 (compatible; Googlebot/2.1; +http://www.google.com/bot.html)"
20.171.207.36 - - [06/Jul/2025:14:25:11 -0400] "GET /54xytfi37773.html HTTP/1.1" 404 23127 "-" "Mozilla/5.0 AppleWebKit/537.36 (KHTML, like Gecko; compatible; GPTBot/1.2; +https://openai.com/gptbot)"
52.169.201.215 - - [06/Jul/2025:14:25:12 -0400] "GET /.well-known/acme-challenge/cloud.php HTTP/1.1" 404 23129 "-" "-"
192.178.6.65 - - [06/Jul/2025:14:25:21 -0400] "GET /items/czaiq95/45451?key=avoid HTTP/1.1" 200 86769 "-" "Mozilla/5.0 (compatible; Googlebot/2.1; +http://www.google.com/bot.html)"
52.169.201.215 - - [06/Jul/2025:14:25:19 -0400] "GET /wp-admin/network/cloud.php HTTP/1.1" 404 23127 "-" "-"
136.243.228.194 - - [06/Jul/2025:14:25:19 -0400] "GET /items/fmbvs163/15051?key=peel HTTP/1.1" 404 23127 "-" "Mozilla/5.0 (compatible; DataForSeoBot/1.0; +https://dataforseo.com/dataforseo-bot)"
52.169.201.215 - - [06/Jul/2025:14:25:24 -0400] "GET /cloud.php HTTP/1.1" 404 23127 "-" "-"
217.182.158.226 - - [06/Jul/2025:14:25:30 -0400] "GET /xmlrpc.php HTTP/1.1" 403 1242 "http://danevnt.com" "Mozilla/5.0 (Macintosh; Intel Mac OS X 10_15_7; rv:125.0.1) Gecko/20100101 Firefox/125.0.1"
192.178.6.66 - - [06/Jul/2025:14:25:28 -0400] "GET /items/zxybe142/44062?key=hazard HTTP/1.1" 200 87039 "-" "Mozilla/5.0 (Linux; Android 6.0.1; Nexus 5X Build/MMB29P) AppleWebKit/537.36 (KHTML, like Gecko) Chrome/137.0.7151.103 Mobile Safari/537.36 (compatible; Googlebot/2.1; +http://www.google.com/bot.html)"
136.243.228.194 - - [06/Jul/2025:14:25:26 -0400] "GET /295vhkt33188.html HTTP/1.1" 404 23127 "-" "Mozilla/5.0 (compatible; DataForSeoBot/1.0; +https://dataforseo.com/dataforseo-bot)"
52.169.201.215 - - [06/Jul/2025:14:25:29 -0400] "GET /cgi-bin/cloud.php HTTP/1.1" 404 23127 "-" "-"
204.12.252.98 - - [06/Jul/2025:14:25:38 -0400] "GET /wp-content/install.php HTTP/1.1" 200 10 "https://dangroup.sa/wp-content/install.php" "Mozilla/5.0 (Windows NT 10.0; Win64; x64) AppleWebKit/537.36 (KHTML, like Gecko) Chrome/58.0.3029.110 Safari/537.3"
136.243.228.194 - - [06/Jul/2025:14:25:33 -0400] "GET /96sxu9079.html HTTP/1.1" 404 23129 "-" "Mozilla/5.0 (compatible; DataForSeoBot/1.0; +https://dataforseo.com/dataforseo-bot)"
52.169.201.215 - - [06/Jul/2025:14:25:33 -0400] "GET /wp-content/updates.php HTTP/1.1" 404 23127 "-" "-"
20.171.207.36 - - [06/Jul/2025:14:25:36 -0400] "GET /22jcvuh41113.html HTTP/1.1" 404 23127 "-" "Mozilla/5.0 AppleWebKit/537.36 (KHTML, like Gecko; compatible; GPTBot/1.2; +https://openai.com/gptbot)"
136.243.228.194 - - [06/Jul/2025:14:25:40 -0400] "GET /items/jlvrc103/43535?key=switch HTTP/1.1" 404 23127 "-" "Mozilla/5.0 (compatible; DataForSeoBot/1.0; +https://dataforseo.com/dataforseo-bot)"
52.169.201.215 - - [06/Jul/2025:14:25:41 -0400] "GET /css/cloud.php HTTP/1.1" 404 23129 "-" "-"
192.178.6.65 - - [06/Jul/2025:14:25:49 -0400] "GET /pcmypage?callback=product%2Fdetail%2Fichimaru10-10000697 HTTP/1.1" 200 87476 "-" "Mozilla/5.0 (Linux; Android 6.0.1; Nexus 5X Build/MMB29P) AppleWebKit/537.36 (KHTML, like Gecko) Chrome/137.0.7151.103 Mobile Safari/537.36 (compatible; Googlebot/2.1; +http://www.google.com/bot.html)"
192.178.6.65 - - [06/Jul/2025:14:26:38 -0400] "GET /items/dphmx221/9359?key=equip HTTP/1.1" 200 87246 "-" "Mozilla/5.0 (compatible; Googlebot/2.1; +http://www.google.com/bot.html)"
136.243.228.194 - - [06/Jul/2025:14:26:39 -0400] "GET /items/ucrgv24/29266?key=equally HTTP/1.1" 404 23127 "-" "Mozilla/5.0 (compatible; DataForSeoBot/1.0; +https://dataforseo.com/dataforseo-bot)"
52.169.201.215 - - [06/Jul/2025:14:26:40 -0400] "GET /wp-admin/includes/cloud.php HTTP/1.1" 404 23127 "-" "-"
52.169.201.215 - - [06/Jul/2025:14:26:47 -0400] "GET /wp-admin/css/colors/blue/cloud.php HTTP/1.1" 404 23127 "-" "-"
136.243.228.194 - - [06/Jul/2025:14:26:48 -0400] "GET /86jldk25723.html HTTP/1.1" 404 23127 "-" "Mozilla/5.0 (compatible; DataForSeoBot/1.0; +https://dataforseo.com/dataforseo-bot)"
52.169.201.215 - - [06/Jul/2025:14:26:52 -0400] "GET /wp-admin/cloud.php HTTP/1.1" 404 23127 "-" "-"
192.178.6.66 - - [06/Jul/2025:14:26:55 -0400] "GET /235fia9004.html HTTP/1.1" 200 87182 "-" "Mozilla/5.0 (Linux; Android 6.0.1; Nexus 5X Build/MMB29P) AppleWebKit/537.36 (KHTML, like Gecko) Chrome/137.0.7151.103 Mobile Safari/537.36 (compatible; Googlebot/2.1; +http://www.google.com/bot.html)"
136.243.228.194 - - [06/Jul/2025:14:26:55 -0400] "GET /items/gwlwm279/18455?key=slice HTTP/1.1" 404 23127 "-" "Mozilla/5.0 (compatible; DataForSeoBot/1.0; +https://dataforseo.com/dataforseo-bot)"
20.171.207.36 - - [06/Jul/2025:14:26:56 -0400] "GET /15ppxog14448.html HTTP/1.1" 404 23127 "-" "Mozilla/5.0 AppleWebKit/537.36 (KHTML, like Gecko; compatible; GPTBot/1.2; +https://openai.com/gptbot)"
52.169.201.215 - - [06/Jul/2025:14:26:56 -0400] "GET /updates.php HTTP/1.1" 404 23127 "-" "-"
136.243.228.194 - - [06/Jul/2025:14:27:04 -0400] "GET /items/fazhr180/31286?key=sheet HTTP/1.1" 404 23127 "-" "Mozilla/5.0 (compatible; DataForSeoBot/1.0; +https://dataforseo.com/dataforseo-bot)"
52.169.201.215 - - [06/Jul/2025:14:27:05 -0400] "GET /libraries/legacy/updates.php HTTP/1.1" 404 23127 "-" "-"
52.169.201.215 - - [06/Jul/2025:14:27:11 -0400] "GET /libraries/phpmailer/updates.php HTTP/1.1" 404 23129 "-" "-"
66.29.146.47 - - [06/Jul/2025:14:27:16 -0400] "POST /wp-cron.php?doing_wp_cron=1751826436.1692359447479248046875 HTTP/1.1" 403 1242 "-" "WordPress/6.8; https://dangroup.sa"
136.243.228.194 - - [06/Jul/2025:14:27:11 -0400] "GET /items/wlxtl293/28695?key=flee HTTP/1.1" 404 23127 "-" "Mozilla/5.0 (compatible; DataForSeoBot/1.0; +https://dataforseo.com/dataforseo-bot)"
52.169.201.215 - - [06/Jul/2025:14:27:15 -0400] "GET /libraries/vendor/updates.php HTTP/1.1" 404 23127 "-" "-"
136.243.228.194 - - [06/Jul/2025:14:27:18 -0400] "GET /items/sybjg252/1572?key=enormous HTTP/1.1" 404 23129 "-" "Mozilla/5.0 (compatible; DataForSeoBot/1.0; +https://dataforseo.com/dataforseo-bot)"
52.169.201.215 - - [06/Jul/2025:14:27:20 -0400] "GET /alfa-rex.php7 HTTP/1.1" 404 23127 "-" "-"
20.171.207.36 - - [06/Jul/2025:14:27:23 -0400] "GET /53llgtn36214.html HTTP/1.1" 404 23127 "-" "Mozilla/5.0 AppleWebKit/537.36 (KHTML, like Gecko; compatible; GPTBot/1.2; +https://openai.com/gptbot)"
136.243.228.194 - - [06/Jul/2025:14:27:24 -0400] "GET /105dbqsk4062.html HTTP/1.1" 404 23127 "-" "Mozilla/5.0 (compatible; DataForSeoBot/1.0; +https://dataforseo.com/dataforseo-bot)"
52.169.201.215 - - [06/Jul/2025:14:27:26 -0400] "GET /alfanew.php HTTP/1.1" 404 23127 "-" "-"
192.178.6.66 - - [06/Jul/2025:14:27:33 -0400] "GET /196wjnt16407.html HTTP/1.1" 200 87186 "-" "Mozilla/5.0 (Linux; Android 6.0.1; Nexus 5X Build/MMB29P) AppleWebKit/537.36 (KHTML, like Gecko) Chrome/137.0.7151.103 Mobile Safari/537.36 (compatible; Googlebot/2.1; +http://www.google.com/bot.html)"
192.178.6.67 - - [06/Jul/2025:14:27:34 -0400] "GET /188ifsmg44039.html HTTP/1.1" 200 86740 "-" "Mozilla/5.0 (Linux; Android 6.0.1; Nexus 5X Build/MMB29P) AppleWebKit/537.36 (KHTML, like Gecko) Chrome/137.0.7151.103 Mobile Safari/537.36 (compatible; Googlebot/2.1; +http://www.google.com/bot.html)"
52.169.201.215 - - [06/Jul/2025:14:27:32 -0400] "GET /wp-content/plugins/Cache/Cache.php HTTP/1.1" 404 23127 "-" "-"
136.243.228.194 - - [06/Jul/2025:14:25:48 -0400] "GET /150gct34007.html HTTP/1.1" 404 23127 "-" "Mozilla/5.0 (compatible; DataForSeoBot/1.0; +https://dataforseo.com/dataforseo-bot)"
52.169.201.215 - - [06/Jul/2025:14:25:47 -0400] "GET /wp-admin/user/cloud.php HTTP/1.1" 404 23127 "-" "-"
136.243.228.194 - - [06/Jul/2025:14:25:55 -0400] "GET /94abe37695.html HTTP/1.1" 404 23127 "-" "Mozilla/5.0 (compatible; DataForSeoBot/1.0; +https://dataforseo.com/dataforseo-bot)"
52.169.201.215 - - [06/Jul/2025:14:25:55 -0400] "GET /img/cloud.php HTTP/1.1" 404 23127 "-" "-"
66.249.72.99 - - [06/Jul/2025:14:26:04 -0400] "GET /items/bceou99/3695?key=famous HTTP/1.1" 200 87267 "-" "Mozilla/5.0 (Linux; Android 6.0.1; Nexus 5X Build/MMB29P) AppleWebKit/537.36 (KHTML, like Gecko) Chrome/137.0.7151.103 Mobile Safari/537.36 (compatible; Googlebot/2.1; +http://www.google.com/bot.html)"
52.169.201.215 - - [06/Jul/2025:14:26:00 -0400] "GET /wp-admin/css/colors/coffee/cloud.php HTTP/1.1" 404 23127 "-" "-"
136.243.228.194 - - [06/Jul/2025:14:26:01 -0400] "GET /items/fwaei147/9625?key=sand HTTP/1.1" 404 23129 "-" "Mozilla/5.0 (compatible; DataForSeoBot/1.0; +https://dataforseo.com/dataforseo-bot)"
20.171.207.36 - - [06/Jul/2025:14:26:02 -0400] "GET /49tnvvv25174.html HTTP/1.1" 404 23127 "-" "Mozilla/5.0 AppleWebKit/537.36 (KHTML, like Gecko; compatible; GPTBot/1.2; +https://openai.com/gptbot)"
192.178.6.66 - - [06/Jul/2025:14:26:09 -0400] "GET /264tkm31339.html HTTP/1.1" 200 87209 "-" "Mozilla/5.0 (Linux; Android 6.0.1; Nexus 5X Build/MMB29P) AppleWebKit/537.36 (KHTML, like Gecko) Chrome/137.0.7151.103 Mobile Safari/537.36 (compatible; Googlebot/2.1; +http://www.google.com/bot.html)"
52.169.201.215 - - [06/Jul/2025:14:26:06 -0400] "GET /wp-admin/images/cloud.php HTTP/1.1" 404 23127 "-" "-"
136.243.228.194 - - [06/Jul/2025:14:26:08 -0400] "GET /143ocyo22472.html HTTP/1.1" 404 23127 "-" "Mozilla/5.0 (compatible; DataForSeoBot/1.0; +https://dataforseo.com/dataforseo-bot)"
66.29.146.47 - - [06/Jul/2025:14:26:13 -0400] "POST /wp-cron.php?doing_wp_cron=1751826373.7830231189727783203125 HTTP/1.1" 403 1242 "-" "WordPress/6.8; https://dangroup.sa"
52.169.201.215 - - [06/Jul/2025:14:26:13 -0400] "GET /avaa.php HTTP/1.1" 404 23127 "-" "-"
52.169.201.215 - - [06/Jul/2025:14:26:17 -0400] "GET /images/cloud.php HTTP/1.1" 404 23127 "-" "-"
136.243.228.194 - - [06/Jul/2025:14:26:16 -0400] "GET /items/fodob71/8523?key=deck HTTP/1.1" 404 23127 "-" "Mozilla/5.0 (compatible; DataForSeoBot/1.0; +https://dataforseo.com/dataforseo-bot)"
52.169.201.215 - - [06/Jul/2025:14:26:22 -0400] "GET /wp-admin/js/widgets/cloud.php HTTP/1.1" 404 23127 "-" "-"
136.243.228.194 - - [06/Jul/2025:14:26:24 -0400] "GET /items/xlcwq254/28416?key=each HTTP/1.1" 404 23127 "-" "Mozilla/5.0 (compatible; DataForSeoBot/1.0; +https://dataforseo.com/dataforseo-bot)"
52.169.201.215 - - [06/Jul/2025:14:26:27 -0400] "GET /wp-includes/Requests/Text/admin.php HTTP/1.1" 404 23127 "-" "-"
192.178.6.66 - - [06/Jul/2025:14:26:33 -0400] "GET /pcmypage?callback=product%2Fdetail%2Fjukusui-453-09907 HTTP/1.1" 200 87201 "-" "Mozilla/5.0 (Linux; Android 6.0.1; Nexus 5X Build/MMB29P) AppleWebKit/537.36 (KHTML, like Gecko) Chrome/137.0.7151.103 Mobile Safari/537.36 (compatible; Googlebot/2.1; +http://www.google.com/bot.html)"
20.171.207.36 - - [06/Jul/2025:14:26:29 -0400] "GET /117biexl6000.html HTTP/1.1" 404 23127 "-" "Mozilla/5.0 AppleWebKit/537.36 (KHTML, like Gecko; compatible; GPTBot/1.2; +https://openai.com/gptbot)"
136.243.228.194 - - [06/Jul/2025:14:26:31 -0400] "GET /items/wzbsm31/23145?key=marble HTTP/1.1" 404 23127 "-" "Mozilla/5.0 (compatible; DataForSeoBot/1.0; +https://dataforseo.com/dataforseo-bot)"
192.178.6.65 - - [06/Jul/2025:14:26:37 -0400] "GET /4cazjq44989.html HTTP/1.1" 200 87079 "-" "Mozilla/5.0 (Linux; Android 6.0.1; Nexus 5X Build/MMB29P) AppleWebKit/537.36 (KHTML, like Gecko) Chrome/137.0.7151.103 Mobile Safari/537.36 (compatible; Googlebot/2.1; +http://www.google.com/bot.html)"
52.169.201.215 - - [06/Jul/2025:14:26:34 -0400] "GET /wp-admin/css/colors/cloud.php HTTP/1.1" 404 23127 "-" "-"
192.178.6.65 - - [06/Jul/2025:14:27:38 -0400] "GET /items/yqaoy56/39476?key=burn HTTP/1.1" 200 87620 "-" "Mozilla/5.0 (compatible; Googlebot/2.1; +http://www.google.com/bot.html)"
52.169.201.215 - - [06/Jul/2025:14:27:37 -0400] "GET /wp-admin/js/widgets/about.php7 HTTP/1.1" 404 23127 "-" "-"
192.178.6.65 - - [06/Jul/2025:14:27:40 -0400] "GET /19sakmj29904.html HTTP/1.1" 200 86874 "-" "Mozilla/5.0 (Linux; Android 6.0.1; Nexus 5X Build/MMB29P) AppleWebKit/537.36 (KHTML, like Gecko) Chrome/137.0.7151.103 Mobile Safari/537.36 (compatible; Googlebot/2.1; +http://www.google.com/bot.html)"
192.178.6.65 - - [06/Jul/2025:14:27:41 -0400] "GET /149ikfg10550.html HTTP/1.1" 200 87047 "-" "Mozilla/5.0 (compatible; Googlebot/2.1; +http://www.google.com/bot.html)"
52.169.201.215 - - [06/Jul/2025:14:27:41 -0400] "GET /wp-p.php7 HTTP/1.1" 404 23127 "-" "-"
192.178.6.66 - - [06/Jul/2025:14:27:44 -0400] "GET /items/ycryh201/15923?key=often HTTP/1.1" 200 87270 "-" "Mozilla/5.0 (compatible; Googlebot/2.1; +http://www.google.com/bot.html)"
103.131.71.173 - - [06/Jul/2025:14:27:46 -0400] "GET /robots.txt HTTP/1.1" 304 0 "-" "Mozilla/5.0 (compatible; coccocbot-web/1.0; +http://help.coccoc.com/searchengine)"
52.169.201.215 - - [06/Jul/2025:14:27:45 -0400] "GET /wp-admin/repeater.php HTTP/1.1" 404 23127 "-" "-"
51.222.253.3 - - [06/Jul/2025:14:27:47 -0400] "GET /en/entrepreneurial-journeys/feed/ HTTP/1.1" 304 0 "-" "Mozilla/5.0 (compatible; AhrefsBot/7.0; +http://ahrefs.com/robot/)"
52.169.201.215 - - [06/Jul/2025:14:27:49 -0400] "GET /wp-includes/repeater.php HTTP/1.1" 404 23127 "-" "-"
20.171.207.36 - - [06/Jul/2025:14:27:49 -0400] "GET /278duoev8877.html HTTP/1.1" 404 23127 "-" "Mozilla/5.0 AppleWebKit/537.36 (KHTML, like Gecko; compatible; GPTBot/1.2; +https://openai.com/gptbot)"
52.169.201.215 - - [06/Jul/2025:14:27:54 -0400] "GET /wp-content/repeater.php HTTP/1.1" 404 23127 "-" "-"
192.178.6.65 - - [06/Jul/2025:14:27:57 -0400] "GET /143tppvv42768.html HTTP/1.1" 200 87153 "-" "Mozilla/5.0 (Linux; Android 6.0.1; Nexus 5X Build/MMB29P) AppleWebKit/537.36 (KHTML, like Gecko) Chrome/137.0.7151.103 Mobile Safari/537.36 (compatible; Googlebot/2.1; +http://www.google.com/bot.html)"
52.169.201.215 - - [06/Jul/2025:14:27:58 -0400] "GET /wsoyanz.php HTTP/1.1" 404 23127 "-" "-"
192.178.6.66 - - [06/Jul/2025:14:28:01 -0400] "GET /items/soxbo274/15756?key=morning HTTP/1.1" 200 86799 "-" "Mozilla/5.0 (compatible; Googlebot/2.1; +http://www.google.com/bot.html)"
52.169.201.215 - - [06/Jul/2025:14:28:01 -0400] "GET /yanz.php HTTP/1.1" 404 23127 "-" "-"
52.169.201.215 - - [06/Jul/2025:14:28:05 -0400] "GET /wp-content/plugins/seoo/wsoyanz.php HTTP/1.1" 404 23127 "-" "-"
52.169.201.215 - - [06/Jul/2025:14:28:10 -0400] "GET /wp-content/plugins/seoo/wsoyanz1.php HTTP/1.1" 404 23127 "-" "-"
52.169.201.215 - - [06/Jul/2025:14:28:13 -0400] "GET /cache-compat.php HTTP/1.1" 404 23127 "-" "-"
66.29.146.47 - - [06/Jul/2025:14:28:17 -0400] "POST /wp-cron.php?doing_wp_cron=1751826497.3595669269561767578125 HTTP/1.1" 403 1242 "-" "WordPress/6.8; https://dangroup.sa"
192.178.6.66 - - [06/Jul/2025:14:28:17 -0400] "GET /items/fyjty257/47093?key=election HTTP/1.1" 200 86771 "-" "Mozilla/5.0 (Linux; Android 6.0.1; Nexus 5X Build/MMB29P) AppleWebKit/537.36 (KHTML, like Gecko) Chrome/137.0.7151.103 Mobile Safari/537.36 (compatible; Googlebot/2.1; +http://www.google.com/bot.html)"
20.171.207.36 - - [06/Jul/2025:14:28:15 -0400] "GET /282lvmon2605.html HTTP/1.1" 404 23129 "-" "Mozilla/5.0 AppleWebKit/537.36 (KHTML, like Gecko; compatible; GPTBot/1.2; +https://openai.com/gptbot)"
136.243.228.194 - - [06/Jul/2025:14:28:16 -0400] "GET /220wwhq36907.html HTTP/1.1" 404 23129 "-" "Mozilla/5.0 (compatible; DataForSeoBot/1.0; +https://dataforseo.com/dataforseo-bot)"
52.169.201.215 - - [06/Jul/2025:14:28:17 -0400] "GET /ajax-actions.php HTTP/1.1" 404 23127 "-" "-"
136.243.228.194 - - [06/Jul/2025:14:28:23 -0400] "GET /items/edrdm92/53306?key=experiment HTTP/1.1" 404 23127 "-" "Mozilla/5.0 (compatible; DataForSeoBot/1.0; +https://dataforseo.com/dataforseo-bot)"
52.169.201.215 - - [06/Jul/2025:14:28:23 -0400] "GET /wp-admin/ajax-actions.php HTTP/1.1" 404 23129 "-" "-"
52.169.201.215 - - [06/Jul/2025:14:28:28 -0400] "GET /wp-consar.php HTTP/1.1" 404 23127 "-" "-"
136.243.228.194 - - [06/Jul/2025:14:28:29 -0400] "GET /items/uqukt251/32459?key=boil HTTP/1.1" 404 23129 "-" "Mozilla/5.0 (compatible; DataForSeoBot/1.0; +https://dataforseo.com/dataforseo-bot)"
69.197.182.50 - - [06/Jul/2025:14:28:35 -0400] "GET /wp-content/install.php HTTP/1.1" 200 10 "https://dangroup.sa/wp-content/install.php" "Mozilla/5.0 (Windows NT 10.0; Win64; x64) AppleWebKit/537.36 (KHTML, like Gecko) Chrome/58.0.3029.110 Safari/537.3"
52.169.201.215 - - [06/Jul/2025:14:28:33 -0400] "GET /repeater.php HTTP/1.1" 404 23127 "-" "-"
192.178.6.65 - - [06/Jul/2025:14:28:38 -0400] "GET /220vzgn4225.html HTTP/1.1" 200 87429 "-" "Mozilla/5.0 (Linux; Android 6.0.1; Nexus 5X Build/MMB29P) AppleWebKit/537.36 (KHTML, like Gecko) Chrome/137.0.7151.103 Mobile Safari/537.36 (compatible; Googlebot/2.1; +http://www.google.com/bot.html)"
136.243.228.194 - - [06/Jul/2025:14:28:36 -0400] "GET /166puv33047.html HTTP/1.1" 404 23129 "-" "Mozilla/5.0 (compatible; DataForSeoBot/1.0; +https://dataforseo.com/dataforseo-bot)"
52.169.201.215 - - [06/Jul/2025:14:28:38 -0400] "GET /admin-post.php HTTP/1.1" 404 23127 "-" "-"
192.178.6.65 - - [06/Jul/2025:14:28:44 -0400] "GET /252sid25289.html HTTP/1.1" 200 88456 "-" "Mozilla/5.0 (Linux; Android 6.0.1; Nexus 5X Build/MMB29P) AppleWebKit/537.36 (KHTML, like Gecko) Chrome/137.0.7151.103 Mobile Safari/537.36 (compatible; Googlebot/2.1; +http://www.google.com/bot.html)"
20.171.207.36 - - [06/Jul/2025:14:28:41 -0400] "GET /135jehph1224.html HTTP/1.1" 404 23127 "-" "Mozilla/5.0 AppleWebKit/537.36 (KHTML, like Gecko; compatible; GPTBot/1.2; +https://openai.com/gptbot)"
52.169.201.215 - - [06/Jul/2025:14:28:43 -0400] "GET /wp-admin/maint/maint/ajax-actions.php HTTP/1.1" 404 23127 "-" "-"
136.243.228.194 - - [06/Jul/2025:14:28:42 -0400] "GET /39mvuw66374.html HTTP/1.1" 404 23127 "-" "Mozilla/5.0 (compatible; DataForSeoBot/1.0; +https://dataforseo.com/dataforseo-bot)"
52.169.201.215 - - [06/Jul/2025:14:28:50 -0400] "GET /wp-admin/dropdown.php HTTP/1.1" 404 23127 "-" "-"
52.169.201.215 - - [06/Jul/2025:14:28:54 -0400] "GET /wp-admin/css/index.php HTTP/1.1" 301 0 "-" "-"
52.169.201.215 - - [06/Jul/2025:14:28:55 -0400] "GET /wp-admin/css/ HTTP/1.1" 200 2667 "-" "-"
136.243.228.194 - - [06/Jul/2025:14:28:52 -0400] "GET /259npow202.html HTTP/1.1" 404 23129 "-" "Mozilla/5.0 (compatible; DataForSeoBot/1.0; +https://dataforseo.com/dataforseo-bot)"
192.178.6.66 - - [06/Jul/2025:14:28:56 -0400] "GET /198snm27201.html HTTP/1.1" 200 86748 "-" "Mozilla/5.0 (Linux; Android 6.0.1; Nexus 5X Build/MMB29P) AppleWebKit/537.36 (KHTML, like Gecko) Chrome/137.0.7151.103 Mobile Safari/537.36 (compatible; Googlebot/2.1; +http://www.google.com/bot.html)"
52.169.201.215 - - [06/Jul/2025:14:28:56 -0400] "GET /dropdown.php HTTP/1.1" 404 23127 "-" "-"
192.178.6.67 - - [06/Jul/2025:14:29:00 -0400] "GET /23thv34340.html HTTP/1.1" 200 86473 "-" "Mozilla/5.0 (compatible; Googlebot/2.1; +http://www.google.com/bot.html)"
136.243.228.194 - - [06/Jul/2025:14:28:58 -0400] "GET /98bujq38291.html HTTP/1.1" 404 23127 "-" "Mozilla/5.0 (compatible; DataForSeoBot/1.0; +https://dataforseo.com/dataforseo-bot)"
52.169.201.215 - - [06/Jul/2025:14:29:00 -0400] "GET /about.php7 HTTP/1.1" 404 23127 "-" "-"
136.243.228.194 - - [06/Jul/2025:14:29:04 -0400] "GET /29qdh12902.html HTTP/1.1" 404 23129 "-" "Mozilla/5.0 (compatible; DataForSeoBot/1.0; +https://dataforseo.com/dataforseo-bot)"
192.178.6.65 - - [06/Jul/2025:14:29:08 -0400] "GET /40nyfup9217.html HTTP/1.1" 200 87200 "-" "Mozilla/5.0 (compatible; Googlebot/2.1; +http://www.google.com/bot.html)"
52.169.201.215 - - [06/Jul/2025:14:29:05 -0400] "GET /alfanew.php7 HTTP/1.1" 404 23129 "-" "-"
20.171.207.36 - - [06/Jul/2025:14:29:08 -0400] "GET /116zzzon7327.html HTTP/1.1" 404 23127 "-" "Mozilla/5.0 AppleWebKit/537.36 (KHTML, like Gecko; compatible; GPTBot/1.2; +https://openai.com/gptbot)"
52.169.201.215 - - [06/Jul/2025:14:29:10 -0400] "GET /adminfuns.php7 HTTP/1.1" 404 23129 "-" "-"
52.169.201.215 - - [06/Jul/2025:14:29:15 -0400] "GET /ebs.php7 HTTP/1.1" 404 23127 "-" "-"
66.29.146.47 - - [06/Jul/2025:14:29:19 -0400] "POST /wp-cron.php?doing_wp_cron=1751826559.7884008884429931640625 HTTP/1.1" 403 1242 "-" "WordPress/6.8; https://dangroup.sa"
52.169.201.215 - - [06/Jul/2025:14:29:19 -0400] "GET /ws.php7 HTTP/1.1" 404 23127 "-" "-"
52.169.201.215 - - [06/Jul/2025:14:29:23 -0400] "GET /alfanew2.php7 HTTP/1.1" 404 23127 "-" "-"
52.169.201.215 - - [06/Jul/2025:14:29:27 -0400] "GET /alfa-rex2.php7 HTTP/1.1" 404 23127 "-" "-"
52.169.201.215 - - [06/Jul/2025:14:29:31 -0400] "GET /wp-admin/images/index.php HTTP/1.1" 301 0 "-" "-"
52.169.201.215 - - [06/Jul/2025:14:29:32 -0400] "GET /wp-admin/images/ HTTP/1.1" 200 2323 "-" "-"
40.77.167.151 - - [06/Jul/2025:14:29:33 -0400] "GET /en/new-page/ HTTP/1.1" 200 17 "-" "Mozilla/5.0 AppleWebKit/537.36 (KHTML, like Gecko; compatible; bingbot/2.0; +http://www.bing.com/bingbot.htm) Chrome/116.0.1938.76 Safari/537.36"
52.169.201.215 - - [06/Jul/2025:14:29:32 -0400] "GET /wp-admin/css/colors/index.php HTTP/1.1" 301 0 "-" "-"
136.243.228.194 - - [06/Jul/2025:14:29:29 -0400] "GET /items/ovvfq137/13677?key=improved HTTP/1.1" 404 23127 "-" "Mozilla/5.0 (compatible; DataForSeoBot/1.0; +https://dataforseo.com/dataforseo-bot)"
52.169.201.215 - - [06/Jul/2025:14:29:33 -0400] "GET /wp-admin/css/colors/ HTTP/1.1" 200 1093 "-" "-"
20.171.207.36 - - [06/Jul/2025:14:29:34 -0400] "GET /36iqnjt23321.html HTTP/1.1" 404 23127 "-" "Mozilla/5.0 AppleWebKit/537.36 (KHTML, like Gecko; compatible; GPTBot/1.2; +https://openai.com/gptbot)"
52.169.201.215 - - [06/Jul/2025:14:29:34 -0400] "GET /wp-content/themes/seotheme/mar.php HTTP/1.1" 404 23127 "-" "-"
136.243.228.194 - - [06/Jul/2025:14:29:35 -0400] "GET /156dic20503.html HTTP/1.1" 404 23129 "-" "Mozilla/5.0 (compatible; DataForSeoBot/1.0; +https://dataforseo.com/dataforseo-bot)"
52.169.201.215 - - [06/Jul/2025:14:29:40 -0400] "GET /wp-content/plugins/linkpreview/db.php HTTP/1.1" 404 23127 "-" "-"
85.95.216.149 - - [06/Jul/2025:14:29:44 -0400] "GET /xmlrpc.php HTTP/1.1" 403 1242 "https://danevnt.com/xmlrpc.php" "Mozilla/5.0 (X11; Ubuntu; Linux x86_64; rv:85.0) Gecko/20100101 Firefox/91.0"
136.243.228.194 - - [06/Jul/2025:14:29:42 -0400] "GET /items/auufy147/21149?key=conclusion HTTP/1.1" 404 23127 "-" "Mozilla/5.0 (compatible; DataForSeoBot/1.0; +https://dataforseo.com/dataforseo-bot)"
52.169.201.215 - - [06/Jul/2025:14:29:45 -0400] "GET /wp-content/themes/seotheme/db.php HTTP/1.1" 404 23127 "-" "-"
136.243.228.194 - - [06/Jul/2025:14:29:48 -0400] "GET /items/vkuqv65/29503?key=middle-class HTTP/1.1" 404 23127 "-" "Mozilla/5.0 (compatible; DataForSeoBot/1.0; +https://dataforseo.com/dataforseo-bot)"
192.178.6.65 - - [06/Jul/2025:14:29:54 -0400] "GET /176loxi42355.html HTTP/1.1" 200 87379 "-" "Mozilla/5.0 (Linux; Android 6.0.1; Nexus 5X Build/MMB29P) AppleWebKit/537.36 (KHTML, like Gecko) Chrome/137.0.7151.103 Mobile Safari/537.36 (compatible; Googlebot/2.1; +http://www.google.com/bot.html)"
52.169.201.215 - - [06/Jul/2025:14:29:50 -0400] "GET /wp-content/plugins/seoplugins/db.php HTTP/1.1" 404 23127 "-" "-"
52.169.201.215 - - [06/Jul/2025:14:29:55 -0400] "GET /wp-content/plugins/seoplugins/mar.php HTTP/1.1" 404 23127 "-" "-"
136.243.228.194 - - [06/Jul/2025:14:29:55 -0400] "GET /items/ktmsv199/25383?key=center HTTP/1.1" 404 23127 "-" "Mozilla/5.0 (compatible; DataForSeoBot/1.0; +https://dataforseo.com/dataforseo-bot)"
52.169.201.215 - - [06/Jul/2025:14:30:00 -0400] "GET /.well-known/pki-validation/xmrlpc.php HTTP/1.1" 404 1251 "-" "-"
52.169.201.215 - - [06/Jul/2025:14:30:01 -0400] "GET /.well-known/acme-challenge/xmrlpc.php HTTP/1.1" 404 23127 "-" "-"
20.171.207.36 - - [06/Jul/2025:14:30:01 -0400] "GET /56mvmwy46311.html HTTP/1.1" 404 23127 "-" "Mozilla/5.0 AppleWebKit/537.36 (KHTML, like Gecko; compatible; GPTBot/1.2; +https://openai.com/gptbot)"
136.243.228.194 - - [06/Jul/2025:14:30:02 -0400] "GET /219ykwy12768.html HTTP/1.1" 404 23127 "-" "Mozilla/5.0 (compatible; DataForSeoBot/1.0; +https://dataforseo.com/dataforseo-bot)"
192.178.6.70 - - [06/Jul/2025:14:30:07 -0400] "GET /176prk14369.html HTTP/1.1" 200 87289 "-" "Mozilla/5.0 (Linux; Android 6.0.1; Nexus 5X Build/MMB29P) AppleWebKit/537.36 (KHTML, like Gecko) Chrome/137.0.7151.103 Mobile Safari/537.36 (compatible; Googlebot/2.1; +http://www.google.com/bot.html)"
52.169.201.215 - - [06/Jul/2025:14:30:06 -0400] "GET /wp-admin/network/xmrlpc.php HTTP/1.1" 404 23127 "-" "-"
192.178.6.69 - - [06/Jul/2025:14:30:10 -0400] "GET /items/cizqm29/885?key=wide HTTP/1.1" 200 87362 "-" "Mozilla/5.0 (Linux; Android 6.0.1; Nexus 5X Build/MMB29P) AppleWebKit/537.36 (KHTML, like Gecko) Chrome/137.0.7151.103 Mobile Safari/537.36 (compatible; Googlebot/2.1; +http://www.google.com/bot.html)"
136.243.228.194 - - [06/Jul/2025:14:30:10 -0400] "GET /items/rcbyf64/1026?key=uncomfortable HTTP/1.1" 404 23127 "-" "Mozilla/5.0 (compatible; DataForSeoBot/1.0; +https://dataforseo.com/dataforseo-bot)"
192.178.6.68 - - [06/Jul/2025:14:30:15 -0400] "GET /items/eyvfm198/17616?key=publisher HTTP/1.1" 200 86835 "-" "Mozilla/5.0 (Linux; Android 6.0.1; Nexus 5X Build/MMB29P) AppleWebKit/537.36 (KHTML, like Gecko) Chrome/137.0.7151.103 Mobile Safari/537.36 (compatible; Googlebot/2.1; +http://www.google.com/bot.html)"
52.169.201.215 - - [06/Jul/2025:14:30:11 -0400] "GET /xmrlpc.php HTTP/1.1" 404 23127 "-" "-"
192.178.6.68 - - [06/Jul/2025:14:30:17 -0400] "GET /13dxf36526.html HTTP/1.1" 200 86467 "-" "Mozilla/5.0 (Linux; Android 6.0.1; Nexus 5X Build/MMB29P) AppleWebKit/537.36 (KHTML, like Gecko) Chrome/137.0.7151.103 Mobile Safari/537.36 (compatible; Googlebot/2.1; +http://www.google.com/bot.html)"
52.169.201.215 - - [06/Jul/2025:14:30:17 -0400] "GET /cgi-bin/xmrlpc.php HTTP/1.1" 404 23127 "-" "-"
136.243.228.194 - - [06/Jul/2025:14:30:18 -0400] "GET /items/tdqlt82/46672?key=intention HTTP/1.1" 404 23127 "-" "Mozilla/5.0 (compatible; DataForSeoBot/1.0; +https://dataforseo.com/dataforseo-bot)"
66.29.146.47 - - [06/Jul/2025:14:30:23 -0400] "POST /wp-cron.php?doing_wp_cron=1751826623.4677069187164306640625 HTTP/1.1" 403 1242 "-" "WordPress/6.8; https://dangroup.sa"
52.169.201.215 - - [06/Jul/2025:14:30:22 -0400] "GET /css/xmrlpc.php HTTP/1.1" 404 23127 "-" "-"
136.243.228.194 - - [06/Jul/2025:14:30:24 -0400] "GET /items/jpqgg63/37275?key=excuse HTTP/1.1" 404 23127 "-" "Mozilla/5.0 (compatible; DataForSeoBot/1.0; +https://dataforseo.com/dataforseo-bot)"
192.178.6.68 - - [06/Jul/2025:14:30:31 -0400] "GET /182akl9919.html HTTP/1.1" 200 86539 "-" "Mozilla/5.0 (compatible; Googlebot/2.1; +http://www.google.com/bot.html)"
52.169.201.215 - - [06/Jul/2025:14:30:28 -0400] "GET /wp-admin/user/xmrlpc.php HTTP/1.1" 404 23129 "-" "-"
20.171.207.36 - - [06/Jul/2025:14:30:28 -0400] "GET /255xzuoz2054.html HTTP/1.1" 404 23127 "-" "Mozilla/5.0 AppleWebKit/537.36 (KHTML, like Gecko; compatible; GPTBot/1.2; +https://openai.com/gptbot)"
136.243.228.194 - - [06/Jul/2025:14:30:32 -0400] "GET /items/kpyes230/31800?key=influential HTTP/1.1" 404 23129 "-" "Mozilla/5.0 (compatible; DataForSeoBot/1.0; +https://dataforseo.com/dataforseo-bot)"
52.169.201.215 - - [06/Jul/2025:14:30:35 -0400] "GET /img/xmrlpc.php HTTP/1.1" 404 23127 "-" "-"
136.243.228.194 - - [06/Jul/2025:14:30:40 -0400] "GET /25laxw49356.html HTTP/1.1" 404 23127 "-" "Mozilla/5.0 (compatible; DataForSeoBot/1.0; +https://dataforseo.com/dataforseo-bot)"
52.169.201.215 - - [06/Jul/2025:14:30:41 -0400] "GET /wp-admin/css/colors/coffee/xmrlpc.php HTTP/1.1" 404 23127 "-" "-"
136.243.228.194 - - [06/Jul/2025:14:30:47 -0400] "GET /items/ucfmx266/10506?key=necessarily HTTP/1.1" 404 23127 "-" "Mozilla/5.0 (compatible; DataForSeoBot/1.0; +https://dataforseo.com/dataforseo-bot)"
52.169.201.215 - - [06/Jul/2025:14:30:47 -0400] "GET /wp-admin/images/xmrlpc.php HTTP/1.1" 404 23127 "-" "-"
192.178.6.68 - - [06/Jul/2025:14:30:55 -0400] "GET /items/rtcse64/14438?key=tissue HTTP/1.1" 200 86964 "-" "Mozilla/5.0 (compatible; Googlebot/2.1; +http://www.google.com/bot.html)"
136.243.228.194 - - [06/Jul/2025:14:30:55 -0400] "GET /items/ctnhk247/19373?key=entire HTTP/1.1" 404 23127 "-" "Mozilla/5.0 (compatible; DataForSeoBot/1.0; +https://dataforseo.com/dataforseo-bot)"
52.169.201.215 - - [06/Jul/2025:14:30:55 -0400] "GET /images/xmrlpc.php HTTP/1.1" 404 23127 "-" "-"
20.171.207.36 - - [06/Jul/2025:14:30:57 -0400] "GET /252xggbd2547.html HTTP/1.1" 404 23127 "-" "Mozilla/5.0 AppleWebKit/537.36 (KHTML, like Gecko; compatible; GPTBot/1.2; +https://openai.com/gptbot)"
192.178.6.69 - - [06/Jul/2025:14:31:06 -0400] "GET /items/rcyqn28/19750?key=resolve HTTP/1.1" 200 87002 "-" "Mozilla/5.0 (compatible; Googlebot/2.1; +http://www.google.com/bot.html)"
136.243.228.194 - - [06/Jul/2025:14:31:03 -0400] "GET /179ccabq2446.html HTTP/1.1" 404 23129 "-" "Mozilla/5.0 (compatible; DataForSeoBot/1.0; +https://dataforseo.com/dataforseo-bot)"
52.169.201.215 - - [06/Jul/2025:14:31:03 -0400] "GET /wp-admin/js/widgets/xmrlpc.php HTTP/1.1" 404 23127 "-" "-"
192.178.6.68 - - [06/Jul/2025:14:31:07 -0400] "GET /58fxl4409.html HTTP/1.1" 200 86591 "-" "Mozilla/5.0 (compatible; Googlebot/2.1; +http://www.google.com/bot.html)"
192.178.6.70 - - [06/Jul/2025:14:31:09 -0400] "GET /281ibb34228.html HTTP/1.1" 200 87011 "-" "Mozilla/5.0 (Linux; Android 6.0.1; Nexus 5X Build/MMB29P) AppleWebKit/537.36 (KHTML, like Gecko) Chrome/137.0.7151.103 Mobile Safari/537.36 (compatible; Googlebot/2.1; +http://www.google.com/bot.html)"
52.169.201.215 - - [06/Jul/2025:14:31:09 -0400] "GET /wp-admin/css/colors/xmrlpc.php HTTP/1.1" 404 23127 "-" "-"
136.243.228.194 - - [06/Jul/2025:14:31:10 -0400] "GET /1qokuv39144.html HTTP/1.1" 404 23127 "-" "Mozilla/5.0 (compatible; DataForSeoBot/1.0; +https://dataforseo.com/dataforseo-bot)"
52.169.201.215 - - [06/Jul/2025:14:31:14 -0400] "GET /wp-admin/includes/xmrlpc.php HTTP/1.1" 404 23127 "-" "-"
136.243.228.194 - - [06/Jul/2025:14:31:18 -0400] "GET /items/tnowh43/21045?key=church HTTP/1.1" 404 23129 "-" "Mozilla/5.0 (compatible; DataForSeoBot/1.0; +https://dataforseo.com/dataforseo-bot)"
192.178.6.68 - - [06/Jul/2025:14:31:23 -0400] "GET /8dbdr495.html HTTP/1.1" 200 86350 "-" "Mozilla/5.0 (compatible; Googlebot/2.1; +http://www.google.com/bot.html)"
66.29.146.47 - - [06/Jul/2025:14:31:25 -0400] "POST /wp-cron.php?doing_wp_cron=1751826685.2656509876251220703125 HTTP/1.1" 403 1242 "-" "WordPress/6.8; https://dangroup.sa"
52.169.201.215 - - [06/Jul/2025:14:31:20 -0400] "GET /wp-admin/css/colors/blue/xmrlpc.php HTTP/1.1" 404 23129 "-" "-"
20.171.207.36 - - [06/Jul/2025:14:31:24 -0400] "GET /70ihwcp37387.html HTTP/1.1" 404 23129 "-" "Mozilla/5.0 AppleWebKit/537.36 (KHTML, like Gecko; compatible; GPTBot/1.2; +https://openai.com/gptbot)"
136.243.228.194 - - [06/Jul/2025:14:31:25 -0400] "GET /70kit17237.html HTTP/1.1" 404 23129 "-" "Mozilla/5.0 (compatible; DataForSeoBot/1.0; +https://dataforseo.com/dataforseo-bot)"
52.169.201.215 - - [06/Jul/2025:14:31:26 -0400] "GET /wp-admin/xmrlpc.php HTTP/1.1" 404 23129 "-" "-"
52.169.201.215 - - [06/Jul/2025:14:31:33 -0400] "GET /403.php HTTP/1.1" 404 23127 "-" "-"
136.243.228.194 - - [06/Jul/2025:14:31:33 -0400] "GET /items/iubdw187/38711?key=president HTTP/1.1" 404 23127 "-" "Mozilla/5.0 (compatible; DataForSeoBot/1.0; +https://dataforseo.com/dataforseo-bot)"
192.178.6.68 - - [06/Jul/2025:14:31:38 -0400] "GET /47tzrp5838.html HTTP/1.1" 200 86958 "-" "Mozilla/5.0 (Linux; Android 6.0.1; Nexus 5X Build/MMB29P) AppleWebKit/537.36 (KHTML, like Gecko) Chrome/137.0.7151.103 Mobile Safari/537.36 (compatible; Googlebot/2.1; +http://www.google.com/bot.html)"
52.169.201.215 - - [06/Jul/2025:14:31:39 -0400] "GET /css.php HTTP/1.1" 404 23127 "-" "-"
136.243.228.194 - - [06/Jul/2025:14:31:41 -0400] "GET /items/riedt269/18419?key=additional HTTP/1.1" 404 23127 "-" "Mozilla/5.0 (compatible; DataForSeoBot/1.0; +https://dataforseo.com/dataforseo-bot)"
52.169.201.215 - - [06/Jul/2025:14:31:43 -0400] "GET /simple.php HTTP/1.1" 404 23127 "-" "-"
136.243.228.194 - - [06/Jul/2025:14:31:48 -0400] "GET /252jef10209.html HTTP/1.1" 404 23127 "-" "Mozilla/5.0 (compatible; DataForSeoBot/1.0; +https://dataforseo.com/dataforseo-bot)"
52.169.201.215 - - [06/Jul/2025:14:31:48 -0400] "GET /log.php HTTP/1.1" 404 23129 "-" "-"
52.169.201.215 - - [06/Jul/2025:14:31:55 -0400] "GET /index.php HTTP/1.1" 301 0 "-" "-"
192.178.6.68 - - [06/Jul/2025:14:31:56 -0400] "GET /items/kqiwv47/9155?key=door HTTP/1.1" 200 86767 "-" "Mozilla/5.0 (Linux; Android 6.0.1; Nexus 5X Build/MMB29P) AppleWebKit/537.36 (KHTML, like Gecko) Chrome/137.0.7151.103 Mobile Safari/537.36 (compatible; Googlebot/2.1; +http://www.google.com/bot.html)"
20.171.207.36 - - [06/Jul/2025:14:31:51 -0400] "GET /133madtt4820.html HTTP/1.1" 404 23127 "-" "Mozilla/5.0 AppleWebKit/537.36 (KHTML, like Gecko; compatible; GPTBot/1.2; +https://openai.com/gptbot)"
136.243.228.194 - - [06/Jul/2025:14:31:55 -0400] "GET /164jul24251.html HTTP/1.1" 404 23127 "-" "Mozilla/5.0 (compatible; DataForSeoBot/1.0; +https://dataforseo.com/dataforseo-bot)"
52.169.201.215 - - [06/Jul/2025:14:31:57 -0400] "GET / HTTP/1.1" 200 33219 "-" "-"
136.243.228.194 - - [06/Jul/2025:14:32:02 -0400] "GET /items/zycca139/35655?key=dad HTTP/1.1" 404 23129 "-" "Mozilla/5.0 (compatible; DataForSeoBot/1.0; +https://dataforseo.com/dataforseo-bot)"
52.169.201.215 - - [06/Jul/2025:14:32:05 -0400] "GET /mail.php HTTP/1.1" 404 23129 "-" "-"
192.178.6.69 - - [06/Jul/2025:14:32:10 -0400] "GET /items/cyvou267/24091?key=adjust HTTP/1.1" 200 87882 "-" "Mozilla/5.0 (compatible; Googlebot/2.1; +http://www.google.com/bot.html)"
192.178.6.70 - - [06/Jul/2025:14:32:12 -0400] "GET /items/fsydz102/31012?key=mill HTTP/1.1" 200 87011 "-" "Mozilla/5.0 (compatible; Googlebot/2.1; +http://www.google.com/bot.html)"
136.243.228.194 - - [06/Jul/2025:14:32:09 -0400] "GET /255wiyuh32862.html HTTP/1.1" 404 23127 "-" "Mozilla/5.0 (compatible; DataForSeoBot/1.0; +https://dataforseo.com/dataforseo-bot)"
52.169.201.215 - - [06/Jul/2025:14:32:10 -0400] "GET /bak.php HTTP/1.1" 404 23127 "-" "-"
136.243.228.194 - - [06/Jul/2025:14:32:16 -0400] "GET /items/shnsl180/284?key=shrink HTTP/1.1" 404 23127 "-" "Mozilla/5.0 (compatible; DataForSeoBot/1.0; +https://dataforseo.com/dataforseo-bot)"
52.169.201.215 - - [06/Jul/2025:14:32:15 -0400] "GET /upfile.php HTTP/1.1" 404 23127 "-" "-"
20.171.207.36 - - [06/Jul/2025:14:32:18 -0400] "GET /292knxku2115.html HTTP/1.1" 404 23128 "-" "Mozilla/5.0 AppleWebKit/537.36 (KHTML, like Gecko; compatible; GPTBot/1.2; +https://openai.com/gptbot)"
192.178.6.69 - - [06/Jul/2025:14:32:24 -0400] "GET /275aph35720.html HTTP/1.1" 200 86824 "-" "Mozilla/5.0 (Linux; Android 6.0.1; Nexus 5X Build/MMB29P) AppleWebKit/537.36 (KHTML, like Gecko) Chrome/137.0.7151.103 Mobile Safari/537.36 (compatible; Googlebot/2.1; +http://www.google.com/bot.html)"
52.169.201.215 - - [06/Jul/2025:14:32:22 -0400] "GET /wp-conflg.php HTTP/1.1" 404 23127 "-" "-"
66.29.146.47 - - [06/Jul/2025:14:32:28 -0400] "POST /wp-cron.php?doing_wp_cron=1751826748.4607839584350585937500 HTTP/1.1" 403 1242 "-" "WordPress/6.8; https://dangroup.sa"
136.243.228.194 - - [06/Jul/2025:14:32:23 -0400] "GET /items/ezfch20/46316?key=host HTTP/1.1" 404 23127 "-" "Mozilla/5.0 (compatible; DataForSeoBot/1.0; +https://dataforseo.com/dataforseo-bot)"
52.169.201.215 - - [06/Jul/2025:14:32:27 -0400] "GET /bypass.php HTTP/1.1" 404 23127 "-" "-"
52.169.201.215 - - [06/Jul/2025:14:32:32 -0400] "GET /radio.php HTTP/1.1" 404 23127 "-" "-"
52.169.201.215 - - [06/Jul/2025:14:32:35 -0400] "GET /moon.php HTTP/1.1" 404 23127 "-" "-"
52.169.201.215 - - [06/Jul/2025:14:32:39 -0400] "GET /blog.php HTTP/1.1" 404 23127 "-" "-"
52.169.201.215 - - [06/Jul/2025:14:32:42 -0400] "GET /themes.php HTTP/1.1" 404 23127 "-" "-"
20.171.207.36 - - [06/Jul/2025:14:32:44 -0400] "GET /49newlt12998.html HTTP/1.1" 404 23127 "-" "Mozilla/5.0 AppleWebKit/537.36 (KHTML, like Gecko; compatible; GPTBot/1.2; +https://openai.com/gptbot)"
52.169.201.215 - - [06/Jul/2025:14:32:47 -0400] "GET /ini.php HTTP/1.1" 404 23127 "-" "-"
52.169.201.215 - - [06/Jul/2025:14:32:51 -0400] "GET /as.php HTTP/1.1" 404 23129 "-" "-"
52.169.201.215 - - [06/Jul/2025:14:32:55 -0400] "GET /shell.php HTTP/1.1" 404 23127 "-" "-"
52.169.201.215 - - [06/Jul/2025:14:32:59 -0400] "GET /ws.php HTTP/1.1" 404 23127 "-" "-"
52.169.201.215 - - [06/Jul/2025:14:33:03 -0400] "GET /makeasmtp.php HTTP/1.1" 404 23127 "-" "-"
192.178.6.68 - - [06/Jul/2025:14:33:09 -0400] "GET /items/qapjo252/43698?key=handsome HTTP/1.1" 200 86378 "-" "Mozilla/5.0 (Linux; Android 6.0.1; Nexus 5X Build/MMB29P) AppleWebKit/537.36 (KHTML, like Gecko) Chrome/137.0.7151.103 Mobile Safari/537.36 (compatible; Googlebot/2.1; +http://www.google.com/bot.html)"
52.169.201.215 - - [06/Jul/2025:14:33:07 -0400] "GET /wp-sigunq.php HTTP/1.1" 404 23127 "-" "-"
20.171.207.36 - - [06/Jul/2025:14:33:10 -0400] "GET /85hckzk32898.html HTTP/1.1" 404 23127 "-" "Mozilla/5.0 AppleWebKit/537.36 (KHTML, like Gecko; compatible; GPTBot/1.2; +https://openai.com/gptbot)"
52.169.201.215 - - [06/Jul/2025:14:33:11 -0400] "GET /wso112233.php HTTP/1.1" 404 23127 "-" "-"
136.243.228.194 - - [06/Jul/2025:14:33:15 -0400] "GET /135uctmz33698.html HTTP/1.1" 404 23127 "-" "Mozilla/5.0 (compatible; DataForSeoBot/1.0; +https://dataforseo.com/dataforseo-bot)"
52.169.201.215 - - [06/Jul/2025:14:33:17 -0400] "GET /fw.php HTTP/1.1" 404 23127 "-" "-"
52.169.201.215 - - [06/Jul/2025:14:33:22 -0400] "GET /install.php HTTP/1.1" 404 23127 "-" "-"
136.243.228.194 - - [06/Jul/2025:14:33:23 -0400] "GET /items/dmipr129/21539?key=angry HTTP/1.1" 404 23127 "-" "Mozilla/5.0 (compatible; DataForSeoBot/1.0; +https://dataforseo.com/dataforseo-bot)"
