136.243.228.194 - - [06/Jul/2025:12:18:39 -0400] "GET /items/srudp177/17413?key=return HTTP/1.1" 404 23129 "-" "Mozilla/5.0 (compatible; DataForSeoBot/1.0; +https://dataforseo.com/dataforseo-bot)"
66.249.65.192 - - [06/Jul/2025:12:18:46 -0400] "GET /242stcr38795.html HTTP/1.1" 200 86622 "-" "Mozilla/5.0 (Linux; Android 6.0.1; Nexus 5X Build/MMB29P) AppleWebKit/537.36 (KHTML, like Gecko) Chrome/137.0.7151.103 Mobile Safari/537.36 (compatible; Googlebot/2.1; +http://www.google.com/bot.html)"
136.243.228.194 - - [06/Jul/2025:12:18:44 -0400] "GET /items/nafdc170/15970?key=fade HTTP/1.1" 404 23127 "-" "Mozilla/5.0 (compatible; DataForSeoBot/1.0; +https://dataforseo.com/dataforseo-bot)"
20.171.207.36 - - [06/Jul/2025:12:18:45 -0400] "GET /182fkhhp26457.html HTTP/1.1" 404 23127 "-" "Mozilla/5.0 AppleWebKit/537.36 (KHTML, like Gecko; compatible; GPTBot/1.2; +https://openai.com/gptbot)"
136.243.228.194 - - [06/Jul/2025:12:18:52 -0400] "GET /items/bhels191/425?key=collect HTTP/1.1" 404 23127 "-" "Mozilla/5.0 (compatible; DataForSeoBot/1.0; +https://dataforseo.com/dataforseo-bot)"
66.249.65.193 - - [06/Jul/2025:12:18:56 -0400] "GET /140boict1503.html HTTP/1.1" 200 87345 "-" "Mozilla/5.0 (Linux; Android 6.0.1; Nexus 5X Build/MMB29P) AppleWebKit/537.36 (KHTML, like Gecko) Chrome/137.0.7151.103 Mobile Safari/537.36 (compatible; Googlebot/2.1; +http://www.google.com/bot.html)"
66.249.65.193 - - [06/Jul/2025:12:18:59 -0400] "GET /267lej1724.html HTTP/1.1" 200 86706 "-" "Mozilla/5.0 (compatible; Googlebot/2.1; +http://www.google.com/bot.html)"
136.243.228.194 - - [06/Jul/2025:12:18:57 -0400] "GET /items/sstly299/20453?key=bit HTTP/1.1" 404 23129 "-" "Mozilla/5.0 (compatible; DataForSeoBot/1.0; +https://dataforseo.com/dataforseo-bot)"
66.249.65.192 - - [06/Jul/2025:12:19:03 -0400] "GET /267bcosl18008.html HTTP/1.1" 200 86836 "-" "Mozilla/5.0 (Linux; Android 6.0.1; Nexus 5X Build/MMB29P) AppleWebKit/537.36 (KHTML, like Gecko) Chrome/137.0.7151.103 Mobile Safari/537.36 (compatible; Googlebot/2.1; +http://www.google.com/bot.html)"
136.243.228.194 - - [06/Jul/2025:12:19:02 -0400] "GET /142rvwe35249.html HTTP/1.1" 404 23129 "-" "Mozilla/5.0 (compatible; DataForSeoBot/1.0; +https://dataforseo.com/dataforseo-bot)"
136.243.228.194 - - [06/Jul/2025:12:19:07 -0400] "GET /items/cbyqp112/37344?key=finance HTTP/1.1" 404 23127 "-" "Mozilla/5.0 (compatible; DataForSeoBot/1.0; +https://dataforseo.com/dataforseo-bot)"
66.249.65.192 - - [06/Jul/2025:12:19:14 -0400] "GET /194oqnnq2741.html HTTP/1.1" 200 88004 "-" "Mozilla/5.0 (compatible; Googlebot/2.1; +http://www.google.com/bot.html)"
136.243.228.194 - - [06/Jul/2025:12:19:11 -0400] "GET /73jnp28844.html HTTP/1.1" 404 23129 "-" "Mozilla/5.0 (compatible; DataForSeoBot/1.0; +https://dataforseo.com/dataforseo-bot)"
66.249.65.192 - - [06/Jul/2025:12:19:15 -0400] "GET /80zbi35327.html HTTP/1.1" 200 87795 "-" "Mozilla/5.0 (Linux; Android 6.0.1; Nexus 5X Build/MMB29P) AppleWebKit/537.36 (KHTML, like Gecko) Chrome/137.0.7151.103 Mobile Safari/537.36 (compatible; Googlebot/2.1; +http://www.google.com/bot.html)"
66.249.65.192 - - [06/Jul/2025:12:19:18 -0400] "GET /159pscn21112.html HTTP/1.1" 200 86349 "-" "Mozilla/5.0 (Linux; Android 6.0.1; Nexus 5X Build/MMB29P) AppleWebKit/537.36 (KHTML, like Gecko) Chrome/137.0.7151.103 Mobile Safari/537.36 (compatible; Googlebot/2.1; +http://www.google.com/bot.html)"
136.243.228.194 - - [06/Jul/2025:12:19:15 -0400] "GET /items/iqlzs7/17953?key=reduce HTTP/1.1" 404 23127 "-" "Mozilla/5.0 (compatible; DataForSeoBot/1.0; +https://dataforseo.com/dataforseo-bot)"
20.171.207.36 - - [06/Jul/2025:12:19:16 -0400] "GET /194zoaxk36127.html HTTP/1.1" 404 23129 "-" "Mozilla/5.0 AppleWebKit/537.36 (KHTML, like Gecko; compatible; GPTBot/1.2; +https://openai.com/gptbot)"
66.249.65.192 - - [06/Jul/2025:12:19:22 -0400] "GET /162obdj32261.html HTTP/1.1" 200 86666 "-" "Mozilla/5.0 (compatible; Googlebot/2.1; +http://www.google.com/bot.html)"
136.243.228.194 - - [06/Jul/2025:12:19:21 -0400] "GET /96ptc10883.html HTTP/1.1" 404 23127 "-" "Mozilla/5.0 (compatible; DataForSeoBot/1.0; +https://dataforseo.com/dataforseo-bot)"
136.243.228.194 - - [06/Jul/2025:12:19:25 -0400] "GET /285kuxs36154.html HTTP/1.1" 404 23127 "-" "Mozilla/5.0 (compatible; DataForSeoBot/1.0; +https://dataforseo.com/dataforseo-bot)"
136.243.228.194 - - [06/Jul/2025:12:19:30 -0400] "GET /items/vqlhm10/19096?key=interview HTTP/1.1" 404 23129 "-" "Mozilla/5.0 (compatible; DataForSeoBot/1.0; +https://dataforseo.com/dataforseo-bot)"
66.249.65.192 - - [06/Jul/2025:12:19:37 -0400] "GET /53sjv49392.html HTTP/1.1" 200 86954 "-" "Mozilla/5.0 (compatible; Googlebot/2.1; +http://www.google.com/bot.html)"
136.243.228.194 - - [06/Jul/2025:12:19:34 -0400] "GET /items/iwagd256/20022?key=hunting HTTP/1.1" 404 23127 "-" "Mozilla/5.0 (compatible; DataForSeoBot/1.0; +https://dataforseo.com/dataforseo-bot)"
66.249.65.193 - - [06/Jul/2025:12:19:39 -0400] "GET /items/uhxbt18/3724?key=like HTTP/1.1" 200 87145 "-" "Mozilla/5.0 (compatible; Googlebot/2.1; +http://www.google.com/bot.html)"
20.171.207.36 - - [06/Jul/2025:12:19:37 -0400] "GET /170ficlp35663.html HTTP/1.1" 404 23129 "-" "Mozilla/5.0 AppleWebKit/537.36 (KHTML, like Gecko; compatible; GPTBot/1.2; +https://openai.com/gptbot)"
66.249.65.193 - - [06/Jul/2025:12:19:40 -0400] "GET /188leus49229.html HTTP/1.1" 200 87288 "-" "Mozilla/5.0 (Linux; Android 6.0.1; Nexus 5X Build/MMB29P) AppleWebKit/537.36 (KHTML, like Gecko) Chrome/137.0.7151.103 Mobile Safari/537.36 (compatible; Googlebot/2.1; +http://www.google.com/bot.html)"
66.29.146.47 - - [06/Jul/2025:12:19:41 -0400] "POST /wp-cron.php?doing_wp_cron=1751818781.2772901058197021484375 HTTP/1.1" 403 1242 "-" "WordPress/6.8; https://dangroup.sa"
66.249.65.192 - - [06/Jul/2025:12:19:42 -0400] "GET /items/dxuoo240/3564?key=attention HTTP/1.1" 200 86835 "-" "Mozilla/5.0 (Linux; Android 6.0.1; Nexus 5X Build/MMB29P) AppleWebKit/537.36 (KHTML, like Gecko) Chrome/137.0.7151.103 Mobile Safari/537.36 (compatible; Googlebot/2.1; +http://www.google.com/bot.html)"
66.249.65.192 - - [06/Jul/2025:12:19:43 -0400] "GET /115bqe4496.html HTTP/1.1" 200 86664 "-" "Mozilla/5.0 (Linux; Android 6.0.1; Nexus 5X Build/MMB29P) AppleWebKit/537.36 (KHTML, like Gecko) Chrome/137.0.7151.103 Mobile Safari/537.36 (compatible; Googlebot/2.1; +http://www.google.com/bot.html)"
136.243.228.194 - - [06/Jul/2025:12:19:40 -0400] "GET /258tjhjk15399.html HTTP/1.1" 404 23127 "-" "Mozilla/5.0 (compatible; DataForSeoBot/1.0; +https://dataforseo.com/dataforseo-bot)"
136.243.228.194 - - [06/Jul/2025:12:19:46 -0400] "GET /39atw21696.html HTTP/1.1" 404 23129 "-" "Mozilla/5.0 (compatible; DataForSeoBot/1.0; +https://dataforseo.com/dataforseo-bot)"
136.243.228.194 - - [06/Jul/2025:12:19:50 -0400] "GET /69hgq29196.html HTTP/1.1" 404 23127 "-" "Mozilla/5.0 (compatible; DataForSeoBot/1.0; +https://dataforseo.com/dataforseo-bot)"
66.249.65.194 - - [06/Jul/2025:12:19:54 -0400] "GET /188ihso22821.html HTTP/1.1" 200 86882 "-" "Mozilla/5.0 (Linux; Android 6.0.1; Nexus 5X Build/MMB29P) AppleWebKit/537.36 (KHTML, like Gecko) Chrome/137.0.7151.103 Mobile Safari/537.36 (compatible; Googlebot/2.1; +http://www.google.com/bot.html)"
136.243.228.194 - - [06/Jul/2025:12:19:55 -0400] "GET /items/fgxoa3/25407?key=nation HTTP/1.1" 404 23127 "-" "Mozilla/5.0 (compatible; DataForSeoBot/1.0; +https://dataforseo.com/dataforseo-bot)"
136.243.228.194 - - [06/Jul/2025:12:20:00 -0400] "GET /items/ukyqf95/1307?key=rear HTTP/1.1" 404 23129 "-" "Mozilla/5.0 (compatible; DataForSeoBot/1.0; +https://dataforseo.com/dataforseo-bot)"
20.171.207.36 - - [06/Jul/2025:12:20:05 -0400] "GET /177ycaji25322.html HTTP/1.1" 404 23127 "-" "Mozilla/5.0 AppleWebKit/537.36 (KHTML, like Gecko; compatible; GPTBot/1.2; +https://openai.com/gptbot)"
136.243.228.194 - - [06/Jul/2025:12:20:05 -0400] "GET /89whvzd5108.html HTTP/1.1" 404 23127 "-" "Mozilla/5.0 (compatible; DataForSeoBot/1.0; +https://dataforseo.com/dataforseo-bot)"
136.243.228.194 - - [06/Jul/2025:12:20:12 -0400] "GET /items/enxbz34/31462?key=section HTTP/1.1" 404 23127 "-" "Mozilla/5.0 (compatible; DataForSeoBot/1.0; +https://dataforseo.com/dataforseo-bot)"
66.249.65.192 - - [06/Jul/2025:12:20:19 -0400] "GET /93sfuv39218.html HTTP/1.1" 200 87640 "-" "Mozilla/5.0 (Linux; Android 6.0.1; Nexus 5X Build/MMB29P) AppleWebKit/537.36 (KHTML, like Gecko) Chrome/137.0.7151.103 Mobile Safari/537.36 (compatible; Googlebot/2.1; +http://www.google.com/bot.html)"
136.243.228.194 - - [06/Jul/2025:12:20:17 -0400] "GET /86agd40247.html HTTP/1.1" 404 23127 "-" "Mozilla/5.0 (compatible; DataForSeoBot/1.0; +https://dataforseo.com/dataforseo-bot)"
66.249.65.193 - - [06/Jul/2025:12:20:20 -0400] "GET /64lqqfe45927.html HTTP/1.1" 200 86684 "-" "Mozilla/5.0 (Linux; Android 6.0.1; Nexus 5X Build/MMB29P) AppleWebKit/537.36 (KHTML, like Gecko) Chrome/137.0.7151.103 Mobile Safari/537.36 (compatible; Googlebot/2.1; +http://www.google.com/bot.html)"
136.243.228.194 - - [06/Jul/2025:12:20:23 -0400] "GET /items/csrww44/25400?key=forty HTTP/1.1" 404 23127 "-" "Mozilla/5.0 (compatible; DataForSeoBot/1.0; +https://dataforseo.com/dataforseo-bot)"
136.243.228.194 - - [06/Jul/2025:12:20:28 -0400] "GET /196hdi21741.html HTTP/1.1" 404 23127 "-" "Mozilla/5.0 (compatible; DataForSeoBot/1.0; +https://dataforseo.com/dataforseo-bot)"
66.249.65.192 - - [06/Jul/2025:12:20:33 -0400] "GET /items/kbuap207/18541?key=snow HTTP/1.1" 200 86380 "-" "Mozilla/5.0 (compatible; Googlebot/2.1; +http://www.google.com/bot.html)"
20.171.207.36 - - [06/Jul/2025:12:20:30 -0400] "GET /130abkmj24983.html HTTP/1.1" 404 23127 "-" "Mozilla/5.0 AppleWebKit/537.36 (KHTML, like Gecko; compatible; GPTBot/1.2; +https://openai.com/gptbot)"
136.243.228.194 - - [06/Jul/2025:12:20:33 -0400] "GET /items/gjicp41/30605?key=defendant HTTP/1.1" 404 23127 "-" "Mozilla/5.0 (compatible; DataForSeoBot/1.0; +https://dataforseo.com/dataforseo-bot)"
136.243.228.194 - - [06/Jul/2025:12:20:38 -0400] "GET /64ezr9423.html HTTP/1.1" 404 23127 "-" "Mozilla/5.0 (compatible; DataForSeoBot/1.0; +https://dataforseo.com/dataforseo-bot)"
66.29.146.47 - - [06/Jul/2025:12:20:43 -0400] "POST /wp-cron.php?doing_wp_cron=1751818843.2637128829956054687500 HTTP/1.1" 403 1242 "-" "WordPress/6.8; https://dangroup.sa"
136.243.228.194 - - [06/Jul/2025:12:20:42 -0400] "GET /items/rgyoz230/38612?key=hence HTTP/1.1" 404 23127 "-" "Mozilla/5.0 (compatible; DataForSeoBot/1.0; +https://dataforseo.com/dataforseo-bot)"
66.249.65.192 - - [06/Jul/2025:12:20:49 -0400] "GET /33zifug19450.html HTTP/1.1" 200 87251 "-" "Mozilla/5.0 (Linux; Android 6.0.1; Nexus 5X Build/MMB29P) AppleWebKit/537.36 (KHTML, like Gecko) Chrome/137.0.7151.103 Mobile Safari/537.36 (compatible; Googlebot/2.1; +http://www.google.com/bot.html)"
136.243.228.194 - - [06/Jul/2025:12:20:47 -0400] "GET /items/zhesw278/48668?key=employment HTTP/1.1" 404 23127 "-" "Mozilla/5.0 (compatible; DataForSeoBot/1.0; +https://dataforseo.com/dataforseo-bot)"
66.249.65.192 - - [06/Jul/2025:12:20:51 -0400] "GET /pcmypage?callback=product%2Fdetail%2Fyokos-shop-pl08149pi2zgiec-1 HTTP/1.1" 200 87183 "-" "Mozilla/5.0 (Linux; Android 6.0.1; Nexus 5X Build/MMB29P) AppleWebKit/537.36 (KHTML, like Gecko) Chrome/137.0.7151.103 Mobile Safari/537.36 (compatible; Googlebot/2.1; +http://www.google.com/bot.html)"
51.222.253.6 - - [06/Jul/2025:12:20:51 -0400] "GET /en/category/development/feed/ HTTP/1.1" 304 0 "-" "Mozilla/5.0 (compatible; AhrefsBot/7.0; +http://ahrefs.com/robot/)"
66.249.65.192 - - [06/Jul/2025:12:20:52 -0400] "GET /113nnxu3606.html HTTP/1.1" 200 86612 "-" "Mozilla/5.0 (Linux; Android 6.0.1; Nexus 5X Build/MMB29P) AppleWebKit/537.36 (KHTML, like Gecko) Chrome/137.0.7151.103 Mobile Safari/537.36 (compatible; Googlebot/2.1; +http://www.google.com/bot.html)"
66.249.65.192 - - [06/Jul/2025:12:20:53 -0400] "GET /items/sxveg101/23637?key=suspicious HTTP/1.1" 200 86839 "-" "Mozilla/5.0 (Linux; Android 6.0.1; Nexus 5X Build/MMB29P) AppleWebKit/537.36 (KHTML, like Gecko) Chrome/137.0.7151.103 Mobile Safari/537.36 (compatible; Googlebot/2.1; +http://www.google.com/bot.html)"
136.243.228.194 - - [06/Jul/2025:12:20:52 -0400] "GET /items/flvau269/40391?key=plate HTTP/1.1" 404 23129 "-" "Mozilla/5.0 (compatible; DataForSeoBot/1.0; +https://dataforseo.com/dataforseo-bot)"
66.249.65.193 - - [06/Jul/2025:12:20:56 -0400] "GET /297stra8120.html HTTP/1.1" 200 86841 "-" "Mozilla/5.0 (Linux; Android 6.0.1; Nexus 5X Build/MMB29P) AppleWebKit/537.36 (KHTML, like Gecko) Chrome/137.0.7151.103 Mobile Safari/537.36 (compatible; Googlebot/2.1; +http://www.google.com/bot.html)"
66.249.65.192 - - [06/Jul/2025:12:20:57 -0400] "GET /99jdfc36920.html HTTP/1.1" 200 87302 "-" "Mozilla/5.0 (Linux; Android 6.0.1; Nexus 5X Build/MMB29P) AppleWebKit/537.36 (KHTML, like Gecko) Chrome/137.0.7151.103 Mobile Safari/537.36 (compatible; Googlebot/2.1; +http://www.google.com/bot.html)"
136.243.228.194 - - [06/Jul/2025:12:20:57 -0400] "GET /items/xzzcw251/49321?key=counselor HTTP/1.1" 404 23127 "-" "Mozilla/5.0 (compatible; DataForSeoBot/1.0; +https://dataforseo.com/dataforseo-bot)"
66.249.65.192 - - [06/Jul/2025:12:21:01 -0400] "GET /pcmypage?callback=product/review/tukishimado-kt415034 HTTP/1.1" 200 86535 "-" "Mozilla/5.0 (compatible; Googlebot/2.1; +http://www.google.com/bot.html)"
66.249.65.193 - - [06/Jul/2025:12:21:02 -0400] "GET /items/ymsqr22/47102?key=society HTTP/1.1" 200 87005 "-" "Mozilla/5.0 (Linux; Android 6.0.1; Nexus 5X Build/MMB29P) AppleWebKit/537.36 (KHTML, like Gecko) Chrome/137.0.7151.103 Mobile Safari/537.36 (compatible; Googlebot/2.1; +http://www.google.com/bot.html)"
20.171.207.36 - - [06/Jul/2025:12:20:58 -0400] "GET /241ritan45896.html HTTP/1.1" 404 23127 "-" "Mozilla/5.0 AppleWebKit/537.36 (KHTML, like Gecko; compatible; GPTBot/1.2; +https://openai.com/gptbot)"
66.249.65.193 - - [06/Jul/2025:12:21:03 -0400] "GET /22rqlj16585.html HTTP/1.1" 200 86684 "-" "Mozilla/5.0 (compatible; Googlebot/2.1; +http://www.google.com/bot.html)"
136.243.228.194 - - [06/Jul/2025:12:21:02 -0400] "GET /items/hrgte77/47005?key=adjustment HTTP/1.1" 404 23129 "-" "Mozilla/5.0 (compatible; DataForSeoBot/1.0; +https://dataforseo.com/dataforseo-bot)"
66.249.65.193 - - [06/Jul/2025:12:21:09 -0400] "GET /pcmypage?callback=product%2Fdetail%2Fkg-maido-tr-1167663 HTTP/1.1" 200 87966 "-" "Mozilla/5.0 (Linux; Android 6.0.1; Nexus 5X Build/MMB29P) AppleWebKit/537.36 (KHTML, like Gecko) Chrome/137.0.7151.103 Mobile Safari/537.36 (compatible; Googlebot/2.1; +http://www.google.com/bot.html)"
136.243.228.194 - - [06/Jul/2025:12:21:07 -0400] "GET /items/zmryi6/18820?key=sheet HTTP/1.1" 404 23127 "-" "Mozilla/5.0 (compatible; DataForSeoBot/1.0; +https://dataforseo.com/dataforseo-bot)"
136.243.228.194 - - [06/Jul/2025:12:21:13 -0400] "GET /items/jybxh272/18130?key=victory HTTP/1.1" 404 23129 "-" "Mozilla/5.0 (compatible; DataForSeoBot/1.0; +https://dataforseo.com/dataforseo-bot)"
66.249.65.193 - - [06/Jul/2025:12:21:18 -0400] "GET /157svx47940.html HTTP/1.1" 200 86980 "-" "Mozilla/5.0 (Linux; Android 6.0.1; Nexus 5X Build/MMB29P) AppleWebKit/537.36 (KHTML, like Gecko) Chrome/137.0.7151.103 Mobile Safari/537.36 (compatible; Googlebot/2.1; +http://www.google.com/bot.html)"
136.243.228.194 - - [06/Jul/2025:12:21:18 -0400] "GET /40sfs6809.html HTTP/1.1" 404 23127 "-" "Mozilla/5.0 (compatible; DataForSeoBot/1.0; +https://dataforseo.com/dataforseo-bot)"
69.197.182.50 - - [06/Jul/2025:12:21:22 -0400] "GET /wp-content/install.php HTTP/1.1" 200 10 "https://dangroup.sa/wp-content/install.php" "Mozilla/5.0 (Windows NT 10.0; Win64; x64) AppleWebKit/537.36 (KHTML, like Gecko) Chrome/58.0.3029.110 Safari/537.3"
136.243.228.194 - - [06/Jul/2025:12:21:24 -0400] "GET /items/lzefn12/38226?key=collar HTTP/1.1" 404 23127 "-" "Mozilla/5.0 (compatible; DataForSeoBot/1.0; +https://dataforseo.com/dataforseo-bot)"
66.249.65.193 - - [06/Jul/2025:12:21:30 -0400] "GET /items/ekjzu202/37256?key=early HTTP/1.1" 200 86494 "-" "Mozilla/5.0 (Linux; Android 6.0.1; Nexus 5X Build/MMB29P) AppleWebKit/537.36 (KHTML, like Gecko) Chrome/137.0.7151.103 Mobile Safari/537.36 (compatible; Googlebot/2.1; +http://www.google.com/bot.html)"
66.249.65.192 - - [06/Jul/2025:12:21:31 -0400] "GET /items/ptbyf252/19722?key=exist HTTP/1.1" 200 87381 "-" "Mozilla/5.0 (compatible; Googlebot/2.1; +http://www.google.com/bot.html)"
136.243.228.194 - - [06/Jul/2025:12:21:28 -0400] "GET /31tyfaq9944.html HTTP/1.1" 404 23127 "-" "Mozilla/5.0 (compatible; DataForSeoBot/1.0; +https://dataforseo.com/dataforseo-bot)"
66.249.65.193 - - [06/Jul/2025:12:21:33 -0400] "GET /items/xvkwm260/19568?key=enact HTTP/1.1" 200 86445 "-" "Mozilla/5.0 (Linux; Android 6.0.1; Nexus 5X Build/MMB29P) AppleWebKit/537.36 (KHTML, like Gecko) Chrome/137.0.7151.103 Mobile Safari/537.36 (compatible; Googlebot/2.1; +http://www.google.com/bot.html)"
20.171.207.36 - - [06/Jul/2025:12:21:28 -0400] "GET /140ogtoe28909.html HTTP/1.1" 404 23129 "-" "Mozilla/5.0 AppleWebKit/537.36 (KHTML, like Gecko; compatible; GPTBot/1.2; +https://openai.com/gptbot)"
66.249.65.194 - - [06/Jul/2025:12:21:35 -0400] "GET /items/vtumn270/2910?key=versus HTTP/1.1" 200 86535 "-" "Mozilla/5.0 (Linux; Android 6.0.1; Nexus 5X Build/MMB29P) AppleWebKit/537.36 (KHTML, like Gecko) Chrome/137.0.7151.103 Mobile Safari/537.36 (compatible; Googlebot/2.1; +http://www.google.com/bot.html)"
136.243.228.194 - - [06/Jul/2025:12:21:34 -0400] "GET /items/isaxy110/32486?key=beginning HTTP/1.1" 404 23127 "-" "Mozilla/5.0 (compatible; DataForSeoBot/1.0; +https://dataforseo.com/dataforseo-bot)"
136.243.228.194 - - [06/Jul/2025:12:21:39 -0400] "GET /items/phxfa65/16843?key=safety HTTP/1.1" 404 23127 "-" "Mozilla/5.0 (compatible; DataForSeoBot/1.0; +https://dataforseo.com/dataforseo-bot)"
66.29.146.47 - - [06/Jul/2025:12:21:45 -0400] "POST /wp-cron.php?doing_wp_cron=1751818904.7666709423065185546875 HTTP/1.1" 403 1242 "-" "WordPress/6.8; https://dangroup.sa"
136.243.228.194 - - [06/Jul/2025:12:21:44 -0400] "GET /135nvkel36902.html HTTP/1.1" 404 23127 "-" "Mozilla/5.0 (compatible; DataForSeoBot/1.0; +https://dataforseo.com/dataforseo-bot)"
66.249.65.193 - - [06/Jul/2025:12:21:45 -0400] "GET /158kvhh19451.html HTTP/1.1" 200 86715 "-" "Mozilla/5.0 (compatible; Googlebot/2.1; +http://www.google.com/bot.html)"
66.249.65.192 - - [06/Jul/2025:12:21:47 -0400] "GET /items/ppvrm176/36074?key=frozen HTTP/1.1" 200 86653 "-" "Mozilla/5.0 (Linux; Android 6.0.1; Nexus 5X Build/MMB29P) AppleWebKit/537.36 (KHTML, like Gecko) Chrome/137.0.7151.103 Mobile Safari/537.36 (compatible; Googlebot/2.1; +http://www.google.com/bot.html)"
66.249.65.194 - - [06/Jul/2025:12:21:49 -0400] "GET /pcmypage?callback=product/review/f122165-narashino-72955-1 HTTP/1.1" 200 89015 "-" "Mozilla/5.0 (compatible; Googlebot/2.1; +http://www.google.com/bot.html)"
136.243.228.194 - - [06/Jul/2025:12:21:48 -0400] "GET /items/zlcfv114/680?key=manager HTTP/1.1" 404 23127 "-" "Mozilla/5.0 (compatible; DataForSeoBot/1.0; +https://dataforseo.com/dataforseo-bot)"
20.171.207.36 - - [06/Jul/2025:12:21:52 -0400] "GET /288okbxq42143.html HTTP/1.1" 404 23129 "-" "Mozilla/5.0 AppleWebKit/537.36 (KHTML, like Gecko; compatible; GPTBot/1.2; +https://openai.com/gptbot)"
66.249.65.194 - - [06/Jul/2025:12:21:57 -0400] "GET /299rme2316.html HTTP/1.1" 200 87479 "-" "Mozilla/5.0 (compatible; Googlebot/2.1; +http://www.google.com/bot.html)"
136.243.228.194 - - [06/Jul/2025:12:21:54 -0400] "GET /218eepkj7725.html HTTP/1.1" 404 23129 "-" "Mozilla/5.0 (compatible; DataForSeoBot/1.0; +https://dataforseo.com/dataforseo-bot)"
136.243.228.194 - - [06/Jul/2025:12:22:00 -0400] "GET /296ndd10585.html HTTP/1.1" 404 23127 "-" "Mozilla/5.0 (compatible; DataForSeoBot/1.0; +https://dataforseo.com/dataforseo-bot)"
136.243.228.194 - - [06/Jul/2025:12:22:04 -0400] "GET /items/rxzau100/48156?key=vote HTTP/1.1" 404 23127 "-" "Mozilla/5.0 (compatible; DataForSeoBot/1.0; +https://dataforseo.com/dataforseo-bot)"
136.243.228.194 - - [06/Jul/2025:12:22:08 -0400] "GET /items/rthmu188/25114?key=feminist HTTP/1.1" 404 23129 "-" "Mozilla/5.0 (compatible; DataForSeoBot/1.0; +https://dataforseo.com/dataforseo-bot)"
66.249.65.194 - - [06/Jul/2025:12:22:12 -0400] "GET /251lvv38892.html HTTP/1.1" 200 87095 "-" "Mozilla/5.0 (Linux; Android 6.0.1; Nexus 5X Build/MMB29P) AppleWebKit/537.36 (KHTML, like Gecko) Chrome/137.0.7151.103 Mobile Safari/537.36 (compatible; Googlebot/2.1; +http://www.google.com/bot.html)"
66.249.74.160 - - [06/Jul/2025:12:22:13 -0400] "GET /items/cyvag43/35097?key=classify HTTP/1.1" 200 86595 "-" "Mozilla/5.0 (Linux; Android 6.0.1; Nexus 5X Build/MMB29P) AppleWebKit/537.36 (KHTML, like Gecko) Chrome/137.0.7151.103 Mobile Safari/537.36 (compatible; Googlebot/2.1; +http://www.google.com/bot.html)"
136.243.228.194 - - [06/Jul/2025:12:22:14 -0400] "GET /items/edpzg185/49241?key=jaw HTTP/1.1" 404 23129 "-" "Mozilla/5.0 (compatible; DataForSeoBot/1.0; +https://dataforseo.com/dataforseo-bot)"
136.243.228.194 - - [06/Jul/2025:12:22:18 -0400] "GET /174ygkv33629.html HTTP/1.1" 404 23127 "-" "Mozilla/5.0 (compatible; DataForSeoBot/1.0; +https://dataforseo.com/dataforseo-bot)"
20.171.207.36 - - [06/Jul/2025:12:22:21 -0400] "GET /163dkzmv12462.html HTTP/1.1" 404 23129 "-" "Mozilla/5.0 AppleWebKit/537.36 (KHTML, like Gecko; compatible; GPTBot/1.2; +https://openai.com/gptbot)"
136.243.228.194 - - [06/Jul/2025:12:22:24 -0400] "GET /33ais42626.html HTTP/1.1" 404 23127 "-" "Mozilla/5.0 (compatible; DataForSeoBot/1.0; +https://dataforseo.com/dataforseo-bot)"
136.243.228.194 - - [06/Jul/2025:12:22:28 -0400] "GET /items/slpez101/42711?key=fix HTTP/1.1" 404 23127 "-" "Mozilla/5.0 (compatible; DataForSeoBot/1.0; +https://dataforseo.com/dataforseo-bot)"
66.249.65.192 - - [06/Jul/2025:12:22:34 -0400] "GET /237hzbct36804.html HTTP/1.1" 200 86607 "-" "Mozilla/5.0 (compatible; Googlebot/2.1; +http://www.google.com/bot.html)"
136.243.228.194 - - [06/Jul/2025:12:22:34 -0400] "GET /items/duoff267/11571?key=writer HTTP/1.1" 404 23127 "-" "Mozilla/5.0 (compatible; DataForSeoBot/1.0; +https://dataforseo.com/dataforseo-bot)"
66.249.65.192 - - [06/Jul/2025:12:22:37 -0400] "GET /103kzq9038.html HTTP/1.1" 200 87061 "-" "Mozilla/5.0 (compatible; Googlebot/2.1; +http://www.google.com/bot.html)"
136.243.228.194 - - [06/Jul/2025:12:22:39 -0400] "GET /268kbw24779.html HTTP/1.1" 404 23127 "-" "Mozilla/5.0 (compatible; DataForSeoBot/1.0; +https://dataforseo.com/dataforseo-bot)"
66.249.65.192 - - [06/Jul/2025:12:22:44 -0400] "GET /237lwe27922.html HTTP/1.1" 200 87738 "-" "Mozilla/5.0 (compatible; Googlebot/2.1; +http://www.google.com/bot.html)"
66.29.146.47 - - [06/Jul/2025:12:22:46 -0400] "POST /wp-cron.php?doing_wp_cron=1751818966.3759319782257080078125 HTTP/1.1" 403 1242 "-" "WordPress/6.8; https://dangroup.sa"
136.243.228.194 - - [06/Jul/2025:12:22:43 -0400] "GET /items/ycgza129/16675?key=tube HTTP/1.1" 404 23127 "-" "Mozilla/5.0 (compatible; DataForSeoBot/1.0; +https://dataforseo.com/dataforseo-bot)"
20.171.207.36 - - [06/Jul/2025:12:22:45 -0400] "GET /137ddyzq27962.html HTTP/1.1" 404 23127 "-" "Mozilla/5.0 AppleWebKit/537.36 (KHTML, like Gecko; compatible; GPTBot/1.2; +https://openai.com/gptbot)"
136.243.228.194 - - [06/Jul/2025:12:22:48 -0400] "GET /items/xxltc11/39133?key=juice HTTP/1.1" 404 23127 "-" "Mozilla/5.0 (compatible; DataForSeoBot/1.0; +https://dataforseo.com/dataforseo-bot)"
66.249.65.192 - - [06/Jul/2025:12:22:51 -0400] "GET /items/jocse164/20932?key=mm-hmm HTTP/1.1" 200 86835 "-" "Mozilla/5.0 (compatible; Googlebot/2.1; +http://www.google.com/bot.html)"
66.249.65.192 - - [06/Jul/2025:12:22:52 -0400] "GET /items/jocse164/20932?key=mm-hmm HTTP/1.1" 200 87096 "-" "Mozilla/5.0 (compatible; Googlebot/2.1; +http://www.google.com/bot.html)"
136.243.228.194 - - [06/Jul/2025:12:22:53 -0400] "GET /items/vjobg139/37415?key=sensor HTTP/1.1" 404 23127 "-" "Mozilla/5.0 (compatible; DataForSeoBot/1.0; +https://dataforseo.com/dataforseo-bot)"
66.249.65.192 - - [06/Jul/2025:12:22:57 -0400] "GET /67otxy2132.html HTTP/1.1" 200 87238 "-" "Mozilla/5.0 (Linux; Android 6.0.1; Nexus 5X Build/MMB29P) AppleWebKit/537.36 (KHTML, like Gecko) Chrome/137.0.7151.103 Mobile Safari/537.36 (compatible; Googlebot/2.1; +http://www.google.com/bot.html)"
136.243.228.194 - - [06/Jul/2025:12:22:59 -0400] "GET /items/wliev61/10425?key=teach HTTP/1.1" 404 23127 "-" "Mozilla/5.0 (compatible; DataForSeoBot/1.0; +https://dataforseo.com/dataforseo-bot)"
136.243.228.194 - - [06/Jul/2025:12:23:03 -0400] "GET /items/sggtn116/36246?key=casual HTTP/1.1" 404 23127 "-" "Mozilla/5.0 (compatible; DataForSeoBot/1.0; +https://dataforseo.com/dataforseo-bot)"
136.243.228.194 - - [06/Jul/2025:12:23:08 -0400] "GET /items/ibweb280/27008?key=widespread HTTP/1.1" 404 23127 "-" "Mozilla/5.0 (compatible; DataForSeoBot/1.0; +https://dataforseo.com/dataforseo-bot)"
136.243.228.194 - - [06/Jul/2025:12:23:12 -0400] "GET /139ebof1242.html HTTP/1.1" 404 23127 "-" "Mozilla/5.0 (compatible; DataForSeoBot/1.0; +https://dataforseo.com/dataforseo-bot)"
20.171.207.36 - - [06/Jul/2025:12:23:14 -0400] "GET /114awbgl36803.html HTTP/1.1" 404 23127 "-" "Mozilla/5.0 AppleWebKit/537.36 (KHTML, like Gecko; compatible; GPTBot/1.2; +https://openai.com/gptbot)"
66.249.65.194 - - [06/Jul/2025:12:23:21 -0400] "GET /items/eltug228/872?key=virus HTTP/1.1" 200 87172 "-" "Mozilla/5.0 (Linux; Android 6.0.1; Nexus 5X Build/MMB29P) AppleWebKit/537.36 (KHTML, like Gecko) Chrome/137.0.7151.103 Mobile Safari/537.36 (compatible; Googlebot/2.1; +http://www.google.com/bot.html)"
136.243.228.194 - - [06/Jul/2025:12:23:18 -0400] "GET /items/yonro213/9039?key=magnetic HTTP/1.1" 404 23127 "-" "Mozilla/5.0 (compatible; DataForSeoBot/1.0; +https://dataforseo.com/dataforseo-bot)"
136.243.228.194 - - [06/Jul/2025:12:23:23 -0400] "GET /items/rqmxb115/8429?key=reject HTTP/1.1" 404 23127 "-" "Mozilla/5.0 (compatible; DataForSeoBot/1.0; +https://dataforseo.com/dataforseo-bot)"
136.243.228.194 - - [06/Jul/2025:12:23:27 -0400] "GET /items/erqgz131/34869?key=ribbon HTTP/1.1" 404 23127 "-" "Mozilla/5.0 (compatible; DataForSeoBot/1.0; +https://dataforseo.com/dataforseo-bot)"
136.243.228.194 - - [06/Jul/2025:12:23:31 -0400] "GET /items/vfncy226/37260?key=worldwide HTTP/1.1" 404 23127 "-" "Mozilla/5.0 (compatible; DataForSeoBot/1.0; +https://dataforseo.com/dataforseo-bot)"
136.243.228.194 - - [06/Jul/2025:12:23:36 -0400] "GET /277vdbsj18904.html HTTP/1.1" 404 23127 "-" "Mozilla/5.0 (compatible; DataForSeoBot/1.0; +https://dataforseo.com/dataforseo-bot)"
66.249.65.193 - - [06/Jul/2025:12:23:42 -0400] "GET /254blyiu6939.html HTTP/1.1" 200 86102 "-" "Mozilla/5.0 (Linux; Android 6.0.1; Nexus 5X Build/MMB29P) AppleWebKit/537.36 (KHTML, like Gecko) Chrome/137.0.7151.103 Mobile Safari/537.36 (compatible; Googlebot/2.1; +http://www.google.com/bot.html)"
20.171.207.36 - - [06/Jul/2025:12:23:40 -0400] "GET /268jevib20125.html HTTP/1.1" 404 23128 "-" "Mozilla/5.0 AppleWebKit/537.36 (KHTML, like Gecko; compatible; GPTBot/1.2; +https://openai.com/gptbot)"
136.243.228.194 - - [06/Jul/2025:12:23:40 -0400] "GET /290fssr11903.html HTTP/1.1" 404 23127 "-" "Mozilla/5.0 (compatible; DataForSeoBot/1.0; +https://dataforseo.com/dataforseo-bot)"
66.29.146.47 - - [06/Jul/2025:12:23:47 -0400] "POST /wp-cron.php?doing_wp_cron=1751819027.7816460132598876953125 HTTP/1.1" 403 1242 "-" "WordPress/6.8; https://dangroup.sa"
136.243.228.194 - - [06/Jul/2025:12:23:47 -0400] "GET /items/cyxpd277/47825?key=animal HTTP/1.1" 404 23127 "-" "Mozilla/5.0 (compatible; DataForSeoBot/1.0; +https://dataforseo.com/dataforseo-bot)"
136.243.228.194 - - [06/Jul/2025:12:23:52 -0400] "GET /items/amfpr125/21935?key=midnight HTTP/1.1" 404 23127 "-" "Mozilla/5.0 (compatible; DataForSeoBot/1.0; +https://dataforseo.com/dataforseo-bot)"
66.249.65.192 - - [06/Jul/2025:12:23:57 -0400] "GET /items/wsndz47/24117?key=moment HTTP/1.1" 200 87003 "-" "Mozilla/5.0 (Linux; Android 6.0.1; Nexus 5X Build/MMB29P) AppleWebKit/537.36 (KHTML, like Gecko) Chrome/137.0.7151.103 Mobile Safari/537.36 (compatible; Googlebot/2.1; +http://www.google.com/bot.html)"
136.243.228.194 - - [06/Jul/2025:12:23:56 -0400] "GET /85noncn23022.html HTTP/1.1" 404 23127 "-" "Mozilla/5.0 (compatible; DataForSeoBot/1.0; +https://dataforseo.com/dataforseo-bot)"
136.243.228.194 - - [06/Jul/2025:12:24:00 -0400] "GET /200egd35205.html HTTP/1.1" 404 23127 "-" "Mozilla/5.0 (compatible; DataForSeoBot/1.0; +https://dataforseo.com/dataforseo-bot)"
66.249.65.194 - - [06/Jul/2025:12:24:04 -0400] "GET /268uytd38447.html HTTP/1.1" 200 86548 "-" "Mozilla/5.0 (compatible; Googlebot/2.1; +http://www.google.com/bot.html)"
136.243.228.194 - - [06/Jul/2025:12:24:05 -0400] "GET /3fukum31368.html HTTP/1.1" 404 23127 "-" "Mozilla/5.0 (compatible; DataForSeoBot/1.0; +https://dataforseo.com/dataforseo-bot)"
66.249.65.193 - - [06/Jul/2025:12:24:10 -0400] "GET /276tbz15285.html HTTP/1.1" 200 87193 "-" "Mozilla/5.0 (Linux; Android 6.0.1; Nexus 5X Build/MMB29P) AppleWebKit/537.36 (KHTML, like Gecko) Chrome/137.0.7151.103 Mobile Safari/537.36 (compatible; Googlebot/2.1; +http://www.google.com/bot.html)"
20.171.207.36 - - [06/Jul/2025:12:24:06 -0400] "GET /237kdfjx23016.html HTTP/1.1" 404 23129 "-" "Mozilla/5.0 AppleWebKit/537.36 (KHTML, like Gecko; compatible; GPTBot/1.2; +https://openai.com/gptbot)"
136.243.228.194 - - [06/Jul/2025:12:24:12 -0400] "GET /items/qecis148/35198?key=laughter HTTP/1.1" 404 23127 "-" "Mozilla/5.0 (compatible; DataForSeoBot/1.0; +https://dataforseo.com/dataforseo-bot)"
66.249.65.192 - - [06/Jul/2025:12:24:15 -0400] "GET /items/zshng95/29289?key=boost HTTP/1.1" 200 86725 "-" "Mozilla/5.0 (compatible; Googlebot/2.1; +http://www.google.com/bot.html)"
66.249.65.192 - - [06/Jul/2025:12:24:16 -0400] "GET /items/xyglu97/4159?key=recovery HTTP/1.1" 200 86890 "-" "Mozilla/5.0 (compatible; Googlebot/2.1; +http://www.google.com/bot.html)"
66.249.65.192 - - [06/Jul/2025:12:24:17 -0400] "GET /127dif39752.html HTTP/1.1" 200 86753 "-" "Mozilla/5.0 (Linux; Android 6.0.1; Nexus 5X Build/MMB29P) AppleWebKit/537.36 (KHTML, like Gecko) Chrome/137.0.7151.103 Mobile Safari/537.36 (compatible; Googlebot/2.1; +http://www.google.com/bot.html)"
136.243.228.194 - - [06/Jul/2025:12:24:17 -0400] "GET /140pvz4995.html HTTP/1.1" 404 23127 "-" "Mozilla/5.0 (compatible; DataForSeoBot/1.0; +https://dataforseo.com/dataforseo-bot)"
136.243.228.194 - - [06/Jul/2025:12:24:21 -0400] "GET /items/uefah95/42313?key=sing HTTP/1.1" 404 23127 "-" "Mozilla/5.0 (compatible; DataForSeoBot/1.0; +https://dataforseo.com/dataforseo-bot)"
136.243.228.194 - - [06/Jul/2025:12:24:26 -0400] "GET /items/lkume234/526?key=hair HTTP/1.1" 404 23127 "-" "Mozilla/5.0 (compatible; DataForSeoBot/1.0; +https://dataforseo.com/dataforseo-bot)"
66.249.65.196 - - [06/Jul/2025:12:24:30 -0400] "GET /111hshom31692.html HTTP/1.1" 200 86805 "-" "Mozilla/5.0 (Linux; Android 6.0.1; Nexus 5X Build/MMB29P) AppleWebKit/537.36 (KHTML, like Gecko) Chrome/137.0.7151.103 Mobile Safari/537.36 (compatible; Googlebot/2.1; +http://www.google.com/bot.html)"
66.249.65.196 - - [06/Jul/2025:12:24:31 -0400] "GET /items/xzats116/41412?key=drink HTTP/1.1" 200 87705 "-" "Mozilla/5.0 (Linux; Android 6.0.1; Nexus 5X Build/MMB29P) AppleWebKit/537.36 (KHTML, like Gecko) Chrome/137.0.7151.103 Mobile Safari/537.36 (compatible; Googlebot/2.1; +http://www.google.com/bot.html)"
66.249.65.197 - - [06/Jul/2025:12:24:32 -0400] "GET /191ull2242.html HTTP/1.1" 200 87598 "-" "Mozilla/5.0 (compatible; Googlebot/2.1; +http://www.google.com/bot.html)"
136.243.228.194 - - [06/Jul/2025:12:24:30 -0400] "GET /189dmctl8016.html HTTP/1.1" 404 23127 "-" "Mozilla/5.0 (compatible; DataForSeoBot/1.0; +https://dataforseo.com/dataforseo-bot)"
20.171.207.36 - - [06/Jul/2025:12:24:32 -0400] "GET /143bkmxt32080.html HTTP/1.1" 404 23129 "-" "Mozilla/5.0 AppleWebKit/537.36 (KHTML, like Gecko; compatible; GPTBot/1.2; +https://openai.com/gptbot)"
136.243.228.194 - - [06/Jul/2025:12:24:36 -0400] "GET /items/rvqau297/273?key=weigh HTTP/1.1" 404 23127 "-" "Mozilla/5.0 (compatible; DataForSeoBot/1.0; +https://dataforseo.com/dataforseo-bot)"
66.249.65.198 - - [06/Jul/2025:12:24:47 -0400] "GET /57osv28426.html HTTP/1.1" 200 86970 "-" "Mozilla/5.0 (Linux; Android 6.0.1; Nexus 5X Build/MMB29P) AppleWebKit/537.36 (KHTML, like Gecko) Chrome/137.0.7151.103 Mobile Safari/537.36 (compatible; Googlebot/2.1; +http://www.google.com/bot.html)"
66.249.65.197 - - [06/Jul/2025:12:24:49 -0400] "GET /pcmypage?callback=product/review/auc-orangetokei-fr-c450er HTTP/1.1" 200 86558 "-" "Mozilla/5.0 (Linux; Android 6.0.1; Nexus 5X Build/MMB29P) AppleWebKit/537.36 (KHTML, like Gecko) Chrome/137.0.7151.103 Mobile Safari/537.36 (compatible; Googlebot/2.1; +http://www.google.com/bot.html)"
66.249.65.199 - - [06/Jul/2025:12:24:58 -0400] "GET /items/cmuao200/1538?key=crowded HTTP/1.1" 200 86739 "-" "Mozilla/5.0 (Linux; Android 6.0.1; Nexus 5X Build/MMB29P) AppleWebKit/537.36 (KHTML, like Gecko) Chrome/137.0.7151.103 Mobile Safari/537.36 (compatible; Googlebot/2.1; +http://www.google.com/bot.html)"
66.29.146.47 - - [06/Jul/2025:12:25:00 -0400] "POST /wp-cron.php?doing_wp_cron=1751819099.7907950878143310546875 HTTP/1.1" 403 1242 "-" "WordPress/6.8; https://dangroup.sa"
66.249.65.199 - - [06/Jul/2025:12:25:01 -0400] "GET /pcmypage?callback=product/review/reinette-odr-kita-10884427-s4 HTTP/1.1" 200 86706 "-" "Mozilla/5.0 (compatible; Googlebot/2.1; +http://www.google.com/bot.html)"
20.171.207.36 - - [06/Jul/2025:12:24:59 -0400] "GET /115pzjqr21200.html HTTP/1.1" 404 23127 "-" "Mozilla/5.0 AppleWebKit/537.36 (KHTML, like Gecko; compatible; GPTBot/1.2; +https://openai.com/gptbot)"
66.249.65.197 - - [06/Jul/2025:12:25:10 -0400] "GET /280umw46035.html HTTP/1.1" 200 86459 "-" "Mozilla/5.0 (compatible; Googlebot/2.1; +http://www.google.com/bot.html)"
66.249.65.197 - - [06/Jul/2025:12:25:24 -0400] "GET /175jfg31762.html HTTP/1.1" 200 86631 "-" "Mozilla/5.0 (Linux; Android 6.0.1; Nexus 5X Build/MMB29P) AppleWebKit/537.36 (KHTML, like Gecko) Chrome/137.0.7151.103 Mobile Safari/537.36 (compatible; Googlebot/2.1; +http://www.google.com/bot.html)"
66.249.65.197 - - [06/Jul/2025:12:25:25 -0400] "GET /28ugvwu16223.html HTTP/1.1" 200 87243 "-" "Mozilla/5.0 (Linux; Android 6.0.1; Nexus 5X Build/MMB29P) AppleWebKit/537.36 (KHTML, like Gecko) Chrome/137.0.7151.103 Mobile Safari/537.36 (compatible; Googlebot/2.1; +http://www.google.com/bot.html)"
66.249.65.196 - - [06/Jul/2025:12:25:26 -0400] "GET /pcmypage?callback=product%2Fdetail%2Fecjoy-1435975 HTTP/1.1" 200 86895 "-" "Mozilla/5.0 (compatible; Googlebot/2.1; +http://www.google.com/bot.html)"
66.249.65.196 - - [06/Jul/2025:12:25:27 -0400] "GET /items/yggok10/45998?key=judge HTTP/1.1" 200 88278 "-" "Mozilla/5.0 (Linux; Android 6.0.1; Nexus 5X Build/MMB29P) AppleWebKit/537.36 (KHTML, like Gecko) Chrome/137.0.7151.103 Mobile Safari/537.36 (compatible; Googlebot/2.1; +http://www.google.com/bot.html)"
20.171.207.36 - - [06/Jul/2025:12:25:26 -0400] "GET /143rhrxe45022.html HTTP/1.1" 404 23129 "-" "Mozilla/5.0 AppleWebKit/537.36 (KHTML, like Gecko; compatible; GPTBot/1.2; +https://openai.com/gptbot)"
136.243.228.194 - - [06/Jul/2025:12:25:27 -0400] "GET /281mqrqh1086.html HTTP/1.1" 404 23127 "-" "Mozilla/5.0 (compatible; DataForSeoBot/1.0; +https://dataforseo.com/dataforseo-bot)"
66.249.65.197 - - [06/Jul/2025:12:25:35 -0400] "GET /135rsq1918.html HTTP/1.1" 200 86753 "-" "Mozilla/5.0 (compatible; Googlebot/2.1; +http://www.google.com/bot.html)"
136.243.228.194 - - [06/Jul/2025:12:25:36 -0400] "GET /84myn11013.html HTTP/1.1" 404 23127 "-" "Mozilla/5.0 (compatible; DataForSeoBot/1.0; +https://dataforseo.com/dataforseo-bot)"
136.243.228.194 - - [06/Jul/2025:12:25:42 -0400] "GET /items/xgycy156/26192?key=opposition HTTP/1.1" 404 23127 "-" "Mozilla/5.0 (compatible; DataForSeoBot/1.0; +https://dataforseo.com/dataforseo-bot)"
66.249.65.197 - - [06/Jul/2025:12:25:50 -0400] "GET /items/suvfz139/6429?key=competitive HTTP/1.1" 200 86661 "-" "Mozilla/5.0 (compatible; Googlebot/2.1; +http://www.google.com/bot.html)"
136.243.228.194 - - [06/Jul/2025:12:25:48 -0400] "GET /162gtuw41809.html HTTP/1.1" 404 23127 "-" "Mozilla/5.0 (compatible; DataForSeoBot/1.0; +https://dataforseo.com/dataforseo-bot)"
66.249.65.196 - - [06/Jul/2025:12:25:54 -0400] "GET /92homvq26255.html HTTP/1.1" 200 87030 "-" "Mozilla/5.0 (Linux; Android 6.0.1; Nexus 5X Build/MMB29P) AppleWebKit/537.36 (KHTML, like Gecko) Chrome/137.0.7151.103 Mobile Safari/537.36 (compatible; Googlebot/2.1; +http://www.google.com/bot.html)"
20.171.207.36 - - [06/Jul/2025:12:25:52 -0400] "GET /103qvfdj21796.html HTTP/1.1" 404 23127 "-" "Mozilla/5.0 AppleWebKit/537.36 (KHTML, like Gecko; compatible; GPTBot/1.2; +https://openai.com/gptbot)"
136.243.228.194 - - [06/Jul/2025:12:25:55 -0400] "GET /items/getil191/28465?key=rule HTTP/1.1" 404 23129 "-" "Mozilla/5.0 (compatible; DataForSeoBot/1.0; +https://dataforseo.com/dataforseo-bot)"
66.29.146.47 - - [06/Jul/2025:12:26:03 -0400] "POST /wp-cron.php?doing_wp_cron=1751819162.8610448837280273437500 HTTP/1.1" 403 1242 "-" "WordPress/6.8; https://dangroup.sa"
66.249.65.196 - - [06/Jul/2025:12:26:02 -0400] "GET /87bpmp41766.html HTTP/1.1" 200 86547 "-" "Mozilla/5.0 (Linux; Android 6.0.1; Nexus 5X Build/MMB29P) AppleWebKit/537.36 (KHTML, like Gecko) Chrome/137.0.7151.103 Mobile Safari/537.36 (compatible; Googlebot/2.1; +http://www.google.com/bot.html)"
136.243.228.194 - - [06/Jul/2025:12:26:02 -0400] "GET /273gzkrn16082.html HTTP/1.1" 404 23129 "-" "Mozilla/5.0 (compatible; DataForSeoBot/1.0; +https://dataforseo.com/dataforseo-bot)"
66.249.65.196 - - [06/Jul/2025:12:26:05 -0400] "GET /items/oyfrs20/638?key=wealth HTTP/1.1" 200 87113 "-" "Mozilla/5.0 (compatible; Googlebot/2.1; +http://www.google.com/bot.html)"
136.243.228.194 - - [06/Jul/2025:12:26:07 -0400] "GET /93vvpu41514.html HTTP/1.1" 404 23127 "-" "Mozilla/5.0 (compatible; DataForSeoBot/1.0; +https://dataforseo.com/dataforseo-bot)"
66.249.65.197 - - [06/Jul/2025:12:26:12 -0400] "GET /169bkksb39472.html HTTP/1.1" 200 86910 "-" "Mozilla/5.0 (Linux; Android 6.0.1; Nexus 5X Build/MMB29P) AppleWebKit/537.36 (KHTML, like Gecko) Chrome/137.0.7151.103 Mobile Safari/537.36 (compatible; Googlebot/2.1; +http://www.google.com/bot.html)"
66.249.65.197 - - [06/Jul/2025:12:26:13 -0400] "GET /95mcwo27858.html HTTP/1.1" 200 87130 "-" "Mozilla/5.0 (Linux; Android 6.0.1; Nexus 5X Build/MMB29P) AppleWebKit/537.36 (KHTML, like Gecko) Chrome/137.0.7151.103 Mobile Safari/537.36 (compatible; Googlebot/2.1; +http://www.google.com/bot.html)"
136.243.228.194 - - [06/Jul/2025:12:26:12 -0400] "GET /items/ujtqt150/39390?key=life HTTP/1.1" 404 23129 "-" "Mozilla/5.0 (compatible; DataForSeoBot/1.0; +https://dataforseo.com/dataforseo-bot)"
52.167.144.232 - - [06/Jul/2025:12:26:18 -0400] "GET /ggowtwx20013broofers HTTP/1.1" 200 17 "-" "Mozilla/5.0 AppleWebKit/537.36 (KHTML, like Gecko; compatible; bingbot/2.0; +http://www.bing.com/bingbot.htm) Chrome/116.0.1938.76 Safari/537.36"
136.243.228.194 - - [06/Jul/2025:12:26:18 -0400] "GET /106dhw10713.html HTTP/1.1" 404 23127 "-" "Mozilla/5.0 (compatible; DataForSeoBot/1.0; +https://dataforseo.com/dataforseo-bot)"
66.249.65.196 - - [06/Jul/2025:12:26:22 -0400] "GET /items/ucmit59/11695?key=transition HTTP/1.1" 200 87423 "-" "Mozilla/5.0 (compatible; Googlebot/2.1; +http://www.google.com/bot.html)"
66.249.65.196 - - [06/Jul/2025:12:26:24 -0400] "GET /items/tvnkg111/27495?key=gold HTTP/1.1" 200 86805 "-" "Mozilla/5.0 (compatible; Googlebot/2.1; +http://www.google.com/bot.html)"
20.171.207.36 - - [06/Jul/2025:12:26:22 -0400] "GET /189pfsil26614.html HTTP/1.1" 404 23128 "-" "Mozilla/5.0 AppleWebKit/537.36 (KHTML, like Gecko; compatible; GPTBot/1.2; +https://openai.com/gptbot)"
136.243.228.194 - - [06/Jul/2025:12:26:23 -0400] "GET /144ggw23963.html HTTP/1.1" 404 23127 "-" "Mozilla/5.0 (compatible; DataForSeoBot/1.0; +https://dataforseo.com/dataforseo-bot)"
136.243.228.194 - - [06/Jul/2025:12:26:30 -0400] "GET /items/dwwsc191/30561?key=normally HTTP/1.1" 404 23127 "-" "Mozilla/5.0 (compatible; DataForSeoBot/1.0; +https://dataforseo.com/dataforseo-bot)"
66.249.65.197 - - [06/Jul/2025:12:26:33 -0400] "GET /product/edit/hirochishop-2-93919 HTTP/1.1" 200 87423 "-" "Mozilla/5.0 (Linux; Android 6.0.1; Nexus 5X Build/MMB29P) AppleWebKit/537.36 (KHTML, like Gecko) Chrome/137.0.7151.103 Mobile Safari/537.36 (compatible; Googlebot/2.1; +http://www.google.com/bot.html)"
136.243.228.194 - - [06/Jul/2025:12:26:35 -0400] "GET /items/wfhrn210/24474?key=institutional HTTP/1.1" 404 23127 "-" "Mozilla/5.0 (compatible; DataForSeoBot/1.0; +https://dataforseo.com/dataforseo-bot)"
66.249.65.198 - - [06/Jul/2025:12:26:39 -0400] "GET /93okus34694.html HTTP/1.1" 200 86743 "-" "Mozilla/5.0 (Linux; Android 6.0.1; Nexus 5X Build/MMB29P) AppleWebKit/537.36 (KHTML, like Gecko) Chrome/137.0.7151.103 Mobile Safari/537.36 (compatible; Googlebot/2.1; +http://www.google.com/bot.html)"
136.243.228.194 - - [06/Jul/2025:12:26:40 -0400] "GET /61dhga13498.html HTTP/1.1" 404 23127 "-" "Mozilla/5.0 (compatible; DataForSeoBot/1.0; +https://dataforseo.com/dataforseo-bot)"
66.249.65.196 - - [06/Jul/2025:12:26:45 -0400] "GET /246ydv15453.html HTTP/1.1" 200 86476 "-" "Mozilla/5.0 (Linux; Android 6.0.1; Nexus 5X Build/MMB29P) AppleWebKit/537.36 (KHTML, like Gecko) Chrome/137.0.7151.103 Mobile Safari/537.36 (compatible; Googlebot/2.1; +http://www.google.com/bot.html)"
20.171.207.36 - - [06/Jul/2025:12:26:44 -0400] "GET /208ximal32891.html HTTP/1.1" 404 23128 "-" "Mozilla/5.0 AppleWebKit/537.36 (KHTML, like Gecko; compatible; GPTBot/1.2; +https://openai.com/gptbot)"
136.243.228.194 - - [06/Jul/2025:12:26:45 -0400] "GET /items/mwbkt194/25928?key=show HTTP/1.1" 404 23129 "-" "Mozilla/5.0 (compatible; DataForSeoBot/1.0; +https://dataforseo.com/dataforseo-bot)"
66.249.65.198 - - [06/Jul/2025:12:26:51 -0400] "GET /122tex50153.html HTTP/1.1" 200 86519 "-" "Mozilla/5.0 (compatible; Googlebot/2.1; +http://www.google.com/bot.html)"
136.243.228.194 - - [06/Jul/2025:12:26:51 -0400] "GET /items/nqgaa264/29324?key=agent HTTP/1.1" 404 23127 "-" "Mozilla/5.0 (compatible; DataForSeoBot/1.0; +https://dataforseo.com/dataforseo-bot)"
66.249.65.196 - - [06/Jul/2025:12:26:57 -0400] "GET /35dyias42156.html HTTP/1.1" 200 86661 "-" "Mozilla/5.0 (compatible; Googlebot/2.1; +http://www.google.com/bot.html)"
136.243.228.194 - - [06/Jul/2025:12:26:57 -0400] "GET /items/quymk267/43217?key=receive HTTP/1.1" 404 23127 "-" "Mozilla/5.0 (compatible; DataForSeoBot/1.0; +https://dataforseo.com/dataforseo-bot)"
66.29.146.47 - - [06/Jul/2025:12:27:03 -0400] "POST /wp-cron.php?doing_wp_cron=1751819222.9815499782562255859375 HTTP/1.1" 403 1242 "-" "WordPress/6.8; https://dangroup.sa"
136.243.228.194 - - [06/Jul/2025:12:27:02 -0400] "GET /117tjhjk15540.html HTTP/1.1" 404 23129 "-" "Mozilla/5.0 (compatible; DataForSeoBot/1.0; +https://dataforseo.com/dataforseo-bot)"
136.243.228.194 - - [06/Jul/2025:12:27:07 -0400] "GET /31yzbxd46286.html HTTP/1.1" 404 23127 "-" "Mozilla/5.0 (compatible; DataForSeoBot/1.0; +https://dataforseo.com/dataforseo-bot)"
20.171.207.36 - - [06/Jul/2025:12:27:12 -0400] "GET /192lycrc34783.html HTTP/1.1" 404 23127 "-" "Mozilla/5.0 AppleWebKit/537.36 (KHTML, like Gecko; compatible; GPTBot/1.2; +https://openai.com/gptbot)"
136.243.228.194 - - [06/Jul/2025:12:27:12 -0400] "GET /items/nneng52/13188?key=job HTTP/1.1" 404 23129 "-" "Mozilla/5.0 (compatible; DataForSeoBot/1.0; +https://dataforseo.com/dataforseo-bot)"
136.243.228.194 - - [06/Jul/2025:12:27:20 -0400] "GET /items/sujbx35/44507?key=traveler HTTP/1.1" 404 23129 "-" "Mozilla/5.0 (compatible; DataForSeoBot/1.0; +https://dataforseo.com/dataforseo-bot)"
66.249.65.197 - - [06/Jul/2025:12:27:23 -0400] "GET /items/pjibt261/28365?key=trash HTTP/1.1" 200 86349 "-" "Mozilla/5.0 (compatible; Googlebot/2.1; +http://www.google.com/bot.html)"
66.249.65.197 - - [06/Jul/2025:12:27:25 -0400] "GET /17hub5674.html HTTP/1.1" 200 89022 "-" "Mozilla/5.0 (Linux; Android 6.0.1; Nexus 5X Build/MMB29P) AppleWebKit/537.36 (KHTML, like Gecko) Chrome/137.0.7151.103 Mobile Safari/537.36 (compatible; Googlebot/2.1; +http://www.google.com/bot.html)"
124.243.185.176 - - [06/Jul/2025:12:27:24 -0400] "GET /search?category=703&search_word= HTTP/1.1" 404 23127 "https://dangroup.sa/search?category=703&search_word=" "Mozilla/5.0 (Windows NT 10.0; Win64; x64) AppleWebKit/537.36 (KHTML, like Gecko) Chrome/104.0.0.0 Safari/537.36"
66.249.65.196 - - [06/Jul/2025:12:27:30 -0400] "GET /68cja601.html HTTP/1.1" 200 86842 "-" "Mozilla/5.0 (compatible; Googlebot/2.1; +http://www.google.com/bot.html)"
136.243.228.194 - - [06/Jul/2025:12:27:26 -0400] "GET /items/ovlpo25/29963?key=bush HTTP/1.1" 404 23127 "-" "Mozilla/5.0 (compatible; DataForSeoBot/1.0; +https://dataforseo.com/dataforseo-bot)"
66.249.65.197 - - [06/Jul/2025:12:27:32 -0400] "GET /31eowvg3402.html HTTP/1.1" 200 86516 "-" "Mozilla/5.0 (compatible; Googlebot/2.1; +http://www.google.com/bot.html)"
136.243.228.194 - - [06/Jul/2025:12:27:33 -0400] "GET /items/lcfrd227/12767?key=remember HTTP/1.1" 404 23127 "-" "Mozilla/5.0 (compatible; DataForSeoBot/1.0; +https://dataforseo.com/dataforseo-bot)"
66.249.65.197 - - [06/Jul/2025:12:27:39 -0400] "GET /125xqgp39908.html HTTP/1.1" 200 87804 "-" "Mozilla/5.0 (compatible; Googlebot/2.1; +http://www.google.com/bot.html)"
66.249.65.196 - - [06/Jul/2025:12:27:42 -0400] "GET /items/hctxa21/42477?key=return HTTP/1.1" 200 87420 "-" "Mozilla/5.0 (Linux; Android 6.0.1; Nexus 5X Build/MMB29P) AppleWebKit/537.36 (KHTML, like Gecko) Chrome/137.0.7151.103 Mobile Safari/537.36 (compatible; Googlebot/2.1; +http://www.google.com/bot.html)"
136.243.228.194 - - [06/Jul/2025:12:27:38 -0400] "GET /286wkef3775.html HTTP/1.1" 404 23127 "-" "Mozilla/5.0 (compatible; DataForSeoBot/1.0; +https://dataforseo.com/dataforseo-bot)"
20.171.207.36 - - [06/Jul/2025:12:27:38 -0400] "GET /170zazev20745.html HTTP/1.1" 404 23127 "-" "Mozilla/5.0 AppleWebKit/537.36 (KHTML, like Gecko; compatible; GPTBot/1.2; +https://openai.com/gptbot)"
66.249.65.197 - - [06/Jul/2025:12:27:43 -0400] "GET /pcmypage?callback=product%2Fdetail%2Fre-vida-31-20494828-burgun HTTP/1.1" 200 86974 "-" "Mozilla/5.0 (Linux; Android 6.0.1; Nexus 5X Build/MMB29P) AppleWebKit/537.36 (KHTML, like Gecko) Chrome/137.0.7151.103 Mobile Safari/537.36 (compatible; Googlebot/2.1; +http://www.google.com/bot.html)"
66.249.65.198 - - [06/Jul/2025:12:27:48 -0400] "GET /pcmypage?callback=product/review/re-vida-21-254815-seapine HTTP/1.1" 200 87373 "-" "Mozilla/5.0 (compatible; Googlebot/2.1; +http://www.google.com/bot.html)"
136.243.228.194 - - [06/Jul/2025:12:27:46 -0400] "GET /items/zxzic147/46323?key=excuse HTTP/1.1" 404 23127 "-" "Mozilla/5.0 (compatible; DataForSeoBot/1.0; +https://dataforseo.com/dataforseo-bot)"
66.249.65.198 - - [06/Jul/2025:12:27:52 -0400] "GET /76ekgwz33431.html HTTP/1.1" 200 87660 "-" "Mozilla/5.0 (Linux; Android 6.0.1; Nexus 5X Build/MMB29P) AppleWebKit/537.36 (KHTML, like Gecko) Chrome/137.0.7151.103 Mobile Safari/537.36 (compatible; Googlebot/2.1; +http://www.google.com/bot.html)"
136.243.228.194 - - [06/Jul/2025:12:27:51 -0400] "GET /145qpuw39904.html HTTP/1.1" 404 23129 "-" "Mozilla/5.0 (compatible; DataForSeoBot/1.0; +https://dataforseo.com/dataforseo-bot)"
66.249.65.196 - - [06/Jul/2025:12:27:56 -0400] "GET /items/lzdrs210/12712?key=liberty HTTP/1.1" 200 86489 "-" "Mozilla/5.0 (Linux; Android 6.0.1; Nexus 5X Build/MMB29P) AppleWebKit/537.36 (KHTML, like Gecko) Chrome/137.0.7151.103 Mobile Safari/537.36 (compatible; Googlebot/2.1; +http://www.google.com/bot.html)"
136.243.228.194 - - [06/Jul/2025:12:27:59 -0400] "GET /181tbcj788.html HTTP/1.1" 404 23127 "-" "Mozilla/5.0 (compatible; DataForSeoBot/1.0; +https://dataforseo.com/dataforseo-bot)"
66.29.146.47 - - [06/Jul/2025:12:28:05 -0400] "POST /wp-cron.php?doing_wp_cron=1751819285.5809159278869628906250 HTTP/1.1" 403 1242 "-" "WordPress/6.8; https://dangroup.sa"
66.29.146.47 - - [06/Jul/2025:12:28:06 -0400] "POST /wp-cron.php?doing_wp_cron=1751819286.0658419132232666015625 HTTP/1.1" 403 1242 "-" "WordPress/6.8; https://dangroup.sa"
136.243.228.194 - - [06/Jul/2025:12:28:04 -0400] "GET /items/iifie226/3366?key=nationwide HTTP/1.1" 404 23129 "-" "Mozilla/5.0 (compatible; DataForSeoBot/1.0; +https://dataforseo.com/dataforseo-bot)"
20.171.207.36 - - [06/Jul/2025:12:28:05 -0400] "GET /218czngk42753.html HTTP/1.1" 404 23127 "-" "Mozilla/5.0 AppleWebKit/537.36 (KHTML, like Gecko; compatible; GPTBot/1.2; +https://openai.com/gptbot)"
136.243.228.194 - - [06/Jul/2025:12:28:12 -0400] "GET /180blo23577.html HTTP/1.1" 404 23129 "-" "Mozilla/5.0 (compatible; DataForSeoBot/1.0; +https://dataforseo.com/dataforseo-bot)"
136.243.228.194 - - [06/Jul/2025:12:28:19 -0400] "GET /98qlvfg8881.html HTTP/1.1" 404 23127 "-" "Mozilla/5.0 (compatible; DataForSeoBot/1.0; +https://dataforseo.com/dataforseo-bot)"
66.249.65.196 - - [06/Jul/2025:12:28:28 -0400] "GET /pcmypage?callback=product/review/tkonline-2893550 HTTP/1.1" 200 88083 "-" "Mozilla/5.0 (Linux; Android 6.0.1; Nexus 5X Build/MMB29P) AppleWebKit/537.36 (KHTML, like Gecko) Chrome/137.0.7151.103 Mobile Safari/537.36 (compatible; Googlebot/2.1; +http://www.google.com/bot.html)"
66.249.65.197 - - [06/Jul/2025:12:28:29 -0400] "GET /169ycrx31888.html HTTP/1.1" 200 86818 "-" "Mozilla/5.0 (Linux; Android 6.0.1; Nexus 5X Build/MMB29P) AppleWebKit/537.36 (KHTML, like Gecko) Chrome/137.0.7151.103 Mobile Safari/537.36 (compatible; Googlebot/2.1; +http://www.google.com/bot.html)"
66.249.65.198 - - [06/Jul/2025:12:28:30 -0400] "GET /52qzoj14657.html HTTP/1.1" 200 87132 "-" "Mozilla/5.0 (Linux; Android 6.0.1; Nexus 5X Build/MMB29P) AppleWebKit/537.36 (KHTML, like Gecko) Chrome/137.0.7151.103 Mobile Safari/537.36 (compatible; Googlebot/2.1; +http://www.google.com/bot.html)"
136.243.228.194 - - [06/Jul/2025:12:28:26 -0400] "GET /items/kabvf296/46658?key=home HTTP/1.1" 404 23127 "-" "Mozilla/5.0 (compatible; DataForSeoBot/1.0; +https://dataforseo.com/dataforseo-bot)"
