136.243.228.194 - - [06/Jul/2025:12:51:10 -0400] "GET /items/vocgc254/8464?key=sigh HTTP/1.1" 404 23129 "-" "Mozilla/5.0 (compatible; DataForSeoBot/1.0; +https://dataforseo.com/dataforseo-bot)"
66.249.65.192 - - [06/Jul/2025:12:51:14 -0400] "GET /249lvh28960.html HTTP/1.1" 200 87486 "-" "Mozilla/5.0 (Linux; Android 6.0.1; Nexus 5X Build/MMB29P) AppleWebKit/537.36 (KHTML, like Gecko) Chrome/137.0.7151.103 Mobile Safari/537.36 (compatible; Googlebot/2.1; +http://www.google.com/bot.html)"
136.243.228.194 - - [06/Jul/2025:12:51:16 -0400] "GET /items/llnxf177/33439?key=professor HTTP/1.1" 404 23127 "-" "Mozilla/5.0 (compatible; DataForSeoBot/1.0; +https://dataforseo.com/dataforseo-bot)"
20.171.207.36 - - [06/Jul/2025:12:51:18 -0400] "GET /149trmls23620.html HTTP/1.1" 404 23127 "-" "Mozilla/5.0 AppleWebKit/537.36 (KHTML, like Gecko; compatible; GPTBot/1.2; +https://openai.com/gptbot)"
66.29.146.47 - - [06/Jul/2025:12:51:22 -0400] "POST /wp-cron.php?doing_wp_cron=1751820682.5603508949279785156250 HTTP/1.1" 403 1242 "-" "WordPress/6.8; https://dangroup.sa"
66.249.65.193 - - [06/Jul/2025:12:51:23 -0400] "GET /pcmypage?callback=product%2Fdetail%2Fasty-shop-c2-lxdoqg2p2x-8ej6 HTTP/1.1" 200 86713 "-" "Mozilla/5.0 (Linux; Android 6.0.1; Nexus 5X Build/MMB29P) AppleWebKit/537.36 (KHTML, like Gecko) Chrome/137.0.7151.103 Mobile Safari/537.36 (compatible; Googlebot/2.1; +http://www.google.com/bot.html)"
136.243.228.194 - - [06/Jul/2025:12:51:21 -0400] "GET /125qnylj3962.html HTTP/1.1" 404 23129 "-" "Mozilla/5.0 (compatible; DataForSeoBot/1.0; +https://dataforseo.com/dataforseo-bot)"
136.243.228.194 - - [06/Jul/2025:12:51:26 -0400] "GET /items/dlhck3/30275?key=balance HTTP/1.1" 404 23127 "-" "Mozilla/5.0 (compatible; DataForSeoBot/1.0; +https://dataforseo.com/dataforseo-bot)"
66.249.65.192 - - [06/Jul/2025:12:51:44 -0400] "GET /60vyoal29463.html HTTP/1.1" 200 87571 "-" "Mozilla/5.0 (Linux; Android 6.0.1; Nexus 5X Build/MMB29P) AppleWebKit/537.36 (KHTML, like Gecko) Chrome/137.0.7151.103 Mobile Safari/537.36 (compatible; Googlebot/2.1; +http://www.google.com/bot.html)"
20.171.207.36 - - [06/Jul/2025:12:51:45 -0400] "GET /108qqvba34003.html HTTP/1.1" 404 23127 "-" "Mozilla/5.0 AppleWebKit/537.36 (KHTML, like Gecko; compatible; GPTBot/1.2; +https://openai.com/gptbot)"
136.243.228.194 - - [06/Jul/2025:12:51:32 -0400] "GET /211ypb43786.html HTTP/1.1" 404 23127 "-" "Mozilla/5.0 (compatible; DataForSeoBot/1.0; +https://dataforseo.com/dataforseo-bot)"
66.249.65.193 - - [06/Jul/2025:12:51:53 -0400] "GET /134gvejj9305.html HTTP/1.1" 200 86692 "-" "Mozilla/5.0 (Linux; Android 6.0.1; Nexus 5X Build/MMB29P) AppleWebKit/537.36 (KHTML, like Gecko) Chrome/137.0.7151.103 Mobile Safari/537.36 (compatible; Googlebot/2.1; +http://www.google.com/bot.html)"
136.243.228.194 - - [06/Jul/2025:12:51:55 -0400] "GET /271dea35764.html HTTP/1.1" 404 23127 "-" "Mozilla/5.0 (compatible; DataForSeoBot/1.0; +https://dataforseo.com/dataforseo-bot)"
136.243.228.194 - - [06/Jul/2025:12:52:01 -0400] "GET /54dlo13931.html HTTP/1.1" 404 23127 "-" "Mozilla/5.0 (compatible; DataForSeoBot/1.0; +https://dataforseo.com/dataforseo-bot)"
66.249.65.194 - - [06/Jul/2025:12:52:06 -0400] "GET /items/rakfl165/9209?key=iron HTTP/1.1" 200 86614 "-" "Mozilla/5.0 (compatible; Googlebot/2.1; +http://www.google.com/bot.html)"
66.249.65.192 - - [06/Jul/2025:12:52:07 -0400] "GET /216uuk18851.html HTTP/1.1" 200 86837 "-" "Mozilla/5.0 (compatible; Googlebot/2.1; +http://www.google.com/bot.html)"
136.243.228.194 - - [06/Jul/2025:12:52:07 -0400] "GET /265irzg49418.html HTTP/1.1" 404 23127 "-" "Mozilla/5.0 (compatible; DataForSeoBot/1.0; +https://dataforseo.com/dataforseo-bot)"
66.249.65.192 - - [06/Jul/2025:12:52:11 -0400] "GET /180sdy15707.html HTTP/1.1" 200 87291 "-" "Mozilla/5.0 (compatible; Googlebot/2.1; +http://www.google.com/bot.html)"
20.171.207.36 - - [06/Jul/2025:12:52:11 -0400] "GET /149ocoqc36014.html HTTP/1.1" 404 23127 "-" "Mozilla/5.0 AppleWebKit/537.36 (KHTML, like Gecko; compatible; GPTBot/1.2; +https://openai.com/gptbot)"
136.243.228.194 - - [06/Jul/2025:12:52:12 -0400] "GET /30fpf27499.html HTTP/1.1" 404 23127 "-" "Mozilla/5.0 (compatible; DataForSeoBot/1.0; +https://dataforseo.com/dataforseo-bot)"
136.243.228.194 - - [06/Jul/2025:12:52:20 -0400] "GET /items/xsbou16/11586?key=decorate HTTP/1.1" 404 23127 "-" "Mozilla/5.0 (compatible; DataForSeoBot/1.0; +https://dataforseo.com/dataforseo-bot)"
66.29.146.47 - - [06/Jul/2025:12:52:25 -0400] "POST /wp-cron.php?doing_wp_cron=1751820745.3664569854736328125000 HTTP/1.1" 403 1242 "-" "WordPress/6.8; https://dangroup.sa"
136.243.228.194 - - [06/Jul/2025:12:52:24 -0400] "GET /items/cghpd46/16698?key=more HTTP/1.1" 404 23127 "-" "Mozilla/5.0 (compatible; DataForSeoBot/1.0; +https://dataforseo.com/dataforseo-bot)"
136.243.228.194 - - [06/Jul/2025:12:52:29 -0400] "GET /items/hbcaj110/43128?key=addition HTTP/1.1" 404 23129 "-" "Mozilla/5.0 (compatible; DataForSeoBot/1.0; +https://dataforseo.com/dataforseo-bot)"
136.243.228.194 - - [06/Jul/2025:12:52:36 -0400] "GET /169xdyva10008.html HTTP/1.1" 404 23127 "-" "Mozilla/5.0 (compatible; DataForSeoBot/1.0; +https://dataforseo.com/dataforseo-bot)"
20.171.207.36 - - [06/Jul/2025:12:52:39 -0400] "GET /174ofjap36293.html HTTP/1.1" 404 23127 "-" "Mozilla/5.0 AppleWebKit/537.36 (KHTML, like Gecko; compatible; GPTBot/1.2; +https://openai.com/gptbot)"
136.243.228.194 - - [06/Jul/2025:12:52:42 -0400] "GET /items/sajql246/18262?key=mayor HTTP/1.1" 404 23127 "-" "Mozilla/5.0 (compatible; DataForSeoBot/1.0; +https://dataforseo.com/dataforseo-bot)"
136.243.228.194 - - [06/Jul/2025:12:52:48 -0400] "GET /items/sxebl106/12466?key=condemn HTTP/1.1" 404 23127 "-" "Mozilla/5.0 (compatible; DataForSeoBot/1.0; +https://dataforseo.com/dataforseo-bot)"
66.249.65.192 - - [06/Jul/2025:12:52:52 -0400] "GET /items/wsrck33/9133?key=mere HTTP/1.1" 200 87007 "-" "Mozilla/5.0 (compatible; Googlebot/2.1; +http://www.google.com/bot.html)"
66.249.65.192 - - [06/Jul/2025:12:52:53 -0400] "GET /77ojbyn16626.html HTTP/1.1" 200 87655 "-" "Mozilla/5.0 (Linux; Android 6.0.1; Nexus 5X Build/MMB29P) AppleWebKit/537.36 (KHTML, like Gecko) Chrome/137.0.7151.103 Mobile Safari/537.36 (compatible; Googlebot/2.1; +http://www.google.com/bot.html)"
66.249.65.192 - - [06/Jul/2025:12:52:54 -0400] "GET /74efa16059.html HTTP/1.1" 200 86501 "-" "Mozilla/5.0 (Linux; Android 6.0.1; Nexus 5X Build/MMB29P) AppleWebKit/537.36 (KHTML, like Gecko) Chrome/137.0.7151.103 Mobile Safari/537.36 (compatible; Googlebot/2.1; +http://www.google.com/bot.html)"
66.249.65.192 - - [06/Jul/2025:12:52:55 -0400] "GET /pcmypage?callback=product%2Fdetail%2Fshop-polite-ds-2289318 HTTP/1.1" 200 87009 "-" "Mozilla/5.0 (Linux; Android 6.0.1; Nexus 5X Build/MMB29P) AppleWebKit/537.36 (KHTML, like Gecko) Chrome/137.0.7151.103 Mobile Safari/537.36 (compatible; Googlebot/2.1; +http://www.google.com/bot.html)"
136.243.228.194 - - [06/Jul/2025:12:52:53 -0400] "GET /145qlgo24164.html HTTP/1.1" 404 23127 "-" "Mozilla/5.0 (compatible; DataForSeoBot/1.0; +https://dataforseo.com/dataforseo-bot)"
66.249.65.193 - - [06/Jul/2025:12:52:58 -0400] "GET /pcmypage?callback=product/review/jidosharyohin-e05tr-sub-r-2256017-vrx3-7-2024 HTTP/1.1" 200 86504 "-" "Mozilla/5.0 (Linux; Android 6.0.1; Nexus 5X Build/MMB29P) AppleWebKit/537.36 (KHTML, like Gecko) Chrome/137.0.7151.103 Mobile Safari/537.36 (compatible; Googlebot/2.1; +http://www.google.com/bot.html)"
136.243.228.194 - - [06/Jul/2025:12:52:57 -0400] "GET /80pol43347.html HTTP/1.1" 404 23127 "-" "Mozilla/5.0 (compatible; DataForSeoBot/1.0; +https://dataforseo.com/dataforseo-bot)"
136.243.228.194 - - [06/Jul/2025:12:53:02 -0400] "GET /items/rkzgp64/42638?key=teammate HTTP/1.1" 404 23127 "-" "Mozilla/5.0 (compatible; DataForSeoBot/1.0; +https://dataforseo.com/dataforseo-bot)"
20.171.207.36 - - [06/Jul/2025:12:53:06 -0400] "GET /181cpeta33452.html HTTP/1.1" 404 23127 "-" "Mozilla/5.0 AppleWebKit/537.36 (KHTML, like Gecko; compatible; GPTBot/1.2; +https://openai.com/gptbot)"
136.243.228.194 - - [06/Jul/2025:12:53:08 -0400] "GET /items/zloiy296/18580?key=experience HTTP/1.1" 404 23127 "-" "Mozilla/5.0 (compatible; DataForSeoBot/1.0; +https://dataforseo.com/dataforseo-bot)"
136.243.228.194 - - [06/Jul/2025:12:53:15 -0400] "GET /287izajd45240.html HTTP/1.1" 404 23129 "-" "Mozilla/5.0 (compatible; DataForSeoBot/1.0; +https://dataforseo.com/dataforseo-bot)"
66.249.74.160 - - [06/Jul/2025:12:53:18 -0400] "GET /7wgfk658.html HTTP/1.1" 200 86457 "-" "Mozilla/5.0 (Linux; Android 6.0.1; Nexus 5X Build/MMB29P) AppleWebKit/537.36 (KHTML, like Gecko) Chrome/137.0.7151.119 Mobile Safari/537.36 (compatible; Googlebot/2.1; +http://www.google.com/bot.html)"
136.243.228.194 - - [06/Jul/2025:12:53:19 -0400] "GET /54uauvp38755.html HTTP/1.1" 404 23127 "-" "Mozilla/5.0 (compatible; DataForSeoBot/1.0; +https://dataforseo.com/dataforseo-bot)"
66.29.146.47 - - [06/Jul/2025:12:53:25 -0400] "POST /wp-cron.php?doing_wp_cron=1751820805.6621611118316650390625 HTTP/1.1" 403 1242 "-" "WordPress/6.8; https://dangroup.sa"
136.243.228.194 - - [06/Jul/2025:12:53:25 -0400] "GET /items/vfsak186/6932?key=sell HTTP/1.1" 404 23129 "-" "Mozilla/5.0 (compatible; DataForSeoBot/1.0; +https://dataforseo.com/dataforseo-bot)"
66.249.65.192 - - [06/Jul/2025:12:53:30 -0400] "GET /items/wbgzd242/18730?key=dilemma HTTP/1.1" 200 87170 "-" "Mozilla/5.0 (compatible; Googlebot/2.1; +http://www.google.com/bot.html)"
136.243.228.194 - - [06/Jul/2025:12:53:29 -0400] "GET /items/iunvf218/18368?key=fund HTTP/1.1" 404 23127 "-" "Mozilla/5.0 (compatible; DataForSeoBot/1.0; +https://dataforseo.com/dataforseo-bot)"
66.249.65.192 - - [06/Jul/2025:12:53:35 -0400] "GET /zhHant/product/surugaya/hcvalor-eshop-trusco-4760746?campaign_uid=f64d716db5e979ed2f947dbaf4296895b951ae7f HTTP/1.1" 200 86875 "-" "Mozilla/5.0 (Linux; Android 6.0.1; Nexus 5X Build/MMB29P) AppleWebKit/537.36 (KHTML, like Gecko) Chrome/137.0.7151.103 Mobile Safari/537.36 (compatible; Googlebot/2.1; +http://www.google.com/bot.html)"
20.171.207.36 - - [06/Jul/2025:12:53:32 -0400] "GET /275nyqdd40396.html HTTP/1.1" 404 23128 "-" "Mozilla/5.0 AppleWebKit/537.36 (KHTML, like Gecko; compatible; GPTBot/1.2; +https://openai.com/gptbot)"
136.243.228.194 - - [06/Jul/2025:12:53:35 -0400] "GET /238kwa33293.html HTTP/1.1" 404 23127 "-" "Mozilla/5.0 (compatible; DataForSeoBot/1.0; +https://dataforseo.com/dataforseo-bot)"
66.249.65.192 - - [06/Jul/2025:12:53:42 -0400] "GET /11xnf2442.html HTTP/1.1" 200 87257 "-" "Mozilla/5.0 (Linux; Android 6.0.1; Nexus 5X Build/MMB29P) AppleWebKit/537.36 (KHTML, like Gecko) Chrome/137.0.7151.103 Mobile Safari/537.36 (compatible; Googlebot/2.1; +http://www.google.com/bot.html)"
66.249.65.192 - - [06/Jul/2025:12:53:43 -0400] "GET /234jbdtb1389.html HTTP/1.1" 200 87501 "-" "Mozilla/5.0 (Linux; Android 6.0.1; Nexus 5X Build/MMB29P) AppleWebKit/537.36 (KHTML, like Gecko) Chrome/137.0.7151.103 Mobile Safari/537.36 (compatible; Googlebot/2.1; +http://www.google.com/bot.html)"
136.243.228.194 - - [06/Jul/2025:12:53:40 -0400] "GET /items/ssmub74/19480?key=highway HTTP/1.1" 404 23129 "-" "Mozilla/5.0 (compatible; DataForSeoBot/1.0; +https://dataforseo.com/dataforseo-bot)"
66.249.65.192 - - [06/Jul/2025:12:53:44 -0400] "GET /97aaze35826.html HTTP/1.1" 200 86554 "-" "Mozilla/5.0 (Linux; Android 6.0.1; Nexus 5X Build/MMB29P) AppleWebKit/537.36 (KHTML, like Gecko) Chrome/137.0.7151.103 Mobile Safari/537.36 (compatible; Googlebot/2.1; +http://www.google.com/bot.html)"
66.249.65.192 - - [06/Jul/2025:12:53:45 -0400] "GET /items/ykeqk56/28824?key=accelerate HTTP/1.1" 200 87738 "-" "Mozilla/5.0 (Linux; Android 6.0.1; Nexus 5X Build/MMB29P) AppleWebKit/537.36 (KHTML, like Gecko) Chrome/137.0.7151.103 Mobile Safari/537.36 (compatible; Googlebot/2.1; +http://www.google.com/bot.html)"
136.243.228.194 - - [06/Jul/2025:12:53:45 -0400] "GET /items/vsbiz46/41472?key=hole HTTP/1.1" 404 23129 "-" "Mozilla/5.0 (compatible; DataForSeoBot/1.0; +https://dataforseo.com/dataforseo-bot)"
136.243.228.194 - - [06/Jul/2025:12:53:51 -0400] "GET /items/cbhla132/31580?key=manage HTTP/1.1" 404 23129 "-" "Mozilla/5.0 (compatible; DataForSeoBot/1.0; +https://dataforseo.com/dataforseo-bot)"
136.243.228.194 - - [06/Jul/2025:12:53:55 -0400] "GET /items/jjqxo234/39620?key=expedition HTTP/1.1" 404 23129 "-" "Mozilla/5.0 (compatible; DataForSeoBot/1.0; +https://dataforseo.com/dataforseo-bot)"
136.243.228.194 - - [06/Jul/2025:12:53:59 -0400] "GET /108qzcc44587.html HTTP/1.1" 404 23127 "-" "Mozilla/5.0 (compatible; DataForSeoBot/1.0; +https://dataforseo.com/dataforseo-bot)"
20.171.207.36 - - [06/Jul/2025:12:54:00 -0400] "GET /130txsgs24575.html HTTP/1.1" 404 23127 "-" "Mozilla/5.0 AppleWebKit/537.36 (KHTML, like Gecko; compatible; GPTBot/1.2; +https://openai.com/gptbot)"
66.249.65.193 - - [06/Jul/2025:12:54:04 -0400] "GET /203jjcyx26134.html HTTP/1.1" 200 86365 "-" "Mozilla/5.0 (compatible; Googlebot/2.1; +http://www.google.com/bot.html)"
136.243.228.194 - - [06/Jul/2025:12:54:04 -0400] "GET /items/wzxlh51/21303?key=drain HTTP/1.1" 404 23127 "-" "Mozilla/5.0 (compatible; DataForSeoBot/1.0; +https://dataforseo.com/dataforseo-bot)"
66.249.65.192 - - [06/Jul/2025:12:54:12 -0400] "GET /items/xuxup257/43045?key=abandon HTTP/1.1" 200 86749 "-" "Mozilla/5.0 (Linux; Android 6.0.1; Nexus 5X Build/MMB29P) AppleWebKit/537.36 (KHTML, like Gecko) Chrome/137.0.7151.103 Mobile Safari/537.36 (compatible; Googlebot/2.1; +http://www.google.com/bot.html)"
136.243.228.194 - - [06/Jul/2025:12:54:10 -0400] "GET /204coxh39219.html HTTP/1.1" 404 23129 "-" "Mozilla/5.0 (compatible; DataForSeoBot/1.0; +https://dataforseo.com/dataforseo-bot)"
136.243.228.194 - - [06/Jul/2025:12:54:15 -0400] "GET /items/qzqft40/9072?key=alcohol HTTP/1.1" 404 23127 "-" "Mozilla/5.0 (compatible; DataForSeoBot/1.0; +https://dataforseo.com/dataforseo-bot)"
136.243.228.194 - - [06/Jul/2025:12:54:20 -0400] "GET /196gqrba42103.html HTTP/1.1" 404 23127 "-" "Mozilla/5.0 (compatible; DataForSeoBot/1.0; +https://dataforseo.com/dataforseo-bot)"
136.243.228.194 - - [06/Jul/2025:12:54:24 -0400] "GET /items/znqfm292/31892?key=during HTTP/1.1" 404 23127 "-" "Mozilla/5.0 (compatible; DataForSeoBot/1.0; +https://dataforseo.com/dataforseo-bot)"
66.29.146.47 - - [06/Jul/2025:12:54:27 -0400] "POST /wp-cron.php?doing_wp_cron=1751820867.7522289752960205078125 HTTP/1.1" 403 1242 "-" "WordPress/6.8; https://dangroup.sa"
20.171.207.36 - - [06/Jul/2025:12:54:26 -0400] "GET /195sldca12106.html HTTP/1.1" 404 23129 "-" "Mozilla/5.0 AppleWebKit/537.36 (KHTML, like Gecko; compatible; GPTBot/1.2; +https://openai.com/gptbot)"
136.243.228.194 - - [06/Jul/2025:12:54:29 -0400] "GET /items/efdak161/10147?key=stroke HTTP/1.1" 404 23127 "-" "Mozilla/5.0 (compatible; DataForSeoBot/1.0; +https://dataforseo.com/dataforseo-bot)"
136.243.228.194 - - [06/Jul/2025:12:54:35 -0400] "GET /items/ajdkk136/42610?key=interested HTTP/1.1" 404 23129 "-" "Mozilla/5.0 (compatible; DataForSeoBot/1.0; +https://dataforseo.com/dataforseo-bot)"
136.243.228.194 - - [06/Jul/2025:12:54:39 -0400] "GET /60lwwcq26851.html HTTP/1.1" 404 23127 "-" "Mozilla/5.0 (compatible; DataForSeoBot/1.0; +https://dataforseo.com/dataforseo-bot)"
66.249.65.192 - - [06/Jul/2025:12:54:44 -0400] "GET /items/nrueu102/40370?key=define HTTP/1.1" 200 87325 "-" "Mozilla/5.0 (Linux; Android 6.0.1; Nexus 5X Build/MMB29P) AppleWebKit/537.36 (KHTML, like Gecko) Chrome/137.0.7151.103 Mobile Safari/537.36 (compatible; Googlebot/2.1; +http://www.google.com/bot.html)"
136.243.228.194 - - [06/Jul/2025:12:54:45 -0400] "GET /items/bzjnz279/14043?key=basically HTTP/1.1" 404 23127 "-" "Mozilla/5.0 (compatible; DataForSeoBot/1.0; +https://dataforseo.com/dataforseo-bot)"
136.243.228.194 - - [06/Jul/2025:12:54:50 -0400] "GET /30lli42103.html HTTP/1.1" 404 23127 "-" "Mozilla/5.0 (compatible; DataForSeoBot/1.0; +https://dataforseo.com/dataforseo-bot)"
51.222.253.18 - - [06/Jul/2025:12:54:53 -0400] "GET /en/donate-your-design-for-newest-designer-to-try-better/feed/ HTTP/1.1" 304 0 "-" "Mozilla/5.0 (compatible; AhrefsBot/7.0; +http://ahrefs.com/robot/)"
20.171.207.36 - - [06/Jul/2025:12:54:52 -0400] "GET /205roaut26162.html HTTP/1.1" 404 23127 "-" "Mozilla/5.0 AppleWebKit/537.36 (KHTML, like Gecko; compatible; GPTBot/1.2; +https://openai.com/gptbot)"
52.167.144.172 - - [06/Jul/2025:12:55:00 -0400] "GET /sitemap.txt HTTP/1.1" 200 17 "-" "Mozilla/5.0 AppleWebKit/537.36 (KHTML, like Gecko; compatible; bingbot/2.0; +http://www.bing.com/bingbot.htm) Chrome/116.0.1938.76 Safari/537.36"
136.243.228.194 - - [06/Jul/2025:12:54:56 -0400] "GET /109gohip29164.html HTTP/1.1" 404 23129 "-" "Mozilla/5.0 (compatible; DataForSeoBot/1.0; +https://dataforseo.com/dataforseo-bot)"
52.185.158.37 - - [06/Jul/2025:12:55:00 -0400] "GET /wp-content/plugins/hellopress/wp_filemanager.php HTTP/1.1" 404 23127 "-" "-"
66.249.65.197 - - [06/Jul/2025:12:55:06 -0400] "GET /items/hlrnx47/29905?key=such HTTP/1.1" 200 88508 "-" "Mozilla/5.0 (Linux; Android 6.0.1; Nexus 5X Build/MMB29P) AppleWebKit/537.36 (KHTML, like Gecko) Chrome/137.0.7151.103 Mobile Safari/537.36 (compatible; Googlebot/2.1; +http://www.google.com/bot.html)"
66.249.65.198 - - [06/Jul/2025:12:55:07 -0400] "GET /items/hhgoh253/18223?key=supposedly HTTP/1.1" 200 86922 "-" "Mozilla/5.0 (compatible; Googlebot/2.1; +http://www.google.com/bot.html)"
136.243.228.194 - - [06/Jul/2025:12:55:04 -0400] "GET /120xkiil37873.html HTTP/1.1" 404 23127 "-" "Mozilla/5.0 (compatible; DataForSeoBot/1.0; +https://dataforseo.com/dataforseo-bot)"
52.185.158.37 - - [06/Jul/2025:12:55:05 -0400] "GET /wp.php HTTP/1.1" 404 23127 "-" "-"
66.249.65.196 - - [06/Jul/2025:12:55:13 -0400] "GET /220kdb49091.html HTTP/1.1" 200 86763 "-" "Mozilla/5.0 (compatible; Googlebot/2.1; +http://www.google.com/bot.html)"
136.243.228.194 - - [06/Jul/2025:12:55:10 -0400] "GET /100lsq46005.html HTTP/1.1" 404 23129 "-" "Mozilla/5.0 (compatible; DataForSeoBot/1.0; +https://dataforseo.com/dataforseo-bot)"
52.185.158.37 - - [06/Jul/2025:12:55:11 -0400] "GET /wp-content/plugins/TOPXOH/wDR.php HTTP/1.1" 404 23127 "-" "-"
52.185.158.37 - - [06/Jul/2025:12:55:16 -0400] "GET /admin.php HTTP/1.1" 404 23127 "-" "-"
52.185.158.37 - - [06/Jul/2025:12:55:21 -0400] "GET /admin.php?p= HTTP/1.1" 301 0 "-" "-"
136.243.228.194 - - [06/Jul/2025:12:55:17 -0400] "GET /261txap4372.html HTTP/1.1" 404 23127 "-" "Mozilla/5.0 (compatible; DataForSeoBot/1.0; +https://dataforseo.com/dataforseo-bot)"
20.171.207.36 - - [06/Jul/2025:12:55:20 -0400] "GET /105lnizd28676.html HTTP/1.1" 404 23127 "-" "Mozilla/5.0 AppleWebKit/537.36 (KHTML, like Gecko; compatible; GPTBot/1.2; +https://openai.com/gptbot)"
52.185.158.37 - - [06/Jul/2025:12:55:22 -0400] "GET /admin.php HTTP/1.1" 404 23127 "-" "-"
136.243.228.194 - - [06/Jul/2025:12:55:24 -0400] "GET /120cuowy14081.html HTTP/1.1" 404 23129 "-" "Mozilla/5.0 (compatible; DataForSeoBot/1.0; +https://dataforseo.com/dataforseo-bot)"
66.29.146.47 - - [06/Jul/2025:12:55:30 -0400] "POST /wp-cron.php?doing_wp_cron=1751820930.0574710369110107421875 HTTP/1.1" 403 1242 "-" "WordPress/6.8; https://dangroup.sa"
52.185.158.37 - - [06/Jul/2025:12:55:29 -0400] "GET /wp-includes/Text/Diff/Engine/about.php HTTP/1.1" 404 23127 "-" "-"
136.243.228.194 - - [06/Jul/2025:12:55:32 -0400] "GET /88uyuo30075.html HTTP/1.1" 404 23127 "-" "Mozilla/5.0 (compatible; DataForSeoBot/1.0; +https://dataforseo.com/dataforseo-bot)"
52.185.158.37 - - [06/Jul/2025:12:55:33 -0400] "GET /index/function.php HTTP/1.1" 404 23127 "-" "-"
136.243.228.194 - - [06/Jul/2025:12:55:37 -0400] "GET /items/zecyd55/23141?key=evaluation HTTP/1.1" 404 23127 "-" "Mozilla/5.0 (compatible; DataForSeoBot/1.0; +https://dataforseo.com/dataforseo-bot)"
52.185.158.37 - - [06/Jul/2025:12:55:38 -0400] "GET /wp-includes/ID3/rk2.php HTTP/1.1" 404 23127 "-" "-"
52.185.158.37 - - [06/Jul/2025:12:55:43 -0400] "GET /license.php HTTP/1.1" 404 23129 "-" "-"
136.243.228.194 - - [06/Jul/2025:12:55:43 -0400] "GET /148qiy27645.html HTTP/1.1" 404 23127 "-" "Mozilla/5.0 (compatible; DataForSeoBot/1.0; +https://dataforseo.com/dataforseo-bot)"
20.171.207.36 - - [06/Jul/2025:12:55:45 -0400] "GET /280eskjn37057.html HTTP/1.1" 404 23127 "-" "Mozilla/5.0 AppleWebKit/537.36 (KHTML, like Gecko; compatible; GPTBot/1.2; +https://openai.com/gptbot)"
52.185.158.37 - - [06/Jul/2025:12:55:49 -0400] "GET /radio.php HTTP/1.1" 404 23127 "-" "-"
136.243.228.194 - - [06/Jul/2025:12:55:50 -0400] "GET /items/jwleg31/16493?key=sleep HTTP/1.1" 404 23127 "-" "Mozilla/5.0 (compatible; DataForSeoBot/1.0; +https://dataforseo.com/dataforseo-bot)"
66.249.65.196 - - [06/Jul/2025:12:55:57 -0400] "GET /robots.txt HTTP/1.1" 304 0 "-" "Mozilla/5.0 (compatible; Googlebot/2.1; +http://www.google.com/bot.html)"
52.185.158.37 - - [06/Jul/2025:12:55:54 -0400] "GET /info.php HTTP/1.1" 404 23127 "-" "-"
66.249.65.196 - - [06/Jul/2025:12:55:57 -0400] "GET /267mikyi6870.html HTTP/1.1" 200 87750 "-" "Mozilla/5.0 (Linux; Android 6.0.1; Nexus 5X Build/MMB29P) AppleWebKit/537.36 (KHTML, like Gecko) Chrome/137.0.7151.103 Mobile Safari/537.36 (compatible; Googlebot/2.1; +http://www.google.com/bot.html)"
66.249.65.196 - - [06/Jul/2025:12:55:58 -0400] "GET /248yww41821.html HTTP/1.1" 200 87156 "-" "Mozilla/5.0 (Linux; Android 6.0.1; Nexus 5X Build/MMB29P) AppleWebKit/537.36 (KHTML, like Gecko) Chrome/137.0.7151.103 Mobile Safari/537.36 (compatible; Googlebot/2.1; +http://www.google.com/bot.html)"
136.243.228.194 - - [06/Jul/2025:12:55:56 -0400] "GET /items/ikllx240/332?key=fear HTTP/1.1" 404 23127 "-" "Mozilla/5.0 (compatible; DataForSeoBot/1.0; +https://dataforseo.com/dataforseo-bot)"
52.185.158.37 - - [06/Jul/2025:12:55:59 -0400] "GET /alfanew.php HTTP/1.1" 404 23127 "-" "-"
52.185.158.37 - - [06/Jul/2025:12:56:03 -0400] "GET /inputs.php?p= HTTP/1.1" 301 0 "-" "-"
136.243.228.194 - - [06/Jul/2025:12:56:02 -0400] "GET /items/figbc17/24629?key=unless HTTP/1.1" 404 23127 "-" "Mozilla/5.0 (compatible; DataForSeoBot/1.0; +https://dataforseo.com/dataforseo-bot)"
52.185.158.37 - - [06/Jul/2025:12:56:04 -0400] "GET /inputs.php HTTP/1.1" 404 23129 "-" "-"
136.243.228.194 - - [06/Jul/2025:12:56:08 -0400] "GET /items/xuamx235/33423?key=lecture HTTP/1.1" 404 23127 "-" "Mozilla/5.0 (compatible; DataForSeoBot/1.0; +https://dataforseo.com/dataforseo-bot)"
52.185.158.37 - - [06/Jul/2025:12:56:09 -0400] "GET /admin/function.php HTTP/1.1" 404 23127 "-" "-"
52.185.158.37 - - [06/Jul/2025:12:56:14 -0400] "GET /wp-includes/assets/index.php HTTP/1.1" 301 0 "-" "-"
52.185.158.37 - - [06/Jul/2025:12:56:15 -0400] "GET /wp-includes/assets/ HTTP/1.1" 200 1043 "-" "-"
20.171.207.36 - - [06/Jul/2025:12:56:11 -0400] "GET /137njhfp42654.html HTTP/1.1" 404 23127 "-" "Mozilla/5.0 AppleWebKit/537.36 (KHTML, like Gecko; compatible; GPTBot/1.2; +https://openai.com/gptbot)"
52.185.158.37 - - [06/Jul/2025:12:56:16 -0400] "GET /wp-admin/images/index.php HTTP/1.1" 301 0 "-" "-"
52.185.158.37 - - [06/Jul/2025:12:56:17 -0400] "GET /wp-admin/images/ HTTP/1.1" 200 2323 "-" "-"
136.243.228.194 - - [06/Jul/2025:12:56:15 -0400] "GET /items/bgljo65/5779?key=diminish HTTP/1.1" 404 23127 "-" "Mozilla/5.0 (compatible; DataForSeoBot/1.0; +https://dataforseo.com/dataforseo-bot)"
66.249.65.198 - - [06/Jul/2025:12:56:19 -0400] "GET /pcmypage?callback=product/review/fujix-ds-2231024 HTTP/1.1" 200 87693 "-" "Mozilla/5.0 (compatible; Googlebot/2.1; +http://www.google.com/bot.html)"
52.185.158.37 - - [06/Jul/2025:12:56:17 -0400] "GET /default.php HTTP/1.1" 404 23129 "-" "-"
66.249.65.196 - - [06/Jul/2025:12:56:22 -0400] "GET /items/qyfij60/17626?key=camp HTTP/1.1" 200 87279 "-" "Mozilla/5.0 (Linux; Android 6.0.1; Nexus 5X Build/MMB29P) AppleWebKit/537.36 (KHTML, like Gecko) Chrome/137.0.7151.103 Mobile Safari/537.36 (compatible; Googlebot/2.1; +http://www.google.com/bot.html)"
136.243.228.194 - - [06/Jul/2025:12:56:21 -0400] "GET /207fonj35504.html HTTP/1.1" 404 23127 "-" "Mozilla/5.0 (compatible; DataForSeoBot/1.0; +https://dataforseo.com/dataforseo-bot)"
52.185.158.37 - - [06/Jul/2025:12:56:22 -0400] "GET /lv.php HTTP/1.1" 404 23127 "-" "-"
52.185.158.37 - - [06/Jul/2025:12:56:27 -0400] "GET /wp-content/themes/wp-pridmag/init.php HTTP/1.1" 404 23127 "-" "-"
136.243.228.194 - - [06/Jul/2025:12:56:27 -0400] "GET /109jzjaj32064.html HTTP/1.1" 404 23127 "-" "Mozilla/5.0 (compatible; DataForSeoBot/1.0; +https://dataforseo.com/dataforseo-bot)"
66.29.146.47 - - [06/Jul/2025:12:56:33 -0400] "POST /wp-cron.php?doing_wp_cron=1751820993.0667450428009033203125 HTTP/1.1" 403 1242 "-" "WordPress/6.8; https://dangroup.sa"
52.185.158.37 - - [06/Jul/2025:12:56:32 -0400] "GET /marijuana.php HTTP/1.1" 404 23127 "-" "-"
136.243.228.194 - - [06/Jul/2025:12:56:33 -0400] "GET /279ivmcc20760.html HTTP/1.1" 404 23129 "-" "Mozilla/5.0 (compatible; DataForSeoBot/1.0; +https://dataforseo.com/dataforseo-bot)"
66.249.65.196 - - [06/Jul/2025:12:56:37 -0400] "GET /37twd16546.html HTTP/1.1" 200 87155 "-" "Mozilla/5.0 (compatible; Googlebot/2.1; +http://www.google.com/bot.html)"
52.185.158.37 - - [06/Jul/2025:12:56:37 -0400] "GET /wp-includes/autoload_classmap.php HTTP/1.1" 404 23129 "-" "-"
66.249.65.196 - - [06/Jul/2025:12:56:43 -0400] "GET /197tnq3002.html HTTP/1.1" 200 86683 "-" "Mozilla/5.0 (Linux; Android 6.0.1; Nexus 5X Build/MMB29P) AppleWebKit/537.36 (KHTML, like Gecko) Chrome/137.0.7151.103 Mobile Safari/537.36 (compatible; Googlebot/2.1; +http://www.google.com/bot.html)"
20.171.207.36 - - [06/Jul/2025:12:56:37 -0400] "GET /175ysbcp43510.html HTTP/1.1" 404 23127 "-" "Mozilla/5.0 AppleWebKit/537.36 (KHTML, like Gecko; compatible; GPTBot/1.2; +https://openai.com/gptbot)"
136.243.228.194 - - [06/Jul/2025:12:56:40 -0400] "GET /items/lzmky188/18646?key=clue HTTP/1.1" 404 23129 "-" "Mozilla/5.0 (compatible; DataForSeoBot/1.0; +https://dataforseo.com/dataforseo-bot)"
52.185.158.37 - - [06/Jul/2025:12:56:43 -0400] "GET /wp-content/403.php HTTP/1.1" 404 23129 "-" "-"
52.185.158.37 - - [06/Jul/2025:12:56:48 -0400] "GET /css/colors/coffee/index.php HTTP/1.1" 301 0 "-" "-"
136.243.228.194 - - [06/Jul/2025:12:56:47 -0400] "GET /items/jzjux60/9942?key=statistical HTTP/1.1" 404 23127 "-" "Mozilla/5.0 (compatible; DataForSeoBot/1.0; +https://dataforseo.com/dataforseo-bot)"
52.185.158.37 - - [06/Jul/2025:12:56:49 -0400] "GET /css/colors/coffee/ HTTP/1.1" 404 23127 "-" "-"
52.185.158.37 - - [06/Jul/2025:12:56:53 -0400] "GET /css.php HTTP/1.1" 404 23127 "-" "-"
136.243.228.194 - - [06/Jul/2025:12:56:54 -0400] "GET /items/jqwph183/23719?key=borrow HTTP/1.1" 404 23127 "-" "Mozilla/5.0 (compatible; DataForSeoBot/1.0; +https://dataforseo.com/dataforseo-bot)"
52.185.158.37 - - [06/Jul/2025:12:56:58 -0400] "GET /wp-admin/user/about.php HTTP/1.1" 302 0 "-" "-"
52.185.158.37 - - [06/Jul/2025:12:57:00 -0400] "GET /wp-login.php?redirect_to=https%3A%2F%2Fdangroup.sa%2Fwp-admin%2Fuser%2Fabout.php&reauth=1 HTTP/1.1" 200 3110 "-" "-"
136.243.228.194 - - [06/Jul/2025:12:57:00 -0400] "GET /298ogid9705.html HTTP/1.1" 404 23129 "-" "Mozilla/5.0 (compatible; DataForSeoBot/1.0; +https://dataforseo.com/dataforseo-bot)"
52.185.158.37 - - [06/Jul/2025:12:57:01 -0400] "GET /about.php HTTP/1.1" 404 23127 "-" "-"
20.171.207.36 - - [06/Jul/2025:12:57:04 -0400] "GET /158rxqif35599.html HTTP/1.1" 404 23127 "-" "Mozilla/5.0 AppleWebKit/537.36 (KHTML, like Gecko; compatible; GPTBot/1.2; +https://openai.com/gptbot)"
136.243.228.194 - - [06/Jul/2025:12:57:06 -0400] "GET /163cgx24868.html HTTP/1.1" 404 23129 "-" "Mozilla/5.0 (compatible; DataForSeoBot/1.0; +https://dataforseo.com/dataforseo-bot)"
52.185.158.37 - - [06/Jul/2025:12:57:06 -0400] "GET /1.php HTTP/1.1" 404 23127 "-" "-"
52.185.158.37 - - [06/Jul/2025:12:57:12 -0400] "GET /marijuana.php HTTP/1.1" 404 23127 "-" "-"
136.243.228.194 - - [06/Jul/2025:12:57:13 -0400] "GET /268icpcy4467.html HTTP/1.1" 404 23127 "-" "Mozilla/5.0 (compatible; DataForSeoBot/1.0; +https://dataforseo.com/dataforseo-bot)"
52.185.158.37 - - [06/Jul/2025:12:57:17 -0400] "GET /about/function.php HTTP/1.1" 404 23129 "-" "-"
136.243.228.194 - - [06/Jul/2025:12:57:19 -0400] "GET /288akc41449.html HTTP/1.1" 404 23127 "-" "Mozilla/5.0 (compatible; DataForSeoBot/1.0; +https://dataforseo.com/dataforseo-bot)"
52.185.158.37 - - [06/Jul/2025:12:57:21 -0400] "GET /simple.php HTTP/1.1" 404 23127 "-" "-"
205.210.31.23 - - [06/Jul/2025:12:57:19 -0400] "GET / HTTP/1.1" 200 33219 "-" "-"
66.249.65.198 - - [06/Jul/2025:12:57:30 -0400] "GET /290ltfhd8597.html HTTP/1.1" 200 88096 "-" "Mozilla/5.0 (Linux; Android 6.0.1; Nexus 5X Build/MMB29P) AppleWebKit/537.36 (KHTML, like Gecko) Chrome/137.0.7151.103 Mobile Safari/537.36 (compatible; Googlebot/2.1; +http://www.google.com/bot.html)"
52.185.158.37 - - [06/Jul/2025:12:57:27 -0400] "GET /goat1.php HTTP/1.1" 404 23127 "-" "-"
136.243.228.194 - - [06/Jul/2025:12:57:27 -0400] "GET /12aaqpm26099.html HTTP/1.1" 404 23129 "-" "Mozilla/5.0 (compatible; DataForSeoBot/1.0; +https://dataforseo.com/dataforseo-bot)"
66.29.146.47 - - [06/Jul/2025:12:57:34 -0400] "POST /wp-cron.php?doing_wp_cron=1751821053.8543889522552490234375 HTTP/1.1" 403 1242 "-" "WordPress/6.8; https://dangroup.sa"
20.171.207.36 - - [06/Jul/2025:12:57:31 -0400] "GET /211lbewq16070.html HTTP/1.1" 404 23127 "-" "Mozilla/5.0 AppleWebKit/537.36 (KHTML, like Gecko; compatible; GPTBot/1.2; +https://openai.com/gptbot)"
52.185.158.37 - - [06/Jul/2025:12:57:32 -0400] "GET /chosen.php HTTP/1.1" 404 23127 "-" "-"
52.185.158.37 - - [06/Jul/2025:12:57:39 -0400] "GET /wp-cron.php HTTP/1.1" 403 1242 "-" "-"
136.243.228.194 - - [06/Jul/2025:12:57:34 -0400] "GET /199dtf26186.html HTTP/1.1" 404 23127 "-" "Mozilla/5.0 (compatible; DataForSeoBot/1.0; +https://dataforseo.com/dataforseo-bot)"
66.249.65.197 - - [06/Jul/2025:12:57:41 -0400] "GET /93dzzvn33820.html HTTP/1.1" 200 86855 "-" "Mozilla/5.0 (Linux; Android 6.0.1; Nexus 5X Build/MMB29P) AppleWebKit/537.36 (KHTML, like Gecko) Chrome/137.0.7151.103 Mobile Safari/537.36 (compatible; Googlebot/2.1; +http://www.google.com/bot.html)"
52.185.158.37 - - [06/Jul/2025:12:57:39 -0400] "GET /yanz.php HTTP/1.1" 404 23129 "-" "-"
136.243.228.194 - - [06/Jul/2025:12:57:41 -0400] "GET /items/khegb132/8242?key=assistant HTTP/1.1" 404 23127 "-" "Mozilla/5.0 (compatible; DataForSeoBot/1.0; +https://dataforseo.com/dataforseo-bot)"
52.185.158.37 - - [06/Jul/2025:12:57:44 -0400] "GET /config.php HTTP/1.1" 404 23127 "-" "-"
136.243.228.194 - - [06/Jul/2025:12:57:48 -0400] "GET /items/ajfmd39/21655?key=hire HTTP/1.1" 404 23127 "-" "Mozilla/5.0 (compatible; DataForSeoBot/1.0; +https://dataforseo.com/dataforseo-bot)"
52.185.158.37 - - [06/Jul/2025:12:57:49 -0400] "GET /network.php HTTP/1.1" 404 23127 "-" "-"
2600:1f18:3796:6f00:7926:36dc:a925:d99d - - [06/Jul/2025:12:57:49 -0400] "GET /api/get_nonce/?controller=user&method=register&insecure=cool HTTP/1.1" 404 23127 "-" "Mozilla/5.0 (Linux; Android 10; K) AppleWebKit/537.36 (KHTML, like Gecko) Chrome/135.0.0.0 Mobile Safari/537.36"
136.243.228.194 - - [06/Jul/2025:12:57:55 -0400] "GET /217uebm9726.html HTTP/1.1" 404 23127 "-" "Mozilla/5.0 (compatible; DataForSeoBot/1.0; +https://dataforseo.com/dataforseo-bot)"
52.185.158.37 - - [06/Jul/2025:12:57:55 -0400] "GET /wp-2019.php HTTP/1.1" 404 23127 "-" "-"
20.171.207.36 - - [06/Jul/2025:12:57:58 -0400] "GET /145nzlqr13724.html HTTP/1.1" 404 23196 "-" "Mozilla/5.0 AppleWebKit/537.36 (KHTML, like Gecko; compatible; GPTBot/1.2; +https://openai.com/gptbot)"
136.243.228.194 - - [06/Jul/2025:12:58:01 -0400] "GET /84gasum13173.html HTTP/1.1" 404 23127 "-" "Mozilla/5.0 (compatible; DataForSeoBot/1.0; +https://dataforseo.com/dataforseo-bot)"
52.185.158.37 - - [06/Jul/2025:12:58:01 -0400] "GET /bypass.php HTTP/1.1" 404 23127 "-" "-"
66.249.65.198 - - [06/Jul/2025:12:58:09 -0400] "GET /292qzlea2075.html HTTP/1.1" 200 86653 "-" "Mozilla/5.0 (Linux; Android 6.0.1; Nexus 5X Build/MMB29P) AppleWebKit/537.36 (KHTML, like Gecko) Chrome/137.0.7151.103 Mobile Safari/537.36 (compatible; Googlebot/2.1; +http://www.google.com/bot.html)"
52.185.158.37 - - [06/Jul/2025:12:58:07 -0400] "GET /wp-includes/IXR/admin.php HTTP/1.1" 404 23127 "-" "-"
136.243.228.194 - - [06/Jul/2025:12:58:09 -0400] "GET /items/bctcy109/40475?key=ability HTTP/1.1" 404 23127 "-" "Mozilla/5.0 (compatible; DataForSeoBot/1.0; +https://dataforseo.com/dataforseo-bot)"
52.185.158.37 - - [06/Jul/2025:12:58:10 -0400] "GET /wp-includes/theme-compat/wp-login.php HTTP/1.1" 404 23127 "-" "-"
66.249.65.197 - - [06/Jul/2025:12:58:15 -0400] "GET /149sqyda17232.html HTTP/1.1" 200 86650 "-" "Mozilla/5.0 (Linux; Android 6.0.1; Nexus 5X Build/MMB29P) AppleWebKit/537.36 (KHTML, like Gecko) Chrome/137.0.7151.103 Mobile Safari/537.36 (compatible; Googlebot/2.1; +http://www.google.com/bot.html)"
52.185.158.37 - - [06/Jul/2025:12:58:15 -0400] "GET /tiny.php?p= HTTP/1.1" 301 0 "-" "-"
66.249.65.197 - - [06/Jul/2025:12:58:18 -0400] "GET /items/yvwll275/15129?key=denial HTTP/1.1" 200 87875 "-" "Mozilla/5.0 (Linux; Android 6.0.1; Nexus 5X Build/MMB29P) AppleWebKit/537.36 (KHTML, like Gecko) Chrome/137.0.7151.103 Mobile Safari/537.36 (compatible; Googlebot/2.1; +http://www.google.com/bot.html)"
52.185.158.37 - - [06/Jul/2025:12:58:16 -0400] "GET /tiny.php HTTP/1.1" 404 23127 "-" "-"
136.243.228.194 - - [06/Jul/2025:12:58:16 -0400] "GET /274rbmpp23209.html HTTP/1.1" 404 23127 "-" "Mozilla/5.0 (compatible; DataForSeoBot/1.0; +https://dataforseo.com/dataforseo-bot)"
52.185.158.37 - - [06/Jul/2025:12:58:21 -0400] "GET /lock.php HTTP/1.1" 404 23127 "-" "-"
136.243.228.194 - - [06/Jul/2025:12:58:23 -0400] "GET /51lcgj21620.html HTTP/1.1" 404 23127 "-" "Mozilla/5.0 (compatible; DataForSeoBot/1.0; +https://dataforseo.com/dataforseo-bot)"
20.171.207.36 - - [06/Jul/2025:12:58:24 -0400] "GET /208rlfzw14159.html HTTP/1.1" 404 23129 "-" "Mozilla/5.0 AppleWebKit/537.36 (KHTML, like Gecko; compatible; GPTBot/1.2; +https://openai.com/gptbot)"
52.185.158.37 - - [06/Jul/2025:12:58:25 -0400] "GET /mail.php HTTP/1.1" 404 23129 "-" "-"
66.249.65.196 - - [06/Jul/2025:12:58:31 -0400] "GET /items/critz204/32360?key=obvious HTTP/1.1" 200 86275 "-" "Mozilla/5.0 (Linux; Android 6.0.1; Nexus 5X Build/MMB29P) AppleWebKit/537.36 (KHTML, like Gecko) Chrome/137.0.7151.103 Mobile Safari/537.36 (compatible; Googlebot/2.1; +http://www.google.com/bot.html)"
136.243.228.194 - - [06/Jul/2025:12:58:29 -0400] "GET /161fxxk36302.html HTTP/1.1" 404 23127 "-" "Mozilla/5.0 (compatible; DataForSeoBot/1.0; +https://dataforseo.com/dataforseo-bot)"
52.185.158.37 - - [06/Jul/2025:12:58:31 -0400] "GET /wp-includes/system_log.php HTTP/1.1" 404 23127 "-" "-"
66.29.146.47 - - [06/Jul/2025:12:58:37 -0400] "POST /wp-cron.php?doing_wp_cron=1751821116.9481389522552490234375 HTTP/1.1" 403 1242 "-" "WordPress/6.8; https://dangroup.sa"
66.29.146.47 - - [06/Jul/2025:12:58:37 -0400] "POST /wp-cron.php?doing_wp_cron=1751821117.3762691020965576171875 HTTP/1.1" 403 1242 "-" "WordPress/6.8; https://dangroup.sa"
136.243.228.194 - - [06/Jul/2025:12:58:36 -0400] "GET /45vaxsk9042.html HTTP/1.1" 404 23127 "-" "Mozilla/5.0 (compatible; DataForSeoBot/1.0; +https://dataforseo.com/dataforseo-bot)"
52.185.158.37 - - [06/Jul/2025:12:58:36 -0400] "GET /file.php HTTP/1.1" 404 23127 "-" "-"
52.185.158.37 - - [06/Jul/2025:12:58:42 -0400] "GET /as.php HTTP/1.1" 404 23127 "-" "-"
52.185.158.37 - - [06/Jul/2025:12:58:47 -0400] "GET /.well-known/acme-challenge/index.php HTTP/1.1" 301 0 "-" "-"
136.243.228.194 - - [06/Jul/2025:12:58:44 -0400] "GET /254lgbnb13151.html HTTP/1.1" 404 23129 "-" "Mozilla/5.0 (compatible; DataForSeoBot/1.0; +https://dataforseo.com/dataforseo-bot)"
52.185.158.37 - - [06/Jul/2025:12:58:48 -0400] "GET /.well-known/acme-challenge/ HTTP/1.1" 404 23127 "-" "-"
66.249.65.197 - - [06/Jul/2025:12:58:55 -0400] "GET /145tnhq59200.html HTTP/1.1" 200 87166 "-" "Mozilla/5.0 (compatible; Googlebot/2.1; +http://www.google.com/bot.html)"
66.249.65.197 - - [06/Jul/2025:12:58:56 -0400] "GET /items/bwwgi52/31858?key=disappointed HTTP/1.1" 200 87556 "-" "Mozilla/5.0 (compatible; Googlebot/2.1; +http://www.google.com/bot.html)"
136.243.228.194 - - [06/Jul/2025:12:58:50 -0400] "GET /items/eebat99/23197?key=mere HTTP/1.1" 404 23127 "-" "Mozilla/5.0 (compatible; DataForSeoBot/1.0; +https://dataforseo.com/dataforseo-bot)"
20.171.207.36 - - [06/Jul/2025:12:58:51 -0400] "GET /159geqaq46262.html HTTP/1.1" 404 23128 "-" "Mozilla/5.0 AppleWebKit/537.36 (KHTML, like Gecko; compatible; GPTBot/1.2; +https://openai.com/gptbot)"
52.185.158.37 - - [06/Jul/2025:12:58:53 -0400] "GET /wp-content/themes/wp-pridmag/init.php HTTP/1.1" 404 23127 "-" "-"
52.185.158.37 - - [06/Jul/2025:12:58:59 -0400] "GET /manager.php?p= HTTP/1.1" 301 0 "-" "-"
66.249.65.196 - - [06/Jul/2025:12:59:00 -0400] "GET /269rxyq34018.html HTTP/1.1" 200 86801 "-" "Mozilla/5.0 (Linux; Android 6.0.1; Nexus 5X Build/MMB29P) AppleWebKit/537.36 (KHTML, like Gecko) Chrome/137.0.7151.103 Mobile Safari/537.36 (compatible; Googlebot/2.1; +http://www.google.com/bot.html)"
66.249.74.169 - - [06/Jul/2025:12:59:01 -0400] "GET /items/stmed128/21230?key=entity HTTP/1.1" 200 86894 "-" "Mozilla/5.0 (Linux; Android 6.0.1; Nexus 5X Build/MMB29P) AppleWebKit/537.36 (KHTML, like Gecko) Chrome/137.0.7151.103 Mobile Safari/537.36 (compatible; Googlebot/2.1; +http://www.google.com/bot.html)"
136.243.228.194 - - [06/Jul/2025:12:59:00 -0400] "GET /254oeuqo32311.html HTTP/1.1" 404 23127 "-" "Mozilla/5.0 (compatible; DataForSeoBot/1.0; +https://dataforseo.com/dataforseo-bot)"
52.185.158.37 - - [06/Jul/2025:12:59:00 -0400] "GET /manager.php HTTP/1.1" 404 23127 "-" "-"
52.185.158.37 - - [06/Jul/2025:12:59:05 -0400] "GET /plugins/pwnd/as.php HTTP/1.1" 404 23127 "-" "-"
136.243.228.194 - - [06/Jul/2025:12:59:06 -0400] "GET /177wtm4050.html HTTP/1.1" 404 23127 "-" "Mozilla/5.0 (compatible; DataForSeoBot/1.0; +https://dataforseo.com/dataforseo-bot)"
52.185.158.37 - - [06/Jul/2025:12:59:11 -0400] "GET /wp-configs.php HTTP/1.1" 404 23129 "-" "-"
52.185.158.37 - - [06/Jul/2025:12:59:15 -0400] "GET /wp-includes/html-api/wp-conflg.php?p= HTTP/1.1" 301 0 "-" "-"
136.243.228.194 - - [06/Jul/2025:12:59:13 -0400] "GET /items/rznwn55/49419?key=voice HTTP/1.1" 404 23127 "-" "Mozilla/5.0 (compatible; DataForSeoBot/1.0; +https://dataforseo.com/dataforseo-bot)"
66.249.65.197 - - [06/Jul/2025:12:59:17 -0400] "GET /70aiyce1403.html HTTP/1.1" 200 87429 "-" "Mozilla/5.0 (compatible; Googlebot/2.1; +http://www.google.com/bot.html)"
52.185.158.37 - - [06/Jul/2025:12:59:16 -0400] "GET /wp-includes/html-api/wp-conflg.php HTTP/1.1" 404 23129 "-" "-"
20.171.207.36 - - [06/Jul/2025:12:59:18 -0400] "GET /217zcylj16380.html HTTP/1.1" 404 23127 "-" "Mozilla/5.0 AppleWebKit/537.36 (KHTML, like Gecko; compatible; GPTBot/1.2; +https://openai.com/gptbot)"
66.249.65.196 - - [06/Jul/2025:12:59:24 -0400] "GET /items/pcrig226/48122?key=warn HTTP/1.1" 200 87136 "-" "Mozilla/5.0 (Linux; Android 6.0.1; Nexus 5X Build/MMB29P) AppleWebKit/537.36 (KHTML, like Gecko) Chrome/137.0.7151.103 Mobile Safari/537.36 (compatible; Googlebot/2.1; +http://www.google.com/bot.html)"
136.243.228.194 - - [06/Jul/2025:12:59:20 -0400] "GET /35fmofu33002.html HTTP/1.1" 404 23129 "-" "Mozilla/5.0 (compatible; DataForSeoBot/1.0; +https://dataforseo.com/dataforseo-bot)"
52.185.158.37 - - [06/Jul/2025:12:59:21 -0400] "GET /wp-includes/js/crop/zmFM.php HTTP/1.1" 404 23127 "-" "-"
52.185.158.37 - - [06/Jul/2025:12:59:27 -0400] "GET /wp-includes/rest-api/fields/index.php HTTP/1.1" 301 0 "-" "-"
52.185.158.37 - - [06/Jul/2025:12:59:27 -0400] "GET /wp-includes/rest-api/fields/ HTTP/1.1" 200 730 "-" "-"
136.243.228.194 - - [06/Jul/2025:12:59:27 -0400] "GET /items/hhilf67/38279?key=sensor HTTP/1.1" 404 23307 "-" "Mozilla/5.0 (compatible; DataForSeoBot/1.0; +https://dataforseo.com/dataforseo-bot)"
52.185.158.37 - - [06/Jul/2025:12:59:28 -0400] "GET /index/fucku.php HTTP/1.1" 404 23127 "-" "-"
52.185.158.37 - - [06/Jul/2025:12:59:33 -0400] "GET /upload/wp-info.php HTTP/1.1" 404 23127 "-" "-"
136.243.228.194 - - [06/Jul/2025:12:59:34 -0400] "GET /76fir41457.html HTTP/1.1" 404 23127 "-" "Mozilla/5.0 (compatible; DataForSeoBot/1.0; +https://dataforseo.com/dataforseo-bot)"
66.29.146.47 - - [06/Jul/2025:12:59:38 -0400] "POST /wp-cron.php?doing_wp_cron=1751821178.3537769317626953125000 HTTP/1.1" 403 1242 "-" "WordPress/6.8; https://dangroup.sa"
52.185.158.37 - - [06/Jul/2025:12:59:37 -0400] "GET /post.php HTTP/1.1" 404 23127 "-" "-"
66.249.65.196 - - [06/Jul/2025:12:59:41 -0400] "GET /pcmypage?callback=product%2Fdetail%2Frcmdva-1k-4962772072110 HTTP/1.1" 200 86871 "-" "Mozilla/5.0 (compatible; Googlebot/2.1; +http://www.google.com/bot.html)"
136.243.228.194 - - [06/Jul/2025:12:59:40 -0400] "GET /6uzji27549.html HTTP/1.1" 404 23127 "-" "Mozilla/5.0 (compatible; DataForSeoBot/1.0; +https://dataforseo.com/dataforseo-bot)"
52.185.158.37 - - [06/Jul/2025:12:59:41 -0400] "GET /.well-known/acme-challenge/admin.php HTTP/1.1" 404 23127 "-" "-"
66.249.65.197 - - [06/Jul/2025:12:59:47 -0400] "GET /91zsh1202.html HTTP/1.1" 200 86789 "-" "Mozilla/5.0 (Linux; Android 6.0.1; Nexus 5X Build/MMB29P) AppleWebKit/537.36 (KHTML, like Gecko) Chrome/137.0.7151.103 Mobile Safari/537.36 (compatible; Googlebot/2.1; +http://www.google.com/bot.html)"
66.249.65.197 - - [06/Jul/2025:12:59:48 -0400] "GET /items/ozcsb76/692?key=spot HTTP/1.1" 200 86812 "-" "Mozilla/5.0 (Linux; Android 6.0.1; Nexus 5X Build/MMB29P) AppleWebKit/537.36 (KHTML, like Gecko) Chrome/137.0.7151.103 Mobile Safari/537.36 (compatible; Googlebot/2.1; +http://www.google.com/bot.html)"
66.249.65.197 - - [06/Jul/2025:12:59:49 -0400] "GET /items/vlygo173/2745?key=boast HTTP/1.1" 200 87642 "-" "Mozilla/5.0 (Linux; Android 6.0.1; Nexus 5X Build/MMB29P) AppleWebKit/537.36 (KHTML, like Gecko) Chrome/137.0.7151.103 Mobile Safari/537.36 (compatible; Googlebot/2.1; +http://www.google.com/bot.html)"
136.243.228.194 - - [06/Jul/2025:12:59:46 -0400] "GET /43uaiv23382.html HTTP/1.1" 404 23127 "-" "Mozilla/5.0 (compatible; DataForSeoBot/1.0; +https://dataforseo.com/dataforseo-bot)"
20.171.207.36 - - [06/Jul/2025:12:59:46 -0400] "GET /221ydwhb40736.html HTTP/1.1" 404 23127 "-" "Mozilla/5.0 AppleWebKit/537.36 (KHTML, like Gecko; compatible; GPTBot/1.2; +https://openai.com/gptbot)"
136.243.228.194 - - [06/Jul/2025:12:59:53 -0400] "GET /66kmwrr36011.html HTTP/1.1" 404 23129 "-" "Mozilla/5.0 (compatible; DataForSeoBot/1.0; +https://dataforseo.com/dataforseo-bot)"
136.243.228.194 - - [06/Jul/2025:12:59:57 -0400] "GET /20dbkd7911.html HTTP/1.1" 404 23129 "-" "Mozilla/5.0 (compatible; DataForSeoBot/1.0; +https://dataforseo.com/dataforseo-bot)"
136.243.228.194 - - [06/Jul/2025:13:00:03 -0400] "GET /items/tlatn186/31300?key=objective HTTP/1.1" 404 23127 "-" "Mozilla/5.0 (compatible; DataForSeoBot/1.0; +https://dataforseo.com/dataforseo-bot)"
66.249.65.192 - - [06/Jul/2025:13:00:13 -0400] "GET /items/xwebi191/47477?key=workshop HTTP/1.1" 200 86730 "-" "Mozilla/5.0 (Linux; Android 6.0.1; Nexus 5X Build/MMB29P) AppleWebKit/537.36 (KHTML, like Gecko) Chrome/137.0.7151.103 Mobile Safari/537.36 (compatible; Googlebot/2.1; +http://www.google.com/bot.html)"
136.243.228.194 - - [06/Jul/2025:13:00:10 -0400] "GET /items/dckjb213/32449?key=quarter HTTP/1.1" 404 23127 "-" "Mozilla/5.0 (compatible; DataForSeoBot/1.0; +https://dataforseo.com/dataforseo-bot)"
20.171.207.36 - - [06/Jul/2025:13:00:14 -0400] "GET /177zophq12820.html HTTP/1.1" 404 23127 "-" "Mozilla/5.0 AppleWebKit/537.36 (KHTML, like Gecko; compatible; GPTBot/1.2; +https://openai.com/gptbot)"
136.243.228.194 - - [06/Jul/2025:13:00:18 -0400] "GET /217ghkpg49032.html HTTP/1.1" 404 23127 "-" "Mozilla/5.0 (compatible; DataForSeoBot/1.0; +https://dataforseo.com/dataforseo-bot)"
136.243.228.194 - - [06/Jul/2025:13:00:24 -0400] "GET /items/yiilg73/33817?key=judicial HTTP/1.1" 404 23127 "-" "Mozilla/5.0 (compatible; DataForSeoBot/1.0; +https://dataforseo.com/dataforseo-bot)"
136.243.228.194 - - [06/Jul/2025:13:00:30 -0400] "GET /86apy7271.html HTTP/1.1" 404 23127 "-" "Mozilla/5.0 (compatible; DataForSeoBot/1.0; +https://dataforseo.com/dataforseo-bot)"
136.243.228.194 - - [06/Jul/2025:13:00:35 -0400] "GET /153bqv10936.html HTTP/1.1" 404 23127 "-" "Mozilla/5.0 (compatible; DataForSeoBot/1.0; +https://dataforseo.com/dataforseo-bot)"
66.29.146.47 - - [06/Jul/2025:13:00:40 -0400] "POST /wp-cron.php?doing_wp_cron=1751821240.2671198844909667968750 HTTP/1.1" 403 1242 "-" "WordPress/6.8; https://dangroup.sa"
66.29.146.47 - - [06/Jul/2025:13:00:40 -0400] "POST /wp-cron.php?doing_wp_cron=1751821240.8075690269470214843750 HTTP/1.1" 403 1242 "-" "WordPress/6.8; https://dangroup.sa"
136.243.228.194 - - [06/Jul/2025:13:00:39 -0400] "GET /22zmru44063.html HTTP/1.1" 404 23127 "-" "Mozilla/5.0 (compatible; DataForSeoBot/1.0; +https://dataforseo.com/dataforseo-bot)"
20.171.207.36 - - [06/Jul/2025:13:00:39 -0400] "GET /203itzvu18218.html HTTP/1.1" 404 23127 "-" "Mozilla/5.0 AppleWebKit/537.36 (KHTML, like Gecko; compatible; GPTBot/1.2; +https://openai.com/gptbot)"
136.243.228.194 - - [06/Jul/2025:13:00:46 -0400] "GET /126hgsqv8597.html HTTP/1.1" 404 23127 "-" "Mozilla/5.0 (compatible; DataForSeoBot/1.0; +https://dataforseo.com/dataforseo-bot)"
136.243.228.194 - - [06/Jul/2025:13:00:51 -0400] "GET /62uujnv42419.html HTTP/1.1" 404 23127 "-" "Mozilla/5.0 (compatible; DataForSeoBot/1.0; +https://dataforseo.com/dataforseo-bot)"
66.249.65.192 - - [06/Jul/2025:13:00:56 -0400] "GET /288wjy4009.html HTTP/1.1" 200 87909 "-" "Mozilla/5.0 (Linux; Android 6.0.1; Nexus 5X Build/MMB29P) AppleWebKit/537.36 (KHTML, like Gecko) Chrome/137.0.7151.103 Mobile Safari/537.36 (compatible; Googlebot/2.1; +http://www.google.com/bot.html)"
136.243.228.194 - - [06/Jul/2025:13:00:57 -0400] "GET /146nvkz18971.html HTTP/1.1" 404 23127 "-" "Mozilla/5.0 (compatible; DataForSeoBot/1.0; +https://dataforseo.com/dataforseo-bot)"
136.243.228.194 - - [06/Jul/2025:13:01:02 -0400] "GET /169vrvki44264.html HTTP/1.1" 404 23127 "-" "Mozilla/5.0 (compatible; DataForSeoBot/1.0; +https://dataforseo.com/dataforseo-bot)"
66.249.65.194 - - [06/Jul/2025:13:01:09 -0400] "GET /pcmypage?callback=/product%2Fdetail*sty-shop-68-rq3piqm1y2-n8ot HTTP/1.1" 200 87164 "-" "Mozilla/5.0 (Linux; Android 6.0.1; Nexus 5X Build/MMB29P) AppleWebKit/537.36 (KHTML, like Gecko) Chrome/137.0.7151.103 Mobile Safari/537.36 (compatible; Googlebot/2.1; +http://www.google.com/bot.html)"
136.243.228.194 - - [06/Jul/2025:13:01:07 -0400] "GET /25hbt11582.html HTTP/1.1" 404 23127 "-" "Mozilla/5.0 (compatible; DataForSeoBot/1.0; +https://dataforseo.com/dataforseo-bot)"
20.171.207.36 - - [06/Jul/2025:13:01:07 -0400] "GET /262dmcvy32415.html HTTP/1.1" 404 23127 "-" "Mozilla/5.0 AppleWebKit/537.36 (KHTML, like Gecko; compatible; GPTBot/1.2; +https://openai.com/gptbot)"
66.249.65.193 - - [06/Jul/2025:13:01:11 -0400] "GET /items/jxtoi29/15273?key=repeatedly HTTP/1.1" 200 87231 "-" "Mozilla/5.0 (compatible; Googlebot/2.1; +http://www.google.com/bot.html)"
66.249.65.192 - - [06/Jul/2025:13:01:14 -0400] "GET /45bff1006.html HTTP/1.1" 200 86761 "-" "Mozilla/5.0 (Linux; Android 6.0.1; Nexus 5X Build/MMB29P) AppleWebKit/537.36 (KHTML, like Gecko) Chrome/137.0.7151.103 Mobile Safari/537.36 (compatible; Googlebot/2.1; +http://www.google.com/bot.html)"
136.243.228.194 - - [06/Jul/2025:13:01:15 -0400] "GET /items/qvgqv114/7128?key=connect HTTP/1.1" 404 23127 "-" "Mozilla/5.0 (compatible; DataForSeoBot/1.0; +https://dataforseo.com/dataforseo-bot)"
136.243.228.194 - - [06/Jul/2025:13:01:20 -0400] "GET /167ulxtq45172.html HTTP/1.1" 404 23127 "-" "Mozilla/5.0 (compatible; DataForSeoBot/1.0; +https://dataforseo.com/dataforseo-bot)"
66.249.65.192 - - [06/Jul/2025:13:01:24 -0400] "GET /148vkiom8863.html HTTP/1.1" 200 86485 "-" "Mozilla/5.0 (compatible; Googlebot/2.1; +http://www.google.com/bot.html)"
136.243.228.194 - - [06/Jul/2025:13:01:25 -0400] "GET /229frw598.html HTTP/1.1" 404 23127 "-" "Mozilla/5.0 (compatible; DataForSeoBot/1.0; +https://dataforseo.com/dataforseo-bot)"
136.243.228.194 - - [06/Jul/2025:13:01:31 -0400] "GET /220ffi37765.html HTTP/1.1" 404 23129 "-" "Mozilla/5.0 (compatible; DataForSeoBot/1.0; +https://dataforseo.com/dataforseo-bot)"
20.171.207.36 - - [06/Jul/2025:13:01:34 -0400] "GET /174aisjn39273.html HTTP/1.1" 404 23128 "-" "Mozilla/5.0 AppleWebKit/537.36 (KHTML, like Gecko; compatible; GPTBot/1.2; +https://openai.com/gptbot)"
136.243.228.194 - - [06/Jul/2025:13:01:35 -0400] "GET /items/gmsuo264/8868?key=pursuit HTTP/1.1" 404 23127 "-" "Mozilla/5.0 (compatible; DataForSeoBot/1.0; +https://dataforseo.com/dataforseo-bot)"
66.29.146.47 - - [06/Jul/2025:13:01:42 -0400] "POST /wp-cron.php?doing_wp_cron=1751821302.4591751098632812500000 HTTP/1.1" 403 1242 "-" "WordPress/6.8; https://dangroup.sa"
136.243.228.194 - - [06/Jul/2025:13:01:42 -0400] "GET /items/uwwkn234/12722?key=turkey HTTP/1.1" 404 23127 "-" "Mozilla/5.0 (compatible; DataForSeoBot/1.0; +https://dataforseo.com/dataforseo-bot)"
136.243.228.194 - - [06/Jul/2025:13:01:47 -0400] "GET /items/jbcdr165/26997?key=prefer HTTP/1.1" 404 23127 "-" "Mozilla/5.0 (compatible; DataForSeoBot/1.0; +https://dataforseo.com/dataforseo-bot)"
66.249.65.192 - - [06/Jul/2025:13:01:52 -0400] "GET /items/npzjg190/29890?key=alarm HTTP/1.1" 200 88165 "-" "Mozilla/5.0 (compatible; Googlebot/2.1; +http://www.google.com/bot.html)"
66.249.65.193 - - [06/Jul/2025:13:01:55 -0400] "GET /items/zlvof116/5152?key=at HTTP/1.1" 200 86805 "-" "Mozilla/5.0 (Linux; Android 6.0.1; Nexus 5X Build/MMB29P) AppleWebKit/537.36 (KHTML, like Gecko) Chrome/137.0.7151.103 Mobile Safari/537.36 (compatible; Googlebot/2.1; +http://www.google.com/bot.html)"
136.243.228.194 - - [06/Jul/2025:13:01:54 -0400] "GET /157lggb32012.html HTTP/1.1" 404 23127 "-" "Mozilla/5.0 (compatible; DataForSeoBot/1.0; +https://dataforseo.com/dataforseo-bot)"
136.243.228.194 - - [06/Jul/2025:13:01:59 -0400] "GET /154cbs32639.html HTTP/1.1" 404 23127 "-" "Mozilla/5.0 (compatible; DataForSeoBot/1.0; +https://dataforseo.com/dataforseo-bot)"
20.171.207.36 - - [06/Jul/2025:13:02:02 -0400] "GET /258qvedz35307.html HTTP/1.1" 404 23128 "-" "Mozilla/5.0 AppleWebKit/537.36 (KHTML, like Gecko; compatible; GPTBot/1.2; +https://openai.com/gptbot)"
