34.123.170.104 - - [06/Jul/2025:11:44:17 -0400] "GET /wp-content/uploads/2024/11/Group-83.png HTTP/1.1" 304 0 "https://dangroup.sa/" "Mozilla/5.0 (X11; Linux x86_64) AppleWebKit/537.36 (KHTML, like Gecko) HeadlessChrome/125.0.6422.60 Safari/537.36"
34.123.170.104 - - [06/Jul/2025:11:44:17 -0400] "GET /wp-content/uploads/2024/11/Group-227.png HTTP/1.1" 304 0 "https://dangroup.sa/" "Mozilla/5.0 (X11; Linux x86_64) AppleWebKit/537.36 (KHTML, like Gecko) HeadlessChrome/125.0.6422.60 Safari/537.36"
34.123.170.104 - - [06/Jul/2025:11:44:17 -0400] "GET /wp-content/uploads/2024/11/Group-92.png HTTP/1.1" 304 0 "https://dangroup.sa/" "Mozilla/5.0 (X11; Linux x86_64) AppleWebKit/537.36 (KHTML, like Gecko) HeadlessChrome/125.0.6422.60 Safari/537.36"
34.123.170.104 - - [06/Jul/2025:11:44:17 -0400] "GET /wp-content/uploads/2024/11/Group-54.png HTTP/1.1" 304 0 "https://dangroup.sa/" "Mozilla/5.0 (X11; Linux x86_64) AppleWebKit/537.36 (KHTML, like Gecko) HeadlessChrome/125.0.6422.60 Safari/537.36"
34.123.170.104 - - [06/Jul/2025:11:44:17 -0400] "GET /wp-content/uploads/2024/11/Group-95.png HTTP/1.1" 304 0 "https://dangroup.sa/" "Mozilla/5.0 (X11; Linux x86_64) AppleWebKit/537.36 (KHTML, like Gecko) HeadlessChrome/125.0.6422.60 Safari/537.36"
34.123.170.104 - - [06/Jul/2025:11:44:17 -0400] "GET /wp-content/uploads/elementor/google-fonts/fonts/elmessiri-k2f0fzbrmr9vq1pheey6moiaahlz.woff2 HTTP/1.1" 304 0 "https://dangroup.sa/wp-content/uploads/elementor/google-fonts/css/elmessiri.css?ver=1748631377" "Mozilla/5.0 (X11; Linux x86_64) AppleWebKit/537.36 (KHTML, like Gecko) HeadlessChrome/125.0.6422.60 Safari/537.36"
146.70.172.48 - - [06/Jul/2025:11:44:07 -0400] "GET / HTTP/1.1" 200 0 "-" "Mozilla/5.0 (Windows NT 10.0; Win64; x64) AppleWebKit/537.36 (KHTML, like Gecko) Chrome/137.0.0.0 Safari/537.36"
34.123.170.104 - - [06/Jul/2025:11:44:17 -0400] "GET /wp-includes/js/wp-emoji-release.min.js?ver=6.8 HTTP/1.1" 304 0 "https://dangroup.sa/" "Mozilla/5.0 (X11; Linux x86_64) AppleWebKit/537.36 (KHTML, like Gecko) HeadlessChrome/125.0.6422.60 Safari/537.36"
205.169.39.37 - - [06/Jul/2025:11:43:59 -0400] "GET / HTTP/1.1" 200 33219 "-" "Mozilla/5.0 (Windows NT 10.0; Win64; x64) AppleWebKit/537.36 (KHTML, like Gecko) Chrome/117.0.5938.132 Safari/537.36"
205.169.39.37 - - [06/Jul/2025:11:44:18 -0400] "GET /wp-content/uploads/2024/12/Group-368.png HTTP/1.1" 304 0 "https://dangroup.sa/" "Mozilla/5.0 (Windows NT 10.0; Win64; x64) AppleWebKit/537.36 (KHTML, like Gecko) Chrome/117.0.5938.132 Safari/537.36"
205.169.39.37 - - [06/Jul/2025:11:44:18 -0400] "GET /wp-content/plugins/elementor/assets/lib/jquery-numerator/jquery-numerator.min.js?ver=0.2.1 HTTP/1.1" 304 0 "https://dangroup.sa/" "Mozilla/5.0 (Windows NT 10.0; Win64; x64) AppleWebKit/537.36 (KHTML, like Gecko) Chrome/117.0.5938.132 Safari/537.36"
205.169.39.37 - - [06/Jul/2025:11:44:18 -0400] "GET /wp-content/plugins/animation-addons-for-elementor/assets/js/widgets/counter.min.js?ver=6.8 HTTP/1.1" 304 0 "https://dangroup.sa/" "Mozilla/5.0 (Windows NT 10.0; Win64; x64) AppleWebKit/537.36 (KHTML, like Gecko) Chrome/117.0.5938.132 Safari/537.36"
205.169.39.37 - - [06/Jul/2025:11:44:18 -0400] "GET /wp-content/plugins/wcf-addons-pro/assets/js/advance-slider.js?ver=6.8 HTTP/1.1" 304 0 "https://dangroup.sa/" "Mozilla/5.0 (Windows NT 10.0; Win64; x64) AppleWebKit/537.36 (KHTML, like Gecko) Chrome/117.0.5938.132 Safari/537.36"
205.169.39.37 - - [06/Jul/2025:11:44:18 -0400] "GET /wp-content/plugins/elementor/assets/lib/swiper/v8/swiper.min.js?ver=8.4.5 HTTP/1.1" 304 0 "https://dangroup.sa/" "Mozilla/5.0 (Windows NT 10.0; Win64; x64) AppleWebKit/537.36 (KHTML, like Gecko) Chrome/117.0.5938.132 Safari/537.36"
205.169.39.37 - - [06/Jul/2025:11:44:18 -0400] "GET /wp-content/plugins/wcf-addons-pro/assets/js/advance-slider-effects.js?ver=6.8 HTTP/1.1" 304 0 "https://dangroup.sa/" "Mozilla/5.0 (Windows NT 10.0; Win64; x64) AppleWebKit/537.36 (KHTML, like Gecko) Chrome/117.0.5938.132 Safari/537.36"
205.169.39.37 - - [06/Jul/2025:11:44:18 -0400] "GET /wp-content/plugins/animation-addons-for-elementor/assets/js/widgets/slider.min.js?ver=6.8 HTTP/1.1" 304 0 "https://dangroup.sa/" "Mozilla/5.0 (Windows NT 10.0; Win64; x64) AppleWebKit/537.36 (KHTML, like Gecko) Chrome/117.0.5938.132 Safari/537.36"
205.169.39.37 - - [06/Jul/2025:11:44:18 -0400] "GET /wp-content/uploads/2024/11/Group-4235.png HTTP/1.1" 200 1367978 "https://dangroup.sa/" "Mozilla/5.0 (Windows NT 10.0; Win64; x64) AppleWebKit/537.36 (KHTML, like Gecko) Chrome/117.0.5938.132 Safari/537.36"
205.169.39.37 - - [06/Jul/2025:11:44:18 -0400] "GET /wp-content/uploads/2024/11/Group-126.png HTTP/1.1" 304 0 "https://dangroup.sa/" "Mozilla/5.0 (Windows NT 10.0; Win64; x64) AppleWebKit/537.36 (KHTML, like Gecko) Chrome/117.0.5938.132 Safari/537.36"
34.123.170.104 - - [06/Jul/2025:11:44:19 -0400] "GET /wp-content/plugins/elementor/assets/js/text-editor.c084ef86600b6f11690d.bundle.min.js HTTP/1.1" 304 0 "https://dangroup.sa/" "Mozilla/5.0 (X11; Linux x86_64) AppleWebKit/537.36 (KHTML, like Gecko) HeadlessChrome/125.0.6422.60 Safari/537.36"
34.123.170.104 - - [06/Jul/2025:11:44:19 -0400] "GET /wp-content/uploads/2024/12/dan_1.mp4 HTTP/1.1" 304 0 "https://dangroup.sa/" "Mozilla/5.0 (X11; Linux x86_64) AppleWebKit/537.36 (KHTML, like Gecko) HeadlessChrome/125.0.6422.60 Safari/537.36"
205.169.39.37 - - [06/Jul/2025:11:44:22 -0400] "GET /wp-content/uploads/2024/12/dan_1.mp4 HTTP/1.1" 304 0 "https://dangroup.sa/" "Mozilla/5.0 (Windows NT 10.0; Win64; x64) AppleWebKit/537.36 (KHTML, like Gecko) Chrome/117.0.5938.132 Safari/537.36"
20.171.207.36 - - [06/Jul/2025:11:44:09 -0400] "GET /272aveqs34485.html HTTP/1.1" 404 23127 "-" "Mozilla/5.0 AppleWebKit/537.36 (KHTML, like Gecko; compatible; GPTBot/1.2; +https://openai.com/gptbot)"
205.169.39.192 - - [06/Jul/2025:11:44:06 -0400] "GET / HTTP/1.1" 200 33219 "-" "Mozilla/5.0 (Windows NT 6.1; Win64; x64) AppleWebKit/537.36 (KHTML, like Gecko) Chrome/83.0.4103.61 Safari/537.36"
136.243.228.194 - - [06/Jul/2025:11:44:15 -0400] "GET /125jdfb11902.html HTTP/1.1" 404 23127 "-" "Mozilla/5.0 (compatible; DataForSeoBot/1.0; +https://dataforseo.com/dataforseo-bot)"
66.249.65.196 - - [06/Jul/2025:11:44:25 -0400] "GET /items/rxvep160/33832?key=odd HTTP/1.1" 200 87001 "-" "Mozilla/5.0 (compatible; Googlebot/2.1; +http://www.google.com/bot.html)"
136.243.228.194 - - [06/Jul/2025:11:44:26 -0400] "GET /items/cgkbz171/16275?key=modify HTTP/1.1" 404 23127 "-" "Mozilla/5.0 (compatible; DataForSeoBot/1.0; +https://dataforseo.com/dataforseo-bot)"
154.28.229.12 - - [06/Jul/2025:11:44:24 -0400] "GET / HTTP/1.1" 200 33219 "-" "Mozilla/5.0 (X11; Linux x86_64) AppleWebKit/537.36 (KHTML, like Gecko) Chrome/117.0.0.0 Safari/537.36"
136.243.228.194 - - [06/Jul/2025:11:44:33 -0400] "GET /items/mkmql169/11761?key=meanwhile HTTP/1.1" 404 23127 "-" "Mozilla/5.0 (compatible; DataForSeoBot/1.0; +https://dataforseo.com/dataforseo-bot)"
20.171.207.36 - - [06/Jul/2025:11:44:35 -0400] "GET /259bchpd31642.html HTTP/1.1" 404 23127 "-" "Mozilla/5.0 AppleWebKit/537.36 (KHTML, like Gecko; compatible; GPTBot/1.2; +https://openai.com/gptbot)"
66.249.65.196 - - [06/Jul/2025:11:44:44 -0400] "GET /items/opyzz255/3379?key=pain HTTP/1.1" 200 87617 "-" "Mozilla/5.0 (Linux; Android 6.0.1; Nexus 5X Build/MMB29P) AppleWebKit/537.36 (KHTML, like Gecko) Chrome/137.0.7151.103 Mobile Safari/537.36 (compatible; Googlebot/2.1; +http://www.google.com/bot.html)"
136.243.228.194 - - [06/Jul/2025:11:44:39 -0400] "GET /items/wkpzw197/36331?key=filter HTTP/1.1" 404 23129 "-" "Mozilla/5.0 (compatible; DataForSeoBot/1.0; +https://dataforseo.com/dataforseo-bot)"
205.169.39.192 - - [06/Jul/2025:11:44:39 -0400] "GET / HTTP/1.1" 200 33221 "-" "Mozilla/5.0 (Windows NT 10.0; Win64; x64) AppleWebKit/537.36 (KHTML, like Gecko) Chrome/79.0.3945.79 Safari/537.36"
193.17.44.106 - - [06/Jul/2025:11:44:39 -0400] "GET / HTTP/1.1" 200 33221 "-" "Python/3.10 aiohttp/3.11.11"
66.29.146.47 - - [06/Jul/2025:11:44:50 -0400] "POST /wp-cron.php?doing_wp_cron=1751816690.4682829380035400390625 HTTP/1.1" 403 1242 "-" "WordPress/6.8; https://dangroup.sa"
66.249.65.196 - - [06/Jul/2025:11:44:50 -0400] "GET /items/rffxv1/27355?key=initiative HTTP/1.1" 200 88301 "-" "Mozilla/5.0 (Linux; Android 6.0.1; Nexus 5X Build/MMB29P) AppleWebKit/537.36 (KHTML, like Gecko) Chrome/137.0.7151.103 Mobile Safari/537.36 (compatible; Googlebot/2.1; +http://www.google.com/bot.html)"
66.249.65.197 - - [06/Jul/2025:11:44:51 -0400] "GET /136hdy6163.html HTTP/1.1" 200 87113 "-" "Mozilla/5.0 (Linux; Android 6.0.1; Nexus 5X Build/MMB29P) AppleWebKit/537.36 (KHTML, like Gecko) Chrome/137.0.7151.103 Mobile Safari/537.36 (compatible; Googlebot/2.1; +http://www.google.com/bot.html)"
47.82.60.20 - - [06/Jul/2025:11:44:53 -0400] "GET /98yxnzc5661.html HTTP/1.1" 301 0 "https://www.dangroup.sa/98yxnzc5661.html" "Mozilla/5.0 (Windows NT 10.0; Win64; x64) AppleWebKit/537.36 (KHTML, like Gecko) Chrome/114.0.0.0 Safari/537.36 Edg/114.0.1823.43"
136.243.228.194 - - [06/Jul/2025:11:44:49 -0400] "GET /items/zqxgc2/23960?key=solve HTTP/1.1" 404 23127 "-" "Mozilla/5.0 (compatible; DataForSeoBot/1.0; +https://dataforseo.com/dataforseo-bot)"
66.249.65.196 - - [06/Jul/2025:11:44:56 -0400] "GET /items/icoyu9/46565?key=gift HTTP/1.1" 200 87038 "-" "Mozilla/5.0 (Linux; Android 6.0.1; Nexus 5X Build/MMB29P) AppleWebKit/537.36 (KHTML, like Gecko) Chrome/137.0.7151.103 Mobile Safari/537.36 (compatible; Googlebot/2.1; +http://www.google.com/bot.html)"
34.116.250.63 - - [06/Jul/2025:11:44:52 -0400] "GET / HTTP/1.1" 200 33219 "-" "Mozilla/5.0 (iPhone13,2; U; CPU iPhone OS 14_0 like Mac OS X) AppleWebKit/602.1.50 (KHTML, like Gecko) Version/10.0 Mobile/15E148 Safari/602.1"
47.82.60.20 - - [06/Jul/2025:11:44:55 -0400] "GET /98yxnzc5661.html HTTP/1.1" 404 23127 "https://www.dangroup.sa/98yxnzc5661.html" "Mozilla/5.0 (Windows NT 10.0; Win64; x64) AppleWebKit/537.36 (KHTML, like Gecko) Chrome/114.0.0.0 Safari/537.36 Edg/114.0.1823.43"
34.116.250.63 - - [06/Jul/2025:11:45:07 -0400] "GET /wp-includes/js/jquery/jquery-migrate.min.js?ver=3.4.1 HTTP/1.1" 304 0 "https://dangroup.sa/" "Mozilla/5.0 (iPhone13,2; U; CPU iPhone OS 14_0 like Mac OS X) AppleWebKit/602.1.50 (KHTML, like Gecko) Version/10.0 Mobile/15E148 Safari/602.1"
34.116.250.63 - - [06/Jul/2025:11:45:07 -0400] "GET /wp-includes/js/jquery/jquery.min.js?ver=3.7.1 HTTP/1.1" 304 0 "https://dangroup.sa/" "Mozilla/5.0 (iPhone13,2; U; CPU iPhone OS 14_0 like Mac OS X) AppleWebKit/602.1.50 (KHTML, like Gecko) Version/10.0 Mobile/15E148 Safari/602.1"
136.243.228.194 - - [06/Jul/2025:11:44:57 -0400] "GET /56fhn35249.html HTTP/1.1" 404 23127 "-" "Mozilla/5.0 (compatible; DataForSeoBot/1.0; +https://dataforseo.com/dataforseo-bot)"
43.132.214.228 - - [06/Jul/2025:11:44:53 -0400] "GET / HTTP/1.1" 200 33219 "http://dangroup.sa" "Mozilla/5.0 (iPhone; CPU iPhone OS 13_2_3 like Mac OS X) AppleWebKit/605.1.15 (KHTML, like Gecko) Version/13.0.3 Mobile/15E148 Safari/604.1"
34.116.250.63 - - [06/Jul/2025:11:45:08 -0400] "GET /wp-content/plugins/extension-for-animation-addons/assets/lib/SplitText.min.js?ver=6.8 HTTP/1.1" 304 0 "https://dangroup.sa/" "Mozilla/5.0 (iPhone13,2; U; CPU iPhone OS 14_0 like Mac OS X) AppleWebKit/602.1.50 (KHTML, like Gecko) Version/10.0 Mobile/15E148 Safari/602.1"
34.116.250.63 - - [06/Jul/2025:11:45:08 -0400] "GET /wp-content/plugins/elementor/assets/js/frontend-modules.min.js?ver=3.28.4 HTTP/1.1" 304 0 "https://dangroup.sa/" "Mozilla/5.0 (iPhone13,2; U; CPU iPhone OS 14_0 like Mac OS X) AppleWebKit/602.1.50 (KHTML, like Gecko) Version/10.0 Mobile/15E148 Safari/602.1"
34.116.250.63 - - [06/Jul/2025:11:45:09 -0400] "GET /wp-content/plugins/extension-for-animation-addons/assets/lib/ScrollSmoother.min.js?ver=6.8 HTTP/1.1" 304 0 "https://dangroup.sa/" "Mozilla/5.0 (iPhone13,2; U; CPU iPhone OS 14_0 like Mac OS X) AppleWebKit/602.1.50 (KHTML, like Gecko) Version/10.0 Mobile/15E148 Safari/602.1"
34.116.250.63 - - [06/Jul/2025:11:45:09 -0400] "GET /wp-content/plugins/animation-addons-for-elementor/assets/js/wcf-addons.min.js?ver=6.8 HTTP/1.1" 304 0 "https://dangroup.sa/" "Mozilla/5.0 (iPhone13,2; U; CPU iPhone OS 14_0 like Mac OS X) AppleWebKit/602.1.50 (KHTML, like Gecko) Version/10.0 Mobile/15E148 Safari/602.1"
34.116.250.63 - - [06/Jul/2025:11:45:09 -0400] "GET /wp-content/plugins/extension-for-animation-addons/assets/lib/ScrollToPlugin.min.js?ver=6.8 HTTP/1.1" 304 0 "https://dangroup.sa/" "Mozilla/5.0 (iPhone13,2; U; CPU iPhone OS 14_0 like Mac OS X) AppleWebKit/602.1.50 (KHTML, like Gecko) Version/10.0 Mobile/15E148 Safari/602.1"
34.116.250.63 - - [06/Jul/2025:11:45:09 -0400] "GET /wp-content/plugins/extension-for-animation-addons/assets/lib/mixitup.min.js?ver=6.8 HTTP/1.1" 304 0 "https://dangroup.sa/" "Mozilla/5.0 (iPhone13,2; U; CPU iPhone OS 14_0 like Mac OS X) AppleWebKit/602.1.50 (KHTML, like Gecko) Version/10.0 Mobile/15E148 Safari/602.1"
34.116.250.63 - - [06/Jul/2025:11:45:09 -0400] "GET /wp-content/plugins/extension-for-animation-addons/assets/lib/jquery.magnific-popup.min.js?ver=6.8 HTTP/1.1" 304 0 "https://dangroup.sa/" "Mozilla/5.0 (iPhone13,2; U; CPU iPhone OS 14_0 like Mac OS X) AppleWebKit/602.1.50 (KHTML, like Gecko) Version/10.0 Mobile/15E148 Safari/602.1"
34.116.250.63 - - [06/Jul/2025:11:45:09 -0400] "GET /wp-content/plugins/animation-addons-for-elementor/assets/js/widgets/counter.min.js?ver=6.8 HTTP/1.1" 304 0 "https://dangroup.sa/" "Mozilla/5.0 (iPhone13,2; U; CPU iPhone OS 14_0 like Mac OS X) AppleWebKit/602.1.50 (KHTML, like Gecko) Version/10.0 Mobile/15E148 Safari/602.1"
34.116.250.63 - - [06/Jul/2025:11:45:09 -0400] "GET /wp-content/plugins/contact-form-7/includes/js/index.js?ver=5.9.8 HTTP/1.1" 304 0 "https://dangroup.sa/" "Mozilla/5.0 (iPhone13,2; U; CPU iPhone OS 14_0 like Mac OS X) AppleWebKit/602.1.50 (KHTML, like Gecko) Version/10.0 Mobile/15E148 Safari/602.1"
34.116.250.63 - - [06/Jul/2025:11:45:09 -0400] "GET /wp-content/plugins/wcf-addons-pro/assets/js/wcf-addons-pro.js?ver=6.8 HTTP/1.1" 304 0 "https://dangroup.sa/" "Mozilla/5.0 (iPhone13,2; U; CPU iPhone OS 14_0 like Mac OS X) AppleWebKit/602.1.50 (KHTML, like Gecko) Version/10.0 Mobile/15E148 Safari/602.1"
34.116.250.63 - - [06/Jul/2025:11:45:09 -0400] "GET /wp-includes/js/jquery/ui/core.min.js?ver=1.13.3 HTTP/1.1" 304 0 "https://dangroup.sa/" "Mozilla/5.0 (iPhone13,2; U; CPU iPhone OS 14_0 like Mac OS X) AppleWebKit/602.1.50 (KHTML, like Gecko) Version/10.0 Mobile/15E148 Safari/602.1"
34.116.250.63 - - [06/Jul/2025:11:45:09 -0400] "GET /wp-content/plugins/extension-for-animation-addons/assets/lib/gsap.min.js?ver=6.8 HTTP/1.1" 304 0 "https://dangroup.sa/" "Mozilla/5.0 (iPhone13,2; U; CPU iPhone OS 14_0 like Mac OS X) AppleWebKit/602.1.50 (KHTML, like Gecko) Version/10.0 Mobile/15E148 Safari/602.1"
34.116.250.63 - - [06/Jul/2025:11:45:09 -0400] "GET /wp-content/themes/arolax/assets/js/script.js?ver=2 HTTP/1.1" 304 0 "https://dangroup.sa/" "Mozilla/5.0 (iPhone13,2; U; CPU iPhone OS 14_0 like Mac OS X) AppleWebKit/602.1.50 (KHTML, like Gecko) Version/10.0 Mobile/15E148 Safari/602.1"
34.116.250.63 - - [06/Jul/2025:11:45:09 -0400] "GET /wp-includes/js/dist/i18n.min.js?ver=5e580eb46a90c2b997e6 HTTP/1.1" 304 0 "https://dangroup.sa/" "Mozilla/5.0 (iPhone13,2; U; CPU iPhone OS 14_0 like Mac OS X) AppleWebKit/602.1.50 (KHTML, like Gecko) Version/10.0 Mobile/15E148 Safari/602.1"
34.116.250.63 - - [06/Jul/2025:11:45:09 -0400] "GET /wp-content/plugins/elementor-pro/assets/js/frontend.min.js?ver=3.29.1 HTTP/1.1" 304 0 "https://dangroup.sa/" "Mozilla/5.0 (iPhone13,2; U; CPU iPhone OS 14_0 like Mac OS X) AppleWebKit/602.1.50 (KHTML, like Gecko) Version/10.0 Mobile/15E148 Safari/602.1"
34.116.250.63 - - [06/Jul/2025:11:45:09 -0400] "GET /wp-content/plugins/elementor/assets/lib/jquery-numerator/jquery-numerator.min.js?ver=0.2.1 HTTP/1.1" 304 0 "https://dangroup.sa/" "Mozilla/5.0 (iPhone13,2; U; CPU iPhone OS 14_0 like Mac OS X) AppleWebKit/602.1.50 (KHTML, like Gecko) Version/10.0 Mobile/15E148 Safari/602.1"
34.116.250.63 - - [06/Jul/2025:11:45:09 -0400] "GET /wp-content/plugins/wcf-addons-pro/assets/js/advance-slider.js?ver=6.8 HTTP/1.1" 304 0 "https://dangroup.sa/" "Mozilla/5.0 (iPhone13,2; U; CPU iPhone OS 14_0 like Mac OS X) AppleWebKit/602.1.50 (KHTML, like Gecko) Version/10.0 Mobile/15E148 Safari/602.1"
34.116.250.63 - - [06/Jul/2025:11:45:09 -0400] "GET /wp-content/themes/arolax/assets/js/bootstrap.bundle.min.js?ver=2 HTTP/1.1" 304 0 "https://dangroup.sa/" "Mozilla/5.0 (iPhone13,2; U; CPU iPhone OS 14_0 like Mac OS X) AppleWebKit/602.1.50 (KHTML, like Gecko) Version/10.0 Mobile/15E148 Safari/602.1"
34.116.250.63 - - [06/Jul/2025:11:45:09 -0400] "GET /wp-content/plugins/contact-form-7/includes/swv/js/index.js?ver=5.9.8 HTTP/1.1" 304 0 "https://dangroup.sa/" "Mozilla/5.0 (iPhone13,2; U; CPU iPhone OS 14_0 like Mac OS X) AppleWebKit/602.1.50 (KHTML, like Gecko) Version/10.0 Mobile/15E148 Safari/602.1"
34.116.250.63 - - [06/Jul/2025:11:45:09 -0400] "GET /wp-includes/js/dist/hooks.min.js?ver=4d63a3d491d11ffd8ac6 HTTP/1.1" 304 0 "https://dangroup.sa/" "Mozilla/5.0 (iPhone13,2; U; CPU iPhone OS 14_0 like Mac OS X) AppleWebKit/602.1.50 (KHTML, like Gecko) Version/10.0 Mobile/15E148 Safari/602.1"
34.116.250.63 - - [06/Jul/2025:11:45:09 -0400] "GET /wp-content/plugins/google-site-kit/dist/assets/js/googlesitekit-consent-mode-8917f4bdb6ac659920cf.js HTTP/1.1" 304 0 "https://dangroup.sa/" "Mozilla/5.0 (iPhone13,2; U; CPU iPhone OS 14_0 like Mac OS X) AppleWebKit/602.1.50 (KHTML, like Gecko) Version/10.0 Mobile/15E148 Safari/602.1"
34.116.250.63 - - [06/Jul/2025:11:45:09 -0400] "GET /wp-content/themes/arolax/assets/js/jquery.meanmenu.min.js?ver=2 HTTP/1.1" 304 0 "https://dangroup.sa/" "Mozilla/5.0 (iPhone13,2; U; CPU iPhone OS 14_0 like Mac OS X) AppleWebKit/602.1.50 (KHTML, like Gecko) Version/10.0 Mobile/15E148 Safari/602.1"
34.116.250.63 - - [06/Jul/2025:11:45:09 -0400] "GET /wp-content/plugins/elementor/assets/js/frontend.min.js?ver=3.28.4 HTTP/1.1" 304 0 "https://dangroup.sa/" "Mozilla/5.0 (iPhone13,2; U; CPU iPhone OS 14_0 like Mac OS X) AppleWebKit/602.1.50 (KHTML, like Gecko) Version/10.0 Mobile/15E148 Safari/602.1"
34.116.250.63 - - [06/Jul/2025:11:45:09 -0400] "GET /wp-content/plugins/elementor-pro/assets/js/elements-handlers.min.js?ver=3.29.1 HTTP/1.1" 304 0 "https://dangroup.sa/" "Mozilla/5.0 (iPhone13,2; U; CPU iPhone OS 14_0 like Mac OS X) AppleWebKit/602.1.50 (KHTML, like Gecko) Version/10.0 Mobile/15E148 Safari/602.1"
34.116.250.63 - - [06/Jul/2025:11:45:09 -0400] "GET /wp-content/plugins/elementor/assets/js/webpack.runtime.min.js?ver=3.28.4 HTTP/1.1" 304 0 "https://dangroup.sa/" "Mozilla/5.0 (iPhone13,2; U; CPU iPhone OS 14_0 like Mac OS X) AppleWebKit/602.1.50 (KHTML, like Gecko) Version/10.0 Mobile/15E148 Safari/602.1"
34.116.250.63 - - [06/Jul/2025:11:45:09 -0400] "GET /wp-content/plugins/extension-for-animation-addons/assets/lib/ScrollTrigger.min.js?ver=6.8 HTTP/1.1" 304 0 "https://dangroup.sa/" "Mozilla/5.0 (iPhone13,2; U; CPU iPhone OS 14_0 like Mac OS X) AppleWebKit/602.1.50 (KHTML, like Gecko) Version/10.0 Mobile/15E148 Safari/602.1"
34.116.250.63 - - [06/Jul/2025:11:45:09 -0400] "GET /wp-content/plugins/extension-for-animation-addons/assets/js/wcf-addons-ex.js?ver=6.8 HTTP/1.1" 304 0 "https://dangroup.sa/" "Mozilla/5.0 (iPhone13,2; U; CPU iPhone OS 14_0 like Mac OS X) AppleWebKit/602.1.50 (KHTML, like Gecko) Version/10.0 Mobile/15E148 Safari/602.1"
34.116.250.63 - - [06/Jul/2025:11:45:09 -0400] "GET /wp-content/plugins/elementor-pro/assets/js/webpack-pro.runtime.min.js?ver=3.29.1 HTTP/1.1" 304 0 "https://dangroup.sa/" "Mozilla/5.0 (iPhone13,2; U; CPU iPhone OS 14_0 like Mac OS X) AppleWebKit/602.1.50 (KHTML, like Gecko) Version/10.0 Mobile/15E148 Safari/602.1"
34.116.250.63 - - [06/Jul/2025:11:45:09 -0400] "GET /wp-content/plugins/wcf-addons-pro/assets/js/advance-slider-effects.js?ver=6.8 HTTP/1.1" 304 0 "https://dangroup.sa/" "Mozilla/5.0 (iPhone13,2; U; CPU iPhone OS 14_0 like Mac OS X) AppleWebKit/602.1.50 (KHTML, like Gecko) Version/10.0 Mobile/15E148 Safari/602.1"
34.116.250.63 - - [06/Jul/2025:11:45:09 -0400] "GET /wp-content/plugins/wp-consent-api/assets/js/wp-consent-api.min.js?ver=1.0.8 HTTP/1.1" 304 0 "https://dangroup.sa/" "Mozilla/5.0 (iPhone13,2; U; CPU iPhone OS 14_0 like Mac OS X) AppleWebKit/602.1.50 (KHTML, like Gecko) Version/10.0 Mobile/15E148 Safari/602.1"
34.116.250.63 - - [06/Jul/2025:11:45:09 -0400] "GET /wp-content/plugins/animation-addons-for-elementor/assets/js/widgets/slider.min.js?ver=6.8 HTTP/1.1" 304 0 "https://dangroup.sa/" "Mozilla/5.0 (iPhone13,2; U; CPU iPhone OS 14_0 like Mac OS X) AppleWebKit/602.1.50 (KHTML, like Gecko) Version/10.0 Mobile/15E148 Safari/602.1"
34.116.250.63 - - [06/Jul/2025:11:45:09 -0400] "GET /wp-content/plugins/animation-addons-for-elementor/assets/js/widgets/nav-menu.min.js?ver=6.8 HTTP/1.1" 304 0 "https://dangroup.sa/" "Mozilla/5.0 (iPhone13,2; U; CPU iPhone OS 14_0 like Mac OS X) AppleWebKit/602.1.50 (KHTML, like Gecko) Version/10.0 Mobile/15E148 Safari/602.1"
34.116.250.63 - - [06/Jul/2025:11:45:09 -0400] "GET /wp-content/plugins/elementor/assets/lib/swiper/v8/swiper.min.js?ver=8.4.5 HTTP/1.1" 304 0 "https://dangroup.sa/" "Mozilla/5.0 (iPhone13,2; U; CPU iPhone OS 14_0 like Mac OS X) AppleWebKit/602.1.50 (KHTML, like Gecko) Version/10.0 Mobile/15E148 Safari/602.1"
34.116.250.63 - - [06/Jul/2025:11:45:09 -0400] "GET /wp-content/plugins/google-site-kit/dist/assets/js/googlesitekit-events-provider-contact-form-7-84e9a1056bc4922b7cbd.js HTTP/1.1" 304 0 "https://dangroup.sa/" "Mozilla/5.0 (iPhone13,2; U; CPU iPhone OS 14_0 like Mac OS X) AppleWebKit/602.1.50 (KHTML, like Gecko) Version/10.0 Mobile/15E148 Safari/602.1"
34.116.250.63 - - [06/Jul/2025:11:45:09 -0400] "GET /wp-content/plugins/chaty/js/cht-front-script.min.js?ver=3.4.21748763706 HTTP/1.1" 304 0 "https://dangroup.sa/" "Mozilla/5.0 (iPhone13,2; U; CPU iPhone OS 14_0 like Mac OS X) AppleWebKit/602.1.50 (KHTML, like Gecko) Version/10.0 Mobile/15E148 Safari/602.1"
20.171.207.36 - - [06/Jul/2025:11:45:01 -0400] "GET /162vdadz28929.html HTTP/1.1" 404 23127 "-" "Mozilla/5.0 AppleWebKit/537.36 (KHTML, like Gecko; compatible; GPTBot/1.2; +https://openai.com/gptbot)"
34.116.250.63 - - [06/Jul/2025:11:45:11 -0400] "GET /wp-content/plugins/elementor/assets/js/text-editor.c084ef86600b6f11690d.bundle.min.js HTTP/1.1" 304 0 "https://dangroup.sa/" "Mozilla/5.0 (iPhone13,2; U; CPU iPhone OS 14_0 like Mac OS X) AppleWebKit/602.1.50 (KHTML, like Gecko) Version/10.0 Mobile/15E148 Safari/602.1"
34.116.250.63 - - [06/Jul/2025:11:45:11 -0400] "GET /wp-content/uploads/2024/12/dan_1.mp4 HTTP/1.1" 304 0 "https://dangroup.sa/" "Mozilla/5.0 (iPhone13,2; U; CPU iPhone OS 14_0 like Mac OS X) AppleWebKit/602.1.50 (KHTML, like Gecko) Version/10.0 Mobile/15E148 Safari/602.1"
34.116.250.63 - - [06/Jul/2025:11:45:11 -0400] "GET /wp-includes/js/wp-emoji-release.min.js?ver=6.8 HTTP/1.1" 304 0 "https://dangroup.sa/" "Mozilla/5.0 (iPhone13,2; U; CPU iPhone OS 14_0 like Mac OS X) AppleWebKit/602.1.50 (KHTML, like Gecko) Version/10.0 Mobile/15E148 Safari/602.1"
136.243.228.194 - - [06/Jul/2025:11:45:09 -0400] "GET /items/aanio79/12205?key=investment HTTP/1.1" 404 23127 "-" "Mozilla/5.0 (compatible; DataForSeoBot/1.0; +https://dataforseo.com/dataforseo-bot)"
47.82.60.34 - - [06/Jul/2025:11:45:11 -0400] "GET /276kza17237.html HTTP/1.1" 404 23127 "https://dangroup.sa/276kza17237.html" "Mozilla/5.0 (Windows NT 10.0; Win64; x64) AppleWebKit/537.36 (KHTML, like Gecko) Chrome/114.0.0.0 Safari/537.36 Edg/114.0.1823.43"
136.243.228.194 - - [06/Jul/2025:11:45:15 -0400] "GET /items/tlfbb16/12092?key=substantially HTTP/1.1" 404 23127 "-" "Mozilla/5.0 (compatible; DataForSeoBot/1.0; +https://dataforseo.com/dataforseo-bot)"
66.249.65.197 - - [06/Jul/2025:11:45:21 -0400] "GET /items/ahgnr253/23693?key=bonus HTTP/1.1" 200 86741 "-" "Mozilla/5.0 (Linux; Android 6.0.1; Nexus 5X Build/MMB29P) AppleWebKit/537.36 (KHTML, like Gecko) Chrome/137.0.7151.103 Mobile Safari/537.36 (compatible; Googlebot/2.1; +http://www.google.com/bot.html)"
136.243.228.194 - - [06/Jul/2025:11:45:21 -0400] "GET /175csvd3208.html HTTP/1.1" 404 23127 "-" "Mozilla/5.0 (compatible; DataForSeoBot/1.0; +https://dataforseo.com/dataforseo-bot)"
66.249.65.196 - - [06/Jul/2025:11:45:24 -0400] "GET /items/ahpiq33/843?key=fundamental HTTP/1.1" 200 86600 "-" "Mozilla/5.0 (compatible; Googlebot/2.1; +http://www.google.com/bot.html)"
66.249.65.196 - - [06/Jul/2025:11:45:28 -0400] "GET /items/hrtph121/12017?key=tend HTTP/1.1" 200 87214 "-" "Mozilla/5.0 (compatible; Googlebot/2.1; +http://www.google.com/bot.html)"
136.243.228.194 - - [06/Jul/2025:11:45:26 -0400] "GET /items/ousmj108/28834?key=look HTTP/1.1" 404 23127 "-" "Mozilla/5.0 (compatible; DataForSeoBot/1.0; +https://dataforseo.com/dataforseo-bot)"
20.171.207.36 - - [06/Jul/2025:11:45:28 -0400] "GET /238mgvfk41265.html HTTP/1.1" 404 23128 "-" "Mozilla/5.0 AppleWebKit/537.36 (KHTML, like Gecko; compatible; GPTBot/1.2; +https://openai.com/gptbot)"
136.243.228.194 - - [06/Jul/2025:11:45:31 -0400] "GET /37mbw1446.html HTTP/1.1" 404 23129 "-" "Mozilla/5.0 (compatible; DataForSeoBot/1.0; +https://dataforseo.com/dataforseo-bot)"
66.249.65.196 - - [06/Jul/2025:11:45:38 -0400] "GET /items/ehpkv220/29458?key=beer HTTP/1.1" 200 86844 "-" "Mozilla/5.0 (compatible; Googlebot/2.1; +http://www.google.com/bot.html)"
136.243.228.194 - - [06/Jul/2025:11:45:38 -0400] "GET /47iirb1942.html HTTP/1.1" 404 23129 "-" "Mozilla/5.0 (compatible; DataForSeoBot/1.0; +https://dataforseo.com/dataforseo-bot)"
136.243.228.194 - - [06/Jul/2025:11:45:43 -0400] "GET /175qvmd7414.html HTTP/1.1" 404 23129 "-" "Mozilla/5.0 (compatible; DataForSeoBot/1.0; +https://dataforseo.com/dataforseo-bot)"
136.243.228.194 - - [06/Jul/2025:11:45:48 -0400] "GET /99ikyp37916.html HTTP/1.1" 404 23129 "-" "Mozilla/5.0 (compatible; DataForSeoBot/1.0; +https://dataforseo.com/dataforseo-bot)"
66.249.65.197 - - [06/Jul/2025:11:45:51 -0400] "GET /pcmypage?callback=product/review/daishinshop-2301-00000013 HTTP/1.1" 200 86155 "-" "Mozilla/5.0 (Linux; Android 6.0.1; Nexus 5X Build/MMB29P) AppleWebKit/537.36 (KHTML, like Gecko) Chrome/137.0.7151.103 Mobile Safari/537.36 (compatible; Googlebot/2.1; +http://www.google.com/bot.html)"
66.29.146.47 - - [06/Jul/2025:11:45:53 -0400] "POST /wp-cron.php?doing_wp_cron=1751816753.2616949081420898437500 HTTP/1.1" 403 1242 "-" "WordPress/6.8; https://dangroup.sa"
47.82.60.45 - - [06/Jul/2025:11:45:52 -0400] "GET /36knrdy22927.html HTTP/1.1" 404 23127 "https://dangroup.sa/36knrdy22927.html" "Mozilla/5.0 (Windows NT 10.0; Win64; x64) AppleWebKit/537.36 (KHTML, like Gecko) Chrome/114.0.0.0 Safari/537.36 Edg/114.0.1823.43"
66.249.65.197 - - [06/Jul/2025:11:45:59 -0400] "GET /items/bmyhq52/31954?key=senior HTTP/1.1" 200 86609 "-" "Mozilla/5.0 (Linux; Android 6.0.1; Nexus 5X Build/MMB29P) AppleWebKit/537.36 (KHTML, like Gecko) Chrome/137.0.7151.103 Mobile Safari/537.36 (compatible; Googlebot/2.1; +http://www.google.com/bot.html)"
136.243.228.194 - - [06/Jul/2025:11:45:54 -0400] "GET /296axt40403.html HTTP/1.1" 404 23127 "-" "Mozilla/5.0 (compatible; DataForSeoBot/1.0; +https://dataforseo.com/dataforseo-bot)"
20.171.207.36 - - [06/Jul/2025:11:45:54 -0400] "GET /235afkqe35866.html HTTP/1.1" 404 23127 "-" "Mozilla/5.0 AppleWebKit/537.36 (KHTML, like Gecko; compatible; GPTBot/1.2; +https://openai.com/gptbot)"
136.243.228.194 - - [06/Jul/2025:11:46:02 -0400] "GET /17fbyor38822.html HTTP/1.1" 404 23127 "-" "Mozilla/5.0 (compatible; DataForSeoBot/1.0; +https://dataforseo.com/dataforseo-bot)"
136.243.228.194 - - [06/Jul/2025:11:46:08 -0400] "GET /284vkq33807.html HTTP/1.1" 404 23127 "-" "Mozilla/5.0 (compatible; DataForSeoBot/1.0; +https://dataforseo.com/dataforseo-bot)"
136.243.228.194 - - [06/Jul/2025:11:46:14 -0400] "GET /items/wuisv197/39529?key=safe HTTP/1.1" 404 23129 "-" "Mozilla/5.0 (compatible; DataForSeoBot/1.0; +https://dataforseo.com/dataforseo-bot)"
66.249.65.196 - - [06/Jul/2025:11:46:19 -0400] "GET /pcmypage?callback=product%2Fdetail%2Ff342092-miyoshi-100000288 HTTP/1.1" 200 86822 "-" "Mozilla/5.0 (Linux; Android 6.0.1; Nexus 5X Build/MMB29P) AppleWebKit/537.36 (KHTML, like Gecko) Chrome/137.0.7151.103 Mobile Safari/537.36 (compatible; Googlebot/2.1; +http://www.google.com/bot.html)"
52.167.144.17 - - [06/Jul/2025:11:46:22 -0400] "GET /sitemap.txt HTTP/1.1" 200 17 "-" "Mozilla/5.0 AppleWebKit/537.36 (KHTML, like Gecko; compatible; bingbot/2.0; +http://www.bing.com/bingbot.htm) Chrome/116.0.1938.76 Safari/537.36"
136.243.228.194 - - [06/Jul/2025:11:46:19 -0400] "GET /items/sxkjz122/52944?key=substantially HTTP/1.1" 404 23127 "-" "Mozilla/5.0 (compatible; DataForSeoBot/1.0; +https://dataforseo.com/dataforseo-bot)"
47.82.60.26 - - [06/Jul/2025:11:46:20 -0400] "GET /34qhhb28277.html HTTP/1.1" 404 23129 "https://dangroup.sa/34qhhb28277.html" "Mozilla/5.0 (Windows NT 10.0; Win64; x64) AppleWebKit/537.36 (KHTML, like Gecko) Chrome/114.0.0.0 Safari/537.36 Edg/114.0.1823.43"
20.171.207.36 - - [06/Jul/2025:11:46:20 -0400] "GET /140otziu20665.html HTTP/1.1" 404 23128 "-" "Mozilla/5.0 AppleWebKit/537.36 (KHTML, like Gecko; compatible; GPTBot/1.2; +https://openai.com/gptbot)"
66.249.65.196 - - [06/Jul/2025:11:46:28 -0400] "GET /195etv41422.html HTTP/1.1" 200 87187 "-" "Mozilla/5.0 (compatible; Googlebot/2.1; +http://www.google.com/bot.html)"
136.243.228.194 - - [06/Jul/2025:11:46:25 -0400] "GET /items/hclba163/6757?key=stimulus HTTP/1.1" 404 23127 "-" "Mozilla/5.0 (compatible; DataForSeoBot/1.0; +https://dataforseo.com/dataforseo-bot)"
66.249.65.196 - - [06/Jul/2025:11:46:33 -0400] "GET /2ganxc29105.html HTTP/1.1" 200 86539 "-" "Mozilla/5.0 (Linux; Android 6.0.1; Nexus 5X Build/MMB29P) AppleWebKit/537.36 (KHTML, like Gecko) Chrome/137.0.7151.103 Mobile Safari/537.36 (compatible; Googlebot/2.1; +http://www.google.com/bot.html)"
66.249.65.196 - - [06/Jul/2025:11:46:34 -0400] "GET /items/uxaeg20/7572?key=confess HTTP/1.1" 200 86665 "-" "Mozilla/5.0 (Linux; Android 6.0.1; Nexus 5X Build/MMB29P) AppleWebKit/537.36 (KHTML, like Gecko) Chrome/137.0.7151.103 Mobile Safari/537.36 (compatible; Googlebot/2.1; +http://www.google.com/bot.html)"
66.249.65.196 - - [06/Jul/2025:11:46:36 -0400] "GET /174mcwd19287.html HTTP/1.1" 200 86933 "-" "Mozilla/5.0 (compatible; Googlebot/2.1; +http://www.google.com/bot.html)"
66.249.65.196 - - [06/Jul/2025:11:46:37 -0400] "GET /277htsa842.html HTTP/1.1" 200 87421 "-" "Mozilla/5.0 (compatible; Googlebot/2.1; +http://www.google.com/bot.html)"
47.82.60.46 - - [06/Jul/2025:11:46:33 -0400] "GET /1ztfqo3678.html HTTP/1.1" 404 23127 "https://dangroup.sa/1ztfqo3678.html" "Mozilla/5.0 (Windows NT 10.0; Win64; x64) AppleWebKit/537.36 (KHTML, like Gecko) Chrome/114.0.0.0 Safari/537.36 Edg/114.0.1823.43"
136.243.228.194 - - [06/Jul/2025:11:46:33 -0400] "GET /68rkila23949.html HTTP/1.1" 404 23127 "-" "Mozilla/5.0 (compatible; DataForSeoBot/1.0; +https://dataforseo.com/dataforseo-bot)"
47.82.60.9 - - [06/Jul/2025:11:46:38 -0400] "GET /218wey20881.html HTTP/1.1" 404 23129 "https://dangroup.sa/218wey20881.html" "Mozilla/5.0 (Windows NT 10.0; Win64; x64) AppleWebKit/537.36 (KHTML, like Gecko) Chrome/114.0.0.0 Safari/537.36 Edg/114.0.1823.43"
66.249.65.198 - - [06/Jul/2025:11:46:44 -0400] "GET /225lpfmg41490.html HTTP/1.1" 200 86619 "-" "Mozilla/5.0 (compatible; Googlebot/2.1; +http://www.google.com/bot.html)"
136.243.228.194 - - [06/Jul/2025:11:46:41 -0400] "GET /items/wepqy233/5363?key=essential HTTP/1.1" 404 23127 "-" "Mozilla/5.0 (compatible; DataForSeoBot/1.0; +https://dataforseo.com/dataforseo-bot)"
20.171.207.36 - - [06/Jul/2025:11:46:46 -0400] "GET /277bkxvu11482.html HTTP/1.1" 404 23127 "-" "Mozilla/5.0 AppleWebKit/537.36 (KHTML, like Gecko; compatible; GPTBot/1.2; +https://openai.com/gptbot)"
66.29.146.47 - - [06/Jul/2025:11:46:53 -0400] "POST /wp-cron.php?doing_wp_cron=1751816813.2657248973846435546875 HTTP/1.1" 403 1242 "-" "WordPress/6.8; https://dangroup.sa"
136.243.228.194 - - [06/Jul/2025:11:46:47 -0400] "GET /items/ubnwi113/14161?key=without HTTP/1.1" 404 23127 "-" "Mozilla/5.0 (compatible; DataForSeoBot/1.0; +https://dataforseo.com/dataforseo-bot)"
47.82.60.15 - - [06/Jul/2025:11:46:52 -0400] "GET /145npig45142.html HTTP/1.1" 404 23127 "https://dangroup.sa/145npig45142.html" "Mozilla/5.0 (Windows NT 10.0; Win64; x64) AppleWebKit/537.36 (KHTML, like Gecko) Chrome/114.0.0.0 Safari/537.36 Edg/114.0.1823.43"
136.243.228.194 - - [06/Jul/2025:11:46:56 -0400] "GET /196sfmh26049.html HTTP/1.1" 404 23127 "-" "Mozilla/5.0 (compatible; DataForSeoBot/1.0; +https://dataforseo.com/dataforseo-bot)"
66.249.65.197 - - [06/Jul/2025:11:47:04 -0400] "GET /items/pnfhu219/5689?key=changing HTTP/1.1" 200 86820 "-" "Mozilla/5.0 (compatible; Googlebot/2.1; +http://www.google.com/bot.html)"
136.243.228.194 - - [06/Jul/2025:11:47:03 -0400] "GET /277gdcme45006.html HTTP/1.1" 404 23129 "-" "Mozilla/5.0 (compatible; DataForSeoBot/1.0; +https://dataforseo.com/dataforseo-bot)"
66.249.65.197 - - [06/Jul/2025:11:47:08 -0400] "GET /items/clvef283/15709?key=journalism HTTP/1.1" 200 88038 "-" "Mozilla/5.0 (Linux; Android 6.0.1; Nexus 5X Build/MMB29P) AppleWebKit/537.36 (KHTML, like Gecko) Chrome/137.0.7151.103 Mobile Safari/537.36 (compatible; Googlebot/2.1; +http://www.google.com/bot.html)"
66.249.65.197 - - [06/Jul/2025:11:47:09 -0400] "GET /12qcicz131.html HTTP/1.1" 200 86585 "-" "Mozilla/5.0 (compatible; Googlebot/2.1; +http://www.google.com/bot.html)"
47.82.60.22 - - [06/Jul/2025:11:47:07 -0400] "GET /items/jshmy217/16933?key=era HTTP/1.1" 404 23129 "https://dangroup.sa/items/jshmy217/16933?key=era" "Mozilla/5.0 (Windows NT 10.0; Win64; x64) AppleWebKit/537.36 (KHTML, like Gecko) Chrome/114.0.0.0 Safari/537.36 Edg/114.0.1823.43"
66.249.65.196 - - [06/Jul/2025:11:47:15 -0400] "GET /34cbgh2189.html HTTP/1.1" 200 86881 "-" "Mozilla/5.0 (Linux; Android 6.0.1; Nexus 5X Build/MMB29P) AppleWebKit/537.36 (KHTML, like Gecko) Chrome/137.0.7151.103 Mobile Safari/537.36 (compatible; Googlebot/2.1; +http://www.google.com/bot.html)"
66.249.65.196 - - [06/Jul/2025:11:47:17 -0400] "GET /74iiv42577.html HTTP/1.1" 200 86797 "-" "Mozilla/5.0 (compatible; Googlebot/2.1; +http://www.google.com/bot.html)"
136.243.228.194 - - [06/Jul/2025:11:47:09 -0400] "GET /70udtle6729.html HTTP/1.1" 404 23127 "-" "Mozilla/5.0 (compatible; DataForSeoBot/1.0; +https://dataforseo.com/dataforseo-bot)"
66.249.65.196 - - [06/Jul/2025:11:47:21 -0400] "GET /items/bvdtk295/12143?key=huh HTTP/1.1" 200 86982 "-" "Mozilla/5.0 (compatible; Googlebot/2.1; +http://www.google.com/bot.html)"
47.82.60.30 - - [06/Jul/2025:11:47:13 -0400] "GET /items/vgpbq207/13725?key=rescue HTTP/1.1" 404 23129 "https://dangroup.sa/items/vgpbq207/13725?key=rescue" "Mozilla/5.0 (Windows NT 10.0; Win64; x64) AppleWebKit/537.36 (KHTML, like Gecko) Chrome/114.0.0.0 Safari/537.36 Edg/114.0.1823.43"
47.82.60.9 - - [06/Jul/2025:11:47:11 -0400] "GET /48zld1793.html HTTP/1.1" 404 23129 "https://dangroup.sa/48zld1793.html" "Mozilla/5.0 (Windows NT 10.0; Win64; x64) AppleWebKit/537.36 (KHTML, like Gecko) Chrome/114.0.0.0 Safari/537.36 Edg/114.0.1823.43"
20.171.207.36 - - [06/Jul/2025:11:47:13 -0400] "GET /106ffiko32259.html HTTP/1.1" 404 23127 "-" "Mozilla/5.0 AppleWebKit/537.36 (KHTML, like Gecko; compatible; GPTBot/1.2; +https://openai.com/gptbot)"
66.249.65.197 - - [06/Jul/2025:11:47:25 -0400] "GET /36nmni25935.html HTTP/1.1" 200 87252 "-" "Mozilla/5.0 (Linux; Android 6.0.1; Nexus 5X Build/MMB29P) AppleWebKit/537.36 (KHTML, like Gecko) Chrome/137.0.7151.103 Mobile Safari/537.36 (compatible; Googlebot/2.1; +http://www.google.com/bot.html)"
136.243.228.194 - - [06/Jul/2025:11:47:19 -0400] "GET /222ewtl19777.html HTTP/1.1" 404 23129 "-" "Mozilla/5.0 (compatible; DataForSeoBot/1.0; +https://dataforseo.com/dataforseo-bot)"
66.249.65.197 - - [06/Jul/2025:11:47:31 -0400] "GET /items/qvjjh114/2698?key=create HTTP/1.1" 200 87565 "-" "Mozilla/5.0 (compatible; Googlebot/2.1; +http://www.google.com/bot.html)"
136.243.228.194 - - [06/Jul/2025:11:47:29 -0400] "GET /192prjmj8685.html HTTP/1.1" 404 23129 "-" "Mozilla/5.0 (compatible; DataForSeoBot/1.0; +https://dataforseo.com/dataforseo-bot)"
66.249.65.196 - - [06/Jul/2025:11:47:33 -0400] "GET /100tehob18135.html HTTP/1.1" 200 86620 "-" "Mozilla/5.0 (Linux; Android 6.0.1; Nexus 5X Build/MMB29P) AppleWebKit/537.36 (KHTML, like Gecko) Chrome/137.0.7151.103 Mobile Safari/537.36 (compatible; Googlebot/2.1; +http://www.google.com/bot.html)"
66.249.65.196 - - [06/Jul/2025:11:47:34 -0400] "GET /items/rtxop108/4378?key=feedback HTTP/1.1" 200 86697 "-" "Mozilla/5.0 (Linux; Android 6.0.1; Nexus 5X Build/MMB29P) AppleWebKit/537.36 (KHTML, like Gecko) Chrome/137.0.7151.103 Mobile Safari/537.36 (compatible; Googlebot/2.1; +http://www.google.com/bot.html)"
47.82.60.31 - - [06/Jul/2025:11:47:33 -0400] "GET /212imj6641.html HTTP/1.1" 404 23127 "https://dangroup.sa/212imj6641.html" "Mozilla/5.0 (Windows NT 10.0; Win64; x64) AppleWebKit/537.36 (KHTML, like Gecko) Chrome/114.0.0.0 Safari/537.36 Edg/114.0.1823.43"
66.249.65.199 - - [06/Jul/2025:11:47:38 -0400] "GET /items/oodel163/47491?key=uncle HTTP/1.1" 200 86675 "-" "Mozilla/5.0 (compatible; Googlebot/2.1; +http://www.google.com/bot.html)"
136.243.228.194 - - [06/Jul/2025:11:47:34 -0400] "GET /items/qjuau88/36962?key=spare HTTP/1.1" 404 23127 "-" "Mozilla/5.0 (compatible; DataForSeoBot/1.0; +https://dataforseo.com/dataforseo-bot)"
20.171.207.36 - - [06/Jul/2025:11:47:41 -0400] "GET /247jztdk38708.html HTTP/1.1" 404 23127 "-" "Mozilla/5.0 AppleWebKit/537.36 (KHTML, like Gecko; compatible; GPTBot/1.2; +https://openai.com/gptbot)"
136.243.228.194 - - [06/Jul/2025:11:47:42 -0400] "GET /259wsql43382.html HTTP/1.1" 404 23127 "-" "Mozilla/5.0 (compatible; DataForSeoBot/1.0; +https://dataforseo.com/dataforseo-bot)"
66.249.65.198 - - [06/Jul/2025:11:47:50 -0400] "GET /86lgomx4907.html HTTP/1.1" 200 87434 "-" "Mozilla/5.0 (compatible; Googlebot/2.1; +http://www.google.com/bot.html)"
47.82.60.12 - - [06/Jul/2025:11:47:48 -0400] "GET /103xoz7990.html HTTP/1.1" 404 23127 "https://dangroup.sa/103xoz7990.html" "Mozilla/5.0 (Windows NT 10.0; Win64; x64) AppleWebKit/537.36 (KHTML, like Gecko) Chrome/114.0.0.0 Safari/537.36 Edg/114.0.1823.43"
136.243.228.194 - - [06/Jul/2025:11:47:50 -0400] "GET /122ptxke31919.html HTTP/1.1" 404 23129 "-" "Mozilla/5.0 (compatible; DataForSeoBot/1.0; +https://dataforseo.com/dataforseo-bot)"
66.29.146.47 - - [06/Jul/2025:11:47:57 -0400] "POST /wp-cron.php?doing_wp_cron=1751816877.7560529708862304687500 HTTP/1.1" 403 1242 "-" "WordPress/6.8; https://dangroup.sa"
136.243.228.194 - - [06/Jul/2025:11:47:57 -0400] "GET /items/wvgal123/44315?key=plate HTTP/1.1" 404 23127 "-" "Mozilla/5.0 (compatible; DataForSeoBot/1.0; +https://dataforseo.com/dataforseo-bot)"
66.249.65.196 - - [06/Jul/2025:11:48:00 -0400] "GET /251qkhbr42258.html HTTP/1.1" 200 87311 "-" "Mozilla/5.0 (compatible; Googlebot/2.1; +http://www.google.com/bot.html)"
66.249.65.197 - - [06/Jul/2025:11:48:04 -0400] "GET /46gatf44111.html HTTP/1.1" 200 86851 "-" "Mozilla/5.0 (Linux; Android 6.0.1; Nexus 5X Build/MMB29P) AppleWebKit/537.36 (KHTML, like Gecko) Chrome/137.0.7151.103 Mobile Safari/537.36 (compatible; Googlebot/2.1; +http://www.google.com/bot.html)"
66.249.65.196 - - [06/Jul/2025:11:48:05 -0400] "GET /items/wycoe69/1011?key=pick HTTP/1.1" 200 87064 "-" "Mozilla/5.0 (Linux; Android 6.0.1; Nexus 5X Build/MMB29P) AppleWebKit/537.36 (KHTML, like Gecko) Chrome/137.0.7151.103 Mobile Safari/537.36 (compatible; Googlebot/2.1; +http://www.google.com/bot.html)"
136.243.228.194 - - [06/Jul/2025:11:48:02 -0400] "GET /297fivtt4362.html HTTP/1.1" 404 23127 "-" "Mozilla/5.0 (compatible; DataForSeoBot/1.0; +https://dataforseo.com/dataforseo-bot)"
66.249.65.196 - - [06/Jul/2025:11:48:07 -0400] "GET /pcmypage?callback=/product%2Fdetail%2ipxstore-10036817 HTTP/1.1" 403 1242 "-" "Mozilla/5.0 (Linux; Android 6.0.1; Nexus 5X Build/MMB29P) AppleWebKit/537.36 (KHTML, like Gecko) Chrome/137.0.7151.103 Mobile Safari/537.36 (compatible; Googlebot/2.1; +http://www.google.com/bot.html)"
20.171.207.36 - - [06/Jul/2025:11:48:07 -0400] "GET /263xrwyb22548.html HTTP/1.1" 404 23128 "-" "Mozilla/5.0 AppleWebKit/537.36 (KHTML, like Gecko; compatible; GPTBot/1.2; +https://openai.com/gptbot)"
136.243.228.194 - - [06/Jul/2025:11:48:08 -0400] "GET /items/dczjf81/45283?key=indicate HTTP/1.1" 404 23127 "-" "Mozilla/5.0 (compatible; DataForSeoBot/1.0; +https://dataforseo.com/dataforseo-bot)"
136.243.228.194 - - [06/Jul/2025:11:48:14 -0400] "GET /265giibn34118.html HTTP/1.1" 404 23127 "-" "Mozilla/5.0 (compatible; DataForSeoBot/1.0; +https://dataforseo.com/dataforseo-bot)"
136.243.228.194 - - [06/Jul/2025:11:48:20 -0400] "GET /items/sqypw280/7068?key=every HTTP/1.1" 404 23127 "-" "Mozilla/5.0 (compatible; DataForSeoBot/1.0; +https://dataforseo.com/dataforseo-bot)"
66.249.65.196 - - [06/Jul/2025:11:48:24 -0400] "GET /160ubxog40537.html HTTP/1.1" 200 87058 "-" "Mozilla/5.0 (Linux; Android 6.0.1; Nexus 5X Build/MMB29P) AppleWebKit/537.36 (KHTML, like Gecko) Chrome/137.0.7151.103 Mobile Safari/537.36 (compatible; Googlebot/2.1; +http://www.google.com/bot.html)"
66.249.65.196 - - [06/Jul/2025:11:48:25 -0400] "GET /160ubxog40537.html HTTP/1.1" 200 86418 "-" "Mozilla/5.0 (Linux; Android 6.0.1; Nexus 5X Build/MMB29P) AppleWebKit/537.36 (KHTML, like Gecko) Chrome/137.0.7151.103 Mobile Safari/537.36 (compatible; Googlebot/2.1; +http://www.google.com/bot.html)"
136.243.228.194 - - [06/Jul/2025:11:48:25 -0400] "GET /items/qtiyb226/26636?key=shore HTTP/1.1" 404 23129 "-" "Mozilla/5.0 (compatible; DataForSeoBot/1.0; +https://dataforseo.com/dataforseo-bot)"
136.243.228.194 - - [06/Jul/2025:11:48:30 -0400] "GET /items/ltoaq97/45393?key=partner HTTP/1.1" 404 23127 "-" "Mozilla/5.0 (compatible; DataForSeoBot/1.0; +https://dataforseo.com/dataforseo-bot)"
66.249.65.197 - - [06/Jul/2025:11:48:35 -0400] "GET /items/cnlaw194/7448?key=nationwide HTTP/1.1" 200 86496 "-" "Mozilla/5.0 (compatible; Googlebot/2.1; +http://www.google.com/bot.html)"
20.171.207.36 - - [06/Jul/2025:11:48:35 -0400] "GET /162rkwyr30951.html HTTP/1.1" 404 23127 "-" "Mozilla/5.0 AppleWebKit/537.36 (KHTML, like Gecko; compatible; GPTBot/1.2; +https://openai.com/gptbot)"
136.243.228.194 - - [06/Jul/2025:11:48:35 -0400] "GET /268biq7927.html HTTP/1.1" 404 23127 "-" "Mozilla/5.0 (compatible; DataForSeoBot/1.0; +https://dataforseo.com/dataforseo-bot)"
136.243.228.194 - - [06/Jul/2025:11:48:42 -0400] "GET /items/oympw50/45878?key=pick HTTP/1.1" 404 23127 "-" "Mozilla/5.0 (compatible; DataForSeoBot/1.0; +https://dataforseo.com/dataforseo-bot)"
66.249.65.197 - - [06/Jul/2025:11:48:47 -0400] "GET /223ekgwz33284.html HTTP/1.1" 200 86324 "-" "Mozilla/5.0 (compatible; Googlebot/2.1; +http://www.google.com/bot.html)"
51.222.253.8 - - [06/Jul/2025:11:48:51 -0400] "GET /?sitemap956.xml HTTP/1.1" 200 17 "-" "Mozilla/5.0 (compatible; AhrefsBot/7.0; +http://ahrefs.com/robot/)"
66.249.65.197 - - [06/Jul/2025:11:48:50 -0400] "GET /78tnra19337.html HTTP/1.1" 200 86373 "-" "Mozilla/5.0 (Linux; Android 6.0.1; Nexus 5X Build/MMB29P) AppleWebKit/537.36 (KHTML, like Gecko) Chrome/137.0.7151.103 Mobile Safari/537.36 (compatible; Googlebot/2.1; +http://www.google.com/bot.html)"
136.243.228.194 - - [06/Jul/2025:11:48:47 -0400] "GET /items/ummmo54/22308?key=vocal HTTP/1.1" 404 23127 "-" "Mozilla/5.0 (compatible; DataForSeoBot/1.0; +https://dataforseo.com/dataforseo-bot)"
136.243.228.194 - - [06/Jul/2025:11:48:53 -0400] "GET /items/ximek193/31579?key=bias HTTP/1.1" 404 23129 "-" "Mozilla/5.0 (compatible; DataForSeoBot/1.0; +https://dataforseo.com/dataforseo-bot)"
66.249.65.198 - - [06/Jul/2025:11:48:56 -0400] "GET /items/ltlkq196/25968?key=telescope HTTP/1.1" 200 86847 "-" "Mozilla/5.0 (compatible; Googlebot/2.1; +http://www.google.com/bot.html)"
66.29.146.47 - - [06/Jul/2025:11:48:58 -0400] "POST /wp-cron.php?doing_wp_cron=1751816937.7839360237121582031250 HTTP/1.1" 403 1242 "-" "WordPress/6.8; https://dangroup.sa"
47.82.60.49 - - [06/Jul/2025:11:48:56 -0400] "GET /items/znimk248/47490?key=delay HTTP/1.1" 301 0 "https://www.dangroup.sa/items/znimk248/47490?key=delay" "Mozilla/5.0 (Windows NT 10.0; Win64; x64) AppleWebKit/537.36 (KHTML, like Gecko) Chrome/114.0.0.0 Safari/537.36 Edg/114.0.1823.43"
66.249.65.198 - - [06/Jul/2025:11:49:02 -0400] "GET /63zhgbt36846.html HTTP/1.1" 200 86886 "-" "Mozilla/5.0 (Linux; Android 6.0.1; Nexus 5X Build/MMB29P) AppleWebKit/537.36 (KHTML, like Gecko) Chrome/137.0.7151.103 Mobile Safari/537.36 (compatible; Googlebot/2.1; +http://www.google.com/bot.html)"
66.249.65.196 - - [06/Jul/2025:11:49:04 -0400] "GET /193hfmr40956.html HTTP/1.1" 200 86763 "-" "Mozilla/5.0 (compatible; Googlebot/2.1; +http://www.google.com/bot.html)"
47.82.60.49 - - [06/Jul/2025:11:48:58 -0400] "GET /items/znimk248/47490?key=delay HTTP/1.1" 404 23127 "https://www.dangroup.sa/items/znimk248/47490?key=delay" "Mozilla/5.0 (Windows NT 10.0; Win64; x64) AppleWebKit/537.36 (KHTML, like Gecko) Chrome/114.0.0.0 Safari/537.36 Edg/114.0.1823.43"
136.243.228.194 - - [06/Jul/2025:11:48:58 -0400] "GET /246zby37079.html HTTP/1.1" 404 23129 "-" "Mozilla/5.0 (compatible; DataForSeoBot/1.0; +https://dataforseo.com/dataforseo-bot)"
66.249.65.196 - - [06/Jul/2025:11:49:07 -0400] "GET /34cecj40385.html HTTP/1.1" 200 86450 "-" "Mozilla/5.0 (compatible; Googlebot/2.1; +http://www.google.com/bot.html)"
20.171.207.36 - - [06/Jul/2025:11:49:00 -0400] "GET /120ghvtk19943.html HTTP/1.1" 404 23129 "-" "Mozilla/5.0 AppleWebKit/537.36 (KHTML, like Gecko; compatible; GPTBot/1.2; +https://openai.com/gptbot)"
66.249.65.196 - - [06/Jul/2025:11:49:08 -0400] "GET /25codlg4560.html HTTP/1.1" 200 86618 "-" "Mozilla/5.0 (Linux; Android 6.0.1; Nexus 5X Build/MMB29P) AppleWebKit/537.36 (KHTML, like Gecko) Chrome/137.0.7151.103 Mobile Safari/537.36 (compatible; Googlebot/2.1; +http://www.google.com/bot.html)"
66.249.65.197 - - [06/Jul/2025:11:49:09 -0400] "GET /187uivw24956.html HTTP/1.1" 200 87642 "-" "Mozilla/5.0 (compatible; Googlebot/2.1; +http://www.google.com/bot.html)"
66.249.65.196 - - [06/Jul/2025:11:49:10 -0400] "GET /pcmypage?callback=product%2Fdetail%2Fperk-up-189203-746878 HTTP/1.1" 200 87835 "-" "Mozilla/5.0 (compatible; Googlebot/2.1; +http://www.google.com/bot.html)"
136.243.228.194 - - [06/Jul/2025:11:49:07 -0400] "GET /items/zxodx100/16864?key=insert HTTP/1.1" 404 23127 "-" "Mozilla/5.0 (compatible; DataForSeoBot/1.0; +https://dataforseo.com/dataforseo-bot)"
66.249.65.196 - - [06/Jul/2025:11:49:11 -0400] "GET /items/zqkxf296/42488?key=aware HTTP/1.1" 200 88017 "-" "Mozilla/5.0 (Linux; Android 6.0.1; Nexus 5X Build/MMB29P) AppleWebKit/537.36 (KHTML, like Gecko) Chrome/137.0.7151.103 Mobile Safari/537.36 (compatible; Googlebot/2.1; +http://www.google.com/bot.html)"
136.243.228.194 - - [06/Jul/2025:11:49:12 -0400] "GET /items/yfhwc164/25636?key=change HTTP/1.1" 404 23127 "-" "Mozilla/5.0 (compatible; DataForSeoBot/1.0; +https://dataforseo.com/dataforseo-bot)"
66.249.65.196 - - [06/Jul/2025:11:49:17 -0400] "GET /63qyd9566.html HTTP/1.1" 200 86958 "-" "Mozilla/5.0 (Linux; Android 6.0.1; Nexus 5X Build/MMB29P) AppleWebKit/537.36 (KHTML, like Gecko) Chrome/137.0.7151.103 Mobile Safari/537.36 (compatible; Googlebot/2.1; +http://www.google.com/bot.html)"
136.243.228.194 - - [06/Jul/2025:11:49:18 -0400] "GET /items/bbbhw285/40453?key=case HTTP/1.1" 404 23127 "-" "Mozilla/5.0 (compatible; DataForSeoBot/1.0; +https://dataforseo.com/dataforseo-bot)"
66.249.65.198 - - [06/Jul/2025:11:49:25 -0400] "GET /pcmypage?callback=/product%2Fdetail%2hokushinco-11174994 HTTP/1.1" 403 1242 "-" "Mozilla/5.0 (Linux; Android 6.0.1; Nexus 5X Build/MMB29P) AppleWebKit/537.36 (KHTML, like Gecko) Chrome/137.0.7151.103 Mobile Safari/537.36 (compatible; Googlebot/2.1; +http://www.google.com/bot.html)"
66.249.74.168 - - [06/Jul/2025:11:49:25 -0400] "GET /105ijb49588.html HTTP/1.1" 200 86807 "-" "Mozilla/5.0 (Linux; Android 6.0.1; Nexus 5X Build/MMB29P) AppleWebKit/537.36 (KHTML, like Gecko) Chrome/137.0.7151.103 Mobile Safari/537.36 (compatible; Googlebot/2.1; +http://www.google.com/bot.html)"
136.243.228.194 - - [06/Jul/2025:11:49:23 -0400] "GET /53dri17272.html HTTP/1.1" 404 23127 "-" "Mozilla/5.0 (compatible; DataForSeoBot/1.0; +https://dataforseo.com/dataforseo-bot)"
20.171.207.36 - - [06/Jul/2025:11:49:25 -0400] "GET /279jsnmt19458.html HTTP/1.1" 404 23127 "-" "Mozilla/5.0 AppleWebKit/537.36 (KHTML, like Gecko; compatible; GPTBot/1.2; +https://openai.com/gptbot)"
136.243.228.194 - - [06/Jul/2025:11:49:28 -0400] "GET /163dgfoe20262.html HTTP/1.1" 404 23127 "-" "Mozilla/5.0 (compatible; DataForSeoBot/1.0; +https://dataforseo.com/dataforseo-bot)"
47.82.60.43 - - [06/Jul/2025:11:49:31 -0400] "GET /items/qgzha1/9817?key=forum HTTP/1.1" 404 23127 "https://dangroup.sa/items/qgzha1/9817?key=forum" "Mozilla/5.0 (Windows NT 10.0; Win64; x64) AppleWebKit/537.36 (KHTML, like Gecko) Chrome/114.0.0.0 Safari/537.36 Edg/114.0.1823.43"
136.243.228.194 - - [06/Jul/2025:11:49:36 -0400] "GET /147iaqce15020.html HTTP/1.1" 404 23127 "-" "Mozilla/5.0 (compatible; DataForSeoBot/1.0; +https://dataforseo.com/dataforseo-bot)"
47.82.60.23 - - [06/Jul/2025:11:49:40 -0400] "GET /108fxia24407.html HTTP/1.1" 301 0 "https://www.dangroup.sa/108fxia24407.html" "Mozilla/5.0 (Windows NT 10.0; Win64; x64) AppleWebKit/537.36 (KHTML, like Gecko) Chrome/114.0.0.0 Safari/537.36 Edg/114.0.1823.43"
47.82.60.23 - - [06/Jul/2025:11:49:41 -0400] "GET /108fxia24407.html HTTP/1.1" 404 23127 "https://www.dangroup.sa/108fxia24407.html" "Mozilla/5.0 (Windows NT 10.0; Win64; x64) AppleWebKit/537.36 (KHTML, like Gecko) Chrome/114.0.0.0 Safari/537.36 Edg/114.0.1823.43"
136.243.228.194 - - [06/Jul/2025:11:49:41 -0400] "GET /107qspab40978.html HTTP/1.1" 404 23129 "-" "Mozilla/5.0 (compatible; DataForSeoBot/1.0; +https://dataforseo.com/dataforseo-bot)"
66.249.65.196 - - [06/Jul/2025:11:49:49 -0400] "GET /pcmypage?callback=product%2Fdetail%2Fdaishinshop-742-00041358 HTTP/1.1" 200 87247 "-" "Mozilla/5.0 (compatible; Googlebot/2.1; +http://www.google.com/bot.html)"
