136.243.228.194 - - [06/Jul/2025:10:09:14 -0400] "GET /items/zuddl7/11947?key=responsibility HTTP/1.1" 404 23127 "-" "Mozilla/5.0 (compatible; DataForSeoBot/1.0; +https://dataforseo.com/dataforseo-bot)"
20.171.207.36 - - [06/Jul/2025:10:09:15 -0400] "GET /132udihl45281.html HTTP/1.1" 404 23127 "-" "Mozilla/5.0 AppleWebKit/537.36 (KHTML, like Gecko; compatible; GPTBot/1.2; +https://openai.com/gptbot)"
66.249.65.192 - - [06/Jul/2025:10:09:19 -0400] "GET /items/gqwyu293/8795?key=circuit HTTP/1.1" 200 86340 "-" "Mozilla/5.0 (Linux; Android 6.0.1; Nexus 5X Build/MMB29P) AppleWebKit/537.36 (KHTML, like Gecko) Chrome/137.0.7151.103 Mobile Safari/537.36 (compatible; Googlebot/2.1; +http://www.google.com/bot.html)"
136.243.228.194 - - [06/Jul/2025:10:09:18 -0400] "GET /items/enohu230/11760?key=require HTTP/1.1" 404 23127 "-" "Mozilla/5.0 (compatible; DataForSeoBot/1.0; +https://dataforseo.com/dataforseo-bot)"
66.249.65.193 - - [06/Jul/2025:10:09:22 -0400] "GET /127hhh17792.html HTTP/1.1" 200 87714 "-" "Mozilla/5.0 (compatible; Googlebot/2.1; +http://www.google.com/bot.html)"
136.243.228.194 - - [06/Jul/2025:10:09:23 -0400] "GET /items/xxioa123/27145?key=ill HTTP/1.1" 404 23127 "-" "Mozilla/5.0 (compatible; DataForSeoBot/1.0; +https://dataforseo.com/dataforseo-bot)"
47.82.60.15 - - [06/Jul/2025:10:09:25 -0400] "GET /items/huads10/28002?key=distance HTTP/1.1" 404 23127 "https://dangroup.sa/items/huads10/28002?key=distance" "Mozilla/5.0 (Windows NT 10.0; Win64; x64) AppleWebKit/537.36 (KHTML, like Gecko) Chrome/114.0.0.0 Safari/537.36 Edg/114.0.1823.43"
136.243.228.194 - - [06/Jul/2025:10:09:30 -0400] "GET /54ice23755.html HTTP/1.1" 404 23127 "-" "Mozilla/5.0 (compatible; DataForSeoBot/1.0; +https://dataforseo.com/dataforseo-bot)"
47.82.60.22 - - [06/Jul/2025:10:09:33 -0400] "GET /items/qfvni45/48183?key=image HTTP/1.1" 404 23129 "https://dangroup.sa/items/qfvni45/48183?key=image" "Mozilla/5.0 (Windows NT 10.0; Win64; x64) AppleWebKit/537.36 (KHTML, like Gecko) Chrome/114.0.0.0 Safari/537.36 Edg/114.0.1823.43"
136.243.228.194 - - [06/Jul/2025:10:09:35 -0400] "GET /197gwhql32830.html HTTP/1.1" 404 23129 "-" "Mozilla/5.0 (compatible; DataForSeoBot/1.0; +https://dataforseo.com/dataforseo-bot)"
47.82.60.42 - - [06/Jul/2025:10:09:38 -0400] "GET /132bqg18295.html HTTP/1.1" 404 23129 "https://dangroup.sa/132bqg18295.html" "Mozilla/5.0 (Windows NT 10.0; Win64; x64) AppleWebKit/537.36 (KHTML, like Gecko) Chrome/114.0.0.0 Safari/537.36 Edg/114.0.1823.43"
136.243.228.194 - - [06/Jul/2025:10:09:40 -0400] "GET /254omokp42055.html HTTP/1.1" 404 23127 "-" "Mozilla/5.0 (compatible; DataForSeoBot/1.0; +https://dataforseo.com/dataforseo-bot)"
20.171.207.36 - - [06/Jul/2025:10:09:42 -0400] "GET /296eeovn31405.html HTTP/1.1" 404 23127 "-" "Mozilla/5.0 AppleWebKit/537.36 (KHTML, like Gecko; compatible; GPTBot/1.2; +https://openai.com/gptbot)"
47.82.60.47 - - [06/Jul/2025:10:09:48 -0400] "GET /10lit1319.html HTTP/1.1" 301 0 "https://www.dangroup.sa/10lit1319.html" "Mozilla/5.0 (Windows NT 10.0; Win64; x64) AppleWebKit/537.36 (KHTML, like Gecko) Chrome/114.0.0.0 Safari/537.36 Edg/114.0.1823.43"
136.243.228.194 - - [06/Jul/2025:10:09:47 -0400] "GET /38cdwm35209.html HTTP/1.1" 404 23127 "-" "Mozilla/5.0 (compatible; DataForSeoBot/1.0; +https://dataforseo.com/dataforseo-bot)"
66.249.65.192 - - [06/Jul/2025:10:09:50 -0400] "GET /pcmypage?callback=product/review/auc-e-ecolife-ra7610-94 HTTP/1.1" 200 87446 "-" "Mozilla/5.0 (Linux; Android 6.0.1; Nexus 5X Build/MMB29P) AppleWebKit/537.36 (KHTML, like Gecko) Chrome/137.0.7151.103 Mobile Safari/537.36 (compatible; Googlebot/2.1; +http://www.google.com/bot.html)"
47.82.60.47 - - [06/Jul/2025:10:09:49 -0400] "GET /10lit1319.html HTTP/1.1" 404 23127 "https://www.dangroup.sa/10lit1319.html" "Mozilla/5.0 (Windows NT 10.0; Win64; x64) AppleWebKit/537.36 (KHTML, like Gecko) Chrome/114.0.0.0 Safari/537.36 Edg/114.0.1823.43"
136.243.228.194 - - [06/Jul/2025:10:09:52 -0400] "GET /105vmqx2500.html HTTP/1.1" 404 23127 "-" "Mozilla/5.0 (compatible; DataForSeoBot/1.0; +https://dataforseo.com/dataforseo-bot)"
66.29.146.47 - - [06/Jul/2025:10:09:58 -0400] "POST /wp-cron.php?doing_wp_cron=1751810997.9595160484313964843750 HTTP/1.1" 403 1242 "-" "WordPress/6.8; https://dangroup.sa"
136.243.228.194 - - [06/Jul/2025:10:09:57 -0400] "GET /278tdv11201.html HTTP/1.1" 404 23127 "-" "Mozilla/5.0 (compatible; DataForSeoBot/1.0; +https://dataforseo.com/dataforseo-bot)"
66.249.74.168 - - [06/Jul/2025:10:10:05 -0400] "GET /items/nrmbu99/55?key=see HTTP/1.1" 200 87271 "-" "Mozilla/5.0 (Linux; Android 6.0.1; Nexus 5X Build/MMB29P) AppleWebKit/537.36 (KHTML, like Gecko) Chrome/137.0.7151.103 Mobile Safari/537.36 (compatible; Googlebot/2.1; +http://www.google.com/bot.html)"
136.243.228.194 - - [06/Jul/2025:10:10:02 -0400] "GET /items/rrold130/2694?key=barely HTTP/1.1" 404 23127 "-" "Mozilla/5.0 (compatible; DataForSeoBot/1.0; +https://dataforseo.com/dataforseo-bot)"
136.243.228.194 - - [06/Jul/2025:10:10:08 -0400] "GET /items/csbtz158/7586?key=equipment HTTP/1.1" 404 23127 "-" "Mozilla/5.0 (compatible; DataForSeoBot/1.0; +https://dataforseo.com/dataforseo-bot)"
20.171.207.36 - - [06/Jul/2025:10:10:09 -0400] "GET /225qxpta49514.html HTTP/1.1" 404 23128 "-" "Mozilla/5.0 AppleWebKit/537.36 (KHTML, like Gecko; compatible; GPTBot/1.2; +https://openai.com/gptbot)"
66.249.65.198 - - [06/Jul/2025:10:10:14 -0400] "GET /items/zhqfe235/27629?key=class HTTP/1.1" 200 87520 "-" "Mozilla/5.0 (Linux; Android 6.0.1; Nexus 5X Build/MMB29P) AppleWebKit/537.36 (KHTML, like Gecko) Chrome/137.0.7151.103 Mobile Safari/537.36 (compatible; Googlebot/2.1; +http://www.google.com/bot.html)"
136.243.228.194 - - [06/Jul/2025:10:10:13 -0400] "GET /295oghc11286.html HTTP/1.1" 404 23127 "-" "Mozilla/5.0 (compatible; DataForSeoBot/1.0; +https://dataforseo.com/dataforseo-bot)"
136.243.228.194 - - [06/Jul/2025:10:10:18 -0400] "GET /items/tcfts14/35262?key=hide HTTP/1.1" 404 23127 "-" "Mozilla/5.0 (compatible; DataForSeoBot/1.0; +https://dataforseo.com/dataforseo-bot)"
66.249.65.196 - - [06/Jul/2025:10:10:24 -0400] "GET /items/lzlzb139/37765?key=room HTTP/1.1" 200 86929 "-" "Mozilla/5.0 (compatible; Googlebot/2.1; +http://www.google.com/bot.html)"
136.243.228.194 - - [06/Jul/2025:10:10:23 -0400] "GET /items/ktzmp62/20724?key=target HTTP/1.1" 404 23127 "-" "Mozilla/5.0 (compatible; DataForSeoBot/1.0; +https://dataforseo.com/dataforseo-bot)"
136.243.228.194 - - [06/Jul/2025:10:10:27 -0400] "GET /items/locyl261/5499?key=government HTTP/1.1" 404 23127 "-" "Mozilla/5.0 (compatible; DataForSeoBot/1.0; +https://dataforseo.com/dataforseo-bot)"
66.249.65.196 - - [06/Jul/2025:10:10:30 -0400] "GET /?_ga=2.198074345.1955352220.1721329623-968811056.1699381788&_bdsid=dmjl0p.n~UQTRN.1745716790918.1784849964&_bd_prev_page=https://dangroup.sa/api.jsp?60zttg18353.html HTTP/1.1" 200 86744 "-" "Mozilla/5.0 (compatible; Googlebot/2.1; +http://www.google.com/bot.html)"
47.82.60.3 - - [06/Jul/2025:10:10:30 -0400] "GET /168hgr28027.html HTTP/1.1" 404 23127 "https://dangroup.sa/168hgr28027.html" "Mozilla/5.0 (Windows NT 10.0; Win64; x64) AppleWebKit/537.36 (KHTML, like Gecko) Chrome/114.0.0.0 Safari/537.36 Edg/114.0.1823.43"
136.243.228.194 - - [06/Jul/2025:10:10:33 -0400] "GET /items/witkm78/33546?key=regulation HTTP/1.1" 404 23127 "-" "Mozilla/5.0 (compatible; DataForSeoBot/1.0; +https://dataforseo.com/dataforseo-bot)"
66.249.65.196 - - [06/Jul/2025:10:10:41 -0400] "GET /items/lwfwi169/12587?key=east HTTP/1.1" 200 87934 "-" "Mozilla/5.0 (compatible; Googlebot/2.1; +http://www.google.com/bot.html)"
20.171.207.36 - - [06/Jul/2025:10:10:37 -0400] "GET /251elqeb34090.html HTTP/1.1" 404 23127 "-" "Mozilla/5.0 AppleWebKit/537.36 (KHTML, like Gecko; compatible; GPTBot/1.2; +https://openai.com/gptbot)"
136.243.228.194 - - [06/Jul/2025:10:10:37 -0400] "GET /items/zrtrd202/25534?key=hat HTTP/1.1" 404 23127 "-" "Mozilla/5.0 (compatible; DataForSeoBot/1.0; +https://dataforseo.com/dataforseo-bot)"
136.243.228.194 - - [06/Jul/2025:10:10:44 -0400] "GET /220yrj14757.html HTTP/1.1" 404 23127 "-" "Mozilla/5.0 (compatible; DataForSeoBot/1.0; +https://dataforseo.com/dataforseo-bot)"
136.243.228.194 - - [06/Jul/2025:10:10:49 -0400] "GET /items/qvgqv260/6982?key=descend HTTP/1.1" 404 23127 "-" "Mozilla/5.0 (compatible; DataForSeoBot/1.0; +https://dataforseo.com/dataforseo-bot)"
136.243.228.194 - - [06/Jul/2025:10:10:53 -0400] "GET /items/qdfft124/49832?key=business HTTP/1.1" 404 23127 "-" "Mozilla/5.0 (compatible; DataForSeoBot/1.0; +https://dataforseo.com/dataforseo-bot)"
66.29.146.47 - - [06/Jul/2025:10:10:58 -0400] "POST /wp-cron.php?doing_wp_cron=1751811058.1035320758819580078125 HTTP/1.1" 403 1242 "-" "WordPress/6.8; https://dangroup.sa"
136.243.228.194 - - [06/Jul/2025:10:10:57 -0400] "GET /items/lvxmj190/35002?key=highway HTTP/1.1" 404 23129 "-" "Mozilla/5.0 (compatible; DataForSeoBot/1.0; +https://dataforseo.com/dataforseo-bot)"
136.243.228.194 - - [06/Jul/2025:10:11:02 -0400] "GET /14fzjj5053.html HTTP/1.1" 404 23127 "-" "Mozilla/5.0 (compatible; DataForSeoBot/1.0; +https://dataforseo.com/dataforseo-bot)"
66.249.65.198 - - [06/Jul/2025:10:11:07 -0400] "GET /224xdvnc26917.html HTTP/1.1" 200 86908 "-" "Mozilla/5.0 (Linux; Android 6.0.1; Nexus 5X Build/MMB29P) AppleWebKit/537.36 (KHTML, like Gecko) Chrome/137.0.7151.103 Mobile Safari/537.36 (compatible; Googlebot/2.1; +http://www.google.com/bot.html)"
20.171.207.36 - - [06/Jul/2025:10:11:04 -0400] "GET /120guabj23605.html HTTP/1.1" 404 23129 "-" "Mozilla/5.0 AppleWebKit/537.36 (KHTML, like Gecko; compatible; GPTBot/1.2; +https://openai.com/gptbot)"
47.82.60.8 - - [06/Jul/2025:10:11:08 -0400] "GET /154sflz337.html HTTP/1.1" 301 0 "https://www.dangroup.sa/154sflz337.html" "Mozilla/5.0 (Windows NT 10.0; Win64; x64) AppleWebKit/537.36 (KHTML, like Gecko) Chrome/114.0.0.0 Safari/537.36 Edg/114.0.1823.43"
66.249.65.197 - - [06/Jul/2025:10:11:08 -0400] "GET /?_ga=2.198074345.1955352220.1721329623-968811056.1699381788&_bdsid=dmjl0p.n~UQTRN.1745716790918.1784849964&_bd_prev_page=https://dangroup.sa/api.jsp?items/mgijx195/32285?key=portrait HTTP/1.1" 200 87131 "-" "Mozilla/5.0 (Linux; Android 6.0.1; Nexus 5X Build/MMB29P) AppleWebKit/537.36 (KHTML, like Gecko) Chrome/137.0.7151.103 Mobile Safari/537.36 (compatible; Googlebot/2.1; +http://www.google.com/bot.html)"
66.249.74.160 - - [06/Jul/2025:10:11:10 -0400] "GET /search?category=1000&search_word= HTTP/1.1" 200 87938 "-" "Mozilla/5.0 (Linux; Android 6.0.1; Nexus 5X Build/MMB29P) AppleWebKit/537.36 (KHTML, like Gecko) Chrome/137.0.7151.119 Mobile Safari/537.36 (compatible; Googlebot/2.1; +http://www.google.com/bot.html)"
136.243.228.194 - - [06/Jul/2025:10:11:07 -0400] "GET /items/kjaze128/18250?key=law HTTP/1.1" 404 23127 "-" "Mozilla/5.0 (compatible; DataForSeoBot/1.0; +https://dataforseo.com/dataforseo-bot)"
47.82.60.8 - - [06/Jul/2025:10:11:10 -0400] "GET /154sflz337.html HTTP/1.1" 404 23127 "https://www.dangroup.sa/154sflz337.html" "Mozilla/5.0 (Windows NT 10.0; Win64; x64) AppleWebKit/537.36 (KHTML, like Gecko) Chrome/114.0.0.0 Safari/537.36 Edg/114.0.1823.43"
136.243.228.194 - - [06/Jul/2025:10:11:13 -0400] "GET /items/naqum190/2860?key=succeed HTTP/1.1" 404 23127 "-" "Mozilla/5.0 (compatible; DataForSeoBot/1.0; +https://dataforseo.com/dataforseo-bot)"
136.243.228.194 - - [06/Jul/2025:10:11:18 -0400] "GET /210roaut26157.html HTTP/1.1" 404 23127 "-" "Mozilla/5.0 (compatible; DataForSeoBot/1.0; +https://dataforseo.com/dataforseo-bot)"
66.249.65.196 - - [06/Jul/2025:10:11:23 -0400] "GET /items/jyldj25/31805?key=rally HTTP/1.1" 200 86904 "-" "Mozilla/5.0 (compatible; Googlebot/2.1; +http://www.google.com/bot.html)"
136.243.228.194 - - [06/Jul/2025:10:11:23 -0400] "GET /263ekq15338.html HTTP/1.1" 404 23127 "-" "Mozilla/5.0 (compatible; DataForSeoBot/1.0; +https://dataforseo.com/dataforseo-bot)"
66.249.74.169 - - [06/Jul/2025:10:11:26 -0400] "GET /search?category=406&search_word= HTTP/1.1" 200 88273 "-" "Mozilla/5.0 (Linux; Android 6.0.1; Nexus 5X Build/MMB29P) AppleWebKit/537.36 (KHTML, like Gecko) Chrome/137.0.7151.119 Mobile Safari/537.36 (compatible; Googlebot/2.1; +http://www.google.com/bot.html)"
136.243.228.194 - - [06/Jul/2025:10:11:28 -0400] "GET /items/hdkjn163/319?key=answer HTTP/1.1" 404 23127 "-" "Mozilla/5.0 (compatible; DataForSeoBot/1.0; +https://dataforseo.com/dataforseo-bot)"
20.171.207.36 - - [06/Jul/2025:10:11:31 -0400] "GET /152fxwkd29367.html HTTP/1.1" 404 23127 "-" "Mozilla/5.0 AppleWebKit/537.36 (KHTML, like Gecko; compatible; GPTBot/1.2; +https://openai.com/gptbot)"
136.243.228.194 - - [06/Jul/2025:10:11:34 -0400] "GET /items/ktion30/11468?key=chunk HTTP/1.1" 404 23127 "-" "Mozilla/5.0 (compatible; DataForSeoBot/1.0; +https://dataforseo.com/dataforseo-bot)"
66.249.65.196 - - [06/Jul/2025:10:11:39 -0400] "GET /249dnzfi38476.html HTTP/1.1" 200 86835 "-" "Mozilla/5.0 (compatible; Googlebot/2.1; +http://www.google.com/bot.html)"
136.243.228.194 - - [06/Jul/2025:10:11:40 -0400] "GET /218pjl9893.html HTTP/1.1" 404 23129 "-" "Mozilla/5.0 (compatible; DataForSeoBot/1.0; +https://dataforseo.com/dataforseo-bot)"
66.249.65.196 - - [06/Jul/2025:10:11:42 -0400] "GET /185fwgs8002.html HTTP/1.1" 200 86971 "-" "Mozilla/5.0 (Linux; Android 6.0.1; Nexus 5X Build/MMB29P) AppleWebKit/537.36 (KHTML, like Gecko) Chrome/137.0.7151.103 Mobile Safari/537.36 (compatible; Googlebot/2.1; +http://www.google.com/bot.html)"
136.243.228.194 - - [06/Jul/2025:10:11:44 -0400] "GET /119wqv6986.html HTTP/1.1" 404 23127 "-" "Mozilla/5.0 (compatible; DataForSeoBot/1.0; +https://dataforseo.com/dataforseo-bot)"
136.243.228.194 - - [06/Jul/2025:10:11:48 -0400] "GET /items/twfwv96/3936?key=garbage HTTP/1.1" 404 23129 "-" "Mozilla/5.0 (compatible; DataForSeoBot/1.0; +https://dataforseo.com/dataforseo-bot)"
136.243.228.194 - - [06/Jul/2025:10:11:53 -0400] "GET /items/rzpgv205/1469?key=technology HTTP/1.1" 404 23127 "-" "Mozilla/5.0 (compatible; DataForSeoBot/1.0; +https://dataforseo.com/dataforseo-bot)"
66.29.146.47 - - [06/Jul/2025:10:11:58 -0400] "POST /wp-cron.php?doing_wp_cron=1751811118.3879890441894531250000 HTTP/1.1" 403 1242 "-" "WordPress/6.8; https://dangroup.sa"
136.243.228.194 - - [06/Jul/2025:10:11:57 -0400] "GET /items/fgrmh233/2697?key=alliance HTTP/1.1" 404 23129 "-" "Mozilla/5.0 (compatible; DataForSeoBot/1.0; +https://dataforseo.com/dataforseo-bot)"
20.171.207.36 - - [06/Jul/2025:10:11:59 -0400] "GET /200onzbg26211.html HTTP/1.1" 404 23127 "-" "Mozilla/5.0 AppleWebKit/537.36 (KHTML, like Gecko; compatible; GPTBot/1.2; +https://openai.com/gptbot)"
136.243.228.194 - - [06/Jul/2025:10:12:04 -0400] "GET /270gibl30363.html HTTP/1.1" 404 23127 "-" "Mozilla/5.0 (compatible; DataForSeoBot/1.0; +https://dataforseo.com/dataforseo-bot)"
136.243.228.194 - - [06/Jul/2025:10:12:09 -0400] "GET /3cau13908.html HTTP/1.1" 404 23127 "-" "Mozilla/5.0 (compatible; DataForSeoBot/1.0; +https://dataforseo.com/dataforseo-bot)"
136.243.228.194 - - [06/Jul/2025:10:12:15 -0400] "GET /items/zipjr98/24814?key=reception HTTP/1.1" 404 23127 "-" "Mozilla/5.0 (compatible; DataForSeoBot/1.0; +https://dataforseo.com/dataforseo-bot)"
136.243.228.194 - - [06/Jul/2025:10:12:20 -0400] "GET /items/pmdby138/24472?key=scientist HTTP/1.1" 404 23129 "-" "Mozilla/5.0 (compatible; DataForSeoBot/1.0; +https://dataforseo.com/dataforseo-bot)"
66.249.65.196 - - [06/Jul/2025:10:12:23 -0400] "GET /pcmypage?callback=/product%2Fdetail*utostyle-gbnz000101-000-p0 HTTP/1.1" 200 86826 "-" "Mozilla/5.0 (Linux; Android 6.0.1; Nexus 5X Build/MMB29P) AppleWebKit/537.36 (KHTML, like Gecko) Chrome/137.0.7151.103 Mobile Safari/537.36 (compatible; Googlebot/2.1; +http://www.google.com/bot.html)"
66.249.74.169 - - [06/Jul/2025:10:12:24 -0400] "GET /items/ujest267/28375?key=ready HTTP/1.1" 200 87483 "-" "Mozilla/5.0 (Linux; Android 6.0.1; Nexus 5X Build/MMB29P) AppleWebKit/537.36 (KHTML, like Gecko) Chrome/137.0.7151.103 Mobile Safari/537.36 (compatible; Googlebot/2.1; +http://www.google.com/bot.html)"
66.249.74.168 - - [06/Jul/2025:10:12:25 -0400] "GET /160yxaha46767.html HTTP/1.1" 200 86795 "-" "Mozilla/5.0 (Linux; Android 6.0.1; Nexus 5X Build/MMB29P) AppleWebKit/537.36 (KHTML, like Gecko) Chrome/137.0.7151.103 Mobile Safari/537.36 (compatible; Googlebot/2.1; +http://www.google.com/bot.html)"
47.82.60.11 - - [06/Jul/2025:10:12:23 -0400] "GET /items/rqzcr180/24422?key=punch HTTP/1.1" 404 23127 "https://dangroup.sa/items/rqzcr180/24422?key=punch" "Mozilla/5.0 (Windows NT 10.0; Win64; x64) AppleWebKit/537.36 (KHTML, like Gecko) Chrome/114.0.0.0 Safari/537.36 Edg/114.0.1823.43"
66.249.65.198 - - [06/Jul/2025:10:12:26 -0400] "GET /260vyyj16575.html HTTP/1.1" 200 87092 "-" "Mozilla/5.0 (Linux; Android 6.0.1; Nexus 5X Build/MMB29P) AppleWebKit/537.36 (KHTML, like Gecko) Chrome/137.0.7151.103 Mobile Safari/537.36 (compatible; Googlebot/2.1; +http://www.google.com/bot.html)"
136.243.228.194 - - [06/Jul/2025:10:12:25 -0400] "GET /276urczu2119.html HTTP/1.1" 404 23127 "-" "Mozilla/5.0 (compatible; DataForSeoBot/1.0; +https://dataforseo.com/dataforseo-bot)"
20.171.207.36 - - [06/Jul/2025:10:12:27 -0400] "GET /206rixhs24579.html HTTP/1.1" 404 23127 "-" "Mozilla/5.0 AppleWebKit/537.36 (KHTML, like Gecko; compatible; GPTBot/1.2; +https://openai.com/gptbot)"
136.243.228.194 - - [06/Jul/2025:10:12:31 -0400] "GET /219xks37860.html HTTP/1.1" 404 23129 "-" "Mozilla/5.0 (compatible; DataForSeoBot/1.0; +https://dataforseo.com/dataforseo-bot)"
136.243.228.194 - - [06/Jul/2025:10:12:37 -0400] "GET /items/crlld35/33503?key=artist HTTP/1.1" 404 23129 "-" "Mozilla/5.0 (compatible; DataForSeoBot/1.0; +https://dataforseo.com/dataforseo-bot)"
47.82.60.41 - - [06/Jul/2025:10:12:40 -0400] "GET /113egw21592.html HTTP/1.1" 301 0 "https://www.dangroup.sa/113egw21592.html" "Mozilla/5.0 (Windows NT 10.0; Win64; x64) AppleWebKit/537.36 (KHTML, like Gecko) Chrome/114.0.0.0 Safari/537.36 Edg/114.0.1823.43"
47.82.60.41 - - [06/Jul/2025:10:12:41 -0400] "GET /113egw21592.html HTTP/1.1" 404 23129 "https://www.dangroup.sa/113egw21592.html" "Mozilla/5.0 (Windows NT 10.0; Win64; x64) AppleWebKit/537.36 (KHTML, like Gecko) Chrome/114.0.0.0 Safari/537.36 Edg/114.0.1823.43"
136.243.228.194 - - [06/Jul/2025:10:12:41 -0400] "GET /293nst42692.html HTTP/1.1" 404 23127 "-" "Mozilla/5.0 (compatible; DataForSeoBot/1.0; +https://dataforseo.com/dataforseo-bot)"
136.243.228.194 - - [06/Jul/2025:10:12:47 -0400] "GET /102bgg39329.html HTTP/1.1" 404 23129 "-" "Mozilla/5.0 (compatible; DataForSeoBot/1.0; +https://dataforseo.com/dataforseo-bot)"
136.243.228.194 - - [06/Jul/2025:10:12:51 -0400] "GET /items/ybejh281/6755?key=worker HTTP/1.1" 404 23127 "-" "Mozilla/5.0 (compatible; DataForSeoBot/1.0; +https://dataforseo.com/dataforseo-bot)"
66.249.65.196 - - [06/Jul/2025:10:12:56 -0400] "GET /items/vdqzo291/8407?key=admission HTTP/1.1" 200 87560 "-" "Mozilla/5.0 (Linux; Android 6.0.1; Nexus 5X Build/MMB29P) AppleWebKit/537.36 (KHTML, like Gecko) Chrome/137.0.7151.103 Mobile Safari/537.36 (compatible; Googlebot/2.1; +http://www.google.com/bot.html)"
66.29.146.47 - - [06/Jul/2025:10:12:59 -0400] "POST /wp-cron.php?doing_wp_cron=1751811179.2610530853271484375000 HTTP/1.1" 403 1242 "-" "WordPress/6.8; https://dangroup.sa"
20.171.207.36 - - [06/Jul/2025:10:12:53 -0400] "GET /293ezgnu25446.html HTTP/1.1" 404 23127 "-" "Mozilla/5.0 AppleWebKit/537.36 (KHTML, like Gecko; compatible; GPTBot/1.2; +https://openai.com/gptbot)"
66.249.65.196 - - [06/Jul/2025:10:13:04 -0400] "GET /items/xmljy78/48892?key=hotel HTTP/1.1" 200 87312 "-" "Mozilla/5.0 (Linux; Android 6.0.1; Nexus 5X Build/MMB29P) AppleWebKit/537.36 (KHTML, like Gecko) Chrome/137.0.7151.103 Mobile Safari/537.36 (compatible; Googlebot/2.1; +http://www.google.com/bot.html)"
136.243.228.194 - - [06/Jul/2025:10:12:57 -0400] "GET /items/ejopi40/2756?key=ladder HTTP/1.1" 404 23127 "-" "Mozilla/5.0 (compatible; DataForSeoBot/1.0; +https://dataforseo.com/dataforseo-bot)"
66.249.65.197 - - [06/Jul/2025:10:13:07 -0400] "GET /67qhb23558.html HTTP/1.1" 200 87157 "-" "Mozilla/5.0 (Linux; Android 6.0.1; Nexus 5X Build/MMB29P) AppleWebKit/537.36 (KHTML, like Gecko) Chrome/137.0.7151.103 Mobile Safari/537.36 (compatible; Googlebot/2.1; +http://www.google.com/bot.html)"
66.249.65.196 - - [06/Jul/2025:10:13:08 -0400] "GET /items/cxsia151/24965?key=teenager HTTP/1.1" 200 86597 "-" "Mozilla/5.0 (Linux; Android 6.0.1; Nexus 5X Build/MMB29P) AppleWebKit/537.36 (KHTML, like Gecko) Chrome/137.0.7151.103 Mobile Safari/537.36 (compatible; Googlebot/2.1; +http://www.google.com/bot.html)"
136.243.228.194 - - [06/Jul/2025:10:13:08 -0400] "GET /items/emwab277/27333?key=hand HTTP/1.1" 404 23127 "-" "Mozilla/5.0 (compatible; DataForSeoBot/1.0; +https://dataforseo.com/dataforseo-bot)"
66.249.74.160 - - [06/Jul/2025:10:13:11 -0400] "GET /93cfuge850.html HTTP/1.1" 200 87595 "-" "Mozilla/5.0 (Linux; Android 6.0.1; Nexus 5X Build/MMB29P) AppleWebKit/537.36 (KHTML, like Gecko) Chrome/137.0.7151.103 Mobile Safari/537.36 (compatible; Googlebot/2.1; +http://www.google.com/bot.html)"
66.249.65.196 - - [06/Jul/2025:10:13:12 -0400] "GET /items/rxddz142/23782?key=observe HTTP/1.1" 200 87315 "-" "Mozilla/5.0 (compatible; Googlebot/2.1; +http://www.google.com/bot.html)"
60.89.3.148 - - [06/Jul/2025:10:13:13 -0400] "GET /pcmypage?callback=product/review/ecjungle-eb-5637300 HTTP/1.1" 200 136 "https://www.google.com/" "Mozilla/5.0 (Linux; Android 10; K) AppleWebKit/537.36 (KHTML, like Gecko) Chrome/138.0.0.0 Mobile Safari/537.36"
66.249.65.196 - - [06/Jul/2025:10:13:13 -0400] "GET /items/iyejo210/5070?key=arm HTTP/1.1" 200 87165 "-" "Mozilla/5.0 (compatible; Googlebot/2.1; +http://www.google.com/bot.html)"
136.243.228.194 - - [06/Jul/2025:10:13:13 -0400] "GET /items/engqd187/45145?key=mortality HTTP/1.1" 404 23127 "-" "Mozilla/5.0 (compatible; DataForSeoBot/1.0; +https://dataforseo.com/dataforseo-bot)"
136.243.228.194 - - [06/Jul/2025:10:13:17 -0400] "GET /items/awoij60/32256?key=nine HTTP/1.1" 404 23129 "-" "Mozilla/5.0 (compatible; DataForSeoBot/1.0; +https://dataforseo.com/dataforseo-bot)"
20.171.207.36 - - [06/Jul/2025:10:13:19 -0400] "GET /143pybml35806.html HTTP/1.1" 404 23127 "-" "Mozilla/5.0 AppleWebKit/537.36 (KHTML, like Gecko; compatible; GPTBot/1.2; +https://openai.com/gptbot)"
66.249.74.169 - - [06/Jul/2025:10:13:25 -0400] "GET /search?category=407&search_word= HTTP/1.1" 200 88529 "-" "Mozilla/5.0 (Linux; Android 6.0.1; Nexus 5X Build/MMB29P) AppleWebKit/537.36 (KHTML, like Gecko) Chrome/137.0.7151.119 Mobile Safari/537.36 (compatible; Googlebot/2.1; +http://www.google.com/bot.html)"
136.243.228.194 - - [06/Jul/2025:10:13:23 -0400] "GET /188zpfz1071.html HTTP/1.1" 404 23127 "-" "Mozilla/5.0 (compatible; DataForSeoBot/1.0; +https://dataforseo.com/dataforseo-bot)"
136.243.228.194 - - [06/Jul/2025:10:13:28 -0400] "GET /items/zdspb31/7345?key=lung HTTP/1.1" 404 23127 "-" "Mozilla/5.0 (compatible; DataForSeoBot/1.0; +https://dataforseo.com/dataforseo-bot)"
136.243.228.194 - - [06/Jul/2025:10:13:33 -0400] "GET /items/zykvp56/38144?key=before HTTP/1.1" 404 23127 "-" "Mozilla/5.0 (compatible; DataForSeoBot/1.0; +https://dataforseo.com/dataforseo-bot)"
66.249.65.196 - - [06/Jul/2025:10:13:36 -0400] "GET /items/ztaqn145/26289?key=cry HTTP/1.1" 200 87097 "-" "Mozilla/5.0 (Linux; Android 6.0.1; Nexus 5X Build/MMB29P) AppleWebKit/537.36 (KHTML, like Gecko) Chrome/137.0.7151.103 Mobile Safari/537.36 (compatible; Googlebot/2.1; +http://www.google.com/bot.html)"
136.243.228.194 - - [06/Jul/2025:10:13:37 -0400] "GET /items/ifmai217/35893?key=grain HTTP/1.1" 404 23129 "-" "Mozilla/5.0 (compatible; DataForSeoBot/1.0; +https://dataforseo.com/dataforseo-bot)"
136.243.228.194 - - [06/Jul/2025:10:13:42 -0400] "GET /items/lbjlk195/42967?key=rapid HTTP/1.1" 404 23127 "-" "Mozilla/5.0 (compatible; DataForSeoBot/1.0; +https://dataforseo.com/dataforseo-bot)"
20.171.207.36 - - [06/Jul/2025:10:13:47 -0400] "GET /208zttye47203.html HTTP/1.1" 404 23127 "-" "Mozilla/5.0 AppleWebKit/537.36 (KHTML, like Gecko; compatible; GPTBot/1.2; +https://openai.com/gptbot)"
136.243.228.194 - - [06/Jul/2025:10:13:47 -0400] "GET /154wcbe33705.html HTTP/1.1" 404 23127 "-" "Mozilla/5.0 (compatible; DataForSeoBot/1.0; +https://dataforseo.com/dataforseo-bot)"
136.243.228.194 - - [06/Jul/2025:10:13:54 -0400] "GET /6inywc33027.html HTTP/1.1" 404 23127 "-" "Mozilla/5.0 (compatible; DataForSeoBot/1.0; +https://dataforseo.com/dataforseo-bot)"
66.29.146.47 - - [06/Jul/2025:10:13:59 -0400] "POST /wp-cron.php?doing_wp_cron=1751811239.6850950717926025390625 HTTP/1.1" 403 1242 "-" "WordPress/6.8; https://dangroup.sa"
47.82.60.21 - - [06/Jul/2025:10:14:01 -0400] "GET /items/ktqsp24/8210?key=lot HTTP/1.1" 301 0 "https://www.dangroup.sa/items/ktqsp24/8210?key=lot" "Mozilla/5.0 (Windows NT 10.0; Win64; x64) AppleWebKit/537.36 (KHTML, like Gecko) Chrome/114.0.0.0 Safari/537.36 Edg/114.0.1823.43"
136.243.228.194 - - [06/Jul/2025:10:13:59 -0400] "GET /items/lmbqz95/8497?key=assume HTTP/1.1" 404 23127 "-" "Mozilla/5.0 (compatible; DataForSeoBot/1.0; +https://dataforseo.com/dataforseo-bot)"
47.82.60.21 - - [06/Jul/2025:10:14:02 -0400] "GET /items/ktqsp24/8210?key=lot HTTP/1.1" 404 23127 "https://www.dangroup.sa/items/ktqsp24/8210?key=lot" "Mozilla/5.0 (Windows NT 10.0; Win64; x64) AppleWebKit/537.36 (KHTML, like Gecko) Chrome/114.0.0.0 Safari/537.36 Edg/114.0.1823.43"
136.243.228.194 - - [06/Jul/2025:10:14:05 -0400] "GET /items/etajo88/36412?key=dry HTTP/1.1" 404 23129 "-" "Mozilla/5.0 (compatible; DataForSeoBot/1.0; +https://dataforseo.com/dataforseo-bot)"
136.243.228.194 - - [06/Jul/2025:10:14:09 -0400] "GET /items/aaiih152/27908?key=brain HTTP/1.1" 404 23127 "-" "Mozilla/5.0 (compatible; DataForSeoBot/1.0; +https://dataforseo.com/dataforseo-bot)"
20.171.207.36 - - [06/Jul/2025:10:14:12 -0400] "GET /149ficqc29358.html HTTP/1.1" 404 23127 "-" "Mozilla/5.0 AppleWebKit/537.36 (KHTML, like Gecko; compatible; GPTBot/1.2; +https://openai.com/gptbot)"
66.249.74.169 - - [06/Jul/2025:10:14:16 -0400] "GET /search?category=1003&search_word= HTTP/1.1" 200 87320 "-" "Mozilla/5.0 (Linux; Android 6.0.1; Nexus 5X Build/MMB29P) AppleWebKit/537.36 (KHTML, like Gecko) Chrome/137.0.7151.119 Mobile Safari/537.36 (compatible; Googlebot/2.1; +http://www.google.com/bot.html)"
66.249.65.198 - - [06/Jul/2025:10:14:18 -0400] "GET /139bbzl18686.html HTTP/1.1" 200 88305 "-" "Mozilla/5.0 (Linux; Android 6.0.1; Nexus 5X Build/MMB29P) AppleWebKit/537.36 (KHTML, like Gecko) Chrome/137.0.7151.103 Mobile Safari/537.36 (compatible; Googlebot/2.1; +http://www.google.com/bot.html)"
136.243.228.194 - - [06/Jul/2025:10:14:13 -0400] "GET /items/zizdj149/29503?key=silly HTTP/1.1" 404 23127 "-" "Mozilla/5.0 (compatible; DataForSeoBot/1.0; +https://dataforseo.com/dataforseo-bot)"
66.249.65.197 - - [06/Jul/2025:10:14:23 -0400] "GET /pcmypage?callback=product%2Fdetail%2Fsyarakuin-store-cl-ziel-qq-e-h-819s HTTP/1.1" 200 86708 "-" "Mozilla/5.0 (Linux; Android 6.0.1; Nexus 5X Build/MMB29P) AppleWebKit/537.36 (KHTML, like Gecko) Chrome/137.0.7151.103 Mobile Safari/537.36 (compatible; Googlebot/2.1; +http://www.google.com/bot.html)"
136.243.228.194 - - [06/Jul/2025:10:14:22 -0400] "GET /items/kodin113/8171?key=so HTTP/1.1" 404 23127 "-" "Mozilla/5.0 (compatible; DataForSeoBot/1.0; +https://dataforseo.com/dataforseo-bot)"
136.243.228.194 - - [06/Jul/2025:10:14:30 -0400] "GET /items/wulgz212/3694?key=short HTTP/1.1" 404 23129 "-" "Mozilla/5.0 (compatible; DataForSeoBot/1.0; +https://dataforseo.com/dataforseo-bot)"
66.249.74.169 - - [06/Jul/2025:10:14:35 -0400] "GET /pcmypage?callback=product%2Fdetail%2Fperk-up-1042444-2263748 HTTP/1.1" 200 86624 "-" "Mozilla/5.0 (Linux; Android 6.0.1; Nexus 5X Build/MMB29P) AppleWebKit/537.36 (KHTML, like Gecko) Chrome/137.0.7151.103 Mobile Safari/537.36 (compatible; Googlebot/2.1; +http://www.google.com/bot.html)"
13.115.217.1 - - [06/Jul/2025:10:14:33 -0400] "GET /242chyg23879.html HTTP/1.1" 404 23129 "-" "Mozilla/5.0 (Macintosh; Intel Mac OS X 10_15_7) AppleWebKit/537.36 (KHTML, like Gecko) Chrome/116.0.0.0 Safari/537.36"
13.115.217.1 - - [06/Jul/2025:10:14:38 -0400] "GET /wp-includes/js/jquery/jquery-migrate.min.js?ver=3.4.1 HTTP/1.1" 304 0 "https://dangroup.sa/242chyg23879.html" "Mozilla/5.0 (Macintosh; Intel Mac OS X 10_15_7) AppleWebKit/537.36 (KHTML, like Gecko) Chrome/116.0.0.0 Safari/537.36"
13.115.217.1 - - [06/Jul/2025:10:14:38 -0400] "GET /wp-content/themes/arolax/rtl.css HTTP/1.1" 304 0 "https://dangroup.sa/242chyg23879.html" "Mozilla/5.0 (Macintosh; Intel Mac OS X 10_15_7) AppleWebKit/537.36 (KHTML, like Gecko) Chrome/116.0.0.0 Safari/537.36"
13.115.217.1 - - [06/Jul/2025:10:14:38 -0400] "GET /wp-content/themes/arolax/assets/css/bootstrap.min.css?ver=2 HTTP/1.1" 200 5758 "https://dangroup.sa/242chyg23879.html" "Mozilla/5.0 (Macintosh; Intel Mac OS X 10_15_7) AppleWebKit/537.36 (KHTML, like Gecko) Chrome/116.0.0.0 Safari/537.36"
13.115.217.1 - - [06/Jul/2025:10:14:38 -0400] "GET /wp-content/plugins/extension-for-animation-addons/assets/css/wcf-addons-ex.css?ver=6.8 HTTP/1.1" 304 0 "https://dangroup.sa/242chyg23879.html" "Mozilla/5.0 (Macintosh; Intel Mac OS X 10_15_7) AppleWebKit/537.36 (KHTML, like Gecko) Chrome/116.0.0.0 Safari/537.36"
13.115.217.1 - - [06/Jul/2025:10:14:38 -0400] "GET /wp-content/plugins/extension-for-animation-addons/assets/css/magnific-popup.css?ver=6.8 HTTP/1.1" 304 0 "https://dangroup.sa/242chyg23879.html" "Mozilla/5.0 (Macintosh; Intel Mac OS X 10_15_7) AppleWebKit/537.36 (KHTML, like Gecko) Chrome/116.0.0.0 Safari/537.36"
13.115.217.1 - - [06/Jul/2025:10:14:38 -0400] "GET /wp-content/plugins/wcf-addons-pro/assets/css/wcf-addons-pro.css?ver=6.8 HTTP/1.1" 304 0 "https://dangroup.sa/242chyg23879.html" "Mozilla/5.0 (Macintosh; Intel Mac OS X 10_15_7) AppleWebKit/537.36 (KHTML, like Gecko) Chrome/116.0.0.0 Safari/537.36"
13.115.217.1 - - [06/Jul/2025:10:14:38 -0400] "GET /wp-content/themes/arolax/assets/css/meanmenu.min.css?ver=2 HTTP/1.1" 304 0 "https://dangroup.sa/242chyg23879.html" "Mozilla/5.0 (Macintosh; Intel Mac OS X 10_15_7) AppleWebKit/537.36 (KHTML, like Gecko) Chrome/116.0.0.0 Safari/537.36"
13.115.217.1 - - [06/Jul/2025:10:14:38 -0400] "GET /wp-content/plugins/contact-form-7/includes/css/styles.css?ver=5.9.8 HTTP/1.1" 304 0 "https://dangroup.sa/242chyg23879.html" "Mozilla/5.0 (Macintosh; Intel Mac OS X 10_15_7) AppleWebKit/537.36 (KHTML, like Gecko) Chrome/116.0.0.0 Safari/537.36"
13.115.217.1 - - [06/Jul/2025:10:14:38 -0400] "GET /wp-content/themes/arolax/assets/css/master.css?ver=2 HTTP/1.1" 200 12591 "https://dangroup.sa/242chyg23879.html" "Mozilla/5.0 (Macintosh; Intel Mac OS X 10_15_7) AppleWebKit/537.36 (KHTML, like Gecko) Chrome/116.0.0.0 Safari/537.36"
13.115.217.1 - - [06/Jul/2025:10:14:38 -0400] "GET /wp-includes/css/dist/block-library/style-rtl.min.css?ver=6.8 HTTP/1.1" 304 0 "https://dangroup.sa/242chyg23879.html" "Mozilla/5.0 (Macintosh; Intel Mac OS X 10_15_7) AppleWebKit/537.36 (KHTML, like Gecko) Chrome/116.0.0.0 Safari/537.36"
13.115.217.1 - - [06/Jul/2025:10:14:38 -0400] "GET /wp-content/uploads/elementor/css/custom-frontend-rtl.min.css?ver=1748904914 HTTP/1.1" 304 0 "https://dangroup.sa/242chyg23879.html" "Mozilla/5.0 (Macintosh; Intel Mac OS X 10_15_7) AppleWebKit/537.36 (KHTML, like Gecko) Chrome/116.0.0.0 Safari/537.36"
13.115.217.1 - - [06/Jul/2025:10:14:38 -0400] "GET /wp-content/uploads/elementor/css/post-16850.css?ver=1748904910 HTTP/1.1" 200 1362 "https://dangroup.sa/242chyg23879.html" "Mozilla/5.0 (Macintosh; Intel Mac OS X 10_15_7) AppleWebKit/537.36 (KHTML, like Gecko) Chrome/116.0.0.0 Safari/537.36"
13.115.217.1 - - [06/Jul/2025:10:14:38 -0400] "GET /wp-content/plugins/contact-form-7/includes/css/styles-rtl.css?ver=5.9.8 HTTP/1.1" 200 152 "https://dangroup.sa/242chyg23879.html" "Mozilla/5.0 (Macintosh; Intel Mac OS X 10_15_7) AppleWebKit/537.36 (KHTML, like Gecko) Chrome/116.0.0.0 Safari/537.36"
13.115.217.1 - - [06/Jul/2025:10:14:38 -0400] "GET /wp-content/uploads/2024/06/Frame-4d.png HTTP/1.1" 304 0 "https://dangroup.sa/242chyg23879.html" "Mozilla/5.0 (Macintosh; Intel Mac OS X 10_15_7) AppleWebKit/537.36 (KHTML, like Gecko) Chrome/116.0.0.0 Safari/537.36"
13.115.217.1 - - [06/Jul/2025:10:14:38 -0400] "GET /wp-includes/js/jquery/jquery.min.js?ver=3.7.1 HTTP/1.1" 304 0 "https://dangroup.sa/242chyg23879.html" "Mozilla/5.0 (Macintosh; Intel Mac OS X 10_15_7) AppleWebKit/537.36 (KHTML, like Gecko) Chrome/116.0.0.0 Safari/537.36"
13.115.217.1 - - [06/Jul/2025:10:14:38 -0400] "GET /wp-content/plugins/animation-addons-for-elementor/assets/css/wcf-addons.min.css?ver=6.8 HTTP/1.1" 200 1487 "https://dangroup.sa/242chyg23879.html" "Mozilla/5.0 (Macintosh; Intel Mac OS X 10_15_7) AppleWebKit/537.36 (KHTML, like Gecko) Chrome/116.0.0.0 Safari/537.36"
13.115.217.1 - - [06/Jul/2025:10:14:38 -0400] "GET /wp-content/themes/arolax/assets/css/custom-icons.min.css?ver=2 HTTP/1.1" 304 0 "https://dangroup.sa/242chyg23879.html" "Mozilla/5.0 (Macintosh; Intel Mac OS X 10_15_7) AppleWebKit/537.36 (KHTML, like Gecko) Chrome/116.0.0.0 Safari/537.36"
13.115.217.1 - - [06/Jul/2025:10:14:38 -0400] "GET /wp-content/plugins/chaty/css/chaty-front.min.css?ver=3.4.21748763706 HTTP/1.1" 200 6405 "https://dangroup.sa/242chyg23879.html" "Mozilla/5.0 (Macintosh; Intel Mac OS X 10_15_7) AppleWebKit/537.36 (KHTML, like Gecko) Chrome/116.0.0.0 Safari/537.36"
13.115.217.1 - - [06/Jul/2025:10:14:38 -0400] "GET /wp-content/plugins/extension-for-animation-addons/assets/lib/mixitup.min.js?ver=6.8 HTTP/1.1" 304 0 "https://dangroup.sa/242chyg23879.html" "Mozilla/5.0 (Macintosh; Intel Mac OS X 10_15_7) AppleWebKit/537.36 (KHTML, like Gecko) Chrome/116.0.0.0 Safari/537.36"
13.115.217.1 - - [06/Jul/2025:10:14:38 -0400] "GET /wp-content/plugins/elementor-pro/assets/js/elements-handlers.min.js?ver=3.29.1 HTTP/1.1" 304 0 "https://dangroup.sa/242chyg23879.html" "Mozilla/5.0 (Macintosh; Intel Mac OS X 10_15_7) AppleWebKit/537.36 (KHTML, like Gecko) Chrome/116.0.0.0 Safari/537.36"
13.115.217.1 - - [06/Jul/2025:10:14:38 -0400] "GET /wp-content/uploads/elementor/google-fonts/css/kanit.css?ver=1745637444 HTTP/1.1" 200 883 "https://dangroup.sa/242chyg23879.html" "Mozilla/5.0 (Macintosh; Intel Mac OS X 10_15_7) AppleWebKit/537.36 (KHTML, like Gecko) Chrome/116.0.0.0 Safari/537.36"
13.115.217.1 - - [06/Jul/2025:10:14:38 -0400] "GET /wp-content/uploads/elementor/css/post-16884.css?ver=1748904911 HTTP/1.1" 304 0 "https://dangroup.sa/242chyg23879.html" "Mozilla/5.0 (Macintosh; Intel Mac OS X 10_15_7) AppleWebKit/537.36 (KHTML, like Gecko) Chrome/116.0.0.0 Safari/537.36"
13.115.217.1 - - [06/Jul/2025:10:14:38 -0400] "GET /wp-content/uploads/elementor/google-fonts/css/elmessiri.css?ver=1748631377 HTTP/1.1" 304 0 "https://dangroup.sa/242chyg23879.html" "Mozilla/5.0 (Macintosh; Intel Mac OS X 10_15_7) AppleWebKit/537.36 (KHTML, like Gecko) Chrome/116.0.0.0 Safari/537.36"
13.115.217.1 - - [06/Jul/2025:10:14:38 -0400] "GET /wp-content/plugins/elementor/assets/js/frontend-modules.min.js?ver=3.28.4 HTTP/1.1" 304 0 "https://dangroup.sa/242chyg23879.html" "Mozilla/5.0 (Macintosh; Intel Mac OS X 10_15_7) AppleWebKit/537.36 (KHTML, like Gecko) Chrome/116.0.0.0 Safari/537.36"
13.115.217.1 - - [06/Jul/2025:10:14:38 -0400] "GET /wp-content/plugins/contact-form-7/includes/js/index.js?ver=5.9.8 HTTP/1.1" 200 4002 "https://dangroup.sa/242chyg23879.html" "Mozilla/5.0 (Macintosh; Intel Mac OS X 10_15_7) AppleWebKit/537.36 (KHTML, like Gecko) Chrome/116.0.0.0 Safari/537.36"
13.115.217.1 - - [06/Jul/2025:10:14:38 -0400] "GET /wp-content/plugins/wcf-addons-pro/assets/js/wcf-addons-pro.js?ver=6.8 HTTP/1.1" 200 7688 "https://dangroup.sa/242chyg23879.html" "Mozilla/5.0 (Macintosh; Intel Mac OS X 10_15_7) AppleWebKit/537.36 (KHTML, like Gecko) Chrome/116.0.0.0 Safari/537.36"
13.115.217.1 - - [06/Jul/2025:10:14:38 -0400] "GET /wp-content/plugins/animation-addons-for-elementor/assets/js/wcf-addons.min.js?ver=6.8 HTTP/1.1" 304 0 "https://dangroup.sa/242chyg23879.html" "Mozilla/5.0 (Macintosh; Intel Mac OS X 10_15_7) AppleWebKit/537.36 (KHTML, like Gecko) Chrome/116.0.0.0 Safari/537.36"
13.115.217.1 - - [06/Jul/2025:10:14:38 -0400] "GET /wp-content/uploads/elementor/css/custom-widget-icon-list-rtl.min.css?ver=1748904914 HTTP/1.1" 200 935 "https://dangroup.sa/242chyg23879.html" "Mozilla/5.0 (Macintosh; Intel Mac OS X 10_15_7) AppleWebKit/537.36 (KHTML, like Gecko) Chrome/116.0.0.0 Safari/537.36"
13.115.217.1 - - [06/Jul/2025:10:14:38 -0400] "GET /wp-content/plugins/extension-for-animation-addons/assets/lib/gsap.min.js?ver=6.8 HTTP/1.1" 200 27131 "https://dangroup.sa/242chyg23879.html" "Mozilla/5.0 (Macintosh; Intel Mac OS X 10_15_7) AppleWebKit/537.36 (KHTML, like Gecko) Chrome/116.0.0.0 Safari/537.36"
13.115.217.1 - - [06/Jul/2025:10:14:38 -0400] "GET /wp-content/plugins/extension-for-animation-addons/assets/lib/ScrollTrigger.min.js?ver=6.8 HTTP/1.1" 304 0 "https://dangroup.sa/242chyg23879.html" "Mozilla/5.0 (Macintosh; Intel Mac OS X 10_15_7) AppleWebKit/537.36 (KHTML, like Gecko) Chrome/116.0.0.0 Safari/537.36"
13.115.217.1 - - [06/Jul/2025:10:14:38 -0400] "GET /wp-content/themes/arolax/assets/js/script.js?ver=2 HTTP/1.1" 304 0 "https://dangroup.sa/242chyg23879.html" "Mozilla/5.0 (Macintosh; Intel Mac OS X 10_15_7) AppleWebKit/537.36 (KHTML, like Gecko) Chrome/116.0.0.0 Safari/537.36"
13.115.217.1 - - [06/Jul/2025:10:14:38 -0400] "GET /wp-content/plugins/extension-for-animation-addons/assets/lib/jquery.magnific-popup.min.js?ver=6.8 HTTP/1.1" 304 0 "https://dangroup.sa/242chyg23879.html" "Mozilla/5.0 (Macintosh; Intel Mac OS X 10_15_7) AppleWebKit/537.36 (KHTML, like Gecko) Chrome/116.0.0.0 Safari/537.36"
13.115.217.1 - - [06/Jul/2025:10:14:38 -0400] "GET /wp-content/plugins/elementor-pro/assets/js/webpack-pro.runtime.min.js?ver=3.29.1 HTTP/1.1" 304 0 "https://dangroup.sa/242chyg23879.html" "Mozilla/5.0 (Macintosh; Intel Mac OS X 10_15_7) AppleWebKit/537.36 (KHTML, like Gecko) Chrome/116.0.0.0 Safari/537.36"
13.115.217.1 - - [06/Jul/2025:10:14:38 -0400] "GET /wp-content/plugins/elementor-pro/assets/js/frontend.min.js?ver=3.29.1 HTTP/1.1" 304 0 "https://dangroup.sa/242chyg23879.html" "Mozilla/5.0 (Macintosh; Intel Mac OS X 10_15_7) AppleWebKit/537.36 (KHTML, like Gecko) Chrome/116.0.0.0 Safari/537.36"
13.115.217.1 - - [06/Jul/2025:10:14:38 -0400] "GET /wp-content/themes/arolax/assets/fonts/icomoon.ttf?nh9vrv HTTP/1.1" 200 21708 "https://dangroup.sa/wp-content/themes/arolax/assets/css/custom-icons.min.css?ver=2" "Mozilla/5.0 (Macintosh; Intel Mac OS X 10_15_7) AppleWebKit/537.36 (KHTML, like Gecko) Chrome/116.0.0.0 Safari/537.36"
13.115.217.1 - - [06/Jul/2025:10:14:38 -0400] "GET /wp-content/plugins/elementor/assets/js/webpack.runtime.min.js?ver=3.28.4 HTTP/1.1" 304 0 "https://dangroup.sa/242chyg23879.html" "Mozilla/5.0 (Macintosh; Intel Mac OS X 10_15_7) AppleWebKit/537.36 (KHTML, like Gecko) Chrome/116.0.0.0 Safari/537.36"
13.115.217.1 - - [06/Jul/2025:10:14:38 -0400] "GET /wp-includes/js/dist/hooks.min.js?ver=4d63a3d491d11ffd8ac6 HTTP/1.1" 304 0 "https://dangroup.sa/242chyg23879.html" "Mozilla/5.0 (Macintosh; Intel Mac OS X 10_15_7) AppleWebKit/537.36 (KHTML, like Gecko) Chrome/116.0.0.0 Safari/537.36"
13.115.217.1 - - [06/Jul/2025:10:14:38 -0400] "GET /wp-content/plugins/extension-for-animation-addons/assets/lib/SplitText.min.js?ver=6.8 HTTP/1.1" 304 0 "https://dangroup.sa/242chyg23879.html" "Mozilla/5.0 (Macintosh; Intel Mac OS X 10_15_7) AppleWebKit/537.36 (KHTML, like Gecko) Chrome/116.0.0.0 Safari/537.36"
13.115.217.1 - - [06/Jul/2025:10:14:38 -0400] "GET /wp-content/plugins/elementor/assets/css/widget-heading-rtl.min.css?ver=3.28.4 HTTP/1.1" 200 154 "https://dangroup.sa/242chyg23879.html" "Mozilla/5.0 (Macintosh; Intel Mac OS X 10_15_7) AppleWebKit/537.36 (KHTML, like Gecko) Chrome/116.0.0.0 Safari/537.36"
13.115.217.1 - - [06/Jul/2025:10:14:38 -0400] "GET /wp-content/uploads/2024/06/Group-11-7.png HTTP/1.1" 304 0 "https://dangroup.sa/242chyg23879.html" "Mozilla/5.0 (Macintosh; Intel Mac OS X 10_15_7) AppleWebKit/537.36 (KHTML, like Gecko) Chrome/116.0.0.0 Safari/537.36"
13.115.217.1 - - [06/Jul/2025:10:14:38 -0400] "GET /wp-content/plugins/extension-for-animation-addons/assets/lib/ScrollSmoother.min.js?ver=6.8 HTTP/1.1" 200 4823 "https://dangroup.sa/242chyg23879.html" "Mozilla/5.0 (Macintosh; Intel Mac OS X 10_15_7) AppleWebKit/537.36 (KHTML, like Gecko) Chrome/116.0.0.0 Safari/537.36"
13.115.217.1 - - [06/Jul/2025:10:14:38 -0400] "GET /wp-content/themes/arolax/assets/js/bootstrap.bundle.min.js?ver=2 HTTP/1.1" 304 0 "https://dangroup.sa/242chyg23879.html" "Mozilla/5.0 (Macintosh; Intel Mac OS X 10_15_7) AppleWebKit/537.36 (KHTML, like Gecko) Chrome/116.0.0.0 Safari/537.36"
13.115.217.1 - - [06/Jul/2025:10:14:38 -0400] "GET /wp-content/plugins/wp-consent-api/assets/js/wp-consent-api.min.js?ver=1.0.8 HTTP/1.1" 304 0 "https://dangroup.sa/242chyg23879.html" "Mozilla/5.0 (Macintosh; Intel Mac OS X 10_15_7) AppleWebKit/537.36 (KHTML, like Gecko) Chrome/116.0.0.0 Safari/537.36"
13.115.217.1 - - [06/Jul/2025:10:14:38 -0400] "GET /wp-content/plugins/chaty/js/cht-front-script.min.js?ver=3.4.21748763706 HTTP/1.1" 304 0 "https://dangroup.sa/242chyg23879.html" "Mozilla/5.0 (Macintosh; Intel Mac OS X 10_15_7) AppleWebKit/537.36 (KHTML, like Gecko) Chrome/116.0.0.0 Safari/537.36"
13.115.217.1 - - [06/Jul/2025:10:14:38 -0400] "GET /wp-content/plugins/animation-addons-for-elementor/assets/css/widgets/social-icons.min.css?ver=6.8 HTTP/1.1" 200 148 "https://dangroup.sa/242chyg23879.html" "Mozilla/5.0 (Macintosh; Intel Mac OS X 10_15_7) AppleWebKit/537.36 (KHTML, like Gecko) Chrome/116.0.0.0 Safari/537.36"
13.115.217.1 - - [06/Jul/2025:10:14:38 -0400] "GET /wp-content/plugins/extension-for-animation-addons/assets/lib/ScrollToPlugin.min.js?ver=6.8 HTTP/1.1" 200 1773 "https://dangroup.sa/242chyg23879.html" "Mozilla/5.0 (Macintosh; Intel Mac OS X 10_15_7) AppleWebKit/537.36 (KHTML, like Gecko) Chrome/116.0.0.0 Safari/537.36"
13.115.217.1 - - [06/Jul/2025:10:14:38 -0400] "GET /wp-content/plugins/elementor/assets/js/frontend.min.js?ver=3.28.4 HTTP/1.1" 304 0 "https://dangroup.sa/242chyg23879.html" "Mozilla/5.0 (Macintosh; Intel Mac OS X 10_15_7) AppleWebKit/537.36 (KHTML, like Gecko) Chrome/116.0.0.0 Safari/537.36"
13.115.217.1 - - [06/Jul/2025:10:14:38 -0400] "GET /wp-includes/js/jquery/ui/core.min.js?ver=1.13.3 HTTP/1.1" 304 0 "https://dangroup.sa/242chyg23879.html" "Mozilla/5.0 (Macintosh; Intel Mac OS X 10_15_7) AppleWebKit/537.36 (KHTML, like Gecko) Chrome/116.0.0.0 Safari/537.36"
13.115.217.1 - - [06/Jul/2025:10:14:38 -0400] "GET /wp-content/themes/arolax/assets/js/jquery.meanmenu.min.js?ver=2 HTTP/1.1" 304 0 "https://dangroup.sa/242chyg23879.html" "Mozilla/5.0 (Macintosh; Intel Mac OS X 10_15_7) AppleWebKit/537.36 (KHTML, like Gecko) Chrome/116.0.0.0 Safari/537.36"
13.115.217.1 - - [06/Jul/2025:10:14:38 -0400] "GET /wp-content/plugins/animation-addons-for-elementor/assets/js/widgets/nav-menu.min.js?ver=6.8 HTTP/1.1" 304 0 "https://dangroup.sa/242chyg23879.html" "Mozilla/5.0 (Macintosh; Intel Mac OS X 10_15_7) AppleWebKit/537.36 (KHTML, like Gecko) Chrome/116.0.0.0 Safari/537.36"
13.115.217.1 - - [06/Jul/2025:10:14:38 -0400] "GET /wp-includes/js/dist/i18n.min.js?ver=5e580eb46a90c2b997e6 HTTP/1.1" 304 0 "https://dangroup.sa/242chyg23879.html" "Mozilla/5.0 (Macintosh; Intel Mac OS X 10_15_7) AppleWebKit/537.36 (KHTML, like Gecko) Chrome/116.0.0.0 Safari/537.36"
13.115.217.1 - - [06/Jul/2025:10:14:38 -0400] "GET /wp-content/plugins/contact-form-7/includes/swv/js/index.js?ver=5.9.8 HTTP/1.1" 304 0 "https://dangroup.sa/242chyg23879.html" "Mozilla/5.0 (Macintosh; Intel Mac OS X 10_15_7) AppleWebKit/537.36 (KHTML, like Gecko) Chrome/116.0.0.0 Safari/537.36"
13.115.217.1 - - [06/Jul/2025:10:14:38 -0400] "GET /wp-content/plugins/extension-for-animation-addons/assets/js/wcf-addons-ex.js?ver=6.8 HTTP/1.1" 304 0 "https://dangroup.sa/242chyg23879.html" "Mozilla/5.0 (Macintosh; Intel Mac OS X 10_15_7) AppleWebKit/537.36 (KHTML, like Gecko) Chrome/116.0.0.0 Safari/537.36"
13.115.217.1 - - [06/Jul/2025:10:14:38 -0400] "GET /wp-content/plugins/google-site-kit/dist/assets/js/googlesitekit-events-provider-contact-form-7-84e9a1056bc4922b7cbd.js HTTP/1.1" 304 0 "https://dangroup.sa/242chyg23879.html" "Mozilla/5.0 (Macintosh; Intel Mac OS X 10_15_7) AppleWebKit/537.36 (KHTML, like Gecko) Chrome/116.0.0.0 Safari/537.36"
13.115.217.1 - - [06/Jul/2025:10:14:38 -0400] "GET /wp-content/plugins/google-site-kit/dist/assets/js/googlesitekit-consent-mode-8917f4bdb6ac659920cf.js HTTP/1.1" 200 24940 "https://dangroup.sa/242chyg23879.html" "Mozilla/5.0 (Macintosh; Intel Mac OS X 10_15_7) AppleWebKit/537.36 (KHTML, like Gecko) Chrome/116.0.0.0 Safari/537.36"
13.115.217.1 - - [06/Jul/2025:10:14:39 -0400] "GET /wp-content/uploads/elementor/google-fonts/fonts/elmessiri-k2f0fzbrmr9vq1pheey6mo2aag.woff2 HTTP/1.1" 304 0 "https://dangroup.sa/wp-content/uploads/elementor/google-fonts/css/elmessiri.css?ver=1748631377" "Mozilla/5.0 (Macintosh; Intel Mac OS X 10_15_7) AppleWebKit/537.36 (KHTML, like Gecko) Chrome/116.0.0.0 Safari/537.36"
13.115.217.1 - - [06/Jul/2025:10:14:39 -0400] "GET /wp-content/uploads/elementor/google-fonts/fonts/elmessiri-k2f0fzbrmr9vq1pheey6moiaahlz.woff2 HTTP/1.1" 304 0 "https://dangroup.sa/wp-content/uploads/elementor/google-fonts/css/elmessiri.css?ver=1748631377" "Mozilla/5.0 (Macintosh; Intel Mac OS X 10_15_7) AppleWebKit/537.36 (KHTML, like Gecko) Chrome/116.0.0.0 Safari/537.36"
136.243.228.194 - - [06/Jul/2025:10:14:35 -0400] "GET /items/zwlbf275/13949?key=mortgage HTTP/1.1" 404 23129 "-" "Mozilla/5.0 (compatible; DataForSeoBot/1.0; +https://dataforseo.com/dataforseo-bot)"
66.249.65.196 - - [06/Jul/2025:10:14:43 -0400] "GET /82ddpg40151.html HTTP/1.1" 200 87130 "-" "Mozilla/5.0 (Linux; Android 6.0.1; Nexus 5X Build/MMB29P) AppleWebKit/537.36 (KHTML, like Gecko) Chrome/137.0.7151.103 Mobile Safari/537.36 (compatible; Googlebot/2.1; +http://www.google.com/bot.html)"
20.171.207.36 - - [06/Jul/2025:10:14:40 -0400] "GET /185yfgbn16464.html HTTP/1.1" 404 23128 "-" "Mozilla/5.0 AppleWebKit/537.36 (KHTML, like Gecko; compatible; GPTBot/1.2; +https://openai.com/gptbot)"
136.243.228.194 - - [06/Jul/2025:10:14:40 -0400] "GET /items/ofsdj169/21867?key=to HTTP/1.1" 404 23127 "-" "Mozilla/5.0 (compatible; DataForSeoBot/1.0; +https://dataforseo.com/dataforseo-bot)"
66.249.65.196 - - [06/Jul/2025:10:14:46 -0400] "GET /product/edit/q-uoli-qr9261294679 HTTP/1.1" 200 88074 "-" "Mozilla/5.0 (Linux; Android 6.0.1; Nexus 5X Build/MMB29P) AppleWebKit/537.36 (KHTML, like Gecko) Chrome/137.0.7151.103 Mobile Safari/537.36 (compatible; Googlebot/2.1; +http://www.google.com/bot.html)"
136.243.228.194 - - [06/Jul/2025:10:14:46 -0400] "GET /10qaqyd26157.html HTTP/1.1" 404 23129 "-" "Mozilla/5.0 (compatible; DataForSeoBot/1.0; +https://dataforseo.com/dataforseo-bot)"
66.249.65.196 - - [06/Jul/2025:10:14:52 -0400] "GET /pcmypage?callback=product%2Fdetail%2Fsakan8man-trus-1850570 HTTP/1.1" 200 86902 "-" "Mozilla/5.0 (Linux; Android 6.0.1; Nexus 5X Build/MMB29P) AppleWebKit/537.36 (KHTML, like Gecko) Chrome/137.0.7151.103 Mobile Safari/537.36 (compatible; Googlebot/2.1; +http://www.google.com/bot.html)"
136.243.228.194 - - [06/Jul/2025:10:14:51 -0400] "GET /149krsgz5004.html HTTP/1.1" 404 23127 "-" "Mozilla/5.0 (compatible; DataForSeoBot/1.0; +https://dataforseo.com/dataforseo-bot)"
136.243.228.194 - - [06/Jul/2025:10:14:57 -0400] "GET /items/eykwc153/32435?key=sack HTTP/1.1" 404 23127 "-" "Mozilla/5.0 (compatible; DataForSeoBot/1.0; +https://dataforseo.com/dataforseo-bot)"
66.29.146.47 - - [06/Jul/2025:10:15:00 -0400] "POST /wp-cron.php?doing_wp_cron=1751811300.7464909553527832031250 HTTP/1.1" 403 1242 "-" "WordPress/6.8; https://dangroup.sa"
47.82.60.16 - - [06/Jul/2025:10:15:00 -0400] "GET /11mhn40518.html HTTP/1.1" 301 0 "https://www.dangroup.sa/11mhn40518.html" "Mozilla/5.0 (Windows NT 10.0; Win64; x64) AppleWebKit/537.36 (KHTML, like Gecko) Chrome/114.0.0.0 Safari/537.36 Edg/114.0.1823.43"
66.249.65.196 - - [06/Jul/2025:10:15:01 -0400] "GET /pcmypage?callback=product/review/kiro-2-p50798501 HTTP/1.1" 200 87253 "-" "Mozilla/5.0 (compatible; Googlebot/2.1; +http://www.google.com/bot.html)"
47.82.60.16 - - [06/Jul/2025:10:15:02 -0400] "GET /11mhn40518.html HTTP/1.1" 404 23127 "https://www.dangroup.sa/11mhn40518.html" "Mozilla/5.0 (Windows NT 10.0; Win64; x64) AppleWebKit/537.36 (KHTML, like Gecko) Chrome/114.0.0.0 Safari/537.36 Edg/114.0.1823.43"
136.243.228.194 - - [06/Jul/2025:10:15:02 -0400] "GET /20jcvm2409.html HTTP/1.1" 404 23127 "-" "Mozilla/5.0 (compatible; DataForSeoBot/1.0; +https://dataforseo.com/dataforseo-bot)"
20.171.207.36 - - [06/Jul/2025:10:15:08 -0400] "GET /105fcwbh33886.html HTTP/1.1" 404 23127 "-" "Mozilla/5.0 AppleWebKit/537.36 (KHTML, like Gecko; compatible; GPTBot/1.2; +https://openai.com/gptbot)"
136.243.228.194 - - [06/Jul/2025:10:15:11 -0400] "GET /items/gxnrg28/32358?key=improvement HTTP/1.1" 404 23127 "-" "Mozilla/5.0 (compatible; DataForSeoBot/1.0; +https://dataforseo.com/dataforseo-bot)"
66.249.74.168 - - [06/Jul/2025:10:15:17 -0400] "GET /man/customer_guide HTTP/1.1" 200 87402 "-" "Mozilla/5.0 (Linux; Android 6.0.1; Nexus 5X Build/MMB29P) AppleWebKit/537.36 (KHTML, like Gecko) Chrome/137.0.7151.119 Mobile Safari/537.36 (compatible; Googlebot/2.1; +http://www.google.com/bot.html)"
136.243.228.194 - - [06/Jul/2025:10:15:18 -0400] "GET /items/laopq192/34846?key=rose HTTP/1.1" 404 23127 "-" "Mozilla/5.0 (compatible; DataForSeoBot/1.0; +https://dataforseo.com/dataforseo-bot)"
136.243.228.194 - - [06/Jul/2025:10:15:23 -0400] "GET /207ofl35126.html HTTP/1.1" 404 23127 "-" "Mozilla/5.0 (compatible; DataForSeoBot/1.0; +https://dataforseo.com/dataforseo-bot)"
136.243.228.194 - - [06/Jul/2025:10:15:29 -0400] "GET /195pikki18284.html HTTP/1.1" 404 23196 "-" "Mozilla/5.0 (compatible; DataForSeoBot/1.0; +https://dataforseo.com/dataforseo-bot)"
66.249.65.196 - - [06/Jul/2025:10:15:42 -0400] "GET /items/otghg278/49386?key=builder HTTP/1.1" 200 86342 "-" "Mozilla/5.0 (compatible; Googlebot/2.1; +http://www.google.com/bot.html)"
