136.243.228.194 - - [06/Jul/2025:09:42:13 -0400] "GET /items/caedw135/47853?key=absolutely HTTP/1.1" 404 23127 "-" "Mozilla/5.0 (compatible; DataForSeoBot/1.0; +https://dataforseo.com/dataforseo-bot)"
136.243.228.194 - - [06/Jul/2025:09:42:19 -0400] "GET /55bab34862.html HTTP/1.1" 404 23127 "-" "Mozilla/5.0 (compatible; DataForSeoBot/1.0; +https://dataforseo.com/dataforseo-bot)"
136.243.228.194 - - [06/Jul/2025:09:42:23 -0400] "GET /items/pauye23/33505?key=helmet HTTP/1.1" 404 23127 "-" "Mozilla/5.0 (compatible; DataForSeoBot/1.0; +https://dataforseo.com/dataforseo-bot)"
136.243.228.194 - - [06/Jul/2025:09:42:27 -0400] "GET /items/kxuvc87/43923?key=talk HTTP/1.1" 404 23127 "-" "Mozilla/5.0 (compatible; DataForSeoBot/1.0; +https://dataforseo.com/dataforseo-bot)"
66.29.146.47 - - [06/Jul/2025:09:42:33 -0400] "POST /wp-cron.php?doing_wp_cron=1751809353.5772340297698974609375 HTTP/1.1" 403 1242 "-" "WordPress/6.8; https://dangroup.sa"
66.249.65.192 - - [06/Jul/2025:09:42:34 -0400] "GET /9wczh25692.html HTTP/1.1" 200 86637 "-" "Mozilla/5.0 (Linux; Android 6.0.1; Nexus 5X Build/MMB29P) AppleWebKit/537.36 (KHTML, like Gecko) Chrome/137.0.7151.119 Mobile Safari/537.36 (compatible; Googlebot/2.1; +http://www.google.com/bot.html)"
136.243.228.194 - - [06/Jul/2025:09:42:33 -0400] "GET /232hdvzh42019.html HTTP/1.1" 404 23129 "-" "Mozilla/5.0 (compatible; DataForSeoBot/1.0; +https://dataforseo.com/dataforseo-bot)"
66.249.65.192 - - [06/Jul/2025:09:42:42 -0400] "GET /items/efzzm14/11572?key=onion HTTP/1.1" 200 87519 "-" "Mozilla/5.0 (Linux; Android 6.0.1; Nexus 5X Build/MMB29P) AppleWebKit/537.36 (KHTML, like Gecko) Chrome/137.0.7151.103 Mobile Safari/537.36 (compatible; Googlebot/2.1; +http://www.google.com/bot.html)"
136.243.228.194 - - [06/Jul/2025:09:42:39 -0400] "GET /67mrxyx27460.html HTTP/1.1" 404 23127 "-" "Mozilla/5.0 (compatible; DataForSeoBot/1.0; +https://dataforseo.com/dataforseo-bot)"
66.249.65.192 - - [06/Jul/2025:09:42:44 -0400] "GET /65efc26408.html HTTP/1.1" 200 87200 "-" "Mozilla/5.0 (Linux; Android 6.0.1; Nexus 5X Build/MMB29P) AppleWebKit/537.36 (KHTML, like Gecko) Chrome/137.0.7151.103 Mobile Safari/537.36 (compatible; Googlebot/2.1; +http://www.google.com/bot.html)"
20.171.207.36 - - [06/Jul/2025:09:42:40 -0400] "GET /238bhhjf24869.html HTTP/1.1" 404 23127 "-" "Mozilla/5.0 AppleWebKit/537.36 (KHTML, like Gecko; compatible; GPTBot/1.2; +https://openai.com/gptbot)"
136.243.228.194 - - [06/Jul/2025:09:42:44 -0400] "GET /263tlxry43244.html HTTP/1.1" 404 23127 "-" "Mozilla/5.0 (compatible; DataForSeoBot/1.0; +https://dataforseo.com/dataforseo-bot)"
66.249.65.193 - - [06/Jul/2025:09:42:48 -0400] "GET /281lmdq14922.html HTTP/1.1" 200 87034 "-" "Mozilla/5.0 (Linux; Android 6.0.1; Nexus 5X Build/MMB29P) AppleWebKit/537.36 (KHTML, like Gecko) Chrome/137.0.7151.119 Mobile Safari/537.36 (compatible; Googlebot/2.1; +http://www.google.com/bot.html)"
136.243.228.194 - - [06/Jul/2025:09:42:50 -0400] "GET /items/iapyl34/4614?key=salad HTTP/1.1" 404 23127 "-" "Mozilla/5.0 (compatible; DataForSeoBot/1.0; +https://dataforseo.com/dataforseo-bot)"
136.243.228.194 - - [06/Jul/2025:09:42:56 -0400] "GET /items/kcwme83/31359?key=kitchen HTTP/1.1" 404 23129 "-" "Mozilla/5.0 (compatible; DataForSeoBot/1.0; +https://dataforseo.com/dataforseo-bot)"
66.249.65.193 - - [06/Jul/2025:09:42:59 -0400] "GET /items/xrtrv107/46727?key=flight HTTP/1.1" 200 87094 "-" "Mozilla/5.0 (Linux; Android 6.0.1; Nexus 5X Build/MMB29P) AppleWebKit/537.36 (KHTML, like Gecko) Chrome/137.0.7151.119 Mobile Safari/537.36 (compatible; Googlebot/2.1; +http://www.google.com/bot.html)"
66.249.74.169 - - [06/Jul/2025:09:43:02 -0400] "GET /pcmypage?callback=/product%2Fdetail%2vie-up-ds-2236030 HTTP/1.1" 403 1242 "-" "Mozilla/5.0 (Linux; Android 6.0.1; Nexus 5X Build/MMB29P) AppleWebKit/537.36 (KHTML, like Gecko) Chrome/137.0.7151.103 Mobile Safari/537.36 (compatible; Googlebot/2.1; +http://www.google.com/bot.html)"
66.249.65.193 - - [06/Jul/2025:09:43:03 -0400] "GET /items/zuofr41/1195?key=relieve HTTP/1.1" 200 87184 "-" "Mozilla/5.0 (Linux; Android 6.0.1; Nexus 5X Build/MMB29P) AppleWebKit/537.36 (KHTML, like Gecko) Chrome/137.0.7151.119 Mobile Safari/537.36 (compatible; Googlebot/2.1; +http://www.google.com/bot.html)"
136.243.228.194 - - [06/Jul/2025:09:43:01 -0400] "GET /208ktgi24051.html HTTP/1.1" 404 23127 "-" "Mozilla/5.0 (compatible; DataForSeoBot/1.0; +https://dataforseo.com/dataforseo-bot)"
66.249.65.192 - - [06/Jul/2025:09:43:06 -0400] "GET /157ixs37210.html HTTP/1.1" 200 86543 "-" "Mozilla/5.0 (Linux; Android 6.0.1; Nexus 5X Build/MMB29P) AppleWebKit/537.36 (KHTML, like Gecko) Chrome/137.0.7151.103 Mobile Safari/537.36 (compatible; Googlebot/2.1; +http://www.google.com/bot.html)"
136.243.228.194 - - [06/Jul/2025:09:43:05 -0400] "GET /items/kykct62/38526?key=crucial HTTP/1.1" 404 23127 "-" "Mozilla/5.0 (compatible; DataForSeoBot/1.0; +https://dataforseo.com/dataforseo-bot)"
20.171.207.36 - - [06/Jul/2025:09:43:06 -0400] "GET /142sjkum20631.html HTTP/1.1" 404 23129 "-" "Mozilla/5.0 AppleWebKit/537.36 (KHTML, like Gecko; compatible; GPTBot/1.2; +https://openai.com/gptbot)"
136.243.228.194 - - [06/Jul/2025:09:43:12 -0400] "GET /items/lofny145/49157?key=method HTTP/1.1" 404 23127 "-" "Mozilla/5.0 (compatible; DataForSeoBot/1.0; +https://dataforseo.com/dataforseo-bot)"
136.243.228.194 - - [06/Jul/2025:09:43:16 -0400] "GET /items/ozpva144/42268?key=loyal HTTP/1.1" 404 23127 "-" "Mozilla/5.0 (compatible; DataForSeoBot/1.0; +https://dataforseo.com/dataforseo-bot)"
136.243.228.194 - - [06/Jul/2025:09:43:22 -0400] "GET /274kkh14609.html HTTP/1.1" 404 23127 "-" "Mozilla/5.0 (compatible; DataForSeoBot/1.0; +https://dataforseo.com/dataforseo-bot)"
66.249.65.192 - - [06/Jul/2025:09:43:25 -0400] "GET /89mmxdq126.html HTTP/1.1" 200 87099 "-" "Mozilla/5.0 (Linux; Android 6.0.1; Nexus 5X Build/MMB29P) AppleWebKit/537.36 (KHTML, like Gecko) Chrome/137.0.7151.103 Mobile Safari/537.36 (compatible; Googlebot/2.1; +http://www.google.com/bot.html)"
136.243.228.194 - - [06/Jul/2025:09:43:27 -0400] "GET /items/kvgmj189/18053?key=concede HTTP/1.1" 404 23129 "-" "Mozilla/5.0 (compatible; DataForSeoBot/1.0; +https://dataforseo.com/dataforseo-bot)"
66.249.65.192 - - [06/Jul/2025:09:43:30 -0400] "GET /168txxqx3423.html HTTP/1.1" 200 86828 "-" "Mozilla/5.0 (compatible; Googlebot/2.1; +http://www.google.com/bot.html)"
66.249.65.192 - - [06/Jul/2025:09:43:33 -0400] "GET /items/uvhrn273/41295?key=intend HTTP/1.1" 200 86991 "-" "Mozilla/5.0 (Linux; Android 6.0.1; Nexus 5X Build/MMB29P) AppleWebKit/537.36 (KHTML, like Gecko) Chrome/137.0.7151.103 Mobile Safari/537.36 (compatible; Googlebot/2.1; +http://www.google.com/bot.html)"
66.29.146.47 - - [06/Jul/2025:09:43:34 -0400] "POST /wp-cron.php?doing_wp_cron=1751809414.3492679595947265625000 HTTP/1.1" 403 1242 "-" "WordPress/6.8; https://dangroup.sa"
136.243.228.194 - - [06/Jul/2025:09:43:31 -0400] "GET /items/bworm17/28937?key=essence HTTP/1.1" 404 23129 "-" "Mozilla/5.0 (compatible; DataForSeoBot/1.0; +https://dataforseo.com/dataforseo-bot)"
20.171.207.36 - - [06/Jul/2025:09:43:33 -0400] "GET /161zptvb20198.html HTTP/1.1" 404 23128 "-" "Mozilla/5.0 AppleWebKit/537.36 (KHTML, like Gecko; compatible; GPTBot/1.2; +https://openai.com/gptbot)"
66.249.65.192 - - [06/Jul/2025:09:43:37 -0400] "GET /219auu21856.html HTTP/1.1" 200 87288 "-" "Mozilla/5.0 (compatible; Googlebot/2.1; +http://www.google.com/bot.html)"
66.249.65.193 - - [06/Jul/2025:09:43:38 -0400] "GET /pcmypage?callback=product/review/trigger-i-rc_ith87k7zmveq_yujd HTTP/1.1" 200 86293 "-" "Mozilla/5.0 (compatible; Googlebot/2.1; +http://www.google.com/bot.html)"
136.243.228.194 - - [06/Jul/2025:09:43:37 -0400] "GET /items/scnmc90/40568?key=facility HTTP/1.1" 404 23127 "-" "Mozilla/5.0 (compatible; DataForSeoBot/1.0; +https://dataforseo.com/dataforseo-bot)"
66.249.65.192 - - [06/Jul/2025:09:43:41 -0400] "GET /185xrna29892.html HTTP/1.1" 200 86422 "-" "Mozilla/5.0 (Linux; Android 6.0.1; Nexus 5X Build/MMB29P) AppleWebKit/537.36 (KHTML, like Gecko) Chrome/137.0.7151.103 Mobile Safari/537.36 (compatible; Googlebot/2.1; +http://www.google.com/bot.html)"
136.243.228.194 - - [06/Jul/2025:09:43:42 -0400] "GET /202fksjs40231.html HTTP/1.1" 404 23127 "-" "Mozilla/5.0 (compatible; DataForSeoBot/1.0; +https://dataforseo.com/dataforseo-bot)"
66.249.65.193 - - [06/Jul/2025:09:43:45 -0400] "GET /items/matkp207/49043?key=glad HTTP/1.1" 200 86590 "-" "Mozilla/5.0 (Linux; Android 6.0.1; Nexus 5X Build/MMB29P) AppleWebKit/537.36 (KHTML, like Gecko) Chrome/137.0.7151.103 Mobile Safari/537.36 (compatible; Googlebot/2.1; +http://www.google.com/bot.html)"
136.243.228.194 - - [06/Jul/2025:09:43:45 -0400] "GET /297zelna37074.html HTTP/1.1" 404 23127 "-" "Mozilla/5.0 (compatible; DataForSeoBot/1.0; +https://dataforseo.com/dataforseo-bot)"
136.243.228.194 - - [06/Jul/2025:09:43:50 -0400] "GET /247hehzq13160.html HTTP/1.1" 404 23127 "-" "Mozilla/5.0 (compatible; DataForSeoBot/1.0; +https://dataforseo.com/dataforseo-bot)"
136.243.228.194 - - [06/Jul/2025:09:43:54 -0400] "GET /items/iowtx51/505?key=word HTTP/1.1" 404 23127 "-" "Mozilla/5.0 (compatible; DataForSeoBot/1.0; +https://dataforseo.com/dataforseo-bot)"
66.249.65.192 - - [06/Jul/2025:09:43:59 -0400] "GET /pcmypage?callback=product%2Fdetail%2Fsetagaya-kagu-ds-2235997 HTTP/1.1" 200 86533 "-" "Mozilla/5.0 (compatible; Googlebot/2.1; +http://www.google.com/bot.html)"
66.249.65.194 - - [06/Jul/2025:09:44:01 -0400] "GET /6pyoo21127.html HTTP/1.1" 200 87654 "-" "Mozilla/5.0 (Linux; Android 6.0.1; Nexus 5X Build/MMB29P) AppleWebKit/537.36 (KHTML, like Gecko) Chrome/137.0.7151.119 Mobile Safari/537.36 (compatible; Googlebot/2.1; +http://www.google.com/bot.html)"
136.243.228.194 - - [06/Jul/2025:09:43:59 -0400] "GET /items/zjaxt260/4704?key=drop HTTP/1.1" 404 23127 "-" "Mozilla/5.0 (compatible; DataForSeoBot/1.0; +https://dataforseo.com/dataforseo-bot)"
66.249.65.193 - - [06/Jul/2025:09:44:02 -0400] "GET /61gazgt6810.html HTTP/1.1" 200 88136 "-" "Mozilla/5.0 (Linux; Android 6.0.1; Nexus 5X Build/MMB29P) AppleWebKit/537.36 (KHTML, like Gecko) Chrome/137.0.7151.103 Mobile Safari/537.36 (compatible; Googlebot/2.1; +http://www.google.com/bot.html)"
20.171.207.36 - - [06/Jul/2025:09:44:00 -0400] "GET /124pvcwf49265.html HTTP/1.1" 404 23129 "-" "Mozilla/5.0 AppleWebKit/537.36 (KHTML, like Gecko; compatible; GPTBot/1.2; +https://openai.com/gptbot)"
136.243.228.194 - - [06/Jul/2025:09:44:05 -0400] "GET /208bek22951.html HTTP/1.1" 404 23129 "-" "Mozilla/5.0 (compatible; DataForSeoBot/1.0; +https://dataforseo.com/dataforseo-bot)"
66.249.65.192 - - [06/Jul/2025:09:44:11 -0400] "GET /items/vrxbu134/25968?key=mostly HTTP/1.1" 200 86862 "-" "Mozilla/5.0 (compatible; Googlebot/2.1; +http://www.google.com/bot.html)"
136.243.228.194 - - [06/Jul/2025:09:44:09 -0400] "GET /items/gzvdq272/27044?key=card HTTP/1.1" 404 23129 "-" "Mozilla/5.0 (compatible; DataForSeoBot/1.0; +https://dataforseo.com/dataforseo-bot)"
66.249.65.192 - - [06/Jul/2025:09:44:15 -0400] "GET /pcmypage?callback=product/review/canaria-a-ca-gg0637sk003 HTTP/1.1" 200 86801 "-" "Mozilla/5.0 (Linux; Android 6.0.1; Nexus 5X Build/MMB29P) AppleWebKit/537.36 (KHTML, like Gecko) Chrome/137.0.7151.103 Mobile Safari/537.36 (compatible; Googlebot/2.1; +http://www.google.com/bot.html)"
136.243.228.194 - - [06/Jul/2025:09:44:13 -0400] "GET /items/rlwlt4/12956?key=admission HTTP/1.1" 404 23127 "-" "Mozilla/5.0 (compatible; DataForSeoBot/1.0; +https://dataforseo.com/dataforseo-bot)"
136.243.228.194 - - [06/Jul/2025:09:44:18 -0400] "GET /items/sydtm142/45748?key=cultural HTTP/1.1" 404 23127 "-" "Mozilla/5.0 (compatible; DataForSeoBot/1.0; +https://dataforseo.com/dataforseo-bot)"
66.249.65.193 - - [06/Jul/2025:09:44:23 -0400] "GET /176zzz47477.html HTTP/1.1" 200 87025 "-" "Mozilla/5.0 (compatible; Googlebot/2.1; +http://www.google.com/bot.html)"
66.249.65.193 - - [06/Jul/2025:09:44:24 -0400] "GET /254zbcfx11451.html HTTP/1.1" 200 87332 "-" "Mozilla/5.0 (compatible; Googlebot/2.1; +http://www.google.com/bot.html)"
136.243.228.194 - - [06/Jul/2025:09:44:23 -0400] "GET /183jnny10658.html HTTP/1.1" 404 23127 "-" "Mozilla/5.0 (compatible; DataForSeoBot/1.0; +https://dataforseo.com/dataforseo-bot)"
66.249.65.193 - - [06/Jul/2025:09:44:28 -0400] "GET /items/hcrgf203/40753?key=meanwhile HTTP/1.1" 200 86957 "-" "Mozilla/5.0 (compatible; Googlebot/2.1; +http://www.google.com/bot.html)"
136.243.228.194 - - [06/Jul/2025:09:44:27 -0400] "GET /items/frttj161/48333?key=dough HTTP/1.1" 404 23127 "-" "Mozilla/5.0 (compatible; DataForSeoBot/1.0; +https://dataforseo.com/dataforseo-bot)"
20.171.207.36 - - [06/Jul/2025:09:44:28 -0400] "GET /105atdjn18770.html HTTP/1.1" 404 23129 "-" "Mozilla/5.0 AppleWebKit/537.36 (KHTML, like Gecko; compatible; GPTBot/1.2; +https://openai.com/gptbot)"
136.243.228.194 - - [06/Jul/2025:09:44:33 -0400] "GET /items/ijztq70/19220?key=rather HTTP/1.1" 404 23127 "-" "Mozilla/5.0 (compatible; DataForSeoBot/1.0; +https://dataforseo.com/dataforseo-bot)"
66.29.146.47 - - [06/Jul/2025:09:44:39 -0400] "POST /wp-cron.php?doing_wp_cron=1751809478.9466319084167480468750 HTTP/1.1" 403 1242 "-" "WordPress/6.8; https://dangroup.sa"
136.243.228.194 - - [06/Jul/2025:09:44:38 -0400] "GET /57avpu32364.html HTTP/1.1" 404 23127 "-" "Mozilla/5.0 (compatible; DataForSeoBot/1.0; +https://dataforseo.com/dataforseo-bot)"
66.249.65.194 - - [06/Jul/2025:09:44:41 -0400] "GET /items/dhdyh192/21856?key=complete HTTP/1.1" 200 87301 "-" "Mozilla/5.0 (compatible; Googlebot/2.1; +http://www.google.com/bot.html)"
66.249.65.194 - - [06/Jul/2025:09:44:43 -0400] "GET /pcmypage?callback=product%2Fdetail%2Fr-kojima-4580620258846 HTTP/1.1" 200 86231 "-" "Mozilla/5.0 (compatible; Googlebot/2.1; +http://www.google.com/bot.html)"
136.243.228.194 - - [06/Jul/2025:09:44:44 -0400] "GET /items/dysfz71/33789?key=able HTTP/1.1" 404 23127 "-" "Mozilla/5.0 (compatible; DataForSeoBot/1.0; +https://dataforseo.com/dataforseo-bot)"
66.249.65.194 - - [06/Jul/2025:09:44:50 -0400] "GET /items/lciyh50/27200?key=dump HTTP/1.1" 200 86438 "-" "Mozilla/5.0 (Linux; Android 6.0.1; Nexus 5X Build/MMB29P) AppleWebKit/537.36 (KHTML, like Gecko) Chrome/137.0.7151.119 Mobile Safari/537.36 (compatible; Googlebot/2.1; +http://www.google.com/bot.html)"
136.243.228.194 - - [06/Jul/2025:09:44:49 -0400] "GET /107anrww21342.html HTTP/1.1" 404 23129 "-" "Mozilla/5.0 (compatible; DataForSeoBot/1.0; +https://dataforseo.com/dataforseo-bot)"
66.249.65.194 - - [06/Jul/2025:09:44:53 -0400] "GET /items/wuzzx294/12428?key=reluctant HTTP/1.1" 200 86466 "-" "Mozilla/5.0 (Linux; Android 6.0.1; Nexus 5X Build/MMB29P) AppleWebKit/537.36 (KHTML, like Gecko) Chrome/137.0.7151.103 Mobile Safari/537.36 (compatible; Googlebot/2.1; +http://www.google.com/bot.html)"
136.243.228.194 - - [06/Jul/2025:09:44:53 -0400] "GET /157dkcvf45122.html HTTP/1.1" 404 23127 "-" "Mozilla/5.0 (compatible; DataForSeoBot/1.0; +https://dataforseo.com/dataforseo-bot)"
20.171.207.36 - - [06/Jul/2025:09:44:54 -0400] "GET /230aunpi12125.html HTTP/1.1" 404 23128 "-" "Mozilla/5.0 AppleWebKit/537.36 (KHTML, like Gecko; compatible; GPTBot/1.2; +https://openai.com/gptbot)"
136.243.228.194 - - [06/Jul/2025:09:44:59 -0400] "GET /79boptc9418.html HTTP/1.1" 404 23309 "-" "Mozilla/5.0 (compatible; DataForSeoBot/1.0; +https://dataforseo.com/dataforseo-bot)"
66.249.64.161 - - [06/Jul/2025:09:45:05 -0400] "GET /items/ucsan295/47299?key=tend HTTP/1.1" 200 87420 "-" "Mozilla/5.0 (Linux; Android 6.0.1; Nexus 5X Build/MMB29P) AppleWebKit/537.36 (KHTML, like Gecko) Chrome/137.0.7151.103 Mobile Safari/537.36 (compatible; Googlebot/2.1; +http://www.google.com/bot.html)"
66.249.74.160 - - [06/Jul/2025:09:45:06 -0400] "GET /items/gwkik120/14874?key=draft HTTP/1.1" 200 86881 "-" "Mozilla/5.0 (Linux; Android 6.0.1; Nexus 5X Build/MMB29P) AppleWebKit/537.36 (KHTML, like Gecko) Chrome/137.0.7151.103 Mobile Safari/537.36 (compatible; Googlebot/2.1; +http://www.google.com/bot.html)"
136.243.228.194 - - [06/Jul/2025:09:45:05 -0400] "GET /items/qhqtv279/6287?key=none HTTP/1.1" 404 23127 "-" "Mozilla/5.0 (compatible; DataForSeoBot/1.0; +https://dataforseo.com/dataforseo-bot)"
136.243.228.194 - - [06/Jul/2025:09:45:11 -0400] "GET /179ufnc1194.html HTTP/1.1" 404 23127 "-" "Mozilla/5.0 (compatible; DataForSeoBot/1.0; +https://dataforseo.com/dataforseo-bot)"
136.243.228.194 - - [06/Jul/2025:09:45:16 -0400] "GET /items/trkvc228/1338?key=king HTTP/1.1" 404 23127 "-" "Mozilla/5.0 (compatible; DataForSeoBot/1.0; +https://dataforseo.com/dataforseo-bot)"
20.171.207.36 - - [06/Jul/2025:09:45:20 -0400] "GET /160nfslr10255.html HTTP/1.1" 404 23127 "-" "Mozilla/5.0 AppleWebKit/537.36 (KHTML, like Gecko; compatible; GPTBot/1.2; +https://openai.com/gptbot)"
136.243.228.194 - - [06/Jul/2025:09:45:21 -0400] "GET /112stv15475.html HTTP/1.1" 404 23127 "-" "Mozilla/5.0 (compatible; DataForSeoBot/1.0; +https://dataforseo.com/dataforseo-bot)"
136.243.228.194 - - [06/Jul/2025:09:45:26 -0400] "GET /114zof10707.html HTTP/1.1" 404 23127 "-" "Mozilla/5.0 (compatible; DataForSeoBot/1.0; +https://dataforseo.com/dataforseo-bot)"
66.249.65.192 - - [06/Jul/2025:09:45:30 -0400] "GET /24ezo23867.html HTTP/1.1" 200 87117 "-" "Mozilla/5.0 (Linux; Android 6.0.1; Nexus 5X Build/MMB29P) AppleWebKit/537.36 (KHTML, like Gecko) Chrome/137.0.7151.103 Mobile Safari/537.36 (compatible; Googlebot/2.1; +http://www.google.com/bot.html)"
136.243.228.194 - - [06/Jul/2025:09:45:30 -0400] "GET /30jgtdd15417.html HTTP/1.1" 404 23127 "-" "Mozilla/5.0 (compatible; DataForSeoBot/1.0; +https://dataforseo.com/dataforseo-bot)"
66.249.65.192 - - [06/Jul/2025:09:45:35 -0400] "GET /136hcqq29829.html HTTP/1.1" 200 87293 "-" "Mozilla/5.0 (compatible; Googlebot/2.1; +http://www.google.com/bot.html)"
136.243.228.194 - - [06/Jul/2025:09:45:34 -0400] "GET /items/vrbhg111/25537?key=landmark HTTP/1.1" 404 23127 "-" "Mozilla/5.0 (compatible; DataForSeoBot/1.0; +https://dataforseo.com/dataforseo-bot)"
66.29.146.47 - - [06/Jul/2025:09:45:40 -0400] "POST /wp-cron.php?doing_wp_cron=1751809539.9826009273529052734375 HTTP/1.1" 403 1242 "-" "WordPress/6.8; https://dangroup.sa"
136.243.228.194 - - [06/Jul/2025:09:45:39 -0400] "GET /items/tenmp32/44456?key=squad HTTP/1.1" 404 23129 "-" "Mozilla/5.0 (compatible; DataForSeoBot/1.0; +https://dataforseo.com/dataforseo-bot)"
136.243.228.194 - - [06/Jul/2025:09:45:43 -0400] "GET /87crju22428.html HTTP/1.1" 404 23127 "-" "Mozilla/5.0 (compatible; DataForSeoBot/1.0; +https://dataforseo.com/dataforseo-bot)"
20.171.207.36 - - [06/Jul/2025:09:45:47 -0400] "GET /286ihkmu29207.html HTTP/1.1" 404 23127 "-" "Mozilla/5.0 AppleWebKit/537.36 (KHTML, like Gecko; compatible; GPTBot/1.2; +https://openai.com/gptbot)"
136.243.228.194 - - [06/Jul/2025:09:45:48 -0400] "GET /items/cectr214/9032?key=resolve HTTP/1.1" 404 23127 "-" "Mozilla/5.0 (compatible; DataForSeoBot/1.0; +https://dataforseo.com/dataforseo-bot)"
66.249.65.192 - - [06/Jul/2025:09:45:57 -0400] "GET /24wdxkv9647.html HTTP/1.1" 200 86895 "-" "Mozilla/5.0 (Linux; Android 6.0.1; Nexus 5X Build/MMB29P) AppleWebKit/537.36 (KHTML, like Gecko) Chrome/137.0.7151.103 Mobile Safari/537.36 (compatible; Googlebot/2.1; +http://www.google.com/bot.html)"
136.243.228.194 - - [06/Jul/2025:09:45:54 -0400] "GET /154uzhnz24033.html HTTP/1.1" 404 23127 "-" "Mozilla/5.0 (compatible; DataForSeoBot/1.0; +https://dataforseo.com/dataforseo-bot)"
66.249.65.193 - - [06/Jul/2025:09:46:01 -0400] "GET /items/jhuyy217/17361?key=responsible HTTP/1.1" 200 86998 "-" "Mozilla/5.0 (Linux; Android 6.0.1; Nexus 5X Build/MMB29P) AppleWebKit/537.36 (KHTML, like Gecko) Chrome/137.0.7151.103 Mobile Safari/537.36 (compatible; Googlebot/2.1; +http://www.google.com/bot.html)"
136.243.228.194 - - [06/Jul/2025:09:46:00 -0400] "GET /items/ccske264/30502?key=racial HTTP/1.1" 404 23127 "-" "Mozilla/5.0 (compatible; DataForSeoBot/1.0; +https://dataforseo.com/dataforseo-bot)"
66.249.65.193 - - [06/Jul/2025:09:46:06 -0400] "GET /211ugp37424.html HTTP/1.1" 200 88100 "-" "Mozilla/5.0 (compatible; Googlebot/2.1; +http://www.google.com/bot.html)"
136.243.228.194 - - [06/Jul/2025:09:46:05 -0400] "GET /292pbla48531.html HTTP/1.1" 404 23127 "-" "Mozilla/5.0 (compatible; DataForSeoBot/1.0; +https://dataforseo.com/dataforseo-bot)"
66.249.65.192 - - [06/Jul/2025:09:46:10 -0400] "GET /items/ekiuy256/21470?key=attach HTTP/1.1" 200 86823 "-" "Mozilla/5.0 (Linux; Android 6.0.1; Nexus 5X Build/MMB29P) AppleWebKit/537.36 (KHTML, like Gecko) Chrome/137.0.7151.103 Mobile Safari/537.36 (compatible; Googlebot/2.1; +http://www.google.com/bot.html)"
136.243.228.194 - - [06/Jul/2025:09:46:09 -0400] "GET /items/zrtuf249/39893?key=scream HTTP/1.1" 404 23127 "-" "Mozilla/5.0 (compatible; DataForSeoBot/1.0; +https://dataforseo.com/dataforseo-bot)"
136.243.228.194 - - [06/Jul/2025:09:46:13 -0400] "GET /116jbdtb1507.html HTTP/1.1" 404 23127 "-" "Mozilla/5.0 (compatible; DataForSeoBot/1.0; +https://dataforseo.com/dataforseo-bot)"
20.171.207.36 - - [06/Jul/2025:09:46:13 -0400] "GET /254rsmru39267.html HTTP/1.1" 404 23127 "-" "Mozilla/5.0 AppleWebKit/537.36 (KHTML, like Gecko; compatible; GPTBot/1.2; +https://openai.com/gptbot)"
136.243.228.194 - - [06/Jul/2025:09:46:19 -0400] "GET /items/zxsmd220/28042?key=occasion HTTP/1.1" 404 23127 "-" "Mozilla/5.0 (compatible; DataForSeoBot/1.0; +https://dataforseo.com/dataforseo-bot)"
66.249.65.192 - - [06/Jul/2025:09:46:22 -0400] "GET /63jjcyx26274.html HTTP/1.1" 200 86771 "-" "Mozilla/5.0 (compatible; Googlebot/2.1; +http://www.google.com/bot.html)"
66.249.65.192 - - [06/Jul/2025:09:46:23 -0400] "GET /items/xsckf247/19477?key=hardly HTTP/1.1" 200 87102 "-" "Mozilla/5.0 (Linux; Android 6.0.1; Nexus 5X Build/MMB29P) AppleWebKit/537.36 (KHTML, like Gecko) Chrome/137.0.7151.103 Mobile Safari/537.36 (compatible; Googlebot/2.1; +http://www.google.com/bot.html)"
136.243.228.194 - - [06/Jul/2025:09:46:23 -0400] "GET /items/lbvsr217/28041?key=wind HTTP/1.1" 404 23129 "-" "Mozilla/5.0 (compatible; DataForSeoBot/1.0; +https://dataforseo.com/dataforseo-bot)"
66.249.65.192 - - [06/Jul/2025:09:46:27 -0400] "GET /items/vglrb291/46191?key=choice HTTP/1.1" 200 87392 "-" "Mozilla/5.0 (compatible; Googlebot/2.1; +http://www.google.com/bot.html)"
66.249.65.192 - - [06/Jul/2025:09:46:30 -0400] "GET /items/ngnrg56/2298?key=air HTTP/1.1" 200 87125 "-" "Mozilla/5.0 (Linux; Android 6.0.1; Nexus 5X Build/MMB29P) AppleWebKit/537.36 (KHTML, like Gecko) Chrome/137.0.7151.103 Mobile Safari/537.36 (compatible; Googlebot/2.1; +http://www.google.com/bot.html)"
136.243.228.194 - - [06/Jul/2025:09:46:29 -0400] "GET /items/egqnl258/41944?key=sun HTTP/1.1" 404 23127 "-" "Mozilla/5.0 (compatible; DataForSeoBot/1.0; +https://dataforseo.com/dataforseo-bot)"
66.249.74.169 - - [06/Jul/2025:09:46:33 -0400] "GET /items/ofdyt52/410?key=peel HTTP/1.1" 200 86974 "-" "Mozilla/5.0 (Linux; Android 6.0.1; Nexus 5X Build/MMB29P) AppleWebKit/537.36 (KHTML, like Gecko) Chrome/137.0.7151.119 Mobile Safari/537.36 (compatible; Googlebot/2.1; +http://www.google.com/bot.html)"
136.243.228.194 - - [06/Jul/2025:09:46:34 -0400] "GET /items/zhekc268/9476?key=participant HTTP/1.1" 404 23127 "-" "Mozilla/5.0 (compatible; DataForSeoBot/1.0; +https://dataforseo.com/dataforseo-bot)"
66.29.146.47 - - [06/Jul/2025:09:46:41 -0400] "POST /wp-cron.php?doing_wp_cron=1751809600.9535501003265380859375 HTTP/1.1" 403 1242 "-" "WordPress/6.8; https://dangroup.sa"
136.243.228.194 - - [06/Jul/2025:09:46:38 -0400] "GET /164gib36257.html HTTP/1.1" 404 23127 "-" "Mozilla/5.0 (compatible; DataForSeoBot/1.0; +https://dataforseo.com/dataforseo-bot)"
20.171.207.36 - - [06/Jul/2025:09:46:40 -0400] "GET /197objkv37322.html HTTP/1.1" 404 23129 "-" "Mozilla/5.0 AppleWebKit/537.36 (KHTML, like Gecko; compatible; GPTBot/1.2; +https://openai.com/gptbot)"
66.249.65.192 - - [06/Jul/2025:09:46:45 -0400] "GET /45liq212.html HTTP/1.1" 200 87640 "-" "Mozilla/5.0 (Linux; Android 6.0.1; Nexus 5X Build/MMB29P) AppleWebKit/537.36 (KHTML, like Gecko) Chrome/137.0.7151.103 Mobile Safari/537.36 (compatible; Googlebot/2.1; +http://www.google.com/bot.html)"
66.249.65.193 - - [06/Jul/2025:09:46:46 -0400] "GET /220uemvx47817.html HTTP/1.1" 200 87308 "-" "Mozilla/5.0 (Linux; Android 6.0.1; Nexus 5X Build/MMB29P) AppleWebKit/537.36 (KHTML, like Gecko) Chrome/137.0.7151.103 Mobile Safari/537.36 (compatible; Googlebot/2.1; +http://www.google.com/bot.html)"
136.243.228.194 - - [06/Jul/2025:09:46:44 -0400] "GET /items/jlxfd149/31235?key=deposit HTTP/1.1" 404 23129 "-" "Mozilla/5.0 (compatible; DataForSeoBot/1.0; +https://dataforseo.com/dataforseo-bot)"
66.249.65.194 - - [06/Jul/2025:09:46:47 -0400] "GET /51ltu648.html HTTP/1.1" 200 86421 "-" "Mozilla/5.0 (Linux; Android 6.0.1; Nexus 5X Build/MMB29P) AppleWebKit/537.36 (KHTML, like Gecko) Chrome/137.0.7151.103 Mobile Safari/537.36 (compatible; Googlebot/2.1; +http://www.google.com/bot.html)"
66.249.65.193 - - [06/Jul/2025:09:46:49 -0400] "GET /122yic14951.html HTTP/1.1" 200 88063 "-" "Mozilla/5.0 (compatible; Googlebot/2.1; +http://www.google.com/bot.html)"
66.249.65.193 - - [06/Jul/2025:09:46:50 -0400] "GET /items/utdlo182/49658?key=appeal HTTP/1.1" 200 87373 "-" "Mozilla/5.0 (compatible; Googlebot/2.1; +http://www.google.com/bot.html)"
136.243.228.194 - - [06/Jul/2025:09:46:48 -0400] "GET /13nua612.html HTTP/1.1" 404 23127 "-" "Mozilla/5.0 (compatible; DataForSeoBot/1.0; +https://dataforseo.com/dataforseo-bot)"
66.249.65.194 - - [06/Jul/2025:09:46:52 -0400] "GET /items/rsnrv56/33918?key=consumer HTTP/1.1" 200 86132 "-" "Mozilla/5.0 (Linux; Android 6.0.1; Nexus 5X Build/MMB29P) AppleWebKit/537.36 (KHTML, like Gecko) Chrome/137.0.7151.103 Mobile Safari/537.36 (compatible; Googlebot/2.1; +http://www.google.com/bot.html)"
66.249.65.195 - - [06/Jul/2025:09:46:55 -0400] "GET /items/vwbfp40/42112?key=resolve HTTP/1.1" 200 87296 "-" "Mozilla/5.0 (Linux; Android 6.0.1; Nexus 5X Build/MMB29P) AppleWebKit/537.36 (KHTML, like Gecko) Chrome/137.0.7151.103 Mobile Safari/537.36 (compatible; Googlebot/2.1; +http://www.google.com/bot.html)"
136.243.228.194 - - [06/Jul/2025:09:46:53 -0400] "GET /items/pjnit279/775?key=garage HTTP/1.1" 404 23127 "-" "Mozilla/5.0 (compatible; DataForSeoBot/1.0; +https://dataforseo.com/dataforseo-bot)"
136.243.228.194 - - [06/Jul/2025:09:46:58 -0400] "GET /items/jarfm79/53261?key=arrive HTTP/1.1" 404 23127 "-" "Mozilla/5.0 (compatible; DataForSeoBot/1.0; +https://dataforseo.com/dataforseo-bot)"
136.243.228.194 - - [06/Jul/2025:09:47:02 -0400] "GET /items/zmmdt286/47658?key=convey HTTP/1.1" 404 23127 "-" "Mozilla/5.0 (compatible; DataForSeoBot/1.0; +https://dataforseo.com/dataforseo-bot)"
20.171.207.36 - - [06/Jul/2025:09:47:06 -0400] "GET /169bpwuy27544.html HTTP/1.1" 404 23127 "-" "Mozilla/5.0 AppleWebKit/537.36 (KHTML, like Gecko; compatible; GPTBot/1.2; +https://openai.com/gptbot)"
136.243.228.194 - - [06/Jul/2025:09:47:07 -0400] "GET /206ioajm28797.html HTTP/1.1" 404 23127 "-" "Mozilla/5.0 (compatible; DataForSeoBot/1.0; +https://dataforseo.com/dataforseo-bot)"
136.243.228.194 - - [06/Jul/2025:09:47:13 -0400] "GET /items/ateua46/38062?key=message HTTP/1.1" 404 23127 "-" "Mozilla/5.0 (compatible; DataForSeoBot/1.0; +https://dataforseo.com/dataforseo-bot)"
66.249.65.192 - - [06/Jul/2025:09:47:18 -0400] "GET /33csgl36658.html HTTP/1.1" 200 87117 "-" "Mozilla/5.0 (compatible; Googlebot/2.1; +http://www.google.com/bot.html)"
136.243.228.194 - - [06/Jul/2025:09:47:17 -0400] "GET /items/ndxqd81/16993?key=history HTTP/1.1" 404 23129 "-" "Mozilla/5.0 (compatible; DataForSeoBot/1.0; +https://dataforseo.com/dataforseo-bot)"
136.243.228.194 - - [06/Jul/2025:09:47:23 -0400] "GET /224azj46925.html HTTP/1.1" 404 23127 "-" "Mozilla/5.0 (compatible; DataForSeoBot/1.0; +https://dataforseo.com/dataforseo-bot)"
66.249.65.193 - - [06/Jul/2025:09:47:29 -0400] "GET /256trpky12195.html HTTP/1.1" 200 86593 "-" "Mozilla/5.0 (Linux; Android 6.0.1; Nexus 5X Build/MMB29P) AppleWebKit/537.36 (KHTML, like Gecko) Chrome/137.0.7151.103 Mobile Safari/537.36 (compatible; Googlebot/2.1; +http://www.google.com/bot.html)"
136.243.228.194 - - [06/Jul/2025:09:47:27 -0400] "GET /20ggisu16967.html HTTP/1.1" 404 23127 "-" "Mozilla/5.0 (compatible; DataForSeoBot/1.0; +https://dataforseo.com/dataforseo-bot)"
66.249.65.193 - - [06/Jul/2025:09:47:31 -0400] "GET /items/vmhfh13/4859?key=badly HTTP/1.1" 200 87028 "-" "Mozilla/5.0 (Linux; Android 6.0.1; Nexus 5X Build/MMB29P) AppleWebKit/537.36 (KHTML, like Gecko) Chrome/137.0.7151.103 Mobile Safari/537.36 (compatible; Googlebot/2.1; +http://www.google.com/bot.html)"
66.249.65.192 - - [06/Jul/2025:09:47:36 -0400] "GET /129bly31624.html HTTP/1.1" 200 88170 "-" "Mozilla/5.0 (Linux; Android 6.0.1; Nexus 5X Build/MMB29P) AppleWebKit/537.36 (KHTML, like Gecko) Chrome/137.0.7151.103 Mobile Safari/537.36 (compatible; Googlebot/2.1; +http://www.google.com/bot.html)"
66.249.65.192 - - [06/Jul/2025:09:47:37 -0400] "GET /202eim49965.html HTTP/1.1" 200 86987 "-" "Mozilla/5.0 (Linux; Android 6.0.1; Nexus 5X Build/MMB29P) AppleWebKit/537.36 (KHTML, like Gecko) Chrome/137.0.7151.103 Mobile Safari/537.36 (compatible; Googlebot/2.1; +http://www.google.com/bot.html)"
20.171.207.36 - - [06/Jul/2025:09:47:31 -0400] "GET /147dumzu12382.html HTTP/1.1" 404 23127 "-" "Mozilla/5.0 AppleWebKit/537.36 (KHTML, like Gecko; compatible; GPTBot/1.2; +https://openai.com/gptbot)"
136.243.228.194 - - [06/Jul/2025:09:47:32 -0400] "GET /items/bjffq80/33856?key=punch HTTP/1.1" 404 23129 "-" "Mozilla/5.0 (compatible; DataForSeoBot/1.0; +https://dataforseo.com/dataforseo-bot)"
49.51.141.76 - - [06/Jul/2025:09:47:32 -0400] "GET / HTTP/1.1" 200 33219 "http://www.danevnt.com" "Mozilla/5.0 (iPhone; CPU iPhone OS 13_2_3 like Mac OS X) AppleWebKit/605.1.15 (KHTML, like Gecko) Version/13.0.3 Mobile/15E148 Safari/604.1"
66.29.146.47 - - [06/Jul/2025:09:47:41 -0400] "POST /wp-cron.php?doing_wp_cron=1751809661.0058569908142089843750 HTTP/1.1" 403 1242 "-" "WordPress/6.8; https://dangroup.sa"
136.243.228.194 - - [06/Jul/2025:09:47:40 -0400] "GET /items/widjb262/41428?key=examination HTTP/1.1" 404 23127 "-" "Mozilla/5.0 (compatible; DataForSeoBot/1.0; +https://dataforseo.com/dataforseo-bot)"
136.243.228.194 - - [06/Jul/2025:09:47:45 -0400] "GET /items/jxrxx134/20798?key=stiff HTTP/1.1" 404 23127 "-" "Mozilla/5.0 (compatible; DataForSeoBot/1.0; +https://dataforseo.com/dataforseo-bot)"
136.243.228.194 - - [06/Jul/2025:09:47:49 -0400] "GET /items/zdnjv204/13398?key=hunter HTTP/1.1" 404 23127 "-" "Mozilla/5.0 (compatible; DataForSeoBot/1.0; +https://dataforseo.com/dataforseo-bot)"
136.243.228.194 - - [06/Jul/2025:09:47:55 -0400] "GET /3zxs37774.html HTTP/1.1" 404 23127 "-" "Mozilla/5.0 (compatible; DataForSeoBot/1.0; +https://dataforseo.com/dataforseo-bot)"
20.171.207.36 - - [06/Jul/2025:09:47:58 -0400] "GET /276snueh12203.html HTTP/1.1" 404 23128 "-" "Mozilla/5.0 AppleWebKit/537.36 (KHTML, like Gecko; compatible; GPTBot/1.2; +https://openai.com/gptbot)"
136.243.228.194 - - [06/Jul/2025:09:47:59 -0400] "GET /75kzz27684.html HTTP/1.1" 404 23129 "-" "Mozilla/5.0 (compatible; DataForSeoBot/1.0; +https://dataforseo.com/dataforseo-bot)"
66.249.65.193 - - [06/Jul/2025:09:48:03 -0400] "GET /188nfcyj12785.html HTTP/1.1" 200 87306 "-" "Mozilla/5.0 (Linux; Android 6.0.1; Nexus 5X Build/MMB29P) AppleWebKit/537.36 (KHTML, like Gecko) Chrome/137.0.7151.103 Mobile Safari/537.36 (compatible; Googlebot/2.1; +http://www.google.com/bot.html)"
66.249.65.193 - - [06/Jul/2025:09:48:06 -0400] "GET /129jcv17606.html HTTP/1.1" 200 86625 "-" "Mozilla/5.0 (Linux; Android 6.0.1; Nexus 5X Build/MMB29P) AppleWebKit/537.36 (KHTML, like Gecko) Chrome/137.0.7151.119 Mobile Safari/537.36 (compatible; Googlebot/2.1; +http://www.google.com/bot.html)"
136.243.228.194 - - [06/Jul/2025:09:48:05 -0400] "GET /172pwbr29735.html HTTP/1.1" 404 23127 "-" "Mozilla/5.0 (compatible; DataForSeoBot/1.0; +https://dataforseo.com/dataforseo-bot)"
66.249.65.192 - - [06/Jul/2025:09:48:08 -0400] "GET /197auw36872.html HTTP/1.1" 200 87265 "-" "Mozilla/5.0 (compatible; Googlebot/2.1; +http://www.google.com/bot.html)"
136.243.228.194 - - [06/Jul/2025:09:48:10 -0400] "GET /225trdmc12534.html HTTP/1.1" 404 23129 "-" "Mozilla/5.0 (compatible; DataForSeoBot/1.0; +https://dataforseo.com/dataforseo-bot)"
66.249.65.192 - - [06/Jul/2025:09:48:15 -0400] "GET /37rpz45498.html HTTP/1.1" 200 87036 "-" "Mozilla/5.0 (Linux; Android 6.0.1; Nexus 5X Build/MMB29P) AppleWebKit/537.36 (KHTML, like Gecko) Chrome/137.0.7151.103 Mobile Safari/537.36 (compatible; Googlebot/2.1; +http://www.google.com/bot.html)"
66.249.65.192 - - [06/Jul/2025:09:48:16 -0400] "GET /items/lyogq35/44447?key=research HTTP/1.1" 200 86762 "-" "Mozilla/5.0 (Linux; Android 6.0.1; Nexus 5X Build/MMB29P) AppleWebKit/537.36 (KHTML, like Gecko) Chrome/137.0.7151.119 Mobile Safari/537.36 (compatible; Googlebot/2.1; +http://www.google.com/bot.html)"
66.249.65.192 - - [06/Jul/2025:09:48:18 -0400] "GET /items/dqmfc199/26541?key=variable HTTP/1.1" 200 86734 "-" "Mozilla/5.0 (Linux; Android 6.0.1; Nexus 5X Build/MMB29P) AppleWebKit/537.36 (KHTML, like Gecko) Chrome/137.0.7151.103 Mobile Safari/537.36 (compatible; Googlebot/2.1; +http://www.google.com/bot.html)"
136.243.228.194 - - [06/Jul/2025:09:48:15 -0400] "GET /19nuz45770.html HTTP/1.1" 404 23129 "-" "Mozilla/5.0 (compatible; DataForSeoBot/1.0; +https://dataforseo.com/dataforseo-bot)"
136.243.228.194 - - [06/Jul/2025:09:48:20 -0400] "GET /items/qzrld93/13031?key=expectation HTTP/1.1" 404 23127 "-" "Mozilla/5.0 (compatible; DataForSeoBot/1.0; +https://dataforseo.com/dataforseo-bot)"
66.249.65.192 - - [06/Jul/2025:09:48:23 -0400] "GET /pcmypage?callback=product%2Fdetail%2Fhamaken-kf1-4571517 HTTP/1.1" 200 87003 "-" "Mozilla/5.0 (compatible; Googlebot/2.1; +http://www.google.com/bot.html)"
66.249.65.192 - - [06/Jul/2025:09:48:24 -0400] "GET /276wmqy35317.html HTTP/1.1" 200 87653 "-" "Mozilla/5.0 (Linux; Android 6.0.1; Nexus 5X Build/MMB29P) AppleWebKit/537.36 (KHTML, like Gecko) Chrome/137.0.7151.119 Mobile Safari/537.36 (compatible; Googlebot/2.1; +http://www.google.com/bot.html)"
66.249.74.160 - - [06/Jul/2025:09:48:27 -0400] "GET /89zwucr528.html HTTP/1.1" 200 87051 "-" "Mozilla/5.0 (Linux; Android 6.0.1; Nexus 5X Build/MMB29P) AppleWebKit/537.36 (KHTML, like Gecko) Chrome/137.0.7151.119 Mobile Safari/537.36 (compatible; Googlebot/2.1; +http://www.google.com/bot.html)"
66.249.65.193 - - [06/Jul/2025:09:48:28 -0400] "GET /274fyzcq37967.html HTTP/1.1" 200 87317 "-" "Mozilla/5.0 (Linux; Android 6.0.1; Nexus 5X Build/MMB29P) AppleWebKit/537.36 (KHTML, like Gecko) Chrome/137.0.7151.103 Mobile Safari/537.36 (compatible; Googlebot/2.1; +http://www.google.com/bot.html)"
20.171.207.36 - - [06/Jul/2025:09:48:24 -0400] "GET /126muyww43453.html HTTP/1.1" 404 23127 "-" "Mozilla/5.0 AppleWebKit/537.36 (KHTML, like Gecko; compatible; GPTBot/1.2; +https://openai.com/gptbot)"
136.243.228.194 - - [06/Jul/2025:09:48:25 -0400] "GET /27cvnd17472.html HTTP/1.1" 404 23129 "-" "Mozilla/5.0 (compatible; DataForSeoBot/1.0; +https://dataforseo.com/dataforseo-bot)"
136.243.228.194 - - [06/Jul/2025:09:48:32 -0400] "GET /250soksg46649.html HTTP/1.1" 404 23127 "-" "Mozilla/5.0 (compatible; DataForSeoBot/1.0; +https://dataforseo.com/dataforseo-bot)"
136.243.228.194 - - [06/Jul/2025:09:48:36 -0400] "GET /258kfwn43961.html HTTP/1.1" 404 23127 "-" "Mozilla/5.0 (compatible; DataForSeoBot/1.0; +https://dataforseo.com/dataforseo-bot)"
66.29.146.47 - - [06/Jul/2025:09:48:41 -0400] "POST /wp-cron.php?doing_wp_cron=1751809721.5552780628204345703125 HTTP/1.1" 403 1242 "-" "WordPress/6.8; https://dangroup.sa"
136.243.228.194 - - [06/Jul/2025:09:48:41 -0400] "GET /178vnp47163.html HTTP/1.1" 404 23127 "-" "Mozilla/5.0 (compatible; DataForSeoBot/1.0; +https://dataforseo.com/dataforseo-bot)"
66.249.65.194 - - [06/Jul/2025:09:48:45 -0400] "GET /items/gdkgp288/26898?key=marble HTTP/1.1" 200 87046 "-" "Mozilla/5.0 (Linux; Android 6.0.1; Nexus 5X Build/MMB29P) AppleWebKit/537.36 (KHTML, like Gecko) Chrome/137.0.7151.103 Mobile Safari/537.36 (compatible; Googlebot/2.1; +http://www.google.com/bot.html)"
136.243.228.194 - - [06/Jul/2025:09:48:45 -0400] "GET /items/ztody70/11712?key=upon HTTP/1.1" 404 23129 "-" "Mozilla/5.0 (compatible; DataForSeoBot/1.0; +https://dataforseo.com/dataforseo-bot)"
20.171.207.36 - - [06/Jul/2025:09:48:50 -0400] "GET /186dltio35523.html HTTP/1.1" 404 23127 "-" "Mozilla/5.0 AppleWebKit/537.36 (KHTML, like Gecko; compatible; GPTBot/1.2; +https://openai.com/gptbot)"
66.249.74.168 - - [06/Jul/2025:09:49:01 -0400] "GET /89ufp12106.html HTTP/1.1" 200 86530 "-" "Mozilla/5.0 (Linux; Android 6.0.1; Nexus 5X Build/MMB29P) AppleWebKit/537.36 (KHTML, like Gecko) Chrome/137.0.7151.119 Mobile Safari/537.36 (compatible; Googlebot/2.1; +http://www.google.com/bot.html)"
66.249.65.194 - - [06/Jul/2025:09:49:02 -0400] "GET /pcmypage?callback=product/review/guruguru2-albep-198 HTTP/1.1" 200 87972 "-" "Mozilla/5.0 (compatible; Googlebot/2.1; +http://www.google.com/bot.html)"
66.249.65.192 - - [06/Jul/2025:09:49:16 -0400] "GET /129okd1914.html HTTP/1.1" 200 87892 "-" "Mozilla/5.0 (Linux; Android 6.0.1; Nexus 5X Build/MMB29P) AppleWebKit/537.36 (KHTML, like Gecko) Chrome/137.0.7151.103 Mobile Safari/537.36 (compatible; Googlebot/2.1; +http://www.google.com/bot.html)"
66.249.65.192 - - [06/Jul/2025:09:49:17 -0400] "GET /items/eqlfo32/36906?key=required HTTP/1.1" 200 87452 "-" "Mozilla/5.0 (Linux; Android 6.0.1; Nexus 5X Build/MMB29P) AppleWebKit/537.36 (KHTML, like Gecko) Chrome/137.0.7151.103 Mobile Safari/537.36 (compatible; Googlebot/2.1; +http://www.google.com/bot.html)"
66.249.74.168 - - [06/Jul/2025:09:49:18 -0400] "GET /236zwmo15423.html HTTP/1.1" 200 86720 "-" "Mozilla/5.0 (Linux; Android 6.0.1; Nexus 5X Build/MMB29P) AppleWebKit/537.36 (KHTML, like Gecko) Chrome/137.0.7151.103 Mobile Safari/537.36 (compatible; Googlebot/2.1; +http://www.google.com/bot.html)"
66.249.65.192 - - [06/Jul/2025:09:49:18 -0400] "GET /items/zbgwv286/1282?key=reality HTTP/1.1" 200 87021 "-" "Mozilla/5.0 (Linux; Android 6.0.1; Nexus 5X Build/MMB29P) AppleWebKit/537.36 (KHTML, like Gecko) Chrome/137.0.7151.103 Mobile Safari/537.36 (compatible; Googlebot/2.1; +http://www.google.com/bot.html)"
20.171.207.36 - - [06/Jul/2025:09:49:16 -0400] "GET /275jevib20118.html HTTP/1.1" 404 23127 "-" "Mozilla/5.0 AppleWebKit/537.36 (KHTML, like Gecko; compatible; GPTBot/1.2; +https://openai.com/gptbot)"
66.249.74.168 - - [06/Jul/2025:09:49:19 -0400] "GET /items/tquzf220/40192?key=resign HTTP/1.1" 200 86562 "-" "Mozilla/5.0 (Linux; Android 6.0.1; Nexus 5X Build/MMB29P) AppleWebKit/537.36 (KHTML, like Gecko) Chrome/137.0.7151.103 Mobile Safari/537.36 (compatible; Googlebot/2.1; +http://www.google.com/bot.html)"
66.249.65.193 - - [06/Jul/2025:09:49:20 -0400] "GET /items/czwau193/25993?key=singer HTTP/1.1" 200 86725 "-" "Mozilla/5.0 (Linux; Android 6.0.1; Nexus 5X Build/MMB29P) AppleWebKit/537.36 (KHTML, like Gecko) Chrome/137.0.7151.103 Mobile Safari/537.36 (compatible; Googlebot/2.1; +http://www.google.com/bot.html)"
66.249.65.192 - - [06/Jul/2025:09:49:28 -0400] "GET /125jyy22404.html HTTP/1.1" 200 86684 "-" "Mozilla/5.0 (Linux; Android 6.0.1; Nexus 5X Build/MMB29P) AppleWebKit/537.36 (KHTML, like Gecko) Chrome/137.0.7151.119 Mobile Safari/537.36 (compatible; Googlebot/2.1; +http://www.google.com/bot.html)"
66.249.65.192 - - [06/Jul/2025:09:49:32 -0400] "GET /38matka49739.html HTTP/1.1" 200 86678 "-" "Mozilla/5.0 (compatible; Googlebot/2.1; +http://www.google.com/bot.html)"
136.243.228.194 - - [06/Jul/2025:09:49:36 -0400] "GET /items/catcg38/6376?key=disease HTTP/1.1" 404 23129 "-" "Mozilla/5.0 (compatible; DataForSeoBot/1.0; +https://dataforseo.com/dataforseo-bot)"
66.29.146.47 - - [06/Jul/2025:09:49:42 -0400] "POST /wp-cron.php?doing_wp_cron=1751809781.9491019248962402343750 HTTP/1.1" 403 1242 "-" "WordPress/6.8; https://dangroup.sa"
136.243.228.194 - - [06/Jul/2025:09:49:41 -0400] "GET /119jzasn37184.html HTTP/1.1" 404 23129 "-" "Mozilla/5.0 (compatible; DataForSeoBot/1.0; +https://dataforseo.com/dataforseo-bot)"
20.171.207.36 - - [06/Jul/2025:09:49:43 -0400] "GET /177tkuhb15098.html HTTP/1.1" 404 23129 "-" "Mozilla/5.0 AppleWebKit/537.36 (KHTML, like Gecko; compatible; GPTBot/1.2; +https://openai.com/gptbot)"
136.243.228.194 - - [06/Jul/2025:09:49:46 -0400] "GET /215whx23140.html HTTP/1.1" 404 21409 "-" "Mozilla/5.0 (compatible; DataForSeoBot/1.0; +https://dataforseo.com/dataforseo-bot)"
66.249.65.197 - - [06/Jul/2025:09:49:58 -0400] "GET /items/hqjbl129/5801?key=responsible HTTP/1.1" 200 87067 "-" "Mozilla/5.0 (Linux; Android 6.0.1; Nexus 5X Build/MMB29P) AppleWebKit/537.36 (KHTML, like Gecko) Chrome/137.0.7151.119 Mobile Safari/537.36 (compatible; Googlebot/2.1; +http://www.google.com/bot.html)"
66.249.65.197 - - [06/Jul/2025:09:49:59 -0400] "GET /items/verge141/19521?key=benefit HTTP/1.1" 200 86738 "-" "Mozilla/5.0 (Linux; Android 6.0.1; Nexus 5X Build/MMB29P) AppleWebKit/537.36 (KHTML, like Gecko) Chrome/137.0.7151.103 Mobile Safari/537.36 (compatible; Googlebot/2.1; +http://www.google.com/bot.html)"
136.243.228.194 - - [06/Jul/2025:09:49:58 -0400] "GET /15rfitt37240.html HTTP/1.1" 404 23127 "-" "Mozilla/5.0 (compatible; DataForSeoBot/1.0; +https://dataforseo.com/dataforseo-bot)"
66.249.65.197 - - [06/Jul/2025:09:50:06 -0400] "GET /pcmypage?callback=product%2Fdetail%2Fumaimon-healthsalute-36614620-72 HTTP/1.1" 200 87002 "-" "Mozilla/5.0 (Linux; Android 6.0.1; Nexus 5X Build/MMB29P) AppleWebKit/537.36 (KHTML, like Gecko) Chrome/137.0.7151.103 Mobile Safari/537.36 (compatible; Googlebot/2.1; +http://www.google.com/bot.html)"
136.243.228.194 - - [06/Jul/2025:09:50:03 -0400] "GET /items/vqfpe17/28859?key=domestic HTTP/1.1" 404 23127 "-" "Mozilla/5.0 (compatible; DataForSeoBot/1.0; +https://dataforseo.com/dataforseo-bot)"
198.235.24.139 - - [06/Jul/2025:09:50:00 -0400] "GET / HTTP/1.1" 200 33221 "http://172.67.157.25:80/" "-"
20.171.207.36 - - [06/Jul/2025:09:50:09 -0400] "GET /112tbykz34135.html HTTP/1.1" 404 23128 "-" "Mozilla/5.0 AppleWebKit/537.36 (KHTML, like Gecko; compatible; GPTBot/1.2; +https://openai.com/gptbot)"
136.243.228.194 - - [06/Jul/2025:09:50:10 -0400] "GET /262ooagy14765.html HTTP/1.1" 404 23127 "-" "Mozilla/5.0 (compatible; DataForSeoBot/1.0; +https://dataforseo.com/dataforseo-bot)"
47.82.60.38 - - [06/Jul/2025:09:50:11 -0400] "GET /items/rlvgs113/23395?key=screening HTTP/1.1" 404 23129 "https://dangroup.sa/items/rlvgs113/23395?key=screening" "Mozilla/5.0 (Windows NT 10.0; Win64; x64) AppleWebKit/537.36 (KHTML, like Gecko) Chrome/114.0.0.0 Safari/537.36 Edg/114.0.1823.43"
136.243.228.194 - - [06/Jul/2025:09:50:17 -0400] "GET /184nfh5651.html HTTP/1.1" 404 23127 "-" "Mozilla/5.0 (compatible; DataForSeoBot/1.0; +https://dataforseo.com/dataforseo-bot)"
136.243.228.194 - - [06/Jul/2025:09:50:21 -0400] "GET /268cyb43145.html HTTP/1.1" 404 23127 "-" "Mozilla/5.0 (compatible; DataForSeoBot/1.0; +https://dataforseo.com/dataforseo-bot)"
136.243.228.194 - - [06/Jul/2025:09:50:25 -0400] "GET /items/hcbpq84/16728?key=beyond HTTP/1.1" 404 23127 "-" "Mozilla/5.0 (compatible; DataForSeoBot/1.0; +https://dataforseo.com/dataforseo-bot)"
136.243.228.194 - - [06/Jul/2025:09:50:30 -0400] "GET /items/bekpa203/42409?key=inherent HTTP/1.1" 404 23127 "-" "Mozilla/5.0 (compatible; DataForSeoBot/1.0; +https://dataforseo.com/dataforseo-bot)"
136.243.228.194 - - [06/Jul/2025:09:50:34 -0400] "GET /227kak46916.html HTTP/1.1" 404 23127 "-" "Mozilla/5.0 (compatible; DataForSeoBot/1.0; +https://dataforseo.com/dataforseo-bot)"
20.171.207.36 - - [06/Jul/2025:09:50:36 -0400] "GET /235mrbex30690.html HTTP/1.1" 404 23127 "-" "Mozilla/5.0 AppleWebKit/537.36 (KHTML, like Gecko; compatible; GPTBot/1.2; +https://openai.com/gptbot)"
136.243.228.194 - - [06/Jul/2025:09:50:40 -0400] "GET /70vwdp24683.html HTTP/1.1" 404 23127 "-" "Mozilla/5.0 (compatible; DataForSeoBot/1.0; +https://dataforseo.com/dataforseo-bot)"
66.29.146.47 - - [06/Jul/2025:09:50:46 -0400] "POST /wp-cron.php?doing_wp_cron=1751809846.0822479724884033203125 HTTP/1.1" 403 1242 "-" "WordPress/6.8; https://dangroup.sa"
136.243.228.194 - - [06/Jul/2025:09:50:45 -0400] "GET /items/tkzxq250/14020?key=waste HTTP/1.1" 404 23129 "-" "Mozilla/5.0 (compatible; DataForSeoBot/1.0; +https://dataforseo.com/dataforseo-bot)"
136.243.228.194 - - [06/Jul/2025:09:50:50 -0400] "GET /items/avhkm275/9347?key=cotton HTTP/1.1" 404 23127 "-" "Mozilla/5.0 (compatible; DataForSeoBot/1.0; +https://dataforseo.com/dataforseo-bot)"
66.249.65.196 - - [06/Jul/2025:09:50:58 -0400] "GET /3vxm14104.html HTTP/1.1" 200 86818 "-" "Mozilla/5.0 (Linux; Android 6.0.1; Nexus 5X Build/MMB29P) AppleWebKit/537.36 (KHTML, like Gecko) Chrome/137.0.7151.103 Mobile Safari/537.36 (compatible; Googlebot/2.1; +http://www.google.com/bot.html)"
66.249.65.196 - - [06/Jul/2025:09:50:59 -0400] "GET /pcmypage?callback=product%2Fdetail%2Fcolortrim-021429485201 HTTP/1.1" 200 88272 "-" "Mozilla/5.0 (Linux; Android 6.0.1; Nexus 5X Build/MMB29P) AppleWebKit/537.36 (KHTML, like Gecko) Chrome/137.0.7151.103 Mobile Safari/537.36 (compatible; Googlebot/2.1; +http://www.google.com/bot.html)"
66.249.65.196 - - [06/Jul/2025:09:51:00 -0400] "GET /items/bvzlt158/8456?key=operate HTTP/1.1" 200 87536 "-" "Mozilla/5.0 (Linux; Android 6.0.1; Nexus 5X Build/MMB29P) AppleWebKit/537.36 (KHTML, like Gecko) Chrome/137.0.7151.103 Mobile Safari/537.36 (compatible; Googlebot/2.1; +http://www.google.com/bot.html)"
20.171.207.36 - - [06/Jul/2025:09:51:04 -0400] "GET /261igsqv36540.html HTTP/1.1" 404 23127 "-" "Mozilla/5.0 AppleWebKit/537.36 (KHTML, like Gecko; compatible; GPTBot/1.2; +https://openai.com/gptbot)"
66.249.65.196 - - [06/Jul/2025:09:51:07 -0400] "GET /items/nkkab119/45667?key=analyst HTTP/1.1" 200 86609 "-" "Mozilla/5.0 (compatible; Googlebot/2.1; +http://www.google.com/bot.html)"
136.243.228.194 - - [06/Jul/2025:09:51:11 -0400] "GET /154xqr36667.html HTTP/1.1" 404 23127 "-" "Mozilla/5.0 (compatible; DataForSeoBot/1.0; +https://dataforseo.com/dataforseo-bot)"
136.243.228.194 - - [06/Jul/2025:09:51:15 -0400] "GET /items/mlzxo126/49544?key=woman HTTP/1.1" 404 23127 "-" "Mozilla/5.0 (compatible; DataForSeoBot/1.0; +https://dataforseo.com/dataforseo-bot)"
66.249.65.196 - - [06/Jul/2025:09:51:20 -0400] "GET /230ghpjb40071.html HTTP/1.1" 200 86804 "-" "Mozilla/5.0 (compatible; Googlebot/2.1; +http://www.google.com/bot.html)"
136.243.228.194 - - [06/Jul/2025:09:51:19 -0400] "GET /273xtdw13124.html HTTP/1.1" 404 23129 "-" "Mozilla/5.0 (compatible; DataForSeoBot/1.0; +https://dataforseo.com/dataforseo-bot)"
136.243.228.194 - - [06/Jul/2025:09:51:24 -0400] "GET /items/jvqgz62/8486?key=black HTTP/1.1" 404 23127 "-" "Mozilla/5.0 (compatible; DataForSeoBot/1.0; +https://dataforseo.com/dataforseo-bot)"
66.249.65.196 - - [06/Jul/2025:09:51:27 -0400] "GET /50xgn34059.html HTTP/1.1" 200 87769 "-" "Mozilla/5.0 (compatible; Googlebot/2.1; +http://www.google.com/bot.html)"
136.243.228.194 - - [06/Jul/2025:09:51:28 -0400] "GET /148kavs45981.html HTTP/1.1" 404 23129 "-" "Mozilla/5.0 (compatible; DataForSeoBot/1.0; +https://dataforseo.com/dataforseo-bot)"
66.249.65.197 - - [06/Jul/2025:09:51:33 -0400] "GET /279mkt24736.html HTTP/1.1" 200 86818 "-" "Mozilla/5.0 (Linux; Android 6.0.1; Nexus 5X Build/MMB29P) AppleWebKit/537.36 (KHTML, like Gecko) Chrome/137.0.7151.119 Mobile Safari/537.36 (compatible; Googlebot/2.1; +http://www.google.com/bot.html)"
20.171.207.36 - - [06/Jul/2025:09:51:29 -0400] "GET /238scdwl24261.html HTTP/1.1" 404 23127 "-" "Mozilla/5.0 AppleWebKit/537.36 (KHTML, like Gecko; compatible; GPTBot/1.2; +https://openai.com/gptbot)"
136.243.228.194 - - [06/Jul/2025:09:51:34 -0400] "GET /186wnf47885.html HTTP/1.1" 404 23129 "-" "Mozilla/5.0 (compatible; DataForSeoBot/1.0; +https://dataforseo.com/dataforseo-bot)"
136.243.228.194 - - [06/Jul/2025:09:51:39 -0400] "GET /items/qvgon134/37718?key=thrive HTTP/1.1" 404 23127 "-" "Mozilla/5.0 (compatible; DataForSeoBot/1.0; +https://dataforseo.com/dataforseo-bot)"
66.249.65.196 - - [06/Jul/2025:09:51:43 -0400] "GET /items/hueau214/18214?key=suggestion HTTP/1.1" 200 87114 "-" "Mozilla/5.0 (compatible; Googlebot/2.1; +http://www.google.com/bot.html)"
136.243.228.194 - - [06/Jul/2025:09:51:43 -0400] "GET /items/ztczq109/34227?key=monitor HTTP/1.1" 404 23129 "-" "Mozilla/5.0 (compatible; DataForSeoBot/1.0; +https://dataforseo.com/dataforseo-bot)"
66.249.74.168 - - [06/Jul/2025:09:51:48 -0400] "GET /95ezex19672.html HTTP/1.1" 200 86664 "-" "Mozilla/5.0 (Linux; Android 6.0.1; Nexus 5X Build/MMB29P) AppleWebKit/537.36 (KHTML, like Gecko) Chrome/137.0.7151.103 Mobile Safari/537.36 (compatible; Googlebot/2.1; +http://www.google.com/bot.html)"
66.29.146.47 - - [06/Jul/2025:09:51:49 -0400] "POST /wp-cron.php?doing_wp_cron=1751809909.3653230667114257812500 HTTP/1.1" 403 1242 "-" "WordPress/6.8; https://dangroup.sa"
136.243.228.194 - - [06/Jul/2025:09:51:48 -0400] "GET /items/ffhxn289/42303?key=tent HTTP/1.1" 404 23197 "-" "Mozilla/5.0 (compatible; DataForSeoBot/1.0; +https://dataforseo.com/dataforseo-bot)"
136.243.228.194 - - [06/Jul/2025:09:51:53 -0400] "GET /items/urpkz59/1817?key=African HTTP/1.1" 404 23129 "-" "Mozilla/5.0 (compatible; DataForSeoBot/1.0; +https://dataforseo.com/dataforseo-bot)"
20.171.207.36 - - [06/Jul/2025:09:51:57 -0400] "GET /225znbni28106.html HTTP/1.1" 404 23127 "-" "Mozilla/5.0 AppleWebKit/537.36 (KHTML, like Gecko; compatible; GPTBot/1.2; +https://openai.com/gptbot)"
136.243.228.194 - - [06/Jul/2025:09:51:58 -0400] "GET /items/xtmox220/40582?key=shift HTTP/1.1" 404 23127 "-" "Mozilla/5.0 (compatible; DataForSeoBot/1.0; +https://dataforseo.com/dataforseo-bot)"
66.249.65.196 - - [06/Jul/2025:09:52:02 -0400] "GET /234hczld5747.html HTTP/1.1" 200 86723 "-" "Mozilla/5.0 (Linux; Android 6.0.1; Nexus 5X Build/MMB29P) AppleWebKit/537.36 (KHTML, like Gecko) Chrome/137.0.7151.103 Mobile Safari/537.36 (compatible; Googlebot/2.1; +http://www.google.com/bot.html)"
