143.244.135.33 - - [06/Jul/2025:13:24:13 -0400] "GET /wp-content/languages/continents-cities-ar.l10n.php HTTP/1.1" 403 1242 "binance.com" "Mozilla/5.0 (Windows NT 10.0; Win64; x64) AppleWebKit/537.36 (KHTML, like Gecko) Chrome/90.0.4430.85 Safari/537.36"
66.249.68.129 - - [06/Jul/2025:13:24:16 -0400] "GET /items/147019481.html?srsltid=AfmBOozleyidKggPdOPk5mmGKewwzyYz8NfncYGEGQqRMgvfAoZw HTTP/1.1" 404 1251 "-" "Mozilla/5.0 (Linux; Android 6.0.1; Nexus 5X Build/MMB29P) AppleWebKit/537.36 (KHTML, like Gecko) Chrome/137.0.7151.103 Mobile Safari/537.36 (compatible; Googlebot/2.1; +http://www.google.com/bot.html)"
66.249.68.130 - - [06/Jul/2025:13:24:20 -0400] "GET /items/ljhps135/41450?key=drinking HTTP/1.1" 404 1251 "-" "Mozilla/5.0 (Linux; Android 6.0.1; Nexus 5X Build/MMB29P) AppleWebKit/537.36 (KHTML, like Gecko) Chrome/137.0.7151.103 Mobile Safari/537.36 (compatible; Googlebot/2.1; +http://www.google.com/bot.html)"
143.244.135.33 - - [06/Jul/2025:13:24:25 -0400] "GET /wp-admin/includes/ HTTP/1.1" 200 3334 "binance.com" "Mozilla/5.0 (Windows NT 10.0; Win64; x64) AppleWebKit/537.36 (KHTML, like Gecko) Chrome/90.0.4430.85 Safari/537.36"
143.244.135.33 - - [06/Jul/2025:13:24:34 -0400] "GET /wp-admin/includes/ HTTP/1.1" 200 3334 "binance.com" "Mozilla/5.0 (Windows NT 10.0; Win64; x64) AppleWebKit/537.36 (KHTML, like Gecko) Chrome/90.0.4430.85 Safari/537.36"
143.244.135.33 - - [06/Jul/2025:13:24:42 -0400] "GET /wp-admin/maint/ HTTP/1.1" 200 626 "binance.com" "Mozilla/5.0 (Windows NT 10.0; Win64; x64) AppleWebKit/537.36 (KHTML, like Gecko) Chrome/90.0.4430.85 Safari/537.36"
66.249.68.129 - - [06/Jul/2025:13:24:43 -0400] "GET /pcmypage?callback=product%2Fdetail%2Fmomoda-ds-2235178 HTTP/1.1" 404 1251 "-" "Mozilla/5.0 (Linux; Android 6.0.1; Nexus 5X Build/MMB29P) AppleWebKit/537.36 (KHTML, like Gecko) Chrome/137.0.7151.103 Mobile Safari/537.36 (compatible; Googlebot/2.1; +http://www.google.com/bot.html)"
143.244.135.33 - - [06/Jul/2025:13:24:54 -0400] "GET /wp-admin/maint/ HTTP/1.1" 200 626 "binance.com" "Mozilla/5.0 (Windows NT 10.0; Win64; x64) AppleWebKit/537.36 (KHTML, like Gecko) Chrome/90.0.4430.85 Safari/537.36"
66.249.68.131 - - [06/Jul/2025:13:25:14 -0400] "GET /items/269048203.html?srsltid=AfmBOozfmmDejrJJwWXYqBgBAIgBBWwx6JvoPNpmVPXFrZKIhfTQ HTTP/1.1" 404 1251 "-" "Mozilla/5.0 (compatible; Googlebot/2.1; +http://www.google.com/bot.html)"
143.244.135.33 - - [06/Jul/2025:13:25:08 -0400] "GET /wp-admin/network/ HTTP/1.1" 302 0 "binance.com" "Mozilla/5.0 (Windows NT 10.0; Win64; x64) AppleWebKit/537.36 (KHTML, like Gecko) Chrome/90.0.4430.85 Safari/537.36"
143.244.135.33 - - [06/Jul/2025:13:25:15 -0400] "GET /wp-login.php?redirect_to=https%3A%2F%2Ffirst-gulf.com.sa%2Fwp-admin%2Fnetwork%2F&reauth=1 HTTP/1.1" 200 2853 "binance.com" "Mozilla/5.0 (Windows NT 10.0; Win64; x64) AppleWebKit/537.36 (KHTML, like Gecko) Chrome/90.0.4430.85 Safari/537.36"
66.249.68.130 - - [06/Jul/2025:13:25:17 -0400] "GET /items/ljznz125/48758?key=confuse HTTP/1.1" 404 1251 "-" "Mozilla/5.0 (compatible; Googlebot/2.1; +http://www.google.com/bot.html)"
143.244.135.33 - - [06/Jul/2025:13:25:29 -0400] "GET /wp-admin/user/ HTTP/1.1" 302 0 "binance.com" "Mozilla/5.0 (Windows NT 10.0; Win64; x64) AppleWebKit/537.36 (KHTML, like Gecko) Chrome/90.0.4430.85 Safari/537.36"
143.244.135.33 - - [06/Jul/2025:13:25:29 -0400] "GET /wp-login.php?redirect_to=https%3A%2F%2Ffirst-gulf.com.sa%2Fwp-admin%2Fuser%2F&reauth=1 HTTP/1.1" 200 2857 "binance.com" "Mozilla/5.0 (Windows NT 10.0; Win64; x64) AppleWebKit/537.36 (KHTML, like Gecko) Chrome/90.0.4430.85 Safari/537.36"
143.244.135.33 - - [06/Jul/2025:13:25:41 -0400] "GET /wp-admin/css/ HTTP/1.1" 200 2674 "binance.com" "Mozilla/5.0 (Windows NT 10.0; Win64; x64) AppleWebKit/537.36 (KHTML, like Gecko) Chrome/90.0.4430.85 Safari/537.36"
143.244.135.33 - - [06/Jul/2025:13:25:52 -0400] "GET /wp-admin/css/colors/ HTTP/1.1" 200 1104 "binance.com" "Mozilla/5.0 (Windows NT 10.0; Win64; x64) AppleWebKit/537.36 (KHTML, like Gecko) Chrome/90.0.4430.85 Safari/537.36"
66.249.79.194 - - [06/Jul/2025:13:26:04 -0400] "GET /search.php?notebook/join163/pvuxo-17001/ HTTP/1.1" 404 1251 "-" "Mozilla/5.0 (compatible; Googlebot/2.1; +http://www.google.com/bot.html)"
143.244.135.33 - - [06/Jul/2025:13:26:04 -0400] "GET /wp-admin/css/colors/blue/ HTTP/1.1" 200 716 "binance.com" "Mozilla/5.0 (Windows NT 10.0; Win64; x64) AppleWebKit/537.36 (KHTML, like Gecko) Chrome/90.0.4430.85 Safari/537.36"
66.249.68.131 - - [06/Jul/2025:13:26:06 -0400] "GET /items/298039322.html?srsltid=AfmBOohykkhUbygIwDuQehXqWxcZeSwWKzS84GgMsZdWKFSxSozg HTTP/1.1" 404 1251 "-" "Mozilla/5.0 (Linux; Android 6.0.1; Nexus 5X Build/MMB29P) AppleWebKit/537.36 (KHTML, like Gecko) Chrome/137.0.7151.103 Mobile Safari/537.36 (compatible; Googlebot/2.1; +http://www.google.com/bot.html)"
143.244.135.33 - - [06/Jul/2025:13:26:14 -0400] "GET /wp-admin/css/colors/coffee/ HTTP/1.1" 200 727 "binance.com" "Mozilla/5.0 (Windows NT 10.0; Win64; x64) AppleWebKit/537.36 (KHTML, like Gecko) Chrome/90.0.4430.85 Safari/537.36"
66.249.79.194 - - [06/Jul/2025:13:26:19 -0400] "GET /pcmypage?callback=product/review/a-gallery-ds-2406144 HTTP/1.1" 404 1251 "-" "Mozilla/5.0 (Linux; Android 6.0.1; Nexus 5X Build/MMB29P) AppleWebKit/537.36 (KHTML, like Gecko) Chrome/137.0.7151.103 Mobile Safari/537.36 (compatible; Googlebot/2.1; +http://www.google.com/bot.html)"
66.249.68.129 - - [06/Jul/2025:13:26:21 -0400] "GET /items/qaclq38/34955?key=ahead HTTP/1.1" 404 1251 "-" "Mozilla/5.0 (Linux; Android 6.0.1; Nexus 5X Build/MMB29P) AppleWebKit/537.36 (KHTML, like Gecko) Chrome/137.0.7151.103 Mobile Safari/537.36 (compatible; Googlebot/2.1; +http://www.google.com/bot.html)"
66.249.68.130 - - [06/Jul/2025:13:26:21 -0400] "GET /items/ajgxr11/1650?key=exhibit HTTP/1.1" 404 1251 "-" "Mozilla/5.0 (Linux; Android 6.0.1; Nexus 5X Build/MMB29P) AppleWebKit/537.36 (KHTML, like Gecko) Chrome/137.0.7151.103 Mobile Safari/537.36 (compatible; Googlebot/2.1; +http://www.google.com/bot.html)"
66.249.68.129 - - [06/Jul/2025:13:26:22 -0400] "GET /items/170010656.html?srsltid=AfmBOogapcoHupFdmnVbA0L5ZRmPrBXVuVFCaY7jboMQQbjzKHy3 HTTP/1.1" 404 1251 "-" "Mozilla/5.0 (Linux; Android 6.0.1; Nexus 5X Build/MMB29P) AppleWebKit/537.36 (KHTML, like Gecko) Chrome/137.0.7151.103 Mobile Safari/537.36 (compatible; Googlebot/2.1; +http://www.google.com/bot.html)"
143.244.135.33 - - [06/Jul/2025:13:26:22 -0400] "GET /wp-admin/css/colors/ectoplasm/ HTTP/1.1" 200 713 "binance.com" "Mozilla/5.0 (Windows NT 10.0; Win64; x64) AppleWebKit/537.36 (KHTML, like Gecko) Chrome/90.0.4430.85 Safari/537.36"
66.249.68.130 - - [06/Jul/2025:13:26:22 -0400] "GET /pcmypage?callback=/product%2Fdetail%2hirochishop-2-13532345868 HTTP/1.1" 404 1251 "-" "Mozilla/5.0 (Linux; Android 6.0.1; Nexus 5X Build/MMB29P) AppleWebKit/537.36 (KHTML, like Gecko) Chrome/137.0.7151.103 Mobile Safari/537.36 (compatible; Googlebot/2.1; +http://www.google.com/bot.html)"
66.249.68.129 - - [06/Jul/2025:13:26:23 -0400] "GET /items/wcsux97/35608?key=halfway HTTP/1.1" 404 1251 "-" "Mozilla/5.0 (Linux; Android 6.0.1; Nexus 5X Build/MMB29P) AppleWebKit/537.36 (KHTML, like Gecko) Chrome/137.0.7151.103 Mobile Safari/537.36 (compatible; Googlebot/2.1; +http://www.google.com/bot.html)"
66.29.146.47 - - [06/Jul/2025:13:26:28 -0400] "POST /wp-cron.php?doing_wp_cron=1751822788.5554409027099609375000 HTTP/1.1" 403 1242 "-" "WordPress/6.8; https://first-gulf.com.sa"
196.251.84.106 - - [06/Jul/2025:13:26:28 -0400] "POST /wp-login.php HTTP/1.1" 200 2987 "-" "Mozilla/5.0"
143.244.135.33 - - [06/Jul/2025:13:26:32 -0400] "GET /wp-admin/css/colors/light/ HTTP/1.1" 200 724 "binance.com" "Mozilla/5.0 (Windows NT 10.0; Win64; x64) AppleWebKit/537.36 (KHTML, like Gecko) Chrome/90.0.4430.85 Safari/537.36"
51.222.253.9 - - [06/Jul/2025:13:26:33 -0400] "GET /ar/project/feed/ HTTP/1.1" 404 1251 "-" "Mozilla/5.0 (compatible; AhrefsBot/7.0; +http://ahrefs.com/robot/)"
66.249.68.129 - - [06/Jul/2025:13:26:35 -0400] "GET /pcmypage?callback=product/review/home-material-afkks81067ksaa21w-s HTTP/1.1" 404 1251 "-" "Mozilla/5.0 (Linux; Android 6.0.1; Nexus 5X Build/MMB29P) AppleWebKit/537.36 (KHTML, like Gecko) Chrome/137.0.7151.103 Mobile Safari/537.36 (compatible; GoogleOther)"
66.249.68.129 - - [06/Jul/2025:13:26:36 -0400] "GET /items/081004881.html?srsltid=AfmBOookukNhmviNEFLfubJqOsedaRrBcbJynnMqB7foxcSLL9Ra HTTP/1.1" 404 1251 "-" "Mozilla/5.0 (compatible; Googlebot/2.1; +http://www.google.com/bot.html)"
143.244.135.33 - - [06/Jul/2025:13:26:38 -0400] "GET /wp-admin/css/colors/midnight/ HTTP/1.1" 200 721 "binance.com" "Mozilla/5.0 (Windows NT 10.0; Win64; x64) AppleWebKit/537.36 (KHTML, like Gecko) Chrome/90.0.4430.85 Safari/537.36"
143.244.135.33 - - [06/Jul/2025:13:26:41 -0400] "GET /wp-admin/css/colors/modern/ HTTP/1.1" 200 723 "binance.com" "Mozilla/5.0 (Windows NT 10.0; Win64; x64) AppleWebKit/537.36 (KHTML, like Gecko) Chrome/90.0.4430.85 Safari/537.36"
66.249.68.129 - - [06/Jul/2025:13:26:41 -0400] "GET /pcmypage?callback=product%2Fdetail%2Fsmilehonpo-80081601 HTTP/1.1" 404 1251 "-" "Mozilla/5.0 (Linux; Android 6.0.1; Nexus 5X Build/MMB29P) AppleWebKit/537.36 (KHTML, like Gecko) Chrome/137.0.7151.103 Mobile Safari/537.36 (compatible; Googlebot/2.1; +http://www.google.com/bot.html)"
143.244.135.33 - - [06/Jul/2025:13:26:49 -0400] "GET /wp-admin/css/colors/ocean/ HTTP/1.1" 200 723 "binance.com" "Mozilla/5.0 (Windows NT 10.0; Win64; x64) AppleWebKit/537.36 (KHTML, like Gecko) Chrome/90.0.4430.85 Safari/537.36"
143.244.135.33 - - [06/Jul/2025:13:26:57 -0400] "GET /wp-admin/css/colors/sunrise/%20 HTTP/1.1" 404 1251 "binance.com" "Mozilla/5.0 (Windows NT 10.0; Win64; x64) AppleWebKit/537.36 (KHTML, like Gecko) Chrome/90.0.4430.85 Safari/537.36"
143.244.135.33 - - [06/Jul/2025:13:27:07 -0400] "GET /wp-admin/images/ HTTP/1.1" 200 2358 "binance.com" "Mozilla/5.0 (Windows NT 10.0; Win64; x64) AppleWebKit/537.36 (KHTML, like Gecko) Chrome/90.0.4430.85 Safari/537.36"
66.249.79.196 - - [06/Jul/2025:13:27:10 -0400] "GET /pcmypage?callback=product/review/perk-up-301023-1288868 HTTP/1.1" 404 1251 "-" "Mozilla/5.0 (Linux; Android 6.0.1; Nexus 5X Build/MMB29P) AppleWebKit/537.36 (KHTML, like Gecko) Chrome/137.0.7151.103 Mobile Safari/537.36 (compatible; Googlebot/2.1; +http://www.google.com/bot.html)"
143.244.135.33 - - [06/Jul/2025:13:27:17 -0400] "GET /wp-admin/js/ HTTP/1.1" 200 2919 "binance.com" "Mozilla/5.0 (Windows NT 10.0; Win64; x64) AppleWebKit/537.36 (KHTML, like Gecko) Chrome/90.0.4430.85 Safari/537.36"
66.249.79.194 - - [06/Jul/2025:13:27:17 -0400] "GET /pcmypage?callback=product/review/re-vida-k0-7072414-white HTTP/1.1" 404 1251 "-" "Mozilla/5.0 (compatible; Googlebot/2.1; +http://www.google.com/bot.html)"
143.244.135.33 - - [06/Jul/2025:13:27:26 -0400] "GET /wp-admin/js/widgets/ HTTP/1.1" 200 1202 "binance.com" "Mozilla/5.0 (Windows NT 10.0; Win64; x64) AppleWebKit/537.36 (KHTML, like Gecko) Chrome/90.0.4430.85 Safari/537.36"
66.249.68.129 - - [06/Jul/2025:13:27:33 -0400] "GET /product/edit/toppin-curiace-siecl-dol HTTP/1.1" 404 1251 "-" "Mozilla/5.0 (Linux; Android 6.0.1; Nexus 5X Build/MMB29P) AppleWebKit/537.36 (KHTML, like Gecko) Chrome/137.0.7151.103 Mobile Safari/537.36 (compatible; GoogleOther)"
143.244.135.33 - - [06/Jul/2025:13:27:39 -0400] "GET /wp-includes/ HTTP/1.1" 200 6889 "binance.com" "Mozilla/5.0 (Windows NT 10.0; Win64; x64) AppleWebKit/537.36 (KHTML, like Gecko) Chrome/90.0.4430.85 Safari/537.36"
66.249.68.129 - - [06/Jul/2025:13:27:40 -0400] "GET /items/174042424.html?srsltid=AfmBOoaldboStJqGGDGz3r4EJMuiZZcZrRoCGGgkh97NmB7Olvar HTTP/1.1" 404 1251 "-" "Mozilla/5.0 (compatible; Googlebot/2.1; +http://www.google.com/bot.html)"
66.249.68.129 - - [06/Jul/2025:13:27:52 -0400] "GET /pcmypage?callback=/product%2Fdetail.denki-uv-62 HTTP/1.1" 404 1251 "-" "Mozilla/5.0 (Linux; Android 6.0.1; Nexus 5X Build/MMB29P) AppleWebKit/537.36 (KHTML, like Gecko) Chrome/137.0.7151.103 Mobile Safari/537.36 (compatible; Googlebot/2.1; +http://www.google.com/bot.html)"
143.244.135.33 - - [06/Jul/2025:13:27:53 -0400] "GET /wp-includes/ HTTP/1.1" 200 6889 "binance.com" "Mozilla/5.0 (Windows NT 10.0; Win64; x64) AppleWebKit/537.36 (KHTML, like Gecko) Chrome/90.0.4430.85 Safari/537.36"
143.244.135.33 - - [06/Jul/2025:13:28:05 -0400] "GET /wp-includes/block-bindings.php HTTP/1.1" 403 1242 "binance.com" "Mozilla/5.0 (Windows NT 10.0; Win64; x64) AppleWebKit/537.36 (KHTML, like Gecko) Chrome/90.0.4430.85 Safari/537.36"
66.249.79.195 - - [06/Jul/2025:13:28:10 -0400] "GET /pcmypage?callback=product%2Fdetail%2Ffleurette01-gr-e9encagigz HTTP/1.1" 404 1251 "-" "Mozilla/5.0 (compatible; Googlebot/2.1; +http://www.google.com/bot.html)"
66.249.68.129 - - [06/Jul/2025:13:28:11 -0400] "GET /items/254045966.html?srsltid=AfmBOosyoZxkhXUsYNYJAOBeDmAlZFEFIuWNrKVfbRotYoHiO4Is HTTP/1.1" 404 1251 "-" "Mozilla/5.0 (Linux; Android 6.0.1; Nexus 5X Build/MMB29P) AppleWebKit/537.36 (KHTML, like Gecko) Chrome/137.0.7151.103 Mobile Safari/537.36 (compatible; Googlebot/2.1; +http://www.google.com/bot.html)"
143.244.135.33 - - [06/Jul/2025:13:28:15 -0400] "GET /wp-includes/block-editor.php HTTP/1.1" 403 1242 "binance.com" "Mozilla/5.0 (Windows NT 10.0; Win64; x64) AppleWebKit/537.36 (KHTML, like Gecko) Chrome/90.0.4430.85 Safari/537.36"
66.249.68.129 - - [06/Jul/2025:13:28:23 -0400] "GET /items/krtct181/19976?key=Indian HTTP/1.1" 404 1251 "-" "Mozilla/5.0 (Linux; Android 6.0.1; Nexus 5X Build/MMB29P) AppleWebKit/537.36 (KHTML, like Gecko) Chrome/137.0.7151.103 Mobile Safari/537.36 (compatible; Googlebot/2.1; +http://www.google.com/bot.html)"
143.244.135.33 - - [06/Jul/2025:13:28:29 -0400] "GET /wp-includes/block-template-utils.php HTTP/1.1" 403 1242 "binance.com" "Mozilla/5.0 (Windows NT 10.0; Win64; x64) AppleWebKit/537.36 (KHTML, like Gecko) Chrome/90.0.4430.85 Safari/537.36"
143.244.135.33 - - [06/Jul/2025:13:28:40 -0400] "GET /wp-includes/block-template.php HTTP/1.1" 403 1242 "binance.com" "Mozilla/5.0 (Windows NT 10.0; Win64; x64) AppleWebKit/537.36 (KHTML, like Gecko) Chrome/90.0.4430.85 Safari/537.36"
66.249.68.129 - - [06/Jul/2025:13:28:45 -0400] "GET /pcmypage?callback=product/review/hcvalor-eshop-trusco-8424203 HTTP/1.1" 404 1251 "-" "Mozilla/5.0 (Linux; Android 6.0.1; Nexus 5X Build/MMB29P) AppleWebKit/537.36 (KHTML, like Gecko) Chrome/137.0.7151.103 Mobile Safari/537.36 (compatible; Googlebot/2.1; +http://www.google.com/bot.html)"
143.244.135.33 - - [06/Jul/2025:13:28:51 -0400] "GET /wp-includes/class-avif-info.php HTTP/1.1" 403 1242 "binance.com" "Mozilla/5.0 (Windows NT 10.0; Win64; x64) AppleWebKit/537.36 (KHTML, like Gecko) Chrome/90.0.4430.85 Safari/537.36"
143.244.135.33 - - [06/Jul/2025:13:29:01 -0400] "GET /wp-includes/class-wp-block-bindings-registry.php HTTP/1.1" 403 1242 "binance.com" "Mozilla/5.0 (Windows NT 10.0; Win64; x64) AppleWebKit/537.36 (KHTML, like Gecko) Chrome/90.0.4430.85 Safari/537.36"
143.244.135.33 - - [06/Jul/2025:13:29:07 -0400] "GET /wp-includes/class-wp-block-bindings-source.php HTTP/1.1" 403 1242 "binance.com" "Mozilla/5.0 (Windows NT 10.0; Win64; x64) AppleWebKit/537.36 (KHTML, like Gecko) Chrome/90.0.4430.85 Safari/537.36"
66.249.68.130 - - [06/Jul/2025:13:29:07 -0400] "GET /items/219008245.html?srsltid=AfmBOozhrQAkUuCQNoSDQmIOFjyRJXtT8y3e2PF5mAxY8R65azMD HTTP/1.1" 404 1251 "-" "Mozilla/5.0 (Linux; Android 6.0.1; Nexus 5X Build/MMB29P) AppleWebKit/537.36 (KHTML, like Gecko) Chrome/137.0.7151.103 Mobile Safari/537.36 (compatible; Googlebot/2.1; +http://www.google.com/bot.html)"
143.244.135.33 - - [06/Jul/2025:13:29:12 -0400] "GET /wp-includes/class-wp-block-editor-context.php HTTP/1.1" 403 1242 "binance.com" "Mozilla/5.0 (Windows NT 10.0; Win64; x64) AppleWebKit/537.36 (KHTML, like Gecko) Chrome/90.0.4430.85 Safari/537.36"
143.244.135.33 - - [06/Jul/2025:13:29:20 -0400] "GET /wp-includes/class-wp-block-metadata-registry.php HTTP/1.1" 403 1242 "binance.com" "Mozilla/5.0 (Windows NT 10.0; Win64; x64) AppleWebKit/537.36 (KHTML, like Gecko) Chrome/90.0.4430.85 Safari/537.36"
143.244.135.33 - - [06/Jul/2025:13:29:27 -0400] "GET /wp-includes/class-wp-block-parser-block.php HTTP/1.1" 403 1242 "binance.com" "Mozilla/5.0 (Windows NT 10.0; Win64; x64) AppleWebKit/537.36 (KHTML, like Gecko) Chrome/90.0.4430.85 Safari/537.36"
185.191.171.1 - - [06/Jul/2025:13:29:29 -0400] "GET /ar/project/p7 HTTP/1.1" 404 1251 "-" "Mozilla/5.0 (compatible; SemrushBot/7~bl; +http://www.semrush.com/bot.html)"
66.249.79.195 - - [06/Jul/2025:13:29:33 -0400] "GET /pcmypage?callback=product%2Fdetail%2Ffirst34-trusco-1600304 HTTP/1.1" 404 1251 "-" "Mozilla/5.0 (Linux; Android 6.0.1; Nexus 5X Build/MMB29P) AppleWebKit/537.36 (KHTML, like Gecko) Chrome/137.0.7151.103 Mobile Safari/537.36 (compatible; Googlebot/2.1; +http://www.google.com/bot.html)"
143.244.135.33 - - [06/Jul/2025:13:29:33 -0400] "GET /wp-includes/class-wp-block-parser-frame.php HTTP/1.1" 403 1242 "binance.com" "Mozilla/5.0 (Windows NT 10.0; Win64; x64) AppleWebKit/537.36 (KHTML, like Gecko) Chrome/90.0.4430.85 Safari/537.36"
66.249.68.130 - - [06/Jul/2025:13:29:34 -0400] "GET /items/072030582.html?srsltid=AfmBOoujyxucrXEUftOyu65IKIhkOYoLgBlpHcGuGcPPF26Nr8Lb HTTP/1.1" 404 1251 "-" "Mozilla/5.0 (compatible; Googlebot/2.1; +http://www.google.com/bot.html)"
143.244.135.33 - - [06/Jul/2025:13:29:40 -0400] "GET /wp-includes/class-wp-block-template.php HTTP/1.1" 403 1242 "binance.com" "Mozilla/5.0 (Windows NT 10.0; Win64; x64) AppleWebKit/537.36 (KHTML, like Gecko) Chrome/90.0.4430.85 Safari/537.36"
66.249.68.129 - - [06/Jul/2025:13:29:51 -0400] "GET /items/189026537.html?srsltid=AfmBOogleTjAbyorFAamKO0tZfVOavokBodJFOvoEFoii6HtL8eq HTTP/1.1" 404 1251 "-" "Mozilla/5.0 (Linux; Android 6.0.1; Nexus 5X Build/MMB29P) AppleWebKit/537.36 (KHTML, like Gecko) Chrome/137.0.7151.103 Mobile Safari/537.36 (compatible; Googlebot/2.1; +http://www.google.com/bot.html)"
143.244.135.33 - - [06/Jul/2025:13:29:55 -0400] "GET /wp-includes/class-wp-block-templates-registry.php HTTP/1.1" 403 1242 "binance.com" "Mozilla/5.0 (Windows NT 10.0; Win64; x64) AppleWebKit/537.36 (KHTML, like Gecko) Chrome/90.0.4430.85 Safari/537.36"
66.249.79.195 - - [06/Jul/2025:13:29:57 -0400] "GET /pcmypage?callback=product%2Fdetail%2Feagleeyeshopping-top1-ds-1454639 HTTP/1.1" 404 1251 "-" "Mozilla/5.0 (Linux; Android 6.0.1; Nexus 5X Build/MMB29P) AppleWebKit/537.36 (KHTML, like Gecko) Chrome/137.0.7151.103 Mobile Safari/537.36 (compatible; Googlebot/2.1; +http://www.google.com/bot.html)"
143.244.135.33 - - [06/Jul/2025:13:30:07 -0400] "GET /wp-includes/class-wp-classic-to-block-menu-converter.php HTTP/1.1" 403 1242 "binance.com" "Mozilla/5.0 (Windows NT 10.0; Win64; x64) AppleWebKit/537.36 (KHTML, like Gecko) Chrome/90.0.4430.85 Safari/537.36"
143.244.135.33 - - [06/Jul/2025:13:30:14 -0400] "GET /wp-includes/class-wp-dependencies.php HTTP/1.1" 403 1242 "binance.com" "Mozilla/5.0 (Windows NT 10.0; Win64; x64) AppleWebKit/537.36 (KHTML, like Gecko) Chrome/90.0.4430.85 Safari/537.36"
66.249.68.130 - - [06/Jul/2025:13:30:23 -0400] "GET /items/gqxhu142/21117?key=dancing HTTP/1.1" 404 1251 "-" "Mozilla/5.0 (Linux; Android 6.0.1; Nexus 5X Build/MMB29P) AppleWebKit/537.36 (KHTML, like Gecko) Chrome/137.0.7151.103 Mobile Safari/537.36 (compatible; Googlebot/2.1; +http://www.google.com/bot.html)"
66.249.68.130 - - [06/Jul/2025:13:30:24 -0400] "GET /items/zmnjt48/2539?key=remarkable HTTP/1.1" 404 1251 "-" "Mozilla/5.0 (Linux; Android 6.0.1; Nexus 5X Build/MMB29P) AppleWebKit/537.36 (KHTML, like Gecko) Chrome/137.0.7151.103 Mobile Safari/537.36 (compatible; Googlebot/2.1; +http://www.google.com/bot.html)"
143.244.135.33 - - [06/Jul/2025:13:30:24 -0400] "GET /wp-includes/class-wp-duotone.php HTTP/1.1" 403 1242 "binance.com" "Mozilla/5.0 (Windows NT 10.0; Win64; x64) AppleWebKit/537.36 (KHTML, like Gecko) Chrome/90.0.4430.85 Safari/537.36"
66.249.68.129 - - [06/Jul/2025:13:30:31 -0400] "GET /zhHant/product/surugaya/deco-maison-ds-2498759?campaign_uid=f64d716db5e979ed2f947dbaf4296895b951ae7f HTTP/1.1" 404 1251 "-" "Mozilla/5.0 (Linux; Android 6.0.1; Nexus 5X Build/MMB29P) AppleWebKit/537.36 (KHTML, like Gecko) Chrome/137.0.7151.103 Mobile Safari/537.36 (compatible; Googlebot/2.1; +http://www.google.com/bot.html)"
66.249.68.130 - - [06/Jul/2025:13:30:31 -0400] "GET /items/249002681.html?srsltid=AfmBOofgrgLYsshaahvkOAeXVmmBkkBCLTxh1aE3NUYzfiabvrir HTTP/1.1" 404 1251 "-" "Mozilla/5.0 (Linux; Android 6.0.1; Nexus 5X Build/MMB29P) AppleWebKit/537.36 (KHTML, like Gecko) Chrome/137.0.7151.103 Mobile Safari/537.36 (compatible; Googlebot/2.1; +http://www.google.com/bot.html)"
66.249.68.130 - - [06/Jul/2025:13:30:32 -0400] "GET /items/042023162.html?srsltid=AfmBOouqcKDTQDnxVderNnruCvbTDFHLlvpIdcTYMDbQ5whXbZGH HTTP/1.1" 404 1251 "-" "Mozilla/5.0 (Linux; Android 6.0.1; Nexus 5X Build/MMB29P) AppleWebKit/537.36 (KHTML, like Gecko) Chrome/137.0.7151.103 Mobile Safari/537.36 (compatible; Googlebot/2.1; +http://www.google.com/bot.html)"
66.249.68.129 - - [06/Jul/2025:13:30:32 -0400] "GET /pcmypage?callback=product/review/a-price-4549980495483 HTTP/1.1" 404 1251 "-" "Mozilla/5.0 (Linux; Android 6.0.1; Nexus 5X Build/MMB29P) AppleWebKit/537.36 (KHTML, like Gecko) Chrome/137.0.7151.103 Mobile Safari/537.36 (compatible; Googlebot/2.1; +http://www.google.com/bot.html)"
143.244.135.33 - - [06/Jul/2025:13:30:32 -0400] "GET /wp-includes/class-wp-exception.php HTTP/1.1" 403 1242 "binance.com" "Mozilla/5.0 (Windows NT 10.0; Win64; x64) AppleWebKit/537.36 (KHTML, like Gecko) Chrome/90.0.4430.85 Safari/537.36"
208.110.64.178 - - [06/Jul/2025:13:30:40 -0400] "GET /wp-content/install.php HTTP/1.1" 404 1251 "https://first-gulf.com.sa/wp-content/install.php" "Mozilla/5.0 (Windows NT 10.0; Win64; x64) AppleWebKit/537.36 (KHTML, like Gecko) Chrome/58.0.3029.110 Safari/537.3"
143.244.135.33 - - [06/Jul/2025:13:30:41 -0400] "GET /wp-includes/class-wp-http.php HTTP/1.1" 403 1242 "binance.com" "Mozilla/5.0 (Windows NT 10.0; Win64; x64) AppleWebKit/537.36 (KHTML, like Gecko) Chrome/90.0.4430.85 Safari/537.36"
66.249.68.129 - - [06/Jul/2025:13:30:46 -0400] "GET /product/edit/backfire-ig3427 HTTP/1.1" 404 1251 "-" "Mozilla/5.0 (compatible; Googlebot/2.1; +http://www.google.com/bot.html)"
143.244.135.33 - - [06/Jul/2025:13:30:50 -0400] "GET /wp-includes/class-wp-navigation-fallback.php HTTP/1.1" 403 1242 "binance.com" "Mozilla/5.0 (Windows NT 10.0; Win64; x64) AppleWebKit/537.36 (KHTML, like Gecko) Chrome/90.0.4430.85 Safari/537.36"
143.244.135.33 - - [06/Jul/2025:13:30:57 -0400] "GET /wp-includes/class-wp-phpmailer.php HTTP/1.1" 403 1242 "binance.com" "Mozilla/5.0 (Windows NT 10.0; Win64; x64) AppleWebKit/537.36 (KHTML, like Gecko) Chrome/90.0.4430.85 Safari/537.36"
66.249.68.130 - - [06/Jul/2025:13:31:03 -0400] "GET /items/aztni286/40207?key=immigration HTTP/1.1" 404 1251 "-" "Mozilla/5.0 (Linux; Android 6.0.1; Nexus 5X Build/MMB29P) AppleWebKit/537.36 (KHTML, like Gecko) Chrome/137.0.7151.103 Mobile Safari/537.36 (compatible; GoogleOther)"
143.244.135.33 - - [06/Jul/2025:13:31:06 -0400] "GET /wp-includes/class-wp-plugin-dependencies.php HTTP/1.1" 403 1242 "binance.com" "Mozilla/5.0 (Windows NT 10.0; Win64; x64) AppleWebKit/537.36 (KHTML, like Gecko) Chrome/90.0.4430.85 Safari/537.36"
66.249.79.196 - - [06/Jul/2025:13:31:06 -0400] "GET /pcmypage?callback=product%2Fdetail%2Fdiningmart-1105200 HTTP/1.1" 404 1251 "-" "Mozilla/5.0 (compatible; Googlebot/2.1; +http://www.google.com/bot.html)"
143.244.135.33 - - [06/Jul/2025:13:31:18 -0400] "GET /wp-includes/class-wp-script-modules.php HTTP/1.1" 403 1242 "binance.com" "Mozilla/5.0 (Windows NT 10.0; Win64; x64) AppleWebKit/537.36 (KHTML, like Gecko) Chrome/90.0.4430.85 Safari/537.36"
66.249.79.194 - - [06/Jul/2025:13:31:20 -0400] "GET /search.php?230tfe21953.html HTTP/1.1" 404 1251 "-" "Mozilla/5.0 (compatible; Googlebot/2.1; +http://www.google.com/bot.html)"
91.134.35.95 - - [06/Jul/2025:13:31:25 -0400] "GET / HTTP/1.1" 200 1436 "-" "Mozilla/5.0 (Windows NT 10.0; Win64; x64) AppleWebKit/537.36 (KHTML, like Gecko) Chrome/51.0.2704.106 Safari/537.36"
143.244.135.33 - - [06/Jul/2025:13:31:27 -0400] "GET /wp-includes/class-wp-scripts.php HTTP/1.1" 403 1242 "binance.com" "Mozilla/5.0 (Windows NT 10.0; Win64; x64) AppleWebKit/537.36 (KHTML, like Gecko) Chrome/90.0.4430.85 Safari/537.36"
143.244.135.33 - - [06/Jul/2025:13:31:41 -0400] "GET /wp-includes/class-wp-speculation-rules.php HTTP/1.1" 403 1242 "binance.com" "Mozilla/5.0 (Windows NT 10.0; Win64; x64) AppleWebKit/537.36 (KHTML, like Gecko) Chrome/90.0.4430.85 Safari/537.36"
66.249.68.129 - - [06/Jul/2025:13:31:50 -0400] "GET /items/fvpye67/25492?key=typical HTTP/1.1" 404 1251 "-" "Mozilla/5.0 (Linux; Android 6.0.1; Nexus 5X Build/MMB29P) AppleWebKit/537.36 (KHTML, like Gecko) Chrome/137.0.7151.103 Mobile Safari/537.36 (compatible; Googlebot/2.1; +http://www.google.com/bot.html)"
143.244.135.33 - - [06/Jul/2025:13:31:52 -0400] "GET /wp-includes/class-wp-styles.php HTTP/1.1" 403 1242 "binance.com" "Mozilla/5.0 (Windows NT 10.0; Win64; x64) AppleWebKit/537.36 (KHTML, like Gecko) Chrome/90.0.4430.85 Safari/537.36"
66.249.79.194 - - [06/Jul/2025:13:31:53 -0400] "GET /items/142071872.html?srsltid=AfmBOopcecDcGeFDopRdZ7b5ZhfMCeEDeB4PCYAc2BmaGvg90SWd HTTP/1.1" 404 1251 "-" "Mozilla/5.0 (compatible; Googlebot/2.1; +http://www.google.com/bot.html)"
66.249.68.129 - - [06/Jul/2025:13:31:57 -0400] "GET /pcmypage?callback=product/review/f402303-itoshima-avb004 HTTP/1.1" 404 1251 "-" "Mozilla/5.0 (Linux; Android 6.0.1; Nexus 5X Build/MMB29P) AppleWebKit/537.36 (KHTML, like Gecko) Chrome/137.0.7151.103 Mobile Safari/537.36 (compatible; GoogleOther)"
143.244.135.33 - - [06/Jul/2025:13:32:02 -0400] "GET /wp-includes/class-wp-textdomain-registry.php HTTP/1.1" 403 1242 "binance.com" "Mozilla/5.0 (Windows NT 10.0; Win64; x64) AppleWebKit/537.36 (KHTML, like Gecko) Chrome/90.0.4430.85 Safari/537.36"
143.244.135.33 - - [06/Jul/2025:13:32:14 -0400] "GET /wp-includes/class-wp-theme-json-data.php HTTP/1.1" 403 1242 "binance.com" "Mozilla/5.0 (Windows NT 10.0; Win64; x64) AppleWebKit/537.36 (KHTML, like Gecko) Chrome/90.0.4430.85 Safari/537.36"
66.249.79.195 - - [06/Jul/2025:13:32:21 -0400] "GET /items/058000148.html?srsltid=AfmBOoqiwfJdkKRSFKRQ28rEYmCoGeCo55cVfw51oLqxs9B5wV6h HTTP/1.1" 404 1251 "-" "Mozilla/5.0 (compatible; Googlebot/2.1; +http://www.google.com/bot.html)"
143.244.135.33 - - [06/Jul/2025:13:32:25 -0400] "GET /wp-includes/class-wp-theme-json-resolver.php HTTP/1.1" 403 1242 "binance.com" "Mozilla/5.0 (Windows NT 10.0; Win64; x64) AppleWebKit/537.36 (KHTML, like Gecko) Chrome/90.0.4430.85 Safari/537.36"
66.249.68.130 - - [06/Jul/2025:13:32:29 -0400] "GET /items/wqopz208/34959?key=corruption HTTP/1.1" 404 1251 "-" "Mozilla/5.0 (Linux; Android 6.0.1; Nexus 5X Build/MMB29P) AppleWebKit/537.36 (KHTML, like Gecko) Chrome/137.0.7151.103 Mobile Safari/537.36 (compatible; GoogleOther)"
143.244.135.33 - - [06/Jul/2025:13:32:32 -0400] "GET /wp-includes/class-wp-theme-json-schema.php HTTP/1.1" 403 1242 "binance.com" "Mozilla/5.0 (Windows NT 10.0; Win64; x64) AppleWebKit/537.36 (KHTML, like Gecko) Chrome/90.0.4430.85 Safari/537.36"
143.244.135.33 - - [06/Jul/2025:13:32:39 -0400] "GET /wp-includes/class-wp-theme-json.php HTTP/1.1" 403 1242 "binance.com" "Mozilla/5.0 (Windows NT 10.0; Win64; x64) AppleWebKit/537.36 (KHTML, like Gecko) Chrome/90.0.4430.85 Safari/537.36"
66.249.79.195 - - [06/Jul/2025:13:32:40 -0400] "GET /items/298038670.html?srsltid=AfmBOocbpRBnqzwpjxxRyZ60YmFHpAKKruMpIrsxZXkC71DYJ7Pj HTTP/1.1" 404 1251 "-" "Mozilla/5.0 (Linux; Android 6.0.1; Nexus 5X Build/MMB29P) AppleWebKit/537.36 (KHTML, like Gecko) Chrome/137.0.7151.103 Mobile Safari/537.36 (compatible; Googlebot/2.1; +http://www.google.com/bot.html)"
143.244.135.33 - - [06/Jul/2025:13:32:49 -0400] "GET /wp-includes/class-wp-token-map.php HTTP/1.1" 403 1242 "binance.com" "Mozilla/5.0 (Windows NT 10.0; Win64; x64) AppleWebKit/537.36 (KHTML, like Gecko) Chrome/90.0.4430.85 Safari/537.36"
143.244.135.33 - - [06/Jul/2025:13:32:58 -0400] "GET /wp-includes/class-wp-url-pattern-prefixer.php HTTP/1.1" 403 1242 "binance.com" "Mozilla/5.0 (Windows NT 10.0; Win64; x64) AppleWebKit/537.36 (KHTML, like Gecko) Chrome/90.0.4430.85 Safari/537.36"
143.244.135.33 - - [06/Jul/2025:13:33:20 -0400] "GET /wp-includes/class-wpdb.php HTTP/1.1" 403 1242 "binance.com" "Mozilla/5.0 (Windows NT 10.0; Win64; x64) AppleWebKit/537.36 (KHTML, like Gecko) Chrome/90.0.4430.85 Safari/537.36"
143.244.135.33 - - [06/Jul/2025:13:33:28 -0400] "GET /wp-includes/fonts.php HTTP/1.1" 403 1242 "binance.com" "Mozilla/5.0 (Windows NT 10.0; Win64; x64) AppleWebKit/537.36 (KHTML, like Gecko) Chrome/90.0.4430.85 Safari/537.36"
143.244.135.33 - - [06/Jul/2025:13:33:36 -0400] "GET /wp-includes/global-styles-and-settings.php HTTP/1.1" 403 1242 "binance.com" "Mozilla/5.0 (Windows NT 10.0; Win64; x64) AppleWebKit/537.36 (KHTML, like Gecko) Chrome/90.0.4430.85 Safari/537.36"
143.244.135.33 - - [06/Jul/2025:13:33:47 -0400] "GET /wp-includes/https-detection.php HTTP/1.1" 403 1242 "binance.com" "Mozilla/5.0 (Windows NT 10.0; Win64; x64) AppleWebKit/537.36 (KHTML, like Gecko) Chrome/90.0.4430.85 Safari/537.36"
143.244.135.33 - - [06/Jul/2025:13:33:54 -0400] "GET /wp-includes/https-migration.php HTTP/1.1" 403 1242 "binance.com" "Mozilla/5.0 (Windows NT 10.0; Win64; x64) AppleWebKit/537.36 (KHTML, like Gecko) Chrome/90.0.4430.85 Safari/537.36"
143.244.135.33 - - [06/Jul/2025:13:34:03 -0400] "GET /wp-includes/robots-template.php HTTP/1.1" 403 1242 "binance.com" "Mozilla/5.0 (Windows NT 10.0; Win64; x64) AppleWebKit/537.36 (KHTML, like Gecko) Chrome/90.0.4430.85 Safari/537.36"
66.249.79.195 - - [06/Jul/2025:13:34:03 -0400] "GET /pcmypage?callback=/product%2Fdetail*uc-lips-2000172233500882 HTTP/1.1" 404 1251 "-" "Mozilla/5.0 (Linux; Android 6.0.1; Nexus 5X Build/MMB29P) AppleWebKit/537.36 (KHTML, like Gecko) Chrome/137.0.7151.103 Mobile Safari/537.36 (compatible; Googlebot/2.1; +http://www.google.com/bot.html)"
143.244.135.33 - - [06/Jul/2025:13:34:13 -0400] "GET /wp-includes/script-modules.php HTTP/1.1" 403 1242 "binance.com" "Mozilla/5.0 (Windows NT 10.0; Win64; x64) AppleWebKit/537.36 (KHTML, like Gecko) Chrome/90.0.4430.85 Safari/537.36"
66.249.68.131 - - [06/Jul/2025:13:34:19 -0400] "GET /items/128038154.html?srsltid=AfmBOoldeDQbKxSpknqOBsWQCjBzouHpYXpkkOlyAcrlsat2Dxob HTTP/1.1" 404 1251 "-" "Mozilla/5.0 (Linux; Android 6.0.1; Nexus 5X Build/MMB29P) AppleWebKit/537.36 (KHTML, like Gecko) Chrome/137.0.7151.103 Mobile Safari/537.36 (compatible; Googlebot/2.1; +http://www.google.com/bot.html)"
143.244.135.33 - - [06/Jul/2025:13:34:28 -0400] "GET /wp-includes/speculative-loading.php HTTP/1.1" 403 1242 "binance.com" "Mozilla/5.0 (Windows NT 10.0; Win64; x64) AppleWebKit/537.36 (KHTML, like Gecko) Chrome/90.0.4430.85 Safari/537.36"
66.249.68.130 - - [06/Jul/2025:13:34:29 -0400] "GET /items/daulh17/26628?key=etc HTTP/1.1" 404 1251 "-" "Mozilla/5.0 (Linux; Android 6.0.1; Nexus 5X Build/MMB29P) AppleWebKit/537.36 (KHTML, like Gecko) Chrome/137.0.7151.103 Mobile Safari/537.36 (compatible; GoogleOther)"
143.244.135.33 - - [06/Jul/2025:13:34:42 -0400] "GET /wp-includes/style-engine.php HTTP/1.1" 403 1242 "binance.com" "Mozilla/5.0 (Windows NT 10.0; Win64; x64) AppleWebKit/537.36 (KHTML, like Gecko) Chrome/90.0.4430.85 Safari/537.36"
143.244.135.33 - - [06/Jul/2025:13:34:51 -0400] "GET /wp-includes/template-canvas.php HTTP/1.1" 403 1242 "binance.com" "Mozilla/5.0 (Windows NT 10.0; Win64; x64) AppleWebKit/537.36 (KHTML, like Gecko) Chrome/90.0.4430.85 Safari/537.36"
143.244.135.33 - - [06/Jul/2025:13:34:58 -0400] "GET /wp-includes/theme-previews.php HTTP/1.1" 403 1242 "binance.com" "Mozilla/5.0 (Windows NT 10.0; Win64; x64) AppleWebKit/537.36 (KHTML, like Gecko) Chrome/90.0.4430.85 Safari/537.36"
66.249.79.196 - - [06/Jul/2025:13:35:09 -0400] "GET /items/vmqmb14/4695?key=repair HTTP/1.1" 404 1251 "-" "Mozilla/5.0 (compatible; Googlebot/2.1; +http://www.google.com/bot.html)"
143.244.135.33 - - [06/Jul/2025:13:35:09 -0400] "GET /wp-includes/theme-templates.php HTTP/1.1" 403 1242 "binance.com" "Mozilla/5.0 (Windows NT 10.0; Win64; x64) AppleWebKit/537.36 (KHTML, like Gecko) Chrome/90.0.4430.85 Safari/537.36"
143.244.135.33 - - [06/Jul/2025:13:35:19 -0400] "GET /wp-includes/ID3/ HTTP/1.1" 200 1322 "binance.com" "Mozilla/5.0 (Windows NT 10.0; Win64; x64) AppleWebKit/537.36 (KHTML, like Gecko) Chrome/90.0.4430.85 Safari/537.36"
66.249.68.131 - - [06/Jul/2025:13:35:26 -0400] "GET /items/120037658.html?srsltid=AfmBOovhdUQAaCuFEvwHOiROAxyKpYAtjVDuCmuRtOO32WhlBCxc HTTP/1.1" 404 1251 "-" "Mozilla/5.0 (Linux; Android 6.0.1; Nexus 5X Build/MMB29P) AppleWebKit/537.36 (KHTML, like Gecko) Chrome/137.0.7151.103 Mobile Safari/537.36 (compatible; GoogleOther)"
143.244.135.33 - - [06/Jul/2025:13:35:31 -0400] "GET /wp-includes/ID3/ HTTP/1.1" 200 1322 "binance.com" "Mozilla/5.0 (Windows NT 10.0; Win64; x64) AppleWebKit/537.36 (KHTML, like Gecko) Chrome/90.0.4430.85 Safari/537.36"
143.244.135.33 - - [06/Jul/2025:13:35:40 -0400] "GET /wp-includes/IXR/ HTTP/1.1" 200 1127 "binance.com" "Mozilla/5.0 (Windows NT 10.0; Win64; x64) AppleWebKit/537.36 (KHTML, like Gecko) Chrome/90.0.4430.85 Safari/537.36"
143.244.135.33 - - [06/Jul/2025:13:35:51 -0400] "GET /wp-includes/IXR/ HTTP/1.1" 200 1127 "binance.com" "Mozilla/5.0 (Windows NT 10.0; Win64; x64) AppleWebKit/537.36 (KHTML, like Gecko) Chrome/90.0.4430.85 Safari/537.36"
66.249.79.194 - - [06/Jul/2025:13:35:52 -0400] "GET /search.php?prevent/its10/9ipu8-248/ HTTP/1.1" 404 1251 "-" "Mozilla/5.0 (Linux; Android 6.0.1; Nexus 5X Build/MMB29P) AppleWebKit/537.36 (KHTML, like Gecko) Chrome/137.0.7151.103 Mobile Safari/537.36 (compatible; Googlebot/2.1; +http://www.google.com/bot.html)"
66.249.68.129 - - [06/Jul/2025:13:35:53 -0400] "GET /items/019000053.html?srsltid=AfmBOoyywHWfKlhqnlJHsl66YRlIQwlCLyGW0gnTCnJkESXtAGNr HTTP/1.1" 404 1251 "-" "Mozilla/5.0 (Linux; Android 6.0.1; Nexus 5X Build/MMB29P) AppleWebKit/537.36 (KHTML, like Gecko) Chrome/137.0.7151.103 Mobile Safari/537.36 (compatible; Googlebot/2.1; +http://www.google.com/bot.html)"
66.249.68.129 - - [06/Jul/2025:13:35:53 -0400] "GET /pcmypage?callback=product%2Fdetail%2Fmakistore-pjacket524218 HTTP/1.1" 404 1251 "-" "Mozilla/5.0 (Linux; Android 6.0.1; Nexus 5X Build/MMB29P) AppleWebKit/537.36 (KHTML, like Gecko) Chrome/137.0.7151.103 Mobile Safari/537.36 (compatible; Googlebot/2.1; +http://www.google.com/bot.html)"
143.244.135.33 - - [06/Jul/2025:13:36:02 -0400] "GET /wp-includes/PHPMailer/ HTTP/1.1" 200 692 "binance.com" "Mozilla/5.0 (Windows NT 10.0; Win64; x64) AppleWebKit/537.36 (KHTML, like Gecko) Chrome/90.0.4430.85 Safari/537.36"
143.244.135.33 - - [06/Jul/2025:13:36:16 -0400] "GET /wp-includes/PHPMailer/ HTTP/1.1" 200 692 "binance.com" "Mozilla/5.0 (Windows NT 10.0; Win64; x64) AppleWebKit/537.36 (KHTML, like Gecko) Chrome/90.0.4430.85 Safari/537.36"
66.249.68.130 - - [06/Jul/2025:13:36:20 -0400] "GET /pcmypage?callback=product/review/toppin-curiace-siecl-dol HTTP/1.1" 404 1251 "-" "Mozilla/5.0 (Linux; Android 6.0.1; Nexus 5X Build/MMB29P) AppleWebKit/537.36 (KHTML, like Gecko) Chrome/137.0.7151.103 Mobile Safari/537.36 (compatible; GoogleOther)"
143.244.135.33 - - [06/Jul/2025:13:36:32 -0400] "GET /wp-includes/Text/ HTTP/1.1" 200 705 "binance.com" "Mozilla/5.0 (Windows NT 10.0; Win64; x64) AppleWebKit/537.36 (KHTML, like Gecko) Chrome/90.0.4430.85 Safari/537.36"
66.249.79.195 - - [06/Jul/2025:13:36:35 -0400] "GET /items/022000048.html?srsltid=AfmBOooqbZmJbclSeyQSJMOAAArPjqosWCCsxpBD95U91caYZWlx HTTP/1.1" 404 1251 "-" "Mozilla/5.0 (Linux; Android 6.0.1; Nexus 5X Build/MMB29P) AppleWebKit/537.36 (KHTML, like Gecko) Chrome/137.0.7151.103 Mobile Safari/537.36 (compatible; Googlebot/2.1; +http://www.google.com/bot.html)"
143.244.135.33 - - [06/Jul/2025:13:36:42 -0400] "GET /wp-includes/Text/ HTTP/1.1" 200 705 "binance.com" "Mozilla/5.0 (Windows NT 10.0; Win64; x64) AppleWebKit/537.36 (KHTML, like Gecko) Chrome/90.0.4430.85 Safari/537.36"
143.244.135.33 - - [06/Jul/2025:13:36:46 -0400] "GET /wp-includes/Text/Diff/ HTTP/1.1" 200 697 "binance.com" "Mozilla/5.0 (Windows NT 10.0; Win64; x64) AppleWebKit/537.36 (KHTML, like Gecko) Chrome/90.0.4430.85 Safari/537.36"
143.244.135.33 - - [06/Jul/2025:13:36:56 -0400] "GET /wp-includes/Text/Diff/ HTTP/1.1" 200 697 "binance.com" "Mozilla/5.0 (Windows NT 10.0; Win64; x64) AppleWebKit/537.36 (KHTML, like Gecko) Chrome/90.0.4430.85 Safari/537.36"
143.244.135.33 - - [06/Jul/2025:13:37:03 -0400] "GET /wp-includes/Text/Diff/Engine/ HTTP/1.1" 200 701 "binance.com" "Mozilla/5.0 (Windows NT 10.0; Win64; x64) AppleWebKit/537.36 (KHTML, like Gecko) Chrome/90.0.4430.85 Safari/537.36"
66.249.79.196 - - [06/Jul/2025:13:37:04 -0400] "GET /pcmypage?callback=product%2Fdetail%2Fcocodecow-r112gu HTTP/1.1" 404 1251 "-" "Mozilla/5.0 (Linux; Android 6.0.1; Nexus 5X Build/MMB29P) AppleWebKit/537.36 (KHTML, like Gecko) Chrome/137.0.7151.103 Mobile Safari/537.36 (compatible; Googlebot/2.1; +http://www.google.com/bot.html)"
143.244.135.33 - - [06/Jul/2025:13:37:09 -0400] "GET /wp-includes/Text/Diff/Engine/ HTTP/1.1" 200 701 "binance.com" "Mozilla/5.0 (Windows NT 10.0; Win64; x64) AppleWebKit/537.36 (KHTML, like Gecko) Chrome/90.0.4430.85 Safari/537.36"
143.244.135.33 - - [06/Jul/2025:13:37:15 -0400] "GET /wp-includes/Text/Diff/Renderer/ HTTP/1.1" 200 635 "binance.com" "Mozilla/5.0 (Windows NT 10.0; Win64; x64) AppleWebKit/537.36 (KHTML, like Gecko) Chrome/90.0.4430.85 Safari/537.36"
143.244.135.33 - - [06/Jul/2025:13:37:20 -0400] "GET /wp-includes/Text/Diff/Renderer/ HTTP/1.1" 200 635 "binance.com" "Mozilla/5.0 (Windows NT 10.0; Win64; x64) AppleWebKit/537.36 (KHTML, like Gecko) Chrome/90.0.4430.85 Safari/537.36"
66.249.79.194 - - [06/Jul/2025:13:37:23 -0400] "GET /items/zrxqm185/39966?key=candle HTTP/1.1" 404 1251 "-" "Mozilla/5.0 (compatible; Googlebot/2.1; +http://www.google.com/bot.html)"
66.249.68.130 - - [06/Jul/2025:13:37:25 -0400] "GET /items/029000915.html?srsltid=AfmBOofraeDngoSqqeuiZjMzEvHLuunIgcvtXEW8E9HWXfqvj0M5 HTTP/1.1" 404 1251 "-" "Mozilla/5.0 (compatible; Googlebot/2.1; +http://www.google.com/bot.html)"
143.244.135.33 - - [06/Jul/2025:13:37:28 -0400] "GET /wp-includes/blocks/ HTTP/1.1" 200 6 "binance.com" "Mozilla/5.0 (Windows NT 10.0; Win64; x64) AppleWebKit/537.36 (KHTML, like Gecko) Chrome/90.0.4430.85 Safari/537.36"
143.244.135.33 - - [06/Jul/2025:13:37:37 -0400] "GET /wp-includes/pomo/ HTTP/1.1" 200 1024 "binance.com" "Mozilla/5.0 (Windows NT 10.0; Win64; x64) AppleWebKit/537.36 (KHTML, like Gecko) Chrome/90.0.4430.85 Safari/537.36"
143.244.135.33 - - [06/Jul/2025:13:37:46 -0400] "GET /wp-includes/pomo/ HTTP/1.1" 200 1024 "binance.com" "Mozilla/5.0 (Windows NT 10.0; Win64; x64) AppleWebKit/537.36 (KHTML, like Gecko) Chrome/90.0.4430.85 Safari/537.36"
66.249.79.194 - - [06/Jul/2025:13:37:51 -0400] "GET /items/284037026.html?srsltid=AfmBOorurWzSxLBpmZkI5dfXHyALpPuIZ8A9g1ZOYY4dbkVKYU7S HTTP/1.1" 404 1251 "-" "Mozilla/5.0 (compatible; Googlebot/2.1; +http://www.google.com/bot.html)"
143.244.135.33 - - [06/Jul/2025:13:37:58 -0400] "GET /wp-includes/sitemaps/ HTTP/1.1" 200 1067 "binance.com" "Mozilla/5.0 (Windows NT 10.0; Win64; x64) AppleWebKit/537.36 (KHTML, like Gecko) Chrome/90.0.4430.85 Safari/537.36"
143.244.135.33 - - [06/Jul/2025:13:38:09 -0400] "GET /wp-includes/sitemaps/ HTTP/1.1" 200 1067 "binance.com" "Mozilla/5.0 (Windows NT 10.0; Win64; x64) AppleWebKit/537.36 (KHTML, like Gecko) Chrome/90.0.4430.85 Safari/537.36"
66.249.68.130 - - [06/Jul/2025:13:38:13 -0400] "GET /pcmypage?callback=/product%2Fdetail.-den-shop-xlx430pnntle9 HTTP/1.1" 404 1251 "-" "Mozilla/5.0 (Linux; Android 6.0.1; Nexus 5X Build/MMB29P) AppleWebKit/537.36 (KHTML, like Gecko) Chrome/137.0.7151.103 Mobile Safari/537.36 (compatible; Googlebot/2.1; +http://www.google.com/bot.html)"
66.249.68.129 - - [06/Jul/2025:13:38:20 -0400] "GET /items/qgoec81/3824?key=humanity HTTP/1.1" 404 1251 "-" "Mozilla/5.0 (Linux; Android 6.0.1; Nexus 5X Build/MMB29P) AppleWebKit/537.36 (KHTML, like Gecko) Chrome/137.0.7151.103 Mobile Safari/537.36 (compatible; Googlebot/2.1; +http://www.google.com/bot.html)"
143.244.135.33 - - [06/Jul/2025:13:38:20 -0400] "GET /wp-includes/sitemaps/providers/ HTTP/1.1" 200 693 "binance.com" "Mozilla/5.0 (Windows NT 10.0; Win64; x64) AppleWebKit/537.36 (KHTML, like Gecko) Chrome/90.0.4430.85 Safari/537.36"
66.249.68.130 - - [06/Jul/2025:13:38:23 -0400] "GET /items/vgeuk38/25773?key=bird HTTP/1.1" 404 1251 "-" "Mozilla/5.0 (Linux; Android 6.0.1; Nexus 5X Build/MMB29P) AppleWebKit/537.36 (KHTML, like Gecko) Chrome/137.0.7151.103 Mobile Safari/537.36 (compatible; GoogleOther)"
143.244.135.33 - - [06/Jul/2025:13:38:34 -0400] "GET /wp-includes/sitemaps/providers/ HTTP/1.1" 200 693 "binance.com" "Mozilla/5.0 (Windows NT 10.0; Win64; x64) AppleWebKit/537.36 (KHTML, like Gecko) Chrome/90.0.4430.85 Safari/537.36"
143.244.135.33 - - [06/Jul/2025:13:38:47 -0400] "GET /wp-includes/widgets/ HTTP/1.1" 200 1338 "binance.com" "Mozilla/5.0 (Windows NT 10.0; Win64; x64) AppleWebKit/537.36 (KHTML, like Gecko) Chrome/90.0.4430.85 Safari/537.36"
143.244.135.33 - - [06/Jul/2025:13:38:56 -0400] "GET /wp-includes/widgets/ HTTP/1.1" 200 1338 "binance.com" "Mozilla/5.0 (Windows NT 10.0; Win64; x64) AppleWebKit/537.36 (KHTML, like Gecko) Chrome/90.0.4430.85 Safari/537.36"
143.244.135.33 - - [06/Jul/2025:13:39:08 -0400] "GET /wp-includes/widgets/class-wp-widget-block.php HTTP/1.1" 403 1242 "binance.com" "Mozilla/5.0 (Windows NT 10.0; Win64; x64) AppleWebKit/537.36 (KHTML, like Gecko) Chrome/90.0.4430.85 Safari/537.36"
143.244.135.33 - - [06/Jul/2025:13:39:19 -0400] "GET /wp-includes/css/ HTTP/1.1" 200 1788 "binance.com" "Mozilla/5.0 (Windows NT 10.0; Win64; x64) AppleWebKit/537.36 (KHTML, like Gecko) Chrome/90.0.4430.85 Safari/537.36"
143.244.135.33 - - [06/Jul/2025:13:39:25 -0400] "GET /wp-includes/css/dist/ HTTP/1.1" 200 1146 "binance.com" "Mozilla/5.0 (Windows NT 10.0; Win64; x64) AppleWebKit/537.36 (KHTML, like Gecko) Chrome/90.0.4430.85 Safari/537.36"
66.249.79.196 - - [06/Jul/2025:13:39:30 -0400] "GET /pcmypage?callback=product%2Fdetail%2Fhirochishop-2-35060g HTTP/1.1" 404 1251 "-" "Mozilla/5.0 (Linux; Android 6.0.1; Nexus 5X Build/MMB29P) AppleWebKit/537.36 (KHTML, like Gecko) Chrome/137.0.7151.103 Mobile Safari/537.36 (compatible; Googlebot/2.1; +http://www.google.com/bot.html)"
143.244.135.33 - - [06/Jul/2025:13:39:33 -0400] "GET /wp-includes/fonts/ HTTP/1.1" 200 1156 "binance.com" "Mozilla/5.0 (Windows NT 10.0; Win64; x64) AppleWebKit/537.36 (KHTML, like Gecko) Chrome/90.0.4430.85 Safari/537.36"
143.244.135.33 - - [06/Jul/2025:13:39:44 -0400] "GET /wp-includes/fonts/ HTTP/1.1" 200 1156 "binance.com" "Mozilla/5.0 (Windows NT 10.0; Win64; x64) AppleWebKit/537.36 (KHTML, like Gecko) Chrome/90.0.4430.85 Safari/537.36"
66.249.79.194 - - [06/Jul/2025:13:39:52 -0400] "GET /pcmypage?callback=product%2Fdetail%2Fre-vida-02-hyhz7qi-deefjo HTTP/1.1" 404 1251 "-" "Mozilla/5.0 (Linux; Android 6.0.1; Nexus 5X Build/MMB29P) AppleWebKit/537.36 (KHTML, like Gecko) Chrome/137.0.7151.103 Mobile Safari/537.36 (compatible; Googlebot/2.1; +http://www.google.com/bot.html)"
143.244.135.33 - - [06/Jul/2025:13:39:54 -0400] "GET /wp-includes/fonts/class-wp-font-collection.php HTTP/1.1" 403 1242 "binance.com" "Mozilla/5.0 (Windows NT 10.0; Win64; x64) AppleWebKit/537.36 (KHTML, like Gecko) Chrome/90.0.4430.85 Safari/537.36"
66.249.68.131 - - [06/Jul/2025:13:40:02 -0400] "GET /pcmypage?callback=product%2Fdetail%2Fauc-itojimuki-fsq-4 HTTP/1.1" 404 1251 "-" "Mozilla/5.0 (Linux; Android 6.0.1; Nexus 5X Build/MMB29P) AppleWebKit/537.36 (KHTML, like Gecko) Chrome/137.0.7151.103 Mobile Safari/537.36 (compatible; Googlebot/2.1; +http://www.google.com/bot.html)"
143.244.135.33 - - [06/Jul/2025:13:40:03 -0400] "GET /wp-includes/fonts/class-wp-font-face-resolver.php HTTP/1.1" 403 1242 "binance.com" "Mozilla/5.0 (Windows NT 10.0; Win64; x64) AppleWebKit/537.36 (KHTML, like Gecko) Chrome/90.0.4430.85 Safari/537.36"
143.244.135.33 - - [06/Jul/2025:13:40:12 -0400] "GET /wp-includes/fonts/class-wp-font-face.php HTTP/1.1" 403 1242 "binance.com" "Mozilla/5.0 (Windows NT 10.0; Win64; x64) AppleWebKit/537.36 (KHTML, like Gecko) Chrome/90.0.4430.85 Safari/537.36"
143.244.135.33 - - [06/Jul/2025:13:40:22 -0400] "GET /wp-includes/fonts/class-wp-font-library.php HTTP/1.1" 403 1242 "binance.com" "Mozilla/5.0 (Windows NT 10.0; Win64; x64) AppleWebKit/537.36 (KHTML, like Gecko) Chrome/90.0.4430.85 Safari/537.36"
143.244.135.33 - - [06/Jul/2025:13:40:33 -0400] "GET /wp-includes/fonts/class-wp-font-utils.php HTTP/1.1" 403 1242 "binance.com" "Mozilla/5.0 (Windows NT 10.0; Win64; x64) AppleWebKit/537.36 (KHTML, like Gecko) Chrome/90.0.4430.85 Safari/537.36"
143.244.135.33 - - [06/Jul/2025:13:40:43 -0400] "GET /wp-includes/images/ HTTP/1.1" 200 1451 "binance.com" "Mozilla/5.0 (Windows NT 10.0; Win64; x64) AppleWebKit/537.36 (KHTML, like Gecko) Chrome/90.0.4430.85 Safari/537.36"
66.249.68.129 - - [06/Jul/2025:13:40:43 -0400] "GET /pcmypage?callback=product%2Fdetail%2Ff402303-itoshima-avb004 HTTP/1.1" 404 1251 "-" "Mozilla/5.0 (Linux; Android 6.0.1; Nexus 5X Build/MMB29P) AppleWebKit/537.36 (KHTML, like Gecko) Chrome/137.0.7151.103 Mobile Safari/537.36 (compatible; GoogleOther)"
143.244.135.33 - - [06/Jul/2025:13:40:54 -0400] "GET /wp-includes/images/crystal/ HTTP/1.1" 200 1126 "binance.com" "Mozilla/5.0 (Windows NT 10.0; Win64; x64) AppleWebKit/537.36 (KHTML, like Gecko) Chrome/90.0.4430.85 Safari/537.36"
66.249.68.129 - - [06/Jul/2025:13:40:59 -0400] "GET /items/usyla116/18785?key=argue HTTP/1.1" 404 1251 "-" "Mozilla/5.0 (compatible; Googlebot/2.1; +http://www.google.com/bot.html)"
66.249.79.194 - - [06/Jul/2025:13:41:02 -0400] "GET /items/190042564.html?srsltid=AfmBOopwcBYwFhjdbjxTQszuCsGjXYjwGMw2pmHW0ie1d8vVmXK5 HTTP/1.1" 404 1251 "-" "Mozilla/5.0 (Linux; Android 6.0.1; Nexus 5X Build/MMB29P) AppleWebKit/537.36 (KHTML, like Gecko) Chrome/137.0.7151.103 Mobile Safari/537.36 (compatible; Googlebot/2.1; +http://www.google.com/bot.html)"
143.244.135.33 - - [06/Jul/2025:13:41:07 -0400] "GET /wp-includes/images/media/ HTTP/1.1" 200 1197 "binance.com" "Mozilla/5.0 (Windows NT 10.0; Win64; x64) AppleWebKit/537.36 (KHTML, like Gecko) Chrome/90.0.4430.85 Safari/537.36"
66.249.68.131 - - [06/Jul/2025:13:41:20 -0400] "GET /product/edit/3-syo-ei-500045088-1 HTTP/1.1" 404 1251 "-" "Mozilla/5.0 (Linux; Android 6.0.1; Nexus 5X Build/MMB29P) AppleWebKit/537.36 (KHTML, like Gecko) Chrome/137.0.7151.103 Mobile Safari/537.36 (compatible; GoogleOther)"
66.249.68.131 - - [06/Jul/2025:13:41:20 -0400] "GET /items/gbucs160/3485?key=wonder HTTP/1.1" 404 1251 "-" "Mozilla/5.0 (Linux; Android 6.0.1; Nexus 5X Build/MMB29P) AppleWebKit/537.36 (KHTML, like Gecko) Chrome/137.0.7151.103 Mobile Safari/537.36 (compatible; Googlebot/2.1; +http://www.google.com/bot.html)"
66.249.79.194 - - [06/Jul/2025:13:41:21 -0400] "GET /items/jgzql199/40528?key=scheme HTTP/1.1" 404 1251 "-" "Mozilla/5.0 (Linux; Android 6.0.1; Nexus 5X Build/MMB29P) AppleWebKit/537.36 (KHTML, like Gecko) Chrome/137.0.7151.103 Mobile Safari/537.36 (compatible; Googlebot/2.1; +http://www.google.com/bot.html)"
143.244.135.33 - - [06/Jul/2025:13:41:21 -0400] "GET /wp-includes/images/smilies/ HTTP/1.1" 200 1383 "binance.com" "Mozilla/5.0 (Windows NT 10.0; Win64; x64) AppleWebKit/537.36 (KHTML, like Gecko) Chrome/90.0.4430.85 Safari/537.36"
143.244.135.33 - - [06/Jul/2025:13:41:29 -0400] "GET /wp-includes/images/wlw/ HTTP/1.1" 404 1251 "binance.com" "Mozilla/5.0 (Windows NT 10.0; Win64; x64) AppleWebKit/537.36 (KHTML, like Gecko) Chrome/90.0.4430.85 Safari/537.36"
143.244.135.33 - - [06/Jul/2025:13:41:35 -0400] "GET /wp-includes/js/%20 HTTP/1.1" 404 1251 "binance.com" "Mozilla/5.0 (Windows NT 10.0; Win64; x64) AppleWebKit/537.36 (KHTML, like Gecko) Chrome/90.0.4430.85 Safari/537.36"
143.244.135.33 - - [06/Jul/2025:13:41:40 -0400] "GET /wp-includes/js/codemirror/ HTTP/1.1" 200 1087 "binance.com" "Mozilla/5.0 (Windows NT 10.0; Win64; x64) AppleWebKit/537.36 (KHTML, like Gecko) Chrome/90.0.4430.85 Safari/537.36"
143.244.135.33 - - [06/Jul/2025:13:41:45 -0400] "GET /wp-includes/js/plupload/ HTTP/1.1" 200 1099 "binance.com" "Mozilla/5.0 (Windows NT 10.0; Win64; x64) AppleWebKit/537.36 (KHTML, like Gecko) Chrome/90.0.4430.85 Safari/537.36"
143.244.135.33 - - [06/Jul/2025:13:41:50 -0400] "GET /.well-known/ HTTP/1.1" 404 1251 "binance.com" "Mozilla/5.0 (Windows NT 10.0; Win64; x64) AppleWebKit/537.36 (KHTML, like Gecko) Chrome/90.0.4430.85 Safari/537.36"
66.249.68.129 - - [06/Jul/2025:13:42:05 -0400] "GET /items/182016238.html?srsltid=AfmBOoqmkJVNWbUQvkHtmEAzDQKXqHLtalLWjvbugALPpBfc2Jpg HTTP/1.1" 404 1251 "-" "Mozilla/5.0 (Linux; Android 6.0.1; Nexus 5X Build/MMB29P) AppleWebKit/537.36 (KHTML, like Gecko) Chrome/137.0.7151.103 Mobile Safari/537.36 (compatible; Googlebot/2.1; +http://www.google.com/bot.html)"
66.249.68.129 - - [06/Jul/2025:13:42:21 -0400] "GET /items/xkjqe125/40948?key=fast HTTP/1.1" 404 1251 "-" "Mozilla/5.0 (Linux; Android 6.0.1; Nexus 5X Build/MMB29P) AppleWebKit/537.36 (KHTML, like Gecko) Chrome/137.0.7151.103 Mobile Safari/537.36 (compatible; Googlebot/2.1; +http://www.google.com/bot.html)"
66.249.68.130 - - [06/Jul/2025:13:42:22 -0400] "GET /items/240018730.html?srsltid=AfmBOooqeWwfSLkwBWQIwj6sLqWfBphSXTpqar7e20vyZyj1XhoX HTTP/1.1" 404 1251 "-" "Mozilla/5.0 (Linux; Android 6.0.1; Nexus 5X Build/MMB29P) AppleWebKit/537.36 (KHTML, like Gecko) Chrome/137.0.7151.103 Mobile Safari/537.36 (compatible; Googlebot/2.1; +http://www.google.com/bot.html)"
66.249.79.195 - - [06/Jul/2025:13:42:36 -0400] "GET /items/254016766.html?srsltid=AfmBOowidSOnoGAqxdUIYy2iHUHRdmqXctsjeCCkL2K1T07CvpQu HTTP/1.1" 404 1251 "-" "Mozilla/5.0 (Linux; Android 6.0.1; Nexus 5X Build/MMB29P) AppleWebKit/537.36 (KHTML, like Gecko) Chrome/137.0.7151.103 Mobile Safari/537.36 (compatible; Googlebot/2.1; +http://www.google.com/bot.html)"
