66.249.77.137 - - [06/Jul/2025:15:23:34 -0400] "GET /items/xmgef70/4985?key=mutual HTTP/1.1" 404 1251 "-" "Mozilla/5.0 (Linux; Android 6.0.1; Nexus 5X Build/MMB29P) AppleWebKit/537.36 (KHTML, like Gecko) Chrome/137.0.7151.103 Mobile Safari/537.36 (compatible; Googlebot/2.1; +http://www.google.com/bot.html)"
66.249.77.137 - - [06/Jul/2025:15:23:45 -0400] "GET /pcmypage?callback=product/review/tenpos2-jl1-etc12bjs115c0 HTTP/1.1" 404 1251 "-" "Mozilla/5.0 (Linux; Android 6.0.1; Nexus 5X Build/MMB29P) AppleWebKit/537.36 (KHTML, like Gecko) Chrome/137.0.7151.103 Mobile Safari/537.36 (compatible; GoogleOther)"
66.249.77.137 - - [06/Jul/2025:15:23:45 -0400] "GET /items/lbycn183/16472?key=home HTTP/1.1" 404 1251 "-" "Mozilla/5.0 (Linux; Android 6.0.1; Nexus 5X Build/MMB29P) AppleWebKit/537.36 (KHTML, like Gecko) Chrome/137.0.7151.103 Mobile Safari/537.36 (compatible; Googlebot/2.1; +http://www.google.com/bot.html)"
66.249.69.2 - - [06/Jul/2025:15:23:48 -0400] "GET /pcmypage?callback=product%2Fdetail%2Fbiccamera-4957812520157 HTTP/1.1" 404 1251 "-" "Mozilla/5.0 (compatible; Googlebot/2.1; +http://www.google.com/bot.html)"
66.249.77.137 - - [06/Jul/2025:15:23:57 -0400] "GET /items/bznsb160/6747?key=very HTTP/1.1" 404 1251 "-" "Mozilla/5.0 (Linux; Android 6.0.1; Nexus 5X Build/MMB29P) AppleWebKit/537.36 (KHTML, like Gecko) Chrome/137.0.7151.103 Mobile Safari/537.36 (compatible; Googlebot/2.1; +http://www.google.com/bot.html)"
66.249.69.4 - - [06/Jul/2025:15:24:08 -0400] "GET /items/147028895.html?srsltid=AfmBOobeeWtcLAKDIxDzqrAxNlJfIKXIwfauHiyJynrizb1rqULr HTTP/1.1" 404 1251 "-" "Mozilla/5.0 (Linux; Android 6.0.1; Nexus 5X Build/MMB29P) AppleWebKit/537.36 (KHTML, like Gecko) Chrome/137.0.7151.103 Mobile Safari/537.36 (compatible; Googlebot/2.1; +http://www.google.com/bot.html)"
66.249.77.139 - - [06/Jul/2025:15:24:09 -0400] "GET /items/dpqbz292/44345?key=upset HTTP/1.1" 404 1251 "-" "Mozilla/5.0 (Linux; Android 6.0.1; Nexus 5X Build/MMB29P) AppleWebKit/537.36 (KHTML, like Gecko) Chrome/137.0.7151.103 Mobile Safari/537.36 (compatible; Googlebot/2.1; +http://www.google.com/bot.html)"
66.249.77.138 - - [06/Jul/2025:15:24:25 -0400] "GET /items/cpfmr67/45956?key=representation HTTP/1.1" 404 1251 "-" "Mozilla/5.0 (Linux; Android 6.0.1; Nexus 5X Build/MMB29P) AppleWebKit/537.36 (KHTML, like Gecko) Chrome/137.0.7151.103 Mobile Safari/537.36 (compatible; Googlebot/2.1; +http://www.google.com/bot.html)"
65.108.46.99 - - [06/Jul/2025:15:24:29 -0400] "GET /robots.txt HTTP/1.1" 200 109 "-" "Mozilla/5.0 (compatible; MJ12bot/v1.4.8; http://mj12bot.com/)"
66.249.77.137 - - [06/Jul/2025:15:24:29 -0400] "GET /items/126012294.html?srsltid=AfmBOoeonHwYpEOcZaUYrScdKXIbBqNxnIlPaAAJ1WBCmvx4egQf HTTP/1.1" 404 1251 "-" "Mozilla/5.0 (compatible; Googlebot/2.1; +http://www.google.com/bot.html)"
66.249.77.137 - - [06/Jul/2025:15:24:30 -0400] "GET /items/lwfjp194/44267?key=brief HTTP/1.1" 404 1251 "-" "Mozilla/5.0 (compatible; Googlebot/2.1; +http://www.google.com/bot.html)"
65.108.46.99 - - [06/Jul/2025:15:24:31 -0400] "GET /wp-includes/class-wp-paused-extensions-storage.php HTTP/1.1" 403 1242 "-" "Mozilla/5.0 (compatible; MJ12bot/v1.4.8; http://mj12bot.com/)"
66.249.77.137 - - [06/Jul/2025:15:24:32 -0400] "GET /search?category=501&search_word= HTTP/1.1" 404 1251 "-" "Mozilla/5.0 (compatible; Googlebot/2.1; +http://www.google.com/bot.html)"
65.108.46.99 - - [06/Jul/2025:15:24:33 -0400] "GET /wp-includes/class-wp-phpmailer.php HTTP/1.1" 403 1242 "-" "Mozilla/5.0 (compatible; MJ12bot/v1.4.8; http://mj12bot.com/)"
65.108.46.99 - - [06/Jul/2025:15:24:35 -0400] "GET /wp-includes/class-wp-plugin-dependencies.php HTTP/1.1" 403 1242 "-" "Mozilla/5.0 (compatible; MJ12bot/v1.4.8; http://mj12bot.com/)"
66.249.77.137 - - [06/Jul/2025:15:24:36 -0400] "GET /items/vbges8/30185?key=inflation HTTP/1.1" 404 1251 "-" "Mozilla/5.0 (Linux; Android 6.0.1; Nexus 5X Build/MMB29P) AppleWebKit/537.36 (KHTML, like Gecko) Chrome/137.0.7151.103 Mobile Safari/537.36 (compatible; Googlebot/2.1; +http://www.google.com/bot.html)"
65.108.46.99 - - [06/Jul/2025:15:24:38 -0400] "GET /wp-includes/class-wp-post-type.php HTTP/1.1" 403 1242 "-" "Mozilla/5.0 (compatible; MJ12bot/v1.4.8; http://mj12bot.com/)"
65.108.46.99 - - [06/Jul/2025:15:24:40 -0400] "GET /wp-includes/class-wp-post.php HTTP/1.1" 403 1242 "-" "Mozilla/5.0 (compatible; MJ12bot/v1.4.8; http://mj12bot.com/)"
65.108.46.99 - - [06/Jul/2025:15:24:42 -0400] "GET /wp-includes/class-wp-query.php HTTP/1.1" 403 1242 "-" "Mozilla/5.0 (compatible; MJ12bot/v1.4.8; http://mj12bot.com/)"
65.108.46.99 - - [06/Jul/2025:15:24:44 -0400] "GET /wp-includes/class-wp-recovery-mode-cookie-service.php HTTP/1.1" 403 1242 "-" "Mozilla/5.0 (compatible; MJ12bot/v1.4.8; http://mj12bot.com/)"
66.249.77.137 - - [06/Jul/2025:15:24:46 -0400] "GET /items/fyyzf69/49716?key=cart HTTP/1.1" 404 1251 "-" "Mozilla/5.0 (Linux; Android 6.0.1; Nexus 5X Build/MMB29P) AppleWebKit/537.36 (KHTML, like Gecko) Chrome/137.0.7151.103 Mobile Safari/537.36 (compatible; Googlebot/2.1; +http://www.google.com/bot.html)"
65.108.46.99 - - [06/Jul/2025:15:24:46 -0400] "GET /wp-includes/class-wp-recovery-mode-email-service.php HTTP/1.1" 403 1242 "-" "Mozilla/5.0 (compatible; MJ12bot/v1.4.8; http://mj12bot.com/)"
66.249.77.137 - - [06/Jul/2025:15:24:47 -0400] "GET /pcmypage?callback=product%2Fdetail%2Fhanbokhome-vehgc4eopjjcnowb5zvntkmrja-hbh-1 HTTP/1.1" 404 1251 "-" "Mozilla/5.0 (Linux; Android 6.0.1; Nexus 5X Build/MMB29P) AppleWebKit/537.36 (KHTML, like Gecko) Chrome/137.0.7151.103 Mobile Safari/537.36 (compatible; Googlebot/2.1; +http://www.google.com/bot.html)"
65.108.46.99 - - [06/Jul/2025:15:24:49 -0400] "GET /wp-includes/class-wp-recovery-mode-key-service.php HTTP/1.1" 403 1242 "-" "Mozilla/5.0 (compatible; MJ12bot/v1.4.8; http://mj12bot.com/)"
65.108.46.99 - - [06/Jul/2025:15:24:51 -0400] "GET /wp-includes/class-wp-recovery-mode-link-service.php HTTP/1.1" 403 1242 "-" "Mozilla/5.0 (compatible; MJ12bot/v1.4.8; http://mj12bot.com/)"
65.108.46.99 - - [06/Jul/2025:15:24:53 -0400] "GET /wp-includes/class-wp-recovery-mode.php HTTP/1.1" 403 1242 "-" "Mozilla/5.0 (compatible; MJ12bot/v1.4.8; http://mj12bot.com/)"
66.249.77.137 - - [06/Jul/2025:15:24:55 -0400] "GET /items/owywd151/20528?key=conscious HTTP/1.1" 404 1251 "-" "Mozilla/5.0 (Linux; Android 6.0.1; Nexus 5X Build/MMB29P) AppleWebKit/537.36 (KHTML, like Gecko) Chrome/137.0.7151.103 Mobile Safari/537.36 (compatible; Googlebot/2.1; +http://www.google.com/bot.html)"
65.108.46.99 - - [06/Jul/2025:15:24:55 -0400] "GET /wp-includes/class-wp-rewrite.php HTTP/1.1" 403 1242 "-" "Mozilla/5.0 (compatible; MJ12bot/v1.4.8; http://mj12bot.com/)"
65.108.46.99 - - [06/Jul/2025:15:24:57 -0400] "GET /wp-includes/class-wp-role.php HTTP/1.1" 403 1242 "-" "Mozilla/5.0 (compatible; MJ12bot/v1.4.8; http://mj12bot.com/)"
65.108.46.99 - - [06/Jul/2025:15:24:59 -0400] "GET /wp-includes/class-wp-roles.php HTTP/1.1" 403 1242 "-" "Mozilla/5.0 (compatible; MJ12bot/v1.4.8; http://mj12bot.com/)"
65.108.46.99 - - [06/Jul/2025:15:25:01 -0400] "GET /wp-includes/class-wp-script-modules.php HTTP/1.1" 403 1242 "-" "Mozilla/5.0 (compatible; MJ12bot/v1.4.8; http://mj12bot.com/)"
65.108.46.99 - - [06/Jul/2025:15:25:03 -0400] "GET /wp-includes/class-wp-scripts.php HTTP/1.1" 403 1242 "-" "Mozilla/5.0 (compatible; MJ12bot/v1.4.8; http://mj12bot.com/)"
65.108.46.99 - - [06/Jul/2025:15:25:06 -0400] "GET /wp-includes/class-wp-session-tokens.php HTTP/1.1" 403 1242 "-" "Mozilla/5.0 (compatible; MJ12bot/v1.4.8; http://mj12bot.com/)"
66.249.77.137 - - [06/Jul/2025:15:25:08 -0400] "GET /items/zattl190/6065?key=experimental HTTP/1.1" 404 1251 "-" "Mozilla/5.0 (Linux; Android 6.0.1; Nexus 5X Build/MMB29P) AppleWebKit/537.36 (KHTML, like Gecko) Chrome/137.0.7151.103 Mobile Safari/537.36 (compatible; Googlebot/2.1; +http://www.google.com/bot.html)"
65.108.46.99 - - [06/Jul/2025:15:25:08 -0400] "GET /wp-includes/class-wp-simplepie-file.php HTTP/1.1" 403 1242 "-" "Mozilla/5.0 (compatible; MJ12bot/v1.4.8; http://mj12bot.com/)"
65.108.46.99 - - [06/Jul/2025:15:25:12 -0400] "GET /wp-includes/class-wp-simplepie-sanitize-kses.php HTTP/1.1" 403 1242 "-" "Mozilla/5.0 (compatible; MJ12bot/v1.4.8; http://mj12bot.com/)"
65.108.46.99 - - [06/Jul/2025:15:25:15 -0400] "GET /wp-includes/class-wp-site-query.php HTTP/1.1" 403 1242 "-" "Mozilla/5.0 (compatible; MJ12bot/v1.4.8; http://mj12bot.com/)"
65.108.46.99 - - [06/Jul/2025:15:25:18 -0400] "GET /wp-includes/class-wp-site.php HTTP/1.1" 403 1242 "-" "Mozilla/5.0 (compatible; MJ12bot/v1.4.8; http://mj12bot.com/)"
66.249.77.138 - - [06/Jul/2025:15:25:19 -0400] "GET /pcmypage?callback=product%2Fdetail%2Fhcvalor-eshop-trusco-4547148 HTTP/1.1" 404 1251 "-" "Mozilla/5.0 (Linux; Android 6.0.1; Nexus 5X Build/MMB29P) AppleWebKit/537.36 (KHTML, like Gecko) Chrome/137.0.7151.103 Mobile Safari/537.36 (compatible; Googlebot/2.1; +http://www.google.com/bot.html)"
66.249.77.138 - - [06/Jul/2025:15:25:19 -0400] "GET /items/fbkzx165/47624?key=uncle HTTP/1.1" 404 1251 "-" "Mozilla/5.0 (Linux; Android 6.0.1; Nexus 5X Build/MMB29P) AppleWebKit/537.36 (KHTML, like Gecko) Chrome/137.0.7151.103 Mobile Safari/537.36 (compatible; Googlebot/2.1; +http://www.google.com/bot.html)"
66.249.77.138 - - [06/Jul/2025:15:25:20 -0400] "GET /items/016046516.html?srsltid=AfmBOojtqLaYKjqDRKWfuIVKLobmnsoZ9ejg73e6c0cb8dMoV6bV HTTP/1.1" 404 1251 "-" "Mozilla/5.0 (compatible; Googlebot/2.1; +http://www.google.com/bot.html)"
66.249.77.138 - - [06/Jul/2025:15:25:21 -0400] "GET /pcmypage?callback=/product%2Fdetail%2First23-trusco-5194972 HTTP/1.1" 404 1251 "-" "Mozilla/5.0 (Linux; Android 6.0.1; Nexus 5X Build/MMB29P) AppleWebKit/537.36 (KHTML, like Gecko) Chrome/137.0.7151.103 Mobile Safari/537.36 (compatible; Googlebot/2.1; +http://www.google.com/bot.html)"
65.108.46.99 - - [06/Jul/2025:15:25:21 -0400] "GET /wp-includes/class-wp-speculation-rules.php HTTP/1.1" 403 1242 "-" "Mozilla/5.0 (compatible; MJ12bot/v1.4.8; http://mj12bot.com/)"
65.108.46.99 - - [06/Jul/2025:15:25:23 -0400] "GET /wp-includes/class-wp-styles.php HTTP/1.1" 403 1242 "-" "Mozilla/5.0 (compatible; MJ12bot/v1.4.8; http://mj12bot.com/)"
65.108.46.99 - - [06/Jul/2025:15:25:26 -0400] "GET /wp-includes/class-wp-tax-query.php HTTP/1.1" 403 1242 "-" "Mozilla/5.0 (compatible; MJ12bot/v1.4.8; http://mj12bot.com/)"
65.108.46.99 - - [06/Jul/2025:15:25:28 -0400] "GET /wp-includes/class-wp-taxonomy.php HTTP/1.1" 403 1242 "-" "Mozilla/5.0 (compatible; MJ12bot/v1.4.8; http://mj12bot.com/)"
65.108.46.99 - - [06/Jul/2025:15:25:30 -0400] "GET /wp-includes/class-wp-term-query.php HTTP/1.1" 403 1242 "-" "Mozilla/5.0 (compatible; MJ12bot/v1.4.8; http://mj12bot.com/)"
65.108.46.99 - - [06/Jul/2025:15:25:33 -0400] "GET /wp-includes/class-wp-term.php HTTP/1.1" 403 1242 "-" "Mozilla/5.0 (compatible; MJ12bot/v1.4.8; http://mj12bot.com/)"
66.249.77.137 - - [06/Jul/2025:15:25:34 -0400] "GET /items/epgoy81/35638?key=ridge HTTP/1.1" 404 1251 "-" "Mozilla/5.0 (Linux; Android 6.0.1; Nexus 5X Build/MMB29P) AppleWebKit/537.36 (KHTML, like Gecko) Chrome/137.0.7151.103 Mobile Safari/537.36 (compatible; Googlebot/2.1; +http://www.google.com/bot.html)"
66.249.77.137 - - [06/Jul/2025:15:25:35 -0400] "GET /pcmypage?callback=product/review/guruguru2-6202309080491 HTTP/1.1" 404 1251 "-" "Mozilla/5.0 (Linux; Android 6.0.1; Nexus 5X Build/MMB29P) AppleWebKit/537.36 (KHTML, like Gecko) Chrome/137.0.7151.103 Mobile Safari/537.36 (compatible; Googlebot/2.1; +http://www.google.com/bot.html)"
65.108.46.99 - - [06/Jul/2025:15:25:35 -0400] "GET /wp-includes/class-wp-text-diff-renderer-inline.php HTTP/1.1" 403 1242 "-" "Mozilla/5.0 (compatible; MJ12bot/v1.4.8; http://mj12bot.com/)"
65.108.46.99 - - [06/Jul/2025:15:25:37 -0400] "GET /wp-includes/class-wp-text-diff-renderer-table.php HTTP/1.1" 403 1242 "-" "Mozilla/5.0 (compatible; MJ12bot/v1.4.8; http://mj12bot.com/)"
65.108.46.99 - - [06/Jul/2025:15:25:39 -0400] "GET /wp-includes/class-wp-textdomain-registry.php HTTP/1.1" 403 1242 "-" "Mozilla/5.0 (compatible; MJ12bot/v1.4.8; http://mj12bot.com/)"
66.249.77.137 - - [06/Jul/2025:15:25:41 -0400] "GET /items/vydpv233/40062?key=evaluate HTTP/1.1" 404 1251 "-" "Mozilla/5.0 (Linux; Android 6.0.1; Nexus 5X Build/MMB29P) AppleWebKit/537.36 (KHTML, like Gecko) Chrome/137.0.7151.103 Mobile Safari/537.36 (compatible; Googlebot/2.1; +http://www.google.com/bot.html)"
65.108.46.99 - - [06/Jul/2025:15:25:41 -0400] "GET /wp-includes/class-wp-theme-json-data.php HTTP/1.1" 403 1242 "-" "Mozilla/5.0 (compatible; MJ12bot/v1.4.8; http://mj12bot.com/)"
65.108.46.99 - - [06/Jul/2025:15:25:43 -0400] "GET /wp-includes/class-wp-theme-json-resolver.php HTTP/1.1" 403 1242 "-" "Mozilla/5.0 (compatible; MJ12bot/v1.4.8; http://mj12bot.com/)"
65.108.46.99 - - [06/Jul/2025:15:25:46 -0400] "GET /wp-includes/class-wp-theme-json-schema.php HTTP/1.1" 403 1242 "-" "Mozilla/5.0 (compatible; MJ12bot/v1.4.8; http://mj12bot.com/)"
65.108.46.99 - - [06/Jul/2025:15:25:48 -0400] "GET /wp-includes/class-wp-theme-json.php HTTP/1.1" 403 1242 "-" "Mozilla/5.0 (compatible; MJ12bot/v1.4.8; http://mj12bot.com/)"
65.108.46.99 - - [06/Jul/2025:15:25:50 -0400] "GET /wp-includes/class-wp-theme.php HTTP/1.1" 403 1242 "-" "Mozilla/5.0 (compatible; MJ12bot/v1.4.8; http://mj12bot.com/)"
65.108.46.99 - - [06/Jul/2025:15:25:52 -0400] "GET /wp-includes/class-wp-token-map.php HTTP/1.1" 403 1242 "-" "Mozilla/5.0 (compatible; MJ12bot/v1.4.8; http://mj12bot.com/)"
66.249.77.137 - - [06/Jul/2025:15:25:53 -0400] "GET /items/qthda158/8295?key=squad HTTP/1.1" 404 1251 "-" "Mozilla/5.0 (Linux; Android 6.0.1; Nexus 5X Build/MMB29P) AppleWebKit/537.36 (KHTML, like Gecko) Chrome/137.0.7151.103 Mobile Safari/537.36 (compatible; Googlebot/2.1; +http://www.google.com/bot.html)"
65.108.46.99 - - [06/Jul/2025:15:25:54 -0400] "GET /wp-includes/class-wp-url-pattern-prefixer.php HTTP/1.1" 403 1242 "-" "Mozilla/5.0 (compatible; MJ12bot/v1.4.8; http://mj12bot.com/)"
65.108.46.99 - - [06/Jul/2025:15:25:56 -0400] "GET /wp-includes/class-wp-user-meta-session-tokens.php HTTP/1.1" 403 1242 "-" "Mozilla/5.0 (compatible; MJ12bot/v1.4.8; http://mj12bot.com/)"
65.108.46.99 - - [06/Jul/2025:15:25:58 -0400] "GET /wp-includes/class-wp-user-query.php HTTP/1.1" 403 1242 "-" "Mozilla/5.0 (compatible; MJ12bot/v1.4.8; http://mj12bot.com/)"
65.108.46.99 - - [06/Jul/2025:15:26:00 -0400] "GET /wp-includes/class-wp-user-request.php HTTP/1.1" 403 1242 "-" "Mozilla/5.0 (compatible; MJ12bot/v1.4.8; http://mj12bot.com/)"
65.108.46.99 - - [06/Jul/2025:15:26:02 -0400] "GET /wp-includes/class-wp-user.php HTTP/1.1" 403 1242 "-" "Mozilla/5.0 (compatible; MJ12bot/v1.4.8; http://mj12bot.com/)"
65.108.46.99 - - [06/Jul/2025:15:26:04 -0400] "GET /wp-includes/class-wp-walker.php HTTP/1.1" 403 1242 "-" "Mozilla/5.0 (compatible; MJ12bot/v1.4.8; http://mj12bot.com/)"
66.249.77.137 - - [06/Jul/2025:15:26:05 -0400] "GET /items/mtccs292/31617?key=cast HTTP/1.1" 404 1251 "-" "Mozilla/5.0 (Linux; Android 6.0.1; Nexus 5X Build/MMB29P) AppleWebKit/537.36 (KHTML, like Gecko) Chrome/137.0.7151.103 Mobile Safari/537.36 (compatible; Googlebot/2.1; +http://www.google.com/bot.html)"
65.108.46.99 - - [06/Jul/2025:15:26:06 -0400] "GET /wp-includes/class-wp-widget-factory.php HTTP/1.1" 403 1242 "-" "Mozilla/5.0 (compatible; MJ12bot/v1.4.8; http://mj12bot.com/)"
65.108.46.99 - - [06/Jul/2025:15:26:08 -0400] "GET /wp-includes/class-wp-widget.php HTTP/1.1" 403 1242 "-" "Mozilla/5.0 (compatible; MJ12bot/v1.4.8; http://mj12bot.com/)"
65.108.46.99 - - [06/Jul/2025:15:26:10 -0400] "GET /wp-includes/class-wp-xmlrpc-server.php HTTP/1.1" 403 1242 "-" "Mozilla/5.0 (compatible; MJ12bot/v1.4.8; http://mj12bot.com/)"
66.249.77.138 - - [06/Jul/2025:15:26:11 -0400] "GET /pcmypage?callback=product/review/kiro-p61082801 HTTP/1.1" 404 1251 "-" "Mozilla/5.0 (Linux; Android 6.0.1; Nexus 5X Build/MMB29P) AppleWebKit/537.36 (KHTML, like Gecko) Chrome/137.0.7151.119 Mobile Safari/537.36 (compatible; Googlebot/2.1; +http://www.google.com/bot.html)"
65.108.46.99 - - [06/Jul/2025:15:26:12 -0400] "GET /wp-includes/class-wp.php HTTP/1.1" 403 1242 "-" "Mozilla/5.0 (compatible; MJ12bot/v1.4.8; http://mj12bot.com/)"
65.108.46.99 - - [06/Jul/2025:15:26:14 -0400] "GET /wp-includes/class-wpdb.php HTTP/1.1" 403 1242 "-" "Mozilla/5.0 (compatible; MJ12bot/v1.4.8; http://mj12bot.com/)"
66.249.77.137 - - [06/Jul/2025:15:26:16 -0400] "GET /items/vbeaz142/24527?key=removal HTTP/1.1" 404 1251 "-" "Mozilla/5.0 (Linux; Android 6.0.1; Nexus 5X Build/MMB29P) AppleWebKit/537.36 (KHTML, like Gecko) Chrome/137.0.7151.103 Mobile Safari/537.36 (compatible; Googlebot/2.1; +http://www.google.com/bot.html)"
65.108.46.99 - - [06/Jul/2025:15:26:16 -0400] "GET /wp-includes/class.wp-dependencies.php HTTP/1.1" 403 1242 "-" "Mozilla/5.0 (compatible; MJ12bot/v1.4.8; http://mj12bot.com/)"
66.249.77.137 - - [06/Jul/2025:15:26:17 -0400] "GET /items/143014021.html?srsltid=AfmBOojlfAFfUOOvOKwQWgWSGMZZzZaSuCAuhS3tJEju3aCdvYw4 HTTP/1.1" 404 1251 "-" "Mozilla/5.0 (Linux; Android 6.0.1; Nexus 5X Build/MMB29P) AppleWebKit/537.36 (KHTML, like Gecko) Chrome/137.0.7151.119 Mobile Safari/537.36 (compatible; Googlebot/2.1; +http://www.google.com/bot.html)"
65.108.46.99 - - [06/Jul/2025:15:26:18 -0400] "GET /wp-includes/class.wp-scripts.php HTTP/1.1" 403 1242 "-" "Mozilla/5.0 (compatible; MJ12bot/v1.4.8; http://mj12bot.com/)"
65.108.46.99 - - [06/Jul/2025:15:26:21 -0400] "GET /wp-includes/class.wp-styles.php HTTP/1.1" 403 1242 "-" "Mozilla/5.0 (compatible; MJ12bot/v1.4.8; http://mj12bot.com/)"
65.108.46.99 - - [06/Jul/2025:15:26:23 -0400] "GET /wp-includes/comment-template.php HTTP/1.1" 403 1242 "-" "Mozilla/5.0 (compatible; MJ12bot/v1.4.8; http://mj12bot.com/)"
66.249.77.137 - - [06/Jul/2025:15:26:24 -0400] "GET /items/062000112.html?srsltid=AfmBOovobBPuHxEtIyCQ59XfPoyBmVnbc8UcCXZ8UXHhwhdW8orl HTTP/1.1" 404 1251 "-" "Mozilla/5.0 (Linux; Android 6.0.1; Nexus 5X Build/MMB29P) AppleWebKit/537.36 (KHTML, like Gecko) Chrome/137.0.7151.119 Mobile Safari/537.36 (compatible; Googlebot/2.1; +http://www.google.com/bot.html)"
65.108.46.99 - - [06/Jul/2025:15:26:25 -0400] "GET /wp-includes/comment.php HTTP/1.1" 403 1242 "-" "Mozilla/5.0 (compatible; MJ12bot/v1.4.8; http://mj12bot.com/)"
65.108.46.99 - - [06/Jul/2025:15:26:27 -0400] "GET /wp-includes/compat.php HTTP/1.1" 403 1242 "-" "Mozilla/5.0 (compatible; MJ12bot/v1.4.8; http://mj12bot.com/)"
66.249.77.137 - - [06/Jul/2025:15:26:28 -0400] "GET /items/dicbj96/2773?key=take HTTP/1.1" 404 1251 "-" "Mozilla/5.0 (Linux; Android 6.0.1; Nexus 5X Build/MMB29P) AppleWebKit/537.36 (KHTML, like Gecko) Chrome/137.0.7151.103 Mobile Safari/537.36 (compatible; Googlebot/2.1; +http://www.google.com/bot.html)"
65.108.46.99 - - [06/Jul/2025:15:26:29 -0400] "GET /wp-includes/cron.php HTTP/1.1" 403 1242 "-" "Mozilla/5.0 (compatible; MJ12bot/v1.4.8; http://mj12bot.com/)"
65.108.46.99 - - [06/Jul/2025:15:26:31 -0400] "GET /wp-includes/date.php HTTP/1.1" 403 1242 "-" "Mozilla/5.0 (compatible; MJ12bot/v1.4.8; http://mj12bot.com/)"
65.108.46.99 - - [06/Jul/2025:15:26:33 -0400] "GET /wp-includes/default-constants.php HTTP/1.1" 403 1242 "-" "Mozilla/5.0 (compatible; MJ12bot/v1.4.8; http://mj12bot.com/)"
65.108.46.99 - - [06/Jul/2025:15:26:35 -0400] "GET /wp-includes/default-filters.php HTTP/1.1" 403 1242 "-" "Mozilla/5.0 (compatible; MJ12bot/v1.4.8; http://mj12bot.com/)"
65.108.46.99 - - [06/Jul/2025:15:26:38 -0400] "GET /wp-includes/default-widgets.php HTTP/1.1" 403 1242 "-" "Mozilla/5.0 (compatible; MJ12bot/v1.4.8; http://mj12bot.com/)"
66.249.77.137 - - [06/Jul/2025:15:26:39 -0400] "GET /items/cbfxj206/18505?key=bind HTTP/1.1" 404 1251 "-" "Mozilla/5.0 (Linux; Android 6.0.1; Nexus 5X Build/MMB29P) AppleWebKit/537.36 (KHTML, like Gecko) Chrome/137.0.7151.103 Mobile Safari/537.36 (compatible; Googlebot/2.1; +http://www.google.com/bot.html)"
65.108.46.99 - - [06/Jul/2025:15:26:40 -0400] "GET /wp-includes/deprecated.php HTTP/1.1" 403 1242 "-" "Mozilla/5.0 (compatible; MJ12bot/v1.4.8; http://mj12bot.com/)"
65.108.46.99 - - [06/Jul/2025:15:26:42 -0400] "GET /wp-includes/embed-template.php HTTP/1.1" 403 1242 "-" "Mozilla/5.0 (compatible; MJ12bot/v1.4.8; http://mj12bot.com/)"
65.108.46.99 - - [06/Jul/2025:15:26:44 -0400] "GET /wp-includes/embed.php HTTP/1.1" 403 1242 "-" "Mozilla/5.0 (compatible; MJ12bot/v1.4.8; http://mj12bot.com/)"
65.108.46.99 - - [06/Jul/2025:15:26:46 -0400] "GET /wp-includes/error-protection.php HTTP/1.1" 403 1242 "-" "Mozilla/5.0 (compatible; MJ12bot/v1.4.8; http://mj12bot.com/)"
65.108.46.99 - - [06/Jul/2025:15:26:48 -0400] "GET /wp-includes/feed-atom-comments.php HTTP/1.1" 403 1242 "-" "Mozilla/5.0 (compatible; MJ12bot/v1.4.8; http://mj12bot.com/)"
65.108.46.99 - - [06/Jul/2025:15:26:50 -0400] "GET /wp-includes/feed-atom.php HTTP/1.1" 403 1242 "-" "Mozilla/5.0 (compatible; MJ12bot/v1.4.8; http://mj12bot.com/)"
66.249.77.137 - - [06/Jul/2025:15:26:52 -0400] "GET /items/zuqmi219/47260?key=pretend HTTP/1.1" 404 1251 "-" "Mozilla/5.0 (Linux; Android 6.0.1; Nexus 5X Build/MMB29P) AppleWebKit/537.36 (KHTML, like Gecko) Chrome/137.0.7151.103 Mobile Safari/537.36 (compatible; Googlebot/2.1; +http://www.google.com/bot.html)"
65.108.46.99 - - [06/Jul/2025:15:26:53 -0400] "GET /wp-includes/feed-rdf.php HTTP/1.1" 403 1242 "-" "Mozilla/5.0 (compatible; MJ12bot/v1.4.8; http://mj12bot.com/)"
65.108.46.99 - - [06/Jul/2025:15:26:55 -0400] "GET /wp-includes/feed-rss.php HTTP/1.1" 403 1242 "-" "Mozilla/5.0 (compatible; MJ12bot/v1.4.8; http://mj12bot.com/)"
65.108.46.99 - - [06/Jul/2025:15:26:57 -0400] "GET /wp-includes/feed-rss2-comments.php HTTP/1.1" 403 1242 "-" "Mozilla/5.0 (compatible; MJ12bot/v1.4.8; http://mj12bot.com/)"
65.108.46.99 - - [06/Jul/2025:15:26:59 -0400] "GET /wp-includes/feed-rss2.php HTTP/1.1" 403 1242 "-" "Mozilla/5.0 (compatible; MJ12bot/v1.4.8; http://mj12bot.com/)"
66.249.77.137 - - [06/Jul/2025:15:26:59 -0400] "GET / HTTP/1.1" 200 1436 "-" "Mozilla/5.0 (Linux; Android 6.0.1; Nexus 5X Build/MMB29P) AppleWebKit/537.36 (KHTML, like Gecko) Chrome/137.0.7151.119 Mobile Safari/537.36 (compatible; Googlebot/2.1; +http://www.google.com/bot.html)"
65.108.46.99 - - [06/Jul/2025:15:27:02 -0400] "GET /wp-includes/feed.php HTTP/1.1" 403 1242 "-" "Mozilla/5.0 (compatible; MJ12bot/v1.4.8; http://mj12bot.com/)"
66.249.77.138 - - [06/Jul/2025:15:27:04 -0400] "GET /items/zxsti239/402?key=rod HTTP/1.1" 404 1251 "-" "Mozilla/5.0 (Linux; Android 6.0.1; Nexus 5X Build/MMB29P) AppleWebKit/537.36 (KHTML, like Gecko) Chrome/137.0.7151.103 Mobile Safari/537.36 (compatible; Googlebot/2.1; +http://www.google.com/bot.html)"
65.108.46.99 - - [06/Jul/2025:15:27:04 -0400] "GET /wp-includes/fonts/ HTTP/1.1" 200 1162 "-" "Mozilla/5.0 (compatible; MJ12bot/v1.4.8; http://mj12bot.com/)"
65.108.46.99 - - [06/Jul/2025:15:27:06 -0400] "GET /wp-includes/fonts.php HTTP/1.1" 403 1242 "-" "Mozilla/5.0 (compatible; MJ12bot/v1.4.8; http://mj12bot.com/)"
65.108.46.99 - - [06/Jul/2025:15:27:09 -0400] "GET /wp-includes/formatting.php HTTP/1.1" 403 1242 "-" "Mozilla/5.0 (compatible; MJ12bot/v1.4.8; http://mj12bot.com/)"
65.108.46.99 - - [06/Jul/2025:15:27:11 -0400] "GET /wp-includes/functions.php HTTP/1.1" 403 1242 "-" "Mozilla/5.0 (compatible; MJ12bot/v1.4.8; http://mj12bot.com/)"
65.108.46.99 - - [06/Jul/2025:15:27:14 -0400] "GET /wp-includes/functions.wp-scripts.php HTTP/1.1" 403 1242 "-" "Mozilla/5.0 (compatible; MJ12bot/v1.4.8; http://mj12bot.com/)"
66.249.77.138 - - [06/Jul/2025:15:27:14 -0400] "GET /items/rgsme248/48021?key=create HTTP/1.1" 404 1251 "-" "Mozilla/5.0 (Linux; Android 6.0.1; Nexus 5X Build/MMB29P) AppleWebKit/537.36 (KHTML, like Gecko) Chrome/137.0.7151.103 Mobile Safari/537.36 (compatible; Googlebot/2.1; +http://www.google.com/bot.html)"
65.108.46.99 - - [06/Jul/2025:15:27:16 -0400] "GET /wp-includes/functions.wp-styles.php HTTP/1.1" 403 1242 "-" "Mozilla/5.0 (compatible; MJ12bot/v1.4.8; http://mj12bot.com/)"
65.108.46.99 - - [06/Jul/2025:15:27:18 -0400] "GET /wp-includes/general-template.php HTTP/1.1" 403 1242 "-" "Mozilla/5.0 (compatible; MJ12bot/v1.4.8; http://mj12bot.com/)"
65.108.46.99 - - [06/Jul/2025:15:27:20 -0400] "GET /wp-includes/global-styles-and-settings.php HTTP/1.1" 403 1242 "-" "Mozilla/5.0 (compatible; MJ12bot/v1.4.8; http://mj12bot.com/)"
66.249.77.137 - - [06/Jul/2025:15:27:22 -0400] "GET /items/190014266.html?srsltid=AfmBOozfreAjDgxRXuPguyHNGCrLPIjb2ySD80Vtwt8ArpJB7GN3 HTTP/1.1" 404 1251 "-" "Mozilla/5.0 (compatible; Googlebot/2.1; +http://www.google.com/bot.html)"
65.108.46.99 - - [06/Jul/2025:15:27:22 -0400] "GET /wp-includes/html-api/ HTTP/1.1" 200 1279 "-" "Mozilla/5.0 (compatible; MJ12bot/v1.4.8; http://mj12bot.com/)"
65.108.46.99 - - [06/Jul/2025:15:27:25 -0400] "GET /wp-includes/http.php HTTP/1.1" 403 1242 "-" "Mozilla/5.0 (compatible; MJ12bot/v1.4.8; http://mj12bot.com/)"
66.249.77.137 - - [06/Jul/2025:15:27:26 -0400] "GET /pcmypage?callback=product%2Fdetail%2Ffutabasp-1ajfr14900-1 HTTP/1.1" 404 1251 "-" "Mozilla/5.0 (Linux; Android 6.0.1; Nexus 5X Build/MMB29P) AppleWebKit/537.36 (KHTML, like Gecko) Chrome/137.0.7151.103 Mobile Safari/537.36 (compatible; Googlebot/2.1; +http://www.google.com/bot.html)"
65.108.46.99 - - [06/Jul/2025:15:27:27 -0400] "GET /wp-includes/https-detection.php HTTP/1.1" 403 1242 "-" "Mozilla/5.0 (compatible; MJ12bot/v1.4.8; http://mj12bot.com/)"
65.108.46.99 - - [06/Jul/2025:15:27:29 -0400] "GET /wp-includes/https-migration.php HTTP/1.1" 403 1242 "-" "Mozilla/5.0 (compatible; MJ12bot/v1.4.8; http://mj12bot.com/)"
65.108.46.99 - - [06/Jul/2025:15:27:31 -0400] "GET /wp-includes/interactivity-api/ HTTP/1.1" 200 695 "-" "Mozilla/5.0 (compatible; MJ12bot/v1.4.8; http://mj12bot.com/)"
65.108.46.99 - - [06/Jul/2025:15:27:33 -0400] "GET /wp-includes/js/ HTTP/1.1" 200 3260 "-" "Mozilla/5.0 (compatible; MJ12bot/v1.4.8; http://mj12bot.com/)"
66.249.77.137 - - [06/Jul/2025:15:27:35 -0400] "GET /pcmypage?callback=product%2Fdetail%2Ftenpos2-jl1-etc12bjs115c0 HTTP/1.1" 404 1251 "-" "Mozilla/5.0 (Linux; Android 6.0.1; Nexus 5X Build/MMB29P) AppleWebKit/537.36 (KHTML, like Gecko) Chrome/137.0.7151.103 Mobile Safari/537.36 (compatible; GoogleOther)"
65.108.46.99 - - [06/Jul/2025:15:27:35 -0400] "GET /wp-includes/kses.php HTTP/1.1" 403 1242 "-" "Mozilla/5.0 (compatible; MJ12bot/v1.4.8; http://mj12bot.com/)"
66.249.77.137 - - [06/Jul/2025:15:27:38 -0400] "GET /pcmypage?callback=/product%2Fdetail%2hamaken-kf1-2495279 HTTP/1.1" 404 1251 "-" "Mozilla/5.0 (Linux; Android 6.0.1; Nexus 5X Build/MMB29P) AppleWebKit/537.36 (KHTML, like Gecko) Chrome/137.0.7151.103 Mobile Safari/537.36 (compatible; Googlebot/2.1; +http://www.google.com/bot.html)"
65.108.46.99 - - [06/Jul/2025:15:27:37 -0400] "GET /wp-includes/l10n/ HTTP/1.1" 200 739 "-" "Mozilla/5.0 (compatible; MJ12bot/v1.4.8; http://mj12bot.com/)"
65.108.46.99 - - [06/Jul/2025:15:27:40 -0400] "GET /wp-includes/l10n.php HTTP/1.1" 403 1242 "-" "Mozilla/5.0 (compatible; MJ12bot/v1.4.8; http://mj12bot.com/)"
65.108.46.99 - - [06/Jul/2025:15:27:42 -0400] "GET /wp-includes/link-template.php HTTP/1.1" 403 1242 "-" "Mozilla/5.0 (compatible; MJ12bot/v1.4.8; http://mj12bot.com/)"
65.108.46.99 - - [06/Jul/2025:15:27:45 -0400] "GET /wp-includes/load.php HTTP/1.1" 403 1242 "-" "Mozilla/5.0 (compatible; MJ12bot/v1.4.8; http://mj12bot.com/)"
65.108.46.99 - - [06/Jul/2025:15:27:47 -0400] "GET /wp-includes/locale.php HTTP/1.1" 403 1242 "-" "Mozilla/5.0 (compatible; MJ12bot/v1.4.8; http://mj12bot.com/)"
69.197.182.50 - - [06/Jul/2025:15:27:49 -0400] "GET /wp-content/install.php HTTP/1.1" 404 1251 "https://first-gulf.com.sa/wp-content/install.php" "Mozilla/5.0 (Windows NT 10.0; Win64; x64) AppleWebKit/537.36 (KHTML, like Gecko) Chrome/58.0.3029.110 Safari/537.3"
66.249.77.137 - - [06/Jul/2025:15:27:49 -0400] "GET /pcmypage?callback=product/review/webike-rb-24165138-1 HTTP/1.1" 404 1251 "-" "Mozilla/5.0 (Linux; Android 6.0.1; Nexus 5X Build/MMB29P) AppleWebKit/537.36 (KHTML, like Gecko) Chrome/137.0.7151.103 Mobile Safari/537.36 (compatible; Googlebot/2.1; +http://www.google.com/bot.html)"
65.108.46.99 - - [06/Jul/2025:15:27:49 -0400] "GET /wp-includes/media-template.php HTTP/1.1" 403 1242 "-" "Mozilla/5.0 (compatible; MJ12bot/v1.4.8; http://mj12bot.com/)"
65.108.46.99 - - [06/Jul/2025:15:27:51 -0400] "GET /wp-includes/media.php HTTP/1.1" 403 1242 "-" "Mozilla/5.0 (compatible; MJ12bot/v1.4.8; http://mj12bot.com/)"
65.108.46.99 - - [06/Jul/2025:15:27:54 -0400] "GET /wp-includes/meta.php HTTP/1.1" 403 1242 "-" "Mozilla/5.0 (compatible; MJ12bot/v1.4.8; http://mj12bot.com/)"
65.108.46.99 - - [06/Jul/2025:15:27:56 -0400] "GET /wp-includes/ms-blogs.php HTTP/1.1" 403 1242 "-" "Mozilla/5.0 (compatible; MJ12bot/v1.4.8; http://mj12bot.com/)"
65.108.46.99 - - [06/Jul/2025:15:27:58 -0400] "GET /wp-includes/ms-default-constants.php HTTP/1.1" 403 1242 "-" "Mozilla/5.0 (compatible; MJ12bot/v1.4.8; http://mj12bot.com/)"
65.108.46.99 - - [06/Jul/2025:15:28:00 -0400] "GET /wp-includes/ms-default-filters.php HTTP/1.1" 403 1242 "-" "Mozilla/5.0 (compatible; MJ12bot/v1.4.8; http://mj12bot.com/)"
66.249.77.138 - - [06/Jul/2025:15:28:01 -0400] "GET /pcmypage?callback=/product%2Fdetail%2rcmdin-e5-4550061123423 HTTP/1.1" 404 1251 "-" "Mozilla/5.0 (Linux; Android 6.0.1; Nexus 5X Build/MMB29P) AppleWebKit/537.36 (KHTML, like Gecko) Chrome/137.0.7151.103 Mobile Safari/537.36 (compatible; Googlebot/2.1; +http://www.google.com/bot.html)"
66.249.77.137 - - [06/Jul/2025:15:28:01 -0400] "GET /items/269042509.html?srsltid=AfmBOosttssJStaTRZqMFqmEKSQbCyihLND4GOcuNkFVushepDg2 HTTP/1.1" 404 1251 "-" "Mozilla/5.0 (compatible; Googlebot/2.1; +http://www.google.com/bot.html)"
66.249.77.138 - - [06/Jul/2025:15:28:02 -0400] "GET /items/flucn56/35837?key=dynamic HTTP/1.1" 404 1251 "-" "Mozilla/5.0 (Linux; Android 6.0.1; Nexus 5X Build/MMB29P) AppleWebKit/537.36 (KHTML, like Gecko) Chrome/137.0.7151.103 Mobile Safari/537.36 (compatible; Googlebot/2.1; +http://www.google.com/bot.html)"
65.108.46.99 - - [06/Jul/2025:15:28:02 -0400] "GET /wp-includes/ms-deprecated.php HTTP/1.1" 403 1242 "-" "Mozilla/5.0 (compatible; MJ12bot/v1.4.8; http://mj12bot.com/)"
65.108.46.99 - - [06/Jul/2025:15:28:04 -0400] "GET /wp-includes/ms-files.php HTTP/1.1" 403 1242 "-" "Mozilla/5.0 (compatible; MJ12bot/v1.4.8; http://mj12bot.com/)"
65.108.46.99 - - [06/Jul/2025:15:28:06 -0400] "GET /wp-includes/ms-functions.php HTTP/1.1" 403 1242 "-" "Mozilla/5.0 (compatible; MJ12bot/v1.4.8; http://mj12bot.com/)"
65.108.46.99 - - [06/Jul/2025:15:28:09 -0400] "GET /wp-includes/ms-load.php HTTP/1.1" 403 1242 "-" "Mozilla/5.0 (compatible; MJ12bot/v1.4.8; http://mj12bot.com/)"
65.108.46.99 - - [06/Jul/2025:15:28:11 -0400] "GET /wp-includes/ms-network.php HTTP/1.1" 403 1242 "-" "Mozilla/5.0 (compatible; MJ12bot/v1.4.8; http://mj12bot.com/)"
66.249.77.138 - - [06/Jul/2025:15:28:12 -0400] "GET /pcmypage?callback=product%2Fdetail%2Fsyarakuin-store-avest-qq-e-f2-i-128s HTTP/1.1" 404 1251 "-" "Mozilla/5.0 (Linux; Android 6.0.1; Nexus 5X Build/MMB29P) AppleWebKit/537.36 (KHTML, like Gecko) Chrome/137.0.7151.103 Mobile Safari/537.36 (compatible; Googlebot/2.1; +http://www.google.com/bot.html)"
65.108.46.99 - - [06/Jul/2025:15:28:13 -0400] "GET /wp-includes/ms-settings.php HTTP/1.1" 403 1242 "-" "Mozilla/5.0 (compatible; MJ12bot/v1.4.8; http://mj12bot.com/)"
65.108.46.99 - - [06/Jul/2025:15:28:15 -0400] "GET /wp-includes/ms-site.php HTTP/1.1" 403 1242 "-" "Mozilla/5.0 (compatible; MJ12bot/v1.4.8; http://mj12bot.com/)"
65.108.46.99 - - [06/Jul/2025:15:28:18 -0400] "GET /wp-includes/nav-menu-template.php HTTP/1.1" 403 1242 "-" "Mozilla/5.0 (compatible; MJ12bot/v1.4.8; http://mj12bot.com/)"
65.108.46.99 - - [06/Jul/2025:15:28:20 -0400] "GET /wp-includes/nav-menu.php HTTP/1.1" 403 1242 "-" "Mozilla/5.0 (compatible; MJ12bot/v1.4.8; http://mj12bot.com/)"
66.249.69.2 - - [06/Jul/2025:15:28:21 -0400] "GET /items/069001217.html?srsltid=AfmBOorkqXKTstgwoNytBycLYpWRNjQPyctYd7iWuepYXQlsiQDu HTTP/1.1" 404 1251 "-" "Mozilla/5.0 (Linux; Android 6.0.1; Nexus 5X Build/MMB29P) AppleWebKit/537.36 (KHTML, like Gecko) Chrome/137.0.7151.119 Mobile Safari/537.36 (compatible; Googlebot/2.1; +http://www.google.com/bot.html)"
65.108.46.99 - - [06/Jul/2025:15:28:22 -0400] "GET /wp-includes/option.php HTTP/1.1" 403 1242 "-" "Mozilla/5.0 (compatible; MJ12bot/v1.4.8; http://mj12bot.com/)"
66.249.77.137 - - [06/Jul/2025:15:28:24 -0400] "GET /pcmypage?callback=/product%2Fdetail%2rcmd-tm-2233052 HTTP/1.1" 404 1251 "-" "Mozilla/5.0 (Linux; Android 6.0.1; Nexus 5X Build/MMB29P) AppleWebKit/537.36 (KHTML, like Gecko) Chrome/137.0.7151.103 Mobile Safari/537.36 (compatible; Googlebot/2.1; +http://www.google.com/bot.html)"
65.108.46.99 - - [06/Jul/2025:15:28:24 -0400] "GET /wp-includes/php-compat/ HTTP/1.1" 200 633 "-" "Mozilla/5.0 (compatible; MJ12bot/v1.4.8; http://mj12bot.com/)"
65.108.46.99 - - [06/Jul/2025:15:28:26 -0400] "GET /wp-includes/pluggable-deprecated.php HTTP/1.1" 403 1242 "-" "Mozilla/5.0 (compatible; MJ12bot/v1.4.8; http://mj12bot.com/)"
65.108.46.99 - - [06/Jul/2025:15:28:28 -0400] "GET /wp-includes/pluggable.php HTTP/1.1" 403 1242 "-" "Mozilla/5.0 (compatible; MJ12bot/v1.4.8; http://mj12bot.com/)"
65.108.46.99 - - [06/Jul/2025:15:28:31 -0400] "GET /wp-includes/plugin.php HTTP/1.1" 200 0 "-" "Mozilla/5.0 (compatible; MJ12bot/v1.4.8; http://mj12bot.com/)"
65.108.46.99 - - [06/Jul/2025:15:28:35 -0400] "GET /wp-includes/post-formats.php HTTP/1.1" 403 1242 "-" "Mozilla/5.0 (compatible; MJ12bot/v1.4.8; http://mj12bot.com/)"
66.249.77.137 - - [06/Jul/2025:15:28:36 -0400] "GET /pcmypage?callback=product%2Fdetail%2Fkoshiji-91-2438 HTTP/1.1" 404 1251 "-" "Mozilla/5.0 (Linux; Android 6.0.1; Nexus 5X Build/MMB29P) AppleWebKit/537.36 (KHTML, like Gecko) Chrome/137.0.7151.103 Mobile Safari/537.36 (compatible; Googlebot/2.1; +http://www.google.com/bot.html)"
65.108.46.99 - - [06/Jul/2025:15:28:37 -0400] "GET /wp-includes/post-template.php HTTP/1.1" 403 1242 "-" "Mozilla/5.0 (compatible; MJ12bot/v1.4.8; http://mj12bot.com/)"
65.108.46.99 - - [06/Jul/2025:15:28:39 -0400] "GET /wp-includes/post-thumbnail-template.php HTTP/1.1" 403 1242 "-" "Mozilla/5.0 (compatible; MJ12bot/v1.4.8; http://mj12bot.com/)"
65.108.46.99 - - [06/Jul/2025:15:28:41 -0400] "GET /wp-includes/post.php HTTP/1.1" 403 1242 "-" "Mozilla/5.0 (compatible; MJ12bot/v1.4.8; http://mj12bot.com/)"
65.108.46.99 - - [06/Jul/2025:15:28:43 -0400] "GET /wp-includes/query.php HTTP/1.1" 403 1242 "-" "Mozilla/5.0 (compatible; MJ12bot/v1.4.8; http://mj12bot.com/)"
65.108.46.99 - - [06/Jul/2025:15:28:45 -0400] "GET /wp-includes/registration-functions.php HTTP/1.1" 403 1242 "-" "Mozilla/5.0 (compatible; MJ12bot/v1.4.8; http://mj12bot.com/)"
66.249.77.137 - - [06/Jul/2025:15:28:47 -0400] "GET /pcmypage?callback=/product%2Fdetail%2raise-sneaker-r-0030132 HTTP/1.1" 404 1251 "-" "Mozilla/5.0 (Linux; Android 6.0.1; Nexus 5X Build/MMB29P) AppleWebKit/537.36 (KHTML, like Gecko) Chrome/137.0.7151.103 Mobile Safari/537.36 (compatible; Googlebot/2.1; +http://www.google.com/bot.html)"
65.108.46.99 - - [06/Jul/2025:15:28:47 -0400] "GET /wp-includes/registration.php HTTP/1.1" 403 1242 "-" "Mozilla/5.0 (compatible; MJ12bot/v1.4.8; http://mj12bot.com/)"
65.108.46.99 - - [06/Jul/2025:15:28:50 -0400] "GET /wp-includes/rest-api/ HTTP/1.1" 200 1050 "-" "Mozilla/5.0 (compatible; MJ12bot/v1.4.8; http://mj12bot.com/)"
65.108.46.99 - - [06/Jul/2025:15:28:52 -0400] "GET /wp-includes/rest-api.php HTTP/1.1" 403 1242 "-" "Mozilla/5.0 (compatible; MJ12bot/v1.4.8; http://mj12bot.com/)"
65.108.46.99 - - [06/Jul/2025:15:28:54 -0400] "GET /wp-includes/revision.php HTTP/1.1" 403 1242 "-" "Mozilla/5.0 (compatible; MJ12bot/v1.4.8; http://mj12bot.com/)"
65.108.46.99 - - [06/Jul/2025:15:28:56 -0400] "GET /wp-includes/rewrite.php HTTP/1.1" 403 1242 "-" "Mozilla/5.0 (compatible; MJ12bot/v1.4.8; http://mj12bot.com/)"
65.108.46.99 - - [06/Jul/2025:15:28:58 -0400] "GET /wp-includes/robots-template.php HTTP/1.1" 403 1242 "-" "Mozilla/5.0 (compatible; MJ12bot/v1.4.8; http://mj12bot.com/)"
66.249.77.137 - - [06/Jul/2025:15:28:59 -0400] "GET /pcmypage?callback=/product%2Fdetail%2First34-trusco-3145946 HTTP/1.1" 404 1251 "-" "Mozilla/5.0 (Linux; Android 6.0.1; Nexus 5X Build/MMB29P) AppleWebKit/537.36 (KHTML, like Gecko) Chrome/137.0.7151.103 Mobile Safari/537.36 (compatible; Googlebot/2.1; +http://www.google.com/bot.html)"
65.108.46.99 - - [06/Jul/2025:15:29:00 -0400] "GET /wp-includes/rss-functions.php HTTP/1.1" 403 1242 "-" "Mozilla/5.0 (compatible; MJ12bot/v1.4.8; http://mj12bot.com/)"
66.29.146.47 - - [06/Jul/2025:15:29:01 -0400] "POST /wp-cron.php?doing_wp_cron=1751830140.7546501159667968750000 HTTP/1.1" 403 1242 "-" "WordPress/6.8; https://first-gulf.com.sa"
196.251.84.106 - - [06/Jul/2025:15:28:54 -0400] "POST /wp-login.php HTTP/1.1" 200 2987 "-" "Mozilla/5.0"
65.108.46.99 - - [06/Jul/2025:15:29:03 -0400] "GET /wp-includes/rss.php HTTP/1.1" 403 1242 "-" "Mozilla/5.0 (compatible; MJ12bot/v1.4.8; http://mj12bot.com/)"
65.108.46.99 - - [06/Jul/2025:15:29:05 -0400] "GET /wp-includes/script-loader.php HTTP/1.1" 403 1242 "-" "Mozilla/5.0 (compatible; MJ12bot/v1.4.8; http://mj12bot.com/)"
65.108.46.99 - - [06/Jul/2025:15:29:07 -0400] "GET /wp-includes/script-modules.php HTTP/1.1" 403 1242 "-" "Mozilla/5.0 (compatible; MJ12bot/v1.4.8; http://mj12bot.com/)"
65.108.46.99 - - [06/Jul/2025:15:29:09 -0400] "GET /wp-includes/session.php HTTP/1.1" 403 1242 "-" "Mozilla/5.0 (compatible; MJ12bot/v1.4.8; http://mj12bot.com/)"
65.108.46.99 - - [06/Jul/2025:15:29:11 -0400] "GET /wp-includes/shortcodes.php HTTP/1.1" 403 1242 "-" "Mozilla/5.0 (compatible; MJ12bot/v1.4.8; http://mj12bot.com/)"
66.249.77.139 - - [06/Jul/2025:15:29:12 -0400] "GET /pcmypage?callback=/product%2Fdetail%2kiro-p19125401 HTTP/1.1" 404 1251 "-" "Mozilla/5.0 (Linux; Android 6.0.1; Nexus 5X Build/MMB29P) AppleWebKit/537.36 (KHTML, like Gecko) Chrome/137.0.7151.103 Mobile Safari/537.36 (compatible; Googlebot/2.1; +http://www.google.com/bot.html)"
65.108.46.99 - - [06/Jul/2025:15:29:14 -0400] "GET /wp-includes/sitemaps.php HTTP/1.1" 403 1242 "-" "Mozilla/5.0 (compatible; MJ12bot/v1.4.8; http://mj12bot.com/)"
66.249.77.139 - - [06/Jul/2025:15:29:14 -0400] "GET /pcmypage?callback=product/review/light-expert-103k06278 HTTP/1.1" 404 1251 "-" "Mozilla/5.0 (Linux; Android 6.0.1; Nexus 5X Build/MMB29P) AppleWebKit/537.36 (KHTML, like Gecko) Chrome/137.0.7151.119 Mobile Safari/537.36 (compatible; Googlebot/2.1; +http://www.google.com/bot.html)"
65.108.46.99 - - [06/Jul/2025:15:29:16 -0400] "GET /wp-includes/speculative-loading.php HTTP/1.1" 403 1242 "-" "Mozilla/5.0 (compatible; MJ12bot/v1.4.8; http://mj12bot.com/)"
66.249.77.137 - - [06/Jul/2025:15:29:16 -0400] "GET /items/210009186.html?srsltid=AfmBOomsgKLNZFYOgDXV9k3ZThculfZTSbpwma7Q3MjuUuRe65z3 HTTP/1.1" 404 1251 "-" "Mozilla/5.0 (compatible; Googlebot/2.1; +http://www.google.com/bot.html)"
65.108.46.99 - - [06/Jul/2025:15:29:18 -0400] "GET /wp-includes/spl-autoload-compat.php HTTP/1.1" 403 1242 "-" "Mozilla/5.0 (compatible; MJ12bot/v1.4.8; http://mj12bot.com/)"
65.108.46.99 - - [06/Jul/2025:15:29:20 -0400] "GET /wp-includes/style-engine/ HTTP/1.1" 200 742 "-" "Mozilla/5.0 (compatible; MJ12bot/v1.4.8; http://mj12bot.com/)"
66.249.77.137 - - [06/Jul/2025:15:29:22 -0400] "GET /pcmypage?callback=product/review/fujix-ds-2308553 HTTP/1.1" 404 1251 "-" "Mozilla/5.0 (Linux; Android 6.0.1; Nexus 5X Build/MMB29P) AppleWebKit/537.36 (KHTML, like Gecko) Chrome/137.0.7151.103 Mobile Safari/537.36 (compatible; Googlebot/2.1; +http://www.google.com/bot.html)"
65.108.46.99 - - [06/Jul/2025:15:29:23 -0400] "GET /wp-includes/style-engine.php HTTP/1.1" 403 1242 "-" "Mozilla/5.0 (compatible; MJ12bot/v1.4.8; http://mj12bot.com/)"
65.108.46.99 - - [06/Jul/2025:15:29:25 -0400] "GET /wp-includes/taxonomy.php HTTP/1.1" 403 1242 "-" "Mozilla/5.0 (compatible; MJ12bot/v1.4.8; http://mj12bot.com/)"
65.108.46.99 - - [06/Jul/2025:15:29:27 -0400] "GET /wp-includes/template-canvas.php HTTP/1.1" 403 1242 "-" "Mozilla/5.0 (compatible; MJ12bot/v1.4.8; http://mj12bot.com/)"
65.108.46.99 - - [06/Jul/2025:15:29:29 -0400] "GET /wp-includes/template-loader.php HTTP/1.1" 403 1242 "-" "Mozilla/5.0 (compatible; MJ12bot/v1.4.8; http://mj12bot.com/)"
65.108.46.99 - - [06/Jul/2025:15:29:31 -0400] "GET /wp-includes/template.php HTTP/1.1" 403 1242 "-" "Mozilla/5.0 (compatible; MJ12bot/v1.4.8; http://mj12bot.com/)"
65.108.46.99 - - [06/Jul/2025:15:29:33 -0400] "GET /wp-includes/theme-compat/ HTTP/1.1" 200 1075 "-" "Mozilla/5.0 (compatible; MJ12bot/v1.4.8; http://mj12bot.com/)"
66.249.77.137 - - [06/Jul/2025:15:29:34 -0400] "GET /pcmypage?callback=/product%2Fdetail%2Asty-shop-c2-1e09ulm49m-7w97 HTTP/1.1" 404 1251 "-" "Mozilla/5.0 (Linux; Android 6.0.1; Nexus 5X Build/MMB29P) AppleWebKit/537.36 (KHTML, like Gecko) Chrome/137.0.7151.103 Mobile Safari/537.36 (compatible; Googlebot/2.1; +http://www.google.com/bot.html)"
65.108.46.99 - - [06/Jul/2025:15:29:36 -0400] "GET /wp-includes/theme-i18n.json HTTP/1.1" 200 1526 "-" "Mozilla/5.0 (compatible; MJ12bot/v1.4.8; http://mj12bot.com/)"
65.108.46.99 - - [06/Jul/2025:15:29:38 -0400] "GET /wp-includes/theme-previews.php HTTP/1.1" 403 1242 "-" "Mozilla/5.0 (compatible; MJ12bot/v1.4.8; http://mj12bot.com/)"
65.108.46.99 - - [06/Jul/2025:15:29:40 -0400] "GET /wp-includes/theme-templates.php HTTP/1.1" 403 1242 "-" "Mozilla/5.0 (compatible; MJ12bot/v1.4.8; http://mj12bot.com/)"
65.108.46.99 - - [06/Jul/2025:15:29:42 -0400] "GET /wp-includes/theme.json HTTP/1.1" 200 8704 "-" "Mozilla/5.0 (compatible; MJ12bot/v1.4.8; http://mj12bot.com/)"
65.108.46.99 - - [06/Jul/2025:15:29:44 -0400] "GET /wp-includes/theme.php HTTP/1.1" 403 1242 "-" "Mozilla/5.0 (compatible; MJ12bot/v1.4.8; http://mj12bot.com/)"
66.249.77.137 - - [06/Jul/2025:15:29:45 -0400] "GET /pcmypage?callback=/product%2Fdetail%2First23-trusco-3537175 HTTP/1.1" 404 1251 "-" "Mozilla/5.0 (Linux; Android 6.0.1; Nexus 5X Build/MMB29P) AppleWebKit/537.36 (KHTML, like Gecko) Chrome/137.0.7151.103 Mobile Safari/537.36 (compatible; Googlebot/2.1; +http://www.google.com/bot.html)"
65.108.46.99 - - [06/Jul/2025:15:29:46 -0400] "GET /wp-includes/update.php HTTP/1.1" 403 1242 "-" "Mozilla/5.0 (compatible; MJ12bot/v1.4.8; http://mj12bot.com/)"
65.108.46.99 - - [06/Jul/2025:15:29:48 -0400] "GET /wp-includes/user.php HTTP/1.1" 403 1242 "-" "Mozilla/5.0 (compatible; MJ12bot/v1.4.8; http://mj12bot.com/)"
65.108.46.99 - - [06/Jul/2025:15:29:50 -0400] "GET /wp-includes/vars.php HTTP/1.1" 403 1242 "-" "Mozilla/5.0 (compatible; MJ12bot/v1.4.8; http://mj12bot.com/)"
65.108.46.99 - - [06/Jul/2025:15:29:53 -0400] "GET /wp-includes/version.php HTTP/1.1" 403 1242 "-" "Mozilla/5.0 (compatible; MJ12bot/v1.4.8; http://mj12bot.com/)"
65.108.46.99 - - [06/Jul/2025:15:29:55 -0400] "GET /wp-includes/widgets/ HTTP/1.1" 200 1343 "-" "Mozilla/5.0 (compatible; MJ12bot/v1.4.8; http://mj12bot.com/)"
66.249.77.137 - - [06/Jul/2025:15:29:57 -0400] "GET /items/265014847.html?srsltid=AfmBOoidaLWfvBYLEqteBJiHAOrWhjmPnEIPG1hx4MLqqNlnpErn HTTP/1.1" 404 1251 "-" "Mozilla/5.0 (Linux; Android 6.0.1; Nexus 5X Build/MMB29P) AppleWebKit/537.36 (KHTML, like Gecko) Chrome/137.0.7151.103 Mobile Safari/537.36 (compatible; Googlebot/2.1; +http://www.google.com/bot.html)"
65.108.46.99 - - [06/Jul/2025:15:29:57 -0400] "GET /wp-includes/widgets.php HTTP/1.1" 403 1242 "-" "Mozilla/5.0 (compatible; MJ12bot/v1.4.8; http://mj12bot.com/)"
66.249.77.137 - - [06/Jul/2025:15:29:57 -0400] "GET /pcmypage?callback=product%2Fdetail%2Flikefashion-pocg3911-1 HTTP/1.1" 404 1251 "-" "Mozilla/5.0 (Linux; Android 6.0.1; Nexus 5X Build/MMB29P) AppleWebKit/537.36 (KHTML, like Gecko) Chrome/137.0.7151.103 Mobile Safari/537.36 (compatible; Googlebot/2.1; +http://www.google.com/bot.html)"
65.108.46.99 - - [06/Jul/2025:15:29:59 -0400] "GET /wp-includes/wp-db.php HTTP/1.1" 403 1242 "-" "Mozilla/5.0 (compatible; MJ12bot/v1.4.8; http://mj12bot.com/)"
66.249.69.2 - - [06/Jul/2025:15:30:00 -0400] "GET /search.php?pcmypage?callback=product/review/ouchimawari-080603352 HTTP/1.1" 404 1251 "-" "Mozilla/5.0 (Linux; Android 6.0.1; Nexus 5X Build/MMB29P) AppleWebKit/537.36 (KHTML, like Gecko) Chrome/137.0.7151.119 Mobile Safari/537.36 (compatible; Googlebot/2.1; +http://www.google.com/bot.html)"
65.108.46.99 - - [06/Jul/2025:15:30:02 -0400] "GET /wp-includes/wp-diff.php HTTP/1.1" 403 1242 "-" "Mozilla/5.0 (compatible; MJ12bot/v1.4.8; http://mj12bot.com/)"
66.249.69.1 - - [06/Jul/2025:15:30:03 -0400] "GET /items/004049758.html?srsltid=AfmBOompuvjszxALqUqgJBbvJhIPySHSYTer4rMUmOs550PxX94D HTTP/1.1" 404 1251 "-" "Mozilla/5.0 (compatible; Googlebot/2.1; +http://www.google.com/bot.html)"
66.249.77.137 - - [06/Jul/2025:15:30:10 -0400] "GET /pcmypage?callback=product%2Fdetail%2Fkingpower-33100256-1 HTTP/1.1" 404 1251 "-" "Mozilla/5.0 (Linux; Android 6.0.1; Nexus 5X Build/MMB29P) AppleWebKit/537.36 (KHTML, like Gecko) Chrome/137.0.7151.103 Mobile Safari/537.36 (compatible; Googlebot/2.1; +http://www.google.com/bot.html)"
66.249.77.137 - - [06/Jul/2025:15:30:23 -0400] "GET /pcmypage?callback=product%2Fdetail%2Fskymarketplus-b01fx8zhwe HTTP/1.1" 404 1251 "-" "Mozilla/5.0 (Linux; Android 6.0.1; Nexus 5X Build/MMB29P) AppleWebKit/537.36 (KHTML, like Gecko) Chrome/137.0.7151.103 Mobile Safari/537.36 (compatible; Googlebot/2.1; +http://www.google.com/bot.html)"
66.249.77.137 - - [06/Jul/2025:15:30:29 -0400] "GET /items/xsyze260/11165?key=uncertainty HTTP/1.1" 404 1251 "-" "Mozilla/5.0 (Linux; Android 6.0.1; Nexus 5X Build/MMB29P) AppleWebKit/537.36 (KHTML, like Gecko) Chrome/137.0.7151.103 Mobile Safari/537.36 (compatible; Googlebot/2.1; +http://www.google.com/bot.html)"
66.249.77.137 - - [06/Jul/2025:15:30:33 -0400] "GET /pcmypage?callback=product/review/1bankanwebshop-ds-1574299 HTTP/1.1" 404 1251 "-" "Mozilla/5.0 (Linux; Android 6.0.1; Nexus 5X Build/MMB29P) AppleWebKit/537.36 (KHTML, like Gecko) Chrome/137.0.7151.103 Mobile Safari/537.36 (compatible; Googlebot/2.1; +http://www.google.com/bot.html)"
66.249.77.137 - - [06/Jul/2025:15:30:44 -0400] "GET /items/zubky98/1401?key=among HTTP/1.1" 404 1251 "-" "Mozilla/5.0 (Linux; Android 6.0.1; Nexus 5X Build/MMB29P) AppleWebKit/537.36 (KHTML, like Gecko) Chrome/137.0.7151.103 Mobile Safari/537.36 (compatible; Googlebot/2.1; +http://www.google.com/bot.html)"
66.249.77.137 - - [06/Jul/2025:15:30:51 -0400] "GET /items/mlwfu7/37848?key=intention HTTP/1.1" 404 1251 "-" "Mozilla/5.0 (Linux; Android 6.0.1; Nexus 5X Build/MMB29P) AppleWebKit/537.36 (KHTML, like Gecko) Chrome/137.0.7151.103 Mobile Safari/537.36 (compatible; Googlebot/2.1; +http://www.google.com/bot.html)"
66.249.69.1 - - [06/Jul/2025:15:30:57 -0400] "GET /items/075000455.html?srsltid=AfmBOojgaucWIgKQNArJvagOCWtMIAfNfVWjNRgusf890jdToY2e HTTP/1.1" 404 1251 "-" "Mozilla/5.0 (Linux; Android 6.0.1; Nexus 5X Build/MMB29P) AppleWebKit/537.36 (KHTML, like Gecko) Chrome/137.0.7151.103 Mobile Safari/537.36 (compatible; Googlebot/2.1; +http://www.google.com/bot.html)"
66.249.69.1 - - [06/Jul/2025:15:31:01 -0400] "GET /pcmypage?callback=product%2Fdetail%2Fbiccamera-0840553071177 HTTP/1.1" 404 1251 "-" "Mozilla/5.0 (compatible; Googlebot/2.1; +http://www.google.com/bot.html)"
66.249.69.14 - - [06/Jul/2025:15:31:08 -0400] "GET /pcmypage?callback=product/review/orangetool-tfu16_8000 HTTP/1.1" 404 1251 "-" "Mozilla/5.0 (Linux; Android 6.0.1; Nexus 5X Build/MMB29P) AppleWebKit/537.36 (KHTML, like Gecko) Chrome/137.0.7151.103 Mobile Safari/537.36 (compatible; Googlebot/2.1; +http://www.google.com/bot.html)"
66.249.69.14 - - [06/Jul/2025:15:31:19 -0400] "GET /items/139009115.html?srsltid=AfmBOouytuKFoKCNGKGuRx2XLzWuoiWiNcM4j14rliEBHoESwSLE HTTP/1.1" 404 1251 "-" "Mozilla/5.0 (Linux; Android 6.0.1; Nexus 5X Build/MMB29P) AppleWebKit/537.36 (KHTML, like Gecko) Chrome/137.0.7151.103 Mobile Safari/537.36 (compatible; Googlebot/2.1; +http://www.google.com/bot.html)"
66.249.77.137 - - [06/Jul/2025:15:31:25 -0400] "GET /pcmypage?callback=product/review/g-bike-40370-163981 HTTP/1.1" 404 1251 "-" "Mozilla/5.0 (Linux; Android 6.0.1; Nexus 5X Build/MMB29P) AppleWebKit/537.36 (KHTML, like Gecko) Chrome/137.0.7151.103 Mobile Safari/537.36 (compatible; GoogleOther)"
66.249.77.137 - - [06/Jul/2025:15:31:30 -0400] "GET /items/181004365.html?srsltid=AfmBOojhkrXMZGvaIoTfCwDFQxDzXdEJCN2mHHcCH4qCrP6gmmxA HTTP/1.1" 404 1251 "-" "Mozilla/5.0 (Linux; Android 6.0.1; Nexus 5X Build/MMB29P) AppleWebKit/537.36 (KHTML, like Gecko) Chrome/137.0.7151.103 Mobile Safari/537.36 (compatible; Googlebot/2.1; +http://www.google.com/bot.html)"
66.249.69.14 - - [06/Jul/2025:15:31:42 -0400] "GET /items/101025593.html?srsltid=AfmBOocpjMvaJjBJiXfB9ABZZSgZSYMRAkw6GTddohlUyqB09TMg HTTP/1.1" 404 1251 "-" "Mozilla/5.0 (Linux; Android 6.0.1; Nexus 5X Build/MMB29P) AppleWebKit/537.36 (KHTML, like Gecko) Chrome/137.0.7151.103 Mobile Safari/537.36 (compatible; Googlebot/2.1; +http://www.google.com/bot.html)"
66.249.69.14 - - [06/Jul/2025:15:31:59 -0400] "GET /items/254016766.html?srsltid=AfmBOowidSOnoGAqxdUIYy2iHUHRdmqXctsjeCCkL2K1T07CvpQu HTTP/1.1" 404 1251 "-" "Mozilla/5.0 (Linux; Android 6.0.1; Nexus 5X Build/MMB29P) AppleWebKit/537.36 (KHTML, like Gecko) Chrome/137.0.7151.103 Mobile Safari/537.36 (compatible; Googlebot/2.1; +http://www.google.com/bot.html)"
66.249.77.137 - - [06/Jul/2025:15:32:10 -0400] "GET /items/116000696.html?srsltid=AfmBOohhfoAIPQHTHmMIyrPtYEOpYpmBrzxqXJ0wTnpSZkvrDkaG HTTP/1.1" 404 1251 "-" "Mozilla/5.0 (Linux; Android 6.0.1; Nexus 5X Build/MMB29P) AppleWebKit/537.36 (KHTML, like Gecko) Chrome/137.0.7151.103 Mobile Safari/537.36 (compatible; Googlebot/2.1; +http://www.google.com/bot.html)"
66.249.77.138 - - [06/Jul/2025:15:32:22 -0400] "GET /items/ysdhb205/33286?key=impact HTTP/1.1" 404 1251 "-" "Mozilla/5.0 (Linux; Android 6.0.1; Nexus 5X Build/MMB29P) AppleWebKit/537.36 (KHTML, like Gecko) Chrome/137.0.7151.103 Mobile Safari/537.36 (compatible; Googlebot/2.1; +http://www.google.com/bot.html)"
