66.249.77.138 - - [06/Jul/2025:15:32:23 -0400] "GET /zhHant/product/surugaya/netpaint-knp-ac0010?campaign_uid=f64d716db5e979ed2f947dbaf4296895b951ae7f HTTP/1.1" 404 1251 "-" "Mozilla/5.0 (Linux; Android 6.0.1; Nexus 5X Build/MMB29P) AppleWebKit/537.36 (KHTML, like Gecko) Chrome/137.0.7151.103 Mobile Safari/537.36 (compatible; Googlebot/2.1; +http://www.google.com/bot.html)"
66.249.77.137 - - [06/Jul/2025:15:32:29 -0400] "GET /items/179038099.html?srsltid=AfmBOoawpjxXMstnFvjbhgkHWSpwJaeRu59xMzPccOx1C95xIrVR HTTP/1.1" 404 1251 "-" "Mozilla/5.0 (Linux; Android 6.0.1; Nexus 5X Build/MMB29P) AppleWebKit/537.36 (KHTML, like Gecko) Chrome/137.0.7151.103 Mobile Safari/537.36 (compatible; Googlebot/2.1; +http://www.google.com/bot.html)"
66.249.77.137 - - [06/Jul/2025:15:32:35 -0400] "GET /items/258046590.html?srsltid=AfmBOoopvBzNpDACDHuHvi7bLudOvdNDhDujfp6E1tb38RG58lhs HTTP/1.1" 404 1251 "-" "Mozilla/5.0 (Linux; Android 6.0.1; Nexus 5X Build/MMB29P) AppleWebKit/537.36 (KHTML, like Gecko) Chrome/137.0.7151.119 Mobile Safari/537.36 (compatible; Googlebot/2.1; +http://www.google.com/bot.html)"
66.249.69.1 - - [06/Jul/2025:15:32:40 -0400] "GET /items/083019507.html?srsltid=AfmBOodtaZkUecuLynKLjwInXHhwAbiqDPLBcoStVd6MAC7M9jpQ HTTP/1.1" 404 1251 "-" "Mozilla/5.0 (Linux; Android 6.0.1; Nexus 5X Build/MMB29P) AppleWebKit/537.36 (KHTML, like Gecko) Chrome/137.0.7151.103 Mobile Safari/537.36 (compatible; Googlebot/2.1; +http://www.google.com/bot.html)"
66.249.69.1 - - [06/Jul/2025:15:32:51 -0400] "GET /search.php?dimension/belong76/c3tgk-22520/ HTTP/1.1" 404 1251 "-" "Mozilla/5.0 (Linux; Android 6.0.1; Nexus 5X Build/MMB29P) AppleWebKit/537.36 (KHTML, like Gecko) Chrome/137.0.7151.103 Mobile Safari/537.36 (compatible; Googlebot/2.1; +http://www.google.com/bot.html)"
66.249.69.1 - - [06/Jul/2025:15:32:52 -0400] "GET /pcmypage?callback=/product%2Fdetail%2Bontan108-20241210201502_104 HTTP/1.1" 404 1251 "-" "Mozilla/5.0 (Linux; Android 6.0.1; Nexus 5X Build/MMB29P) AppleWebKit/537.36 (KHTML, like Gecko) Chrome/137.0.7151.103 Mobile Safari/537.36 (compatible; Googlebot/2.1; +http://www.google.com/bot.html)"
20.97.189.110 - - [06/Jul/2025:15:32:54 -0400] "GET /items/255033125.html?srsltid=AfmBOocvipZQXSlTQKAXpIDEROFfbYLy4wlJRSdnP0mU7mbchwBg HTTP/1.1" 404 1251 "-" "Mozilla/5.0 AppleWebKit/537.36 (KHTML, like Gecko); compatible; ChatGPT-User/1.0; +https://openai.com/bot"
66.249.69.1 - - [06/Jul/2025:15:33:03 -0400] "GET /pcmypage?callback=product%2Fdetail%2Fhobinavi-4952839171139 HTTP/1.1" 404 1251 "-" "Mozilla/5.0 (Linux; Android 6.0.1; Nexus 5X Build/MMB29P) AppleWebKit/537.36 (KHTML, like Gecko) Chrome/137.0.7151.103 Mobile Safari/537.36 (compatible; Googlebot/2.1; +http://www.google.com/bot.html)"
66.249.69.1 - - [06/Jul/2025:15:33:15 -0400] "GET /pcmypage?callback=product/review/hcvalor-eshop-trusco-4851332 HTTP/1.1" 404 1251 "-" "Mozilla/5.0 (Linux; Android 6.0.1; Nexus 5X Build/MMB29P) AppleWebKit/537.36 (KHTML, like Gecko) Chrome/137.0.7151.103 Mobile Safari/537.36 (compatible; Googlebot/2.1; +http://www.google.com/bot.html)"
66.249.69.2 - - [06/Jul/2025:15:33:26 -0400] "GET /pcmypage?callback=product%2Fdetail%2Fhcvalor-eshop-trusco-4549812 HTTP/1.1" 404 1251 "-" "Mozilla/5.0 (Linux; Android 6.0.1; Nexus 5X Build/MMB29P) AppleWebKit/537.36 (KHTML, like Gecko) Chrome/137.0.7151.103 Mobile Safari/537.36 (compatible; Googlebot/2.1; +http://www.google.com/bot.html)"
66.249.77.138 - - [06/Jul/2025:15:33:27 -0400] "GET /items/ftjxj28/45489?key=off HTTP/1.1" 404 1251 "-" "Mozilla/5.0 (Linux; Android 6.0.1; Nexus 5X Build/MMB29P) AppleWebKit/537.36 (KHTML, like Gecko) Chrome/137.0.7151.119 Mobile Safari/537.36 (compatible; Googlebot/2.1; +http://www.google.com/bot.html)"
66.249.77.138 - - [06/Jul/2025:15:33:38 -0400] "GET /items/263045989.html?srsltid=AfmBOorltiKXRCNeXcVqjF02ZvmIjNbae1hsgIITJalzNpw3cuj5 HTTP/1.1" 404 1251 "-" "Mozilla/5.0 (Linux; Android 6.0.1; Nexus 5X Build/MMB29P) AppleWebKit/537.36 (KHTML, like Gecko) Chrome/137.0.7151.103 Mobile Safari/537.36 (compatible; Googlebot/2.1; +http://www.google.com/bot.html)"
66.249.69.2 - - [06/Jul/2025:15:33:50 -0400] "GET /search.php?notebook/join163/pvuxo-17001/ HTTP/1.1" 404 1251 "-" "Mozilla/5.0 (Linux; Android 6.0.1; Nexus 5X Build/MMB29P) AppleWebKit/537.36 (KHTML, like Gecko) Chrome/137.0.7151.103 Mobile Safari/537.36 (compatible; Googlebot/2.1; +http://www.google.com/bot.html)"
66.249.77.138 - - [06/Jul/2025:15:34:01 -0400] "GET /items/239020795.html?srsltid=AfmBOofxrKFtoJhkSsFccA8xGlnOEgqbnvO6eTPDfOJQHQgs0WDC HTTP/1.1" 404 1251 "-" "Mozilla/5.0 (Linux; Android 6.0.1; Nexus 5X Build/MMB29P) AppleWebKit/537.36 (KHTML, like Gecko) Chrome/137.0.7151.103 Mobile Safari/537.36 (compatible; Googlebot/2.1; +http://www.google.com/bot.html)"
66.249.77.138 - - [06/Jul/2025:15:34:13 -0400] "GET /items/bkxnl278/1623?key=your HTTP/1.1" 404 1251 "-" "Mozilla/5.0 (Linux; Android 6.0.1; Nexus 5X Build/MMB29P) AppleWebKit/537.36 (KHTML, like Gecko) Chrome/137.0.7151.103 Mobile Safari/537.36 (compatible; Googlebot/2.1; +http://www.google.com/bot.html)"
66.249.77.137 - - [06/Jul/2025:15:34:24 -0400] "GET /pcmypage?callback=product/review/sayaka-r-220402-4-16936-sv HTTP/1.1" 404 1251 "-" "Mozilla/5.0 (Linux; Android 6.0.1; Nexus 5X Build/MMB29P) AppleWebKit/537.36 (KHTML, like Gecko) Chrome/137.0.7151.119 Mobile Safari/537.36 (compatible; Googlebot/2.1; +http://www.google.com/bot.html)"
66.249.69.3 - - [06/Jul/2025:15:34:25 -0400] "GET /search.php?secondary/verdict50/v423f-46504/ HTTP/1.1" 404 1251 "-" "Mozilla/5.0 (Linux; Android 6.0.1; Nexus 5X Build/MMB29P) AppleWebKit/537.36 (KHTML, like Gecko) Chrome/137.0.7151.103 Mobile Safari/537.36 (compatible; Googlebot/2.1; +http://www.google.com/bot.html)"
66.249.69.3 - - [06/Jul/2025:15:34:36 -0400] "GET /search.php?style/already66/b2d75-48578/ HTTP/1.1" 404 1251 "-" "Mozilla/5.0 (Linux; Android 6.0.1; Nexus 5X Build/MMB29P) AppleWebKit/537.36 (KHTML, like Gecko) Chrome/137.0.7151.103 Mobile Safari/537.36 (compatible; Googlebot/2.1; +http://www.google.com/bot.html)"
66.249.77.137 - - [06/Jul/2025:15:34:48 -0400] "GET /items/232022134.html?srsltid=AfmBOotjzqupTVijbUQv9zMQXkrlWcGFU1ea4nV0Vy86pUstx4sw HTTP/1.1" 404 1251 "-" "Mozilla/5.0 (Linux; Android 6.0.1; Nexus 5X Build/MMB29P) AppleWebKit/537.36 (KHTML, like Gecko) Chrome/137.0.7151.103 Mobile Safari/537.36 (compatible; Googlebot/2.1; +http://www.google.com/bot.html)"
66.249.69.2 - - [06/Jul/2025:15:34:59 -0400] "GET /search.php?growing/vendor55/99mgp-389/ HTTP/1.1" 404 1251 "-" "Mozilla/5.0 (Linux; Android 6.0.1; Nexus 5X Build/MMB29P) AppleWebKit/537.36 (KHTML, like Gecko) Chrome/137.0.7151.103 Mobile Safari/537.36 (compatible; Googlebot/2.1; +http://www.google.com/bot.html)"
66.249.77.137 - - [06/Jul/2025:15:35:10 -0400] "GET /items/nradh79/854?key=Christianity HTTP/1.1" 404 1251 "-" "Mozilla/5.0 (Linux; Android 6.0.1; Nexus 5X Build/MMB29P) AppleWebKit/537.36 (KHTML, like Gecko) Chrome/137.0.7151.103 Mobile Safari/537.36 (compatible; Googlebot/2.1; +http://www.google.com/bot.html)"
66.249.69.2 - - [06/Jul/2025:15:35:11 -0400] "GET /search.php?pray/suffering217/fulhb-23849/ HTTP/1.1" 404 1251 "-" "Mozilla/5.0 (Linux; Android 6.0.1; Nexus 5X Build/MMB29P) AppleWebKit/537.36 (KHTML, like Gecko) Chrome/137.0.7151.103 Mobile Safari/537.36 (compatible; Googlebot/2.1; +http://www.google.com/bot.html)"
66.249.77.137 - - [06/Jul/2025:15:35:14 -0400] "GET /product/edit/g-bike-40370-163981 HTTP/1.1" 404 1251 "-" "Mozilla/5.0 (Linux; Android 6.0.1; Nexus 5X Build/MMB29P) AppleWebKit/537.36 (KHTML, like Gecko) Chrome/137.0.7151.103 Mobile Safari/537.36 (compatible; GoogleOther)"
66.249.77.138 - - [06/Jul/2025:15:35:17 -0400] "GET /items/ecdhs35/708?key=imply HTTP/1.1" 404 1251 "-" "Mozilla/5.0 (Linux; Android 6.0.1; Nexus 5X Build/MMB29P) AppleWebKit/537.36 (KHTML, like Gecko) Chrome/137.0.7151.119 Mobile Safari/537.36 (compatible; Googlebot/2.1; +http://www.google.com/bot.html)"
66.249.77.137 - - [06/Jul/2025:15:35:18 -0400] "GET /pcmypage?callback=product%2Fdetail%2Fnisshoelec-lgb51330xg1 HTTP/1.1" 404 1251 "-" "Mozilla/5.0 (compatible; Googlebot/2.1; +http://www.google.com/bot.html)"
66.249.69.2 - - [06/Jul/2025:15:35:23 -0400] "GET /search.php?effectively/discipline142/88kdo-47326/ HTTP/1.1" 404 1251 "-" "Mozilla/5.0 (Linux; Android 6.0.1; Nexus 5X Build/MMB29P) AppleWebKit/537.36 (KHTML, like Gecko) Chrome/137.0.7151.103 Mobile Safari/537.36 (compatible; Googlebot/2.1; +http://www.google.com/bot.html)"
66.249.77.137 - - [06/Jul/2025:15:35:24 -0400] "GET /items/azkyo180/25311?key=dish HTTP/1.1" 404 1251 "-" "Mozilla/5.0 (Linux; Android 6.0.1; Nexus 5X Build/MMB29P) AppleWebKit/537.36 (KHTML, like Gecko) Chrome/137.0.7151.103 Mobile Safari/537.36 (compatible; Googlebot/2.1; +http://www.google.com/bot.html)"
66.249.77.137 - - [06/Jul/2025:15:35:29 -0400] "GET /items/ricxw14/30079?key=striking HTTP/1.1" 404 1251 "-" "Mozilla/5.0 (Linux; Android 6.0.1; Nexus 5X Build/MMB29P) AppleWebKit/537.36 (KHTML, like Gecko) Chrome/137.0.7151.103 Mobile Safari/537.36 (compatible; Googlebot/2.1; +http://www.google.com/bot.html)"
66.249.77.129 - - [06/Jul/2025:15:35:40 -0400] "GET /items/knzfc230/10581?key=job HTTP/1.1" 404 1251 "-" "Mozilla/5.0 (Linux; Android 6.0.1; Nexus 5X Build/MMB29P) AppleWebKit/537.36 (KHTML, like Gecko) Chrome/137.0.7151.103 Mobile Safari/537.36 (compatible; Googlebot/2.1; +http://www.google.com/bot.html)"
66.249.77.129 - - [06/Jul/2025:15:35:41 -0400] "GET /items/024000476.html?srsltid=AfmBOoesqeaXpXIdtLJXJSsGNRpPihUMzRAkH0kf8HXZ5vYppFGg HTTP/1.1" 404 1251 "-" "Mozilla/5.0 (Linux; Android 6.0.1; Nexus 5X Build/MMB29P) AppleWebKit/537.36 (KHTML, like Gecko) Chrome/137.0.7151.103 Mobile Safari/537.36 (compatible; Googlebot/2.1; +http://www.google.com/bot.html)"
66.249.77.129 - - [06/Jul/2025:15:35:46 -0400] "GET /items/072000800.html?srsltid=AfmBOotjpYepflAikkuulkJSDnUOAKKxb3WjVoqHAgUooeDEeKaQ HTTP/1.1" 404 1251 "-" "Mozilla/5.0 (Linux; Android 6.0.1; Nexus 5X Build/MMB29P) AppleWebKit/537.36 (KHTML, like Gecko) Chrome/137.0.7151.103 Mobile Safari/537.36 (compatible; Googlebot/2.1; +http://www.google.com/bot.html)"
66.249.69.2 - - [06/Jul/2025:15:36:17 -0400] "GET /items/273042657.html?srsltid=AfmBOoyrwZbCBIMYHDopkwg1SMPrnQYajvD24pIjiJ7Bz5oBtOxo HTTP/1.1" 404 1251 "-" "Mozilla/5.0 (Linux; Android 6.0.1; Nexus 5X Build/MMB29P) AppleWebKit/537.36 (KHTML, like Gecko) Chrome/137.0.7151.103 Mobile Safari/537.36 (compatible; Googlebot/2.1; +http://www.google.com/bot.html)"
66.249.77.129 - - [06/Jul/2025:15:36:18 -0400] "GET /items/088000980.html?srsltid=AfmBOoponJwIPlLjFYHRDJgYOzSdRXnPnXIzs4f20kkvxBiFlQ8p HTTP/1.1" 404 1251 "-" "Mozilla/5.0 (Linux; Android 6.0.1; Nexus 5X Build/MMB29P) AppleWebKit/537.36 (KHTML, like Gecko) Chrome/137.0.7151.103 Mobile Safari/537.36 (compatible; Googlebot/2.1; +http://www.google.com/bot.html)"
66.249.77.129 - - [06/Jul/2025:15:36:21 -0400] "GET /items/pblms25/1358?key=mutual HTTP/1.1" 404 1251 "-" "Mozilla/5.0 (Linux; Android 6.0.1; Nexus 5X Build/MMB29P) AppleWebKit/537.36 (KHTML, like Gecko) Chrome/137.0.7151.119 Mobile Safari/537.36 (compatible; Googlebot/2.1; +http://www.google.com/bot.html)"
95.91.104.195 - - [06/Jul/2025:15:36:30 -0400] "GET /robots.txt HTTP/1.1" 200 109 "-" "Mozilla/5.0 (compatible; MJ12bot/v1.4.8; http://mj12bot.com/)"
95.91.104.195 - - [06/Jul/2025:15:36:32 -0400] "GET /66f1f/?MA HTTP/1.1" 200 543 "-" "Mozilla/5.0 (compatible; MJ12bot/v1.4.8; http://mj12bot.com/)"
66.249.77.129 - - [06/Jul/2025:15:36:34 -0400] "GET /items/013000677.html?srsltid=AfmBOoycocepAIoNrfirBxs1ZiCsqWVjEC9cwzW0RLUqwvMSkeIw HTTP/1.1" 404 1251 "-" "Mozilla/5.0 (Linux; Android 6.0.1; Nexus 5X Build/MMB29P) AppleWebKit/537.36 (KHTML, like Gecko) Chrome/137.0.7151.103 Mobile Safari/537.36 (compatible; Googlebot/2.1; +http://www.google.com/bot.html)"
95.91.104.195 - - [06/Jul/2025:15:36:34 -0400] "GET /66f1f/?ND HTTP/1.1" 200 541 "-" "Mozilla/5.0 (compatible; MJ12bot/v1.4.8; http://mj12bot.com/)"
95.91.104.195 - - [06/Jul/2025:15:36:36 -0400] "GET /66f1f/?SA HTTP/1.1" 200 545 "-" "Mozilla/5.0 (compatible; MJ12bot/v1.4.8; http://mj12bot.com/)"
95.91.104.195 - - [06/Jul/2025:15:36:38 -0400] "GET /9e321/?MA HTTP/1.1" 200 543 "-" "Mozilla/5.0 (compatible; MJ12bot/v1.4.8; http://mj12bot.com/)"
66.249.77.129 - - [06/Jul/2025:15:36:40 -0400] "GET /items/176014400.html?srsltid=AfmBOoijxUGhwHXwqlVlxL1GZYXVYxsknH7c0rEkzH7iOt3wcT1h HTTP/1.1" 404 1251 "-" "Mozilla/5.0 (Linux; Android 6.0.1; Nexus 5X Build/MMB29P) AppleWebKit/537.36 (KHTML, like Gecko) Chrome/137.0.7151.103 Mobile Safari/537.36 (compatible; Googlebot/2.1; +http://www.google.com/bot.html)"
95.91.104.195 - - [06/Jul/2025:15:36:40 -0400] "GET /9e321/?ND HTTP/1.1" 200 538 "-" "Mozilla/5.0 (compatible; MJ12bot/v1.4.8; http://mj12bot.com/)"
95.91.104.195 - - [06/Jul/2025:15:36:41 -0400] "GET /9e321/?SA HTTP/1.1" 200 544 "-" "Mozilla/5.0 (compatible; MJ12bot/v1.4.8; http://mj12bot.com/)"
95.91.104.195 - - [06/Jul/2025:15:36:43 -0400] "GET /?MD HTTP/1.1" 200 1429 "-" "Mozilla/5.0 (compatible; MJ12bot/v1.4.8; http://mj12bot.com/)"
95.91.104.195 - - [06/Jul/2025:15:36:45 -0400] "GET /?NA HTTP/1.1" 200 1439 "-" "Mozilla/5.0 (compatible; MJ12bot/v1.4.8; http://mj12bot.com/)"
95.91.104.195 - - [06/Jul/2025:15:36:47 -0400] "GET /?SD HTTP/1.1" 200 1439 "-" "Mozilla/5.0 (compatible; MJ12bot/v1.4.8; http://mj12bot.com/)"
95.91.104.195 - - [06/Jul/2025:15:36:49 -0400] "GET /wp-includes/?MA HTTP/1.1" 200 7246 "-" "Mozilla/5.0 (compatible; MJ12bot/v1.4.8; http://mj12bot.com/)"
66.249.77.129 - - [06/Jul/2025:15:36:51 -0400] "GET /items/jjhhx17/496?key=administrator HTTP/1.1" 404 1251 "-" "Mozilla/5.0 (Linux; Android 6.0.1; Nexus 5X Build/MMB29P) AppleWebKit/537.36 (KHTML, like Gecko) Chrome/137.0.7151.103 Mobile Safari/537.36 (compatible; Googlebot/2.1; +http://www.google.com/bot.html)"
95.91.104.195 - - [06/Jul/2025:15:36:51 -0400] "GET /wp-includes/?ND HTTP/1.1" 200 7011 "-" "Mozilla/5.0 (compatible; MJ12bot/v1.4.8; http://mj12bot.com/)"
95.91.104.195 - - [06/Jul/2025:15:36:53 -0400] "GET /wp-includes/?SA HTTP/1.1" 200 6963 "-" "Mozilla/5.0 (compatible; MJ12bot/v1.4.8; http://mj12bot.com/)"
95.91.104.195 - - [06/Jul/2025:15:36:55 -0400] "GET /wp-includes/ID3/ HTTP/1.1" 200 1326 "-" "Mozilla/5.0 (compatible; MJ12bot/v1.4.8; http://mj12bot.com/)"
95.91.104.195 - - [06/Jul/2025:15:36:57 -0400] "GET /wp-includes/IXR/ HTTP/1.1" 200 1131 "-" "Mozilla/5.0 (compatible; MJ12bot/v1.4.8; http://mj12bot.com/)"
95.91.104.195 - - [06/Jul/2025:15:36:59 -0400] "GET /wp-includes/PHPMailer/ HTTP/1.1" 200 696 "-" "Mozilla/5.0 (compatible; MJ12bot/v1.4.8; http://mj12bot.com/)"
95.91.104.195 - - [06/Jul/2025:15:37:01 -0400] "GET /wp-includes/SimplePie/ HTTP/1.1" 200 706 "-" "Mozilla/5.0 (compatible; MJ12bot/v1.4.8; http://mj12bot.com/)"
66.249.77.129 - - [06/Jul/2025:15:37:02 -0400] "GET /items/icqse22/241?key=pass HTTP/1.1" 404 1251 "-" "Mozilla/5.0 (Linux; Android 6.0.1; Nexus 5X Build/MMB29P) AppleWebKit/537.36 (KHTML, like Gecko) Chrome/137.0.7151.103 Mobile Safari/537.36 (compatible; Googlebot/2.1; +http://www.google.com/bot.html)"
95.91.104.195 - - [06/Jul/2025:15:37:03 -0400] "GET /wp-includes/admin-bar.php HTTP/1.1" 403 1242 "-" "Mozilla/5.0 (compatible; MJ12bot/v1.4.8; http://mj12bot.com/)"
95.91.104.195 - - [06/Jul/2025:15:37:04 -0400] "GET /wp-includes/atomlib.php HTTP/1.1" 403 1242 "-" "Mozilla/5.0 (compatible; MJ12bot/v1.4.8; http://mj12bot.com/)"
95.91.104.195 - - [06/Jul/2025:15:37:06 -0400] "GET /wp-includes/author-template.php HTTP/1.1" 403 1242 "-" "Mozilla/5.0 (compatible; MJ12bot/v1.4.8; http://mj12bot.com/)"
95.91.104.195 - - [06/Jul/2025:15:37:08 -0400] "GET /wp-includes/block-bindings.php HTTP/1.1" 403 1242 "-" "Mozilla/5.0 (compatible; MJ12bot/v1.4.8; http://mj12bot.com/)"
95.91.104.195 - - [06/Jul/2025:15:37:10 -0400] "GET /wp-includes/block-editor.php HTTP/1.1" 403 1242 "-" "Mozilla/5.0 (compatible; MJ12bot/v1.4.8; http://mj12bot.com/)"
95.91.104.195 - - [06/Jul/2025:15:37:12 -0400] "GET /wp-includes/block-i18n.json HTTP/1.1" 200 316 "-" "Mozilla/5.0 (compatible; MJ12bot/v1.4.8; http://mj12bot.com/)"
66.249.77.130 - - [06/Jul/2025:15:37:12 -0400] "GET /items/pszlx41/778?key=demonstrate HTTP/1.1" 404 1251 "-" "Mozilla/5.0 (Linux; Android 6.0.1; Nexus 5X Build/MMB29P) AppleWebKit/537.36 (KHTML, like Gecko) Chrome/137.0.7151.103 Mobile Safari/537.36 (compatible; Googlebot/2.1; +http://www.google.com/bot.html)"
95.91.104.195 - - [06/Jul/2025:15:37:14 -0400] "GET /wp-includes/block-patterns/ HTTP/1.1" 200 1075 "-" "Mozilla/5.0 (compatible; MJ12bot/v1.4.8; http://mj12bot.com/)"
66.249.77.129 - - [06/Jul/2025:15:37:15 -0400] "GET /items/ahipl54/4061?key=journey HTTP/1.1" 404 1251 "-" "Mozilla/5.0 (Linux; Android 6.0.1; Nexus 5X Build/MMB29P) AppleWebKit/537.36 (KHTML, like Gecko) Chrome/137.0.7151.119 Mobile Safari/537.36 (compatible; Googlebot/2.1; +http://www.google.com/bot.html)"
95.91.104.195 - - [06/Jul/2025:15:37:16 -0400] "GET /wp-includes/block-patterns.php HTTP/1.1" 403 1242 "-" "Mozilla/5.0 (compatible; MJ12bot/v1.4.8; http://mj12bot.com/)"
66.249.69.3 - - [06/Jul/2025:15:37:16 -0400] "GET /pcmypage?callback=product%2Fdetail%2Fcocohouse-b01m24kut2 HTTP/1.1" 404 1251 "-" "Mozilla/5.0 (compatible; Googlebot/2.1; +http://www.google.com/bot.html)"
95.91.104.195 - - [06/Jul/2025:15:37:17 -0400] "GET /wp-includes/block-supports/ HTTP/1.1" 200 1303 "-" "Mozilla/5.0 (compatible; MJ12bot/v1.4.8; http://mj12bot.com/)"
95.91.104.195 - - [06/Jul/2025:15:37:19 -0400] "GET /wp-includes/block-template-utils.php HTTP/1.1" 403 1242 "-" "Mozilla/5.0 (compatible; MJ12bot/v1.4.8; http://mj12bot.com/)"
95.91.104.195 - - [06/Jul/2025:15:37:21 -0400] "GET /wp-includes/block-template.php HTTP/1.1" 403 1242 "-" "Mozilla/5.0 (compatible; MJ12bot/v1.4.8; http://mj12bot.com/)"
95.91.104.195 - - [06/Jul/2025:15:37:23 -0400] "GET /wp-includes/blocks/ HTTP/1.1" 200 6 "-" "Mozilla/5.0 (compatible; MJ12bot/v1.4.8; http://mj12bot.com/)"
95.91.104.195 - - [06/Jul/2025:15:37:26 -0400] "GET /wp-includes/blocks.php HTTP/1.1" 403 1242 "-" "Mozilla/5.0 (compatible; MJ12bot/v1.4.8; http://mj12bot.com/)"
95.91.104.195 - - [06/Jul/2025:15:37:27 -0400] "GET /wp-includes/bookmark-template.php HTTP/1.1" 403 1242 "-" "Mozilla/5.0 (compatible; MJ12bot/v1.4.8; http://mj12bot.com/)"
95.91.104.195 - - [06/Jul/2025:15:37:29 -0400] "GET /wp-includes/bookmark.php HTTP/1.1" 403 1242 "-" "Mozilla/5.0 (compatible; MJ12bot/v1.4.8; http://mj12bot.com/)"
66.249.69.3 - - [06/Jul/2025:15:37:29 -0400] "GET /items/043015683.html?srsltid=AfmBOozubVClMoXXqJuTqnmjUIwVVFaOippoMsyRm5GSNOxFJgYp HTTP/1.1" 404 1251 "-" "Mozilla/5.0 (Linux; Android 6.0.1; Nexus 5X Build/MMB29P) AppleWebKit/537.36 (KHTML, like Gecko) Chrome/137.0.7151.103 Mobile Safari/537.36 (compatible; Googlebot/2.1; +http://www.google.com/bot.html)"
95.91.104.195 - - [06/Jul/2025:15:37:31 -0400] "GET /wp-includes/cache-compat.php HTTP/1.1" 403 1242 "-" "Mozilla/5.0 (compatible; MJ12bot/v1.4.8; http://mj12bot.com/)"
66.249.77.129 - - [06/Jul/2025:15:37:33 -0400] "GET /pcmypage?callback=product/review/hirochishop-2-hawkhb490z-665 HTTP/1.1" 404 1251 "-" "Mozilla/5.0 (Linux; Android 6.0.1; Nexus 5X Build/MMB29P) AppleWebKit/537.36 (KHTML, like Gecko) Chrome/137.0.7151.103 Mobile Safari/537.36 (compatible; Googlebot/2.1; +http://www.google.com/bot.html)"
95.91.104.195 - - [06/Jul/2025:15:37:34 -0400] "GET /wp-includes/cache.php HTTP/1.1" 403 1242 "-" "Mozilla/5.0 (compatible; MJ12bot/v1.4.8; http://mj12bot.com/)"
95.91.104.195 - - [06/Jul/2025:15:37:35 -0400] "GET /wp-includes/canonical.php HTTP/1.1" 403 1242 "-" "Mozilla/5.0 (compatible; MJ12bot/v1.4.8; http://mj12bot.com/)"
95.91.104.195 - - [06/Jul/2025:15:37:37 -0400] "GET /wp-includes/capabilities.php HTTP/1.1" 403 1242 "-" "Mozilla/5.0 (compatible; MJ12bot/v1.4.8; http://mj12bot.com/)"
95.91.104.195 - - [06/Jul/2025:15:37:39 -0400] "GET /wp-includes/category-template.php HTTP/1.1" 403 1242 "-" "Mozilla/5.0 (compatible; MJ12bot/v1.4.8; http://mj12bot.com/)"
95.91.104.195 - - [06/Jul/2025:15:37:41 -0400] "GET /wp-includes/category.php HTTP/1.1" 403 1242 "-" "Mozilla/5.0 (compatible; MJ12bot/v1.4.8; http://mj12bot.com/)"
95.91.104.195 - - [06/Jul/2025:15:37:43 -0400] "GET /wp-includes/certificates/ HTTP/1.1" 200 626 "-" "Mozilla/5.0 (compatible; MJ12bot/v1.4.8; http://mj12bot.com/)"
66.249.77.129 - - [06/Jul/2025:15:37:43 -0400] "GET /pcmypage?callback=/product%2Fdetail%2Dtc-0074983287185 HTTP/1.1" 404 1251 "-" "Mozilla/5.0 (Linux; Android 6.0.1; Nexus 5X Build/MMB29P) AppleWebKit/537.36 (KHTML, like Gecko) Chrome/137.0.7151.103 Mobile Safari/537.36 (compatible; Googlebot/2.1; +http://www.google.com/bot.html)"
95.91.104.195 - - [06/Jul/2025:15:37:44 -0400] "GET /wp-includes/class-IXR.php HTTP/1.1" 403 1242 "-" "Mozilla/5.0 (compatible; MJ12bot/v1.4.8; http://mj12bot.com/)"
66.249.77.129 - - [06/Jul/2025:15:37:45 -0400] "GET /zhHant/product/surugaya/hauteproduit-2024-06-12-14850?campaign_uid=f64d716db5e979ed2f947dbaf4296895b951ae7f HTTP/1.1" 404 1251 "-" "Mozilla/5.0 (Linux; Android 6.0.1; Nexus 5X Build/MMB29P) AppleWebKit/537.36 (KHTML, like Gecko) Chrome/137.0.7151.103 Mobile Safari/537.36 (compatible; Googlebot/2.1; +http://www.google.com/bot.html)"
95.91.104.195 - - [06/Jul/2025:15:37:46 -0400] "GET /wp-includes/class-avif-info.php HTTP/1.1" 403 1242 "-" "Mozilla/5.0 (compatible; MJ12bot/v1.4.8; http://mj12bot.com/)"
95.91.104.195 - - [06/Jul/2025:15:37:48 -0400] "GET /wp-includes/class-feed.php HTTP/1.1" 403 1242 "-" "Mozilla/5.0 (compatible; MJ12bot/v1.4.8; http://mj12bot.com/)"
95.91.104.195 - - [06/Jul/2025:15:37:50 -0400] "GET /wp-includes/class-http.php HTTP/1.1" 403 1242 "-" "Mozilla/5.0 (compatible; MJ12bot/v1.4.8; http://mj12bot.com/)"
95.91.104.195 - - [06/Jul/2025:15:37:52 -0400] "GET /wp-includes/class-json.php HTTP/1.1" 403 1242 "-" "Mozilla/5.0 (compatible; MJ12bot/v1.4.8; http://mj12bot.com/)"
66.249.77.129 - - [06/Jul/2025:15:37:53 -0400] "GET /pcmypage?callback=product/review/hokushinco-10710474 HTTP/1.1" 404 1251 "-" "Mozilla/5.0 (Linux; Android 6.0.1; Nexus 5X Build/MMB29P) AppleWebKit/537.36 (KHTML, like Gecko) Chrome/137.0.7151.103 Mobile Safari/537.36 (compatible; Googlebot/2.1; +http://www.google.com/bot.html)"
95.91.104.195 - - [06/Jul/2025:15:37:54 -0400] "GET /wp-includes/class-oembed.php HTTP/1.1" 403 1242 "-" "Mozilla/5.0 (compatible; MJ12bot/v1.4.8; http://mj12bot.com/)"
95.91.104.195 - - [06/Jul/2025:15:37:55 -0400] "GET /wp-includes/class-phpass.php HTTP/1.1" 403 1242 "-" "Mozilla/5.0 (compatible; MJ12bot/v1.4.8; http://mj12bot.com/)"
95.91.104.195 - - [06/Jul/2025:15:37:57 -0400] "GET /wp-includes/class-phpmailer.php HTTP/1.1" 403 1242 "-" "Mozilla/5.0 (compatible; MJ12bot/v1.4.8; http://mj12bot.com/)"
95.91.104.195 - - [06/Jul/2025:15:37:59 -0400] "GET /wp-includes/class-pop3.php HTTP/1.1" 403 1242 "-" "Mozilla/5.0 (compatible; MJ12bot/v1.4.8; http://mj12bot.com/)"
95.91.104.195 - - [06/Jul/2025:15:38:01 -0400] "GET /wp-includes/class-requests.php HTTP/1.1" 403 1242 "-" "Mozilla/5.0 (compatible; MJ12bot/v1.4.8; http://mj12bot.com/)"
95.91.104.195 - - [06/Jul/2025:15:38:02 -0400] "GET /wp-includes/class-simplepie.php HTTP/1.1" 403 1242 "-" "Mozilla/5.0 (compatible; MJ12bot/v1.4.8; http://mj12bot.com/)"
66.249.77.129 - - [06/Jul/2025:15:38:04 -0400] "GET /pcmypage?callback=product%2Fdetail%2Fhcvalor-eshop-trusco-8123743 HTTP/1.1" 404 1251 "-" "Mozilla/5.0 (Linux; Android 6.0.1; Nexus 5X Build/MMB29P) AppleWebKit/537.36 (KHTML, like Gecko) Chrome/137.0.7151.103 Mobile Safari/537.36 (compatible; Googlebot/2.1; +http://www.google.com/bot.html)"
95.91.104.195 - - [06/Jul/2025:15:38:04 -0400] "GET /wp-includes/class-smtp.php HTTP/1.1" 403 1242 "-" "Mozilla/5.0 (compatible; MJ12bot/v1.4.8; http://mj12bot.com/)"
95.91.104.195 - - [06/Jul/2025:15:38:06 -0400] "GET /wp-includes/class-snoopy.php HTTP/1.1" 403 1242 "-" "Mozilla/5.0 (compatible; MJ12bot/v1.4.8; http://mj12bot.com/)"
95.91.104.195 - - [06/Jul/2025:15:38:08 -0400] "GET /wp-includes/class-walker-category-dropdown.php HTTP/1.1" 403 1242 "-" "Mozilla/5.0 (compatible; MJ12bot/v1.4.8; http://mj12bot.com/)"
95.91.104.195 - - [06/Jul/2025:15:38:09 -0400] "GET /wp-includes/class-walker-category.php HTTP/1.1" 403 1242 "-" "Mozilla/5.0 (compatible; MJ12bot/v1.4.8; http://mj12bot.com/)"
95.91.104.195 - - [06/Jul/2025:15:38:11 -0400] "GET /wp-includes/class-walker-comment.php HTTP/1.1" 403 1242 "-" "Mozilla/5.0 (compatible; MJ12bot/v1.4.8; http://mj12bot.com/)"
95.91.104.195 - - [06/Jul/2025:15:38:13 -0400] "GET /wp-includes/class-walker-nav-menu.php HTTP/1.1" 403 1242 "-" "Mozilla/5.0 (compatible; MJ12bot/v1.4.8; http://mj12bot.com/)"
66.249.77.129 - - [06/Jul/2025:15:38:14 -0400] "GET /pcmypage?callback=product/review/wondertec-puig_4667r HTTP/1.1" 404 1251 "-" "Mozilla/5.0 (Linux; Android 6.0.1; Nexus 5X Build/MMB29P) AppleWebKit/537.36 (KHTML, like Gecko) Chrome/137.0.7151.103 Mobile Safari/537.36 (compatible; Googlebot/2.1; +http://www.google.com/bot.html)"
95.91.104.195 - - [06/Jul/2025:15:38:15 -0400] "GET /wp-includes/class-walker-page-dropdown.php HTTP/1.1" 403 1242 "-" "Mozilla/5.0 (compatible; MJ12bot/v1.4.8; http://mj12bot.com/)"
95.91.104.195 - - [06/Jul/2025:15:38:17 -0400] "GET /wp-includes/class-walker-page.php HTTP/1.1" 403 1242 "-" "Mozilla/5.0 (compatible; MJ12bot/v1.4.8; http://mj12bot.com/)"
95.91.104.195 - - [06/Jul/2025:15:38:19 -0400] "GET /wp-includes/class-wp-admin-bar.php HTTP/1.1" 403 1242 "-" "Mozilla/5.0 (compatible; MJ12bot/v1.4.8; http://mj12bot.com/)"
95.91.104.195 - - [06/Jul/2025:15:38:21 -0400] "GET /wp-includes/class-wp-ajax-response.php HTTP/1.1" 403 1242 "-" "Mozilla/5.0 (compatible; MJ12bot/v1.4.8; http://mj12bot.com/)"
66.249.77.129 - - [06/Jul/2025:15:38:22 -0400] "GET /items/siswl35/262?key=airport HTTP/1.1" 404 1251 "-" "Mozilla/5.0 (Linux; Android 6.0.1; Nexus 5X Build/MMB29P) AppleWebKit/537.36 (KHTML, like Gecko) Chrome/137.0.7151.119 Mobile Safari/537.36 (compatible; Googlebot/2.1; +http://www.google.com/bot.html)"
95.91.104.195 - - [06/Jul/2025:15:38:22 -0400] "GET /wp-includes/class-wp-application-passwords.php HTTP/1.1" 403 1242 "-" "Mozilla/5.0 (compatible; MJ12bot/v1.4.8; http://mj12bot.com/)"
95.91.104.195 - - [06/Jul/2025:15:38:24 -0400] "GET /wp-includes/class-wp-block-bindings-registry.php HTTP/1.1" 403 1242 "-" "Mozilla/5.0 (compatible; MJ12bot/v1.4.8; http://mj12bot.com/)"
66.249.77.129 - - [06/Jul/2025:15:38:24 -0400] "GET /pcmypage?callback=product%2Fdetail%2Finterior-palette-349338 HTTP/1.1" 404 1251 "-" "Mozilla/5.0 (Linux; Android 6.0.1; Nexus 5X Build/MMB29P) AppleWebKit/537.36 (KHTML, like Gecko) Chrome/137.0.7151.103 Mobile Safari/537.36 (compatible; Googlebot/2.1; +http://www.google.com/bot.html)"
66.249.77.129 - - [06/Jul/2025:15:38:25 -0400] "GET /items/084000320.html?srsltid=AfmBOoqizMLlbOUMeuQy5XFDHGlyEPjvVHTiIJ4zdRg5SFw8M9J6 HTTP/1.1" 404 1251 "-" "Mozilla/5.0 (Linux; Android 6.0.1; Nexus 5X Build/MMB29P) AppleWebKit/537.36 (KHTML, like Gecko) Chrome/137.0.7151.103 Mobile Safari/537.36 (compatible; Googlebot/2.1; +http://www.google.com/bot.html)"
95.91.104.195 - - [06/Jul/2025:15:38:26 -0400] "GET /wp-includes/class-wp-block-bindings-source.php HTTP/1.1" 403 1242 "-" "Mozilla/5.0 (compatible; MJ12bot/v1.4.8; http://mj12bot.com/)"
95.91.104.195 - - [06/Jul/2025:15:38:27 -0400] "GET /wp-includes/class-wp-block-editor-context.php HTTP/1.1" 403 1242 "-" "Mozilla/5.0 (compatible; MJ12bot/v1.4.8; http://mj12bot.com/)"
95.91.104.195 - - [06/Jul/2025:15:38:29 -0400] "GET /wp-includes/class-wp-block-list.php HTTP/1.1" 403 1242 "-" "Mozilla/5.0 (compatible; MJ12bot/v1.4.8; http://mj12bot.com/)"
66.249.77.129 - - [06/Jul/2025:15:38:30 -0400] "GET /pcmypage?callback=product%2Fdetail%2Fat-steel-ko-steps-1-p HTTP/1.1" 404 1251 "-" "Mozilla/5.0 (Linux; Android 6.0.1; Nexus 5X Build/MMB29P) AppleWebKit/537.36 (KHTML, like Gecko) Chrome/137.0.7151.103 Mobile Safari/537.36 (compatible; Googlebot/2.1; +http://www.google.com/bot.html)"
95.91.104.195 - - [06/Jul/2025:15:38:31 -0400] "GET /wp-includes/class-wp-block-metadata-registry.php HTTP/1.1" 403 1242 "-" "Mozilla/5.0 (compatible; MJ12bot/v1.4.8; http://mj12bot.com/)"
95.91.104.195 - - [06/Jul/2025:15:38:33 -0400] "GET /wp-includes/class-wp-block-parser-block.php HTTP/1.1" 403 1242 "-" "Mozilla/5.0 (compatible; MJ12bot/v1.4.8; http://mj12bot.com/)"
95.91.104.195 - - [06/Jul/2025:15:38:34 -0400] "GET /wp-includes/class-wp-block-parser-frame.php HTTP/1.1" 403 1242 "-" "Mozilla/5.0 (compatible; MJ12bot/v1.4.8; http://mj12bot.com/)"
66.249.77.129 - - [06/Jul/2025:15:38:36 -0400] "GET /pcmypage?callback=/product%2Fdetail%2tkonline-87032_8156 HTTP/1.1" 404 1251 "-" "Mozilla/5.0 (Linux; Android 6.0.1; Nexus 5X Build/MMB29P) AppleWebKit/537.36 (KHTML, like Gecko) Chrome/137.0.7151.103 Mobile Safari/537.36 (compatible; Googlebot/2.1; +http://www.google.com/bot.html)"
95.91.104.195 - - [06/Jul/2025:15:38:37 -0400] "GET /wp-includes/class-wp-block-parser.php HTTP/1.1" 403 1242 "-" "Mozilla/5.0 (compatible; MJ12bot/v1.4.8; http://mj12bot.com/)"
95.91.104.195 - - [06/Jul/2025:15:38:39 -0400] "GET /wp-includes/class-wp-block-pattern-categories-registry.php HTTP/1.1" 403 1242 "-" "Mozilla/5.0 (compatible; MJ12bot/v1.4.8; http://mj12bot.com/)"
95.91.104.195 - - [06/Jul/2025:15:38:41 -0400] "GET /wp-includes/class-wp-block-patterns-registry.php HTTP/1.1" 403 1242 "-" "Mozilla/5.0 (compatible; MJ12bot/v1.4.8; http://mj12bot.com/)"
66.249.77.129 - - [06/Jul/2025:15:38:42 -0400] "GET /pcmypage?callback=product%2Fdetail%2Fautoparts-agency02-502578290 HTTP/1.1" 404 1251 "-" "Mozilla/5.0 (Linux; Android 6.0.1; Nexus 5X Build/MMB29P) AppleWebKit/537.36 (KHTML, like Gecko) Chrome/137.0.7151.103 Mobile Safari/537.36 (compatible; Googlebot/2.1; +http://www.google.com/bot.html)"
95.91.104.195 - - [06/Jul/2025:15:38:42 -0400] "GET /wp-includes/class-wp-block-styles-registry.php HTTP/1.1" 403 1242 "-" "Mozilla/5.0 (compatible; MJ12bot/v1.4.8; http://mj12bot.com/)"
66.249.77.129 - - [06/Jul/2025:15:38:43 -0400] "GET /items/ndmuc138/5467?key=whom HTTP/1.1" 404 1251 "-" "Mozilla/5.0 (compatible; Googlebot/2.1; +http://www.google.com/bot.html)"
95.91.104.195 - - [06/Jul/2025:15:38:44 -0400] "GET /wp-includes/class-wp-block-supports.php HTTP/1.1" 403 1242 "-" "Mozilla/5.0 (compatible; MJ12bot/v1.4.8; http://mj12bot.com/)"
95.91.104.195 - - [06/Jul/2025:15:38:46 -0400] "GET /wp-includes/class-wp-block-template.php HTTP/1.1" 403 1242 "-" "Mozilla/5.0 (compatible; MJ12bot/v1.4.8; http://mj12bot.com/)"
95.91.104.195 - - [06/Jul/2025:15:38:48 -0400] "GET /wp-includes/class-wp-block-templates-registry.php HTTP/1.1" 403 1242 "-" "Mozilla/5.0 (compatible; MJ12bot/v1.4.8; http://mj12bot.com/)"
66.249.77.129 - - [06/Jul/2025:15:38:49 -0400] "GET /pcmypage?callback=product/review/autoparts-agency02-504616710 HTTP/1.1" 404 1251 "-" "Mozilla/5.0 (Linux; Android 6.0.1; Nexus 5X Build/MMB29P) AppleWebKit/537.36 (KHTML, like Gecko) Chrome/137.0.7151.103 Mobile Safari/537.36 (compatible; Googlebot/2.1; +http://www.google.com/bot.html)"
95.91.104.195 - - [06/Jul/2025:15:38:50 -0400] "GET /wp-includes/class-wp-block-type-registry.php HTTP/1.1" 403 1242 "-" "Mozilla/5.0 (compatible; MJ12bot/v1.4.8; http://mj12bot.com/)"
95.91.104.195 - - [06/Jul/2025:15:38:52 -0400] "GET /wp-includes/class-wp-block-type.php HTTP/1.1" 403 1242 "-" "Mozilla/5.0 (compatible; MJ12bot/v1.4.8; http://mj12bot.com/)"
66.249.77.129 - - [06/Jul/2025:15:38:52 -0400] "GET /pcmypage?callback=/product%2Fdetail%2sakan8man-trus-1856420 HTTP/1.1" 404 1251 "-" "Mozilla/5.0 (Linux; Android 6.0.1; Nexus 5X Build/MMB29P) AppleWebKit/537.36 (KHTML, like Gecko) Chrome/137.0.7151.103 Mobile Safari/537.36 (compatible; Googlebot/2.1; +http://www.google.com/bot.html)"
95.91.104.195 - - [06/Jul/2025:15:38:53 -0400] "GET /wp-includes/class-wp-block.php HTTP/1.1" 403 1242 "-" "Mozilla/5.0 (compatible; MJ12bot/v1.4.8; http://mj12bot.com/)"
95.91.104.195 - - [06/Jul/2025:15:38:55 -0400] "GET /wp-includes/class-wp-classic-to-block-menu-converter.php HTTP/1.1" 403 1242 "-" "Mozilla/5.0 (compatible; MJ12bot/v1.4.8; http://mj12bot.com/)"
95.91.104.195 - - [06/Jul/2025:15:38:57 -0400] "GET /wp-includes/class-wp-comment-query.php HTTP/1.1" 403 1242 "-" "Mozilla/5.0 (compatible; MJ12bot/v1.4.8; http://mj12bot.com/)"
95.91.104.195 - - [06/Jul/2025:15:38:59 -0400] "GET /wp-includes/class-wp-comment.php HTTP/1.1" 403 1242 "-" "Mozilla/5.0 (compatible; MJ12bot/v1.4.8; http://mj12bot.com/)"
95.91.104.195 - - [06/Jul/2025:15:39:00 -0400] "GET /wp-includes/class-wp-customize-control.php HTTP/1.1" 403 1242 "-" "Mozilla/5.0 (compatible; MJ12bot/v1.4.8; http://mj12bot.com/)"
95.91.104.195 - - [06/Jul/2025:15:39:02 -0400] "GET /wp-includes/class-wp-customize-manager.php HTTP/1.1" 403 1242 "-" "Mozilla/5.0 (compatible; MJ12bot/v1.4.8; http://mj12bot.com/)"
66.249.77.131 - - [06/Jul/2025:15:39:04 -0400] "GET /items/045033025.html?srsltid=AfmBOoiylxWFqlxShXZuidP8VywFkTCWLDCOVmRxLZOFxsrj0xl4 HTTP/1.1" 404 1251 "-" "Mozilla/5.0 (Linux; Android 6.0.1; Nexus 5X Build/MMB29P) AppleWebKit/537.36 (KHTML, like Gecko) Chrome/137.0.7151.103 Mobile Safari/537.36 (compatible; Googlebot/2.1; +http://www.google.com/bot.html)"
95.91.104.195 - - [06/Jul/2025:15:39:04 -0400] "GET /wp-includes/class-wp-customize-nav-menus.php HTTP/1.1" 403 1242 "-" "Mozilla/5.0 (compatible; MJ12bot/v1.4.8; http://mj12bot.com/)"
66.249.77.129 - - [06/Jul/2025:15:39:04 -0400] "GET /pcmypage?callback=product%2Fdetail%2Fg-bike-40370-163981 HTTP/1.1" 404 1251 "-" "Mozilla/5.0 (Linux; Android 6.0.1; Nexus 5X Build/MMB29P) AppleWebKit/537.36 (KHTML, like Gecko) Chrome/137.0.7151.103 Mobile Safari/537.36 (compatible; GoogleOther)"
95.91.104.195 - - [06/Jul/2025:15:39:06 -0400] "GET /wp-includes/class-wp-customize-panel.php HTTP/1.1" 403 1242 "-" "Mozilla/5.0 (compatible; MJ12bot/v1.4.8; http://mj12bot.com/)"
95.91.104.195 - - [06/Jul/2025:15:39:07 -0400] "GET /wp-includes/class-wp-customize-section.php HTTP/1.1" 403 1242 "-" "Mozilla/5.0 (compatible; MJ12bot/v1.4.8; http://mj12bot.com/)"
95.91.104.195 - - [06/Jul/2025:15:39:09 -0400] "GET /wp-includes/class-wp-customize-setting.php HTTP/1.1" 403 1242 "-" "Mozilla/5.0 (compatible; MJ12bot/v1.4.8; http://mj12bot.com/)"
66.249.77.130 - - [06/Jul/2025:15:39:09 -0400] "GET /pcmypage?callback=product%2Fdetail%2Ffirst34-trusco-2284477 HTTP/1.1" 404 1251 "-" "Mozilla/5.0 (Linux; Android 6.0.1; Nexus 5X Build/MMB29P) AppleWebKit/537.36 (KHTML, like Gecko) Chrome/137.0.7151.103 Mobile Safari/537.36 (compatible; Googlebot/2.1; +http://www.google.com/bot.html)"
66.249.77.130 - - [06/Jul/2025:15:39:11 -0400] "GET /items/uhxhi24/8299?key=cultural HTTP/1.1" 404 1251 "-" "Mozilla/5.0 (Linux; Android 6.0.1; Nexus 5X Build/MMB29P) AppleWebKit/537.36 (KHTML, like Gecko) Chrome/137.0.7151.119 Mobile Safari/537.36 (compatible; Googlebot/2.1; +http://www.google.com/bot.html)"
95.91.104.195 - - [06/Jul/2025:15:39:11 -0400] "GET /wp-includes/class-wp-customize-widgets.php HTTP/1.1" 403 1242 "-" "Mozilla/5.0 (compatible; MJ12bot/v1.4.8; http://mj12bot.com/)"
95.91.104.195 - - [06/Jul/2025:15:39:12 -0400] "GET /wp-includes/class-wp-date-query.php HTTP/1.1" 403 1242 "-" "Mozilla/5.0 (compatible; MJ12bot/v1.4.8; http://mj12bot.com/)"
95.91.104.195 - - [06/Jul/2025:15:39:14 -0400] "GET /wp-includes/class-wp-dependencies.php HTTP/1.1" 403 1242 "-" "Mozilla/5.0 (compatible; MJ12bot/v1.4.8; http://mj12bot.com/)"
66.249.77.129 - - [06/Jul/2025:15:39:15 -0400] "GET /pcmypage?callback=product/review/fujino-netshop-tan-33f HTTP/1.1" 404 1251 "-" "Mozilla/5.0 (Linux; Android 6.0.1; Nexus 5X Build/MMB29P) AppleWebKit/537.36 (KHTML, like Gecko) Chrome/137.0.7151.103 Mobile Safari/537.36 (compatible; Googlebot/2.1; +http://www.google.com/bot.html)"
95.91.104.195 - - [06/Jul/2025:15:39:16 -0400] "GET /wp-includes/class-wp-dependency.php HTTP/1.1" 403 1242 "-" "Mozilla/5.0 (compatible; MJ12bot/v1.4.8; http://mj12bot.com/)"
95.91.104.195 - - [06/Jul/2025:15:39:18 -0400] "GET /wp-includes/class-wp-duotone.php HTTP/1.1" 403 1242 "-" "Mozilla/5.0 (compatible; MJ12bot/v1.4.8; http://mj12bot.com/)"
95.91.104.195 - - [06/Jul/2025:15:39:20 -0400] "GET /wp-includes/class-wp-editor.php HTTP/1.1" 403 1242 "-" "Mozilla/5.0 (compatible; MJ12bot/v1.4.8; http://mj12bot.com/)"
95.91.104.195 - - [06/Jul/2025:15:39:22 -0400] "GET /wp-includes/class-wp-embed.php HTTP/1.1" 403 1242 "-" "Mozilla/5.0 (compatible; MJ12bot/v1.4.8; http://mj12bot.com/)"
95.91.104.195 - - [06/Jul/2025:15:39:24 -0400] "GET /wp-includes/class-wp-error.php HTTP/1.1" 403 1242 "-" "Mozilla/5.0 (compatible; MJ12bot/v1.4.8; http://mj12bot.com/)"
95.91.104.195 - - [06/Jul/2025:15:39:26 -0400] "GET /wp-includes/class-wp-exception.php HTTP/1.1" 403 1242 "-" "Mozilla/5.0 (compatible; MJ12bot/v1.4.8; http://mj12bot.com/)"
66.249.77.129 - - [06/Jul/2025:15:39:27 -0400] "GET /items/lytaz279/15592?key=relevant HTTP/1.1" 404 1251 "-" "Mozilla/5.0 (Linux; Android 6.0.1; Nexus 5X Build/MMB29P) AppleWebKit/537.36 (KHTML, like Gecko) Chrome/137.0.7151.103 Mobile Safari/537.36 (compatible; Googlebot/2.1; +http://www.google.com/bot.html)"
95.91.104.195 - - [06/Jul/2025:15:39:27 -0400] "GET /wp-includes/class-wp-fatal-error-handler.php HTTP/1.1" 403 1242 "-" "Mozilla/5.0 (compatible; MJ12bot/v1.4.8; http://mj12bot.com/)"
95.91.104.195 - - [06/Jul/2025:15:39:29 -0400] "GET /wp-includes/class-wp-feed-cache-transient.php HTTP/1.1" 403 1242 "-" "Mozilla/5.0 (compatible; MJ12bot/v1.4.8; http://mj12bot.com/)"
95.91.104.195 - - [06/Jul/2025:15:39:31 -0400] "GET /wp-includes/class-wp-feed-cache.php HTTP/1.1" 403 1242 "-" "Mozilla/5.0 (compatible; MJ12bot/v1.4.8; http://mj12bot.com/)"
95.91.104.195 - - [06/Jul/2025:15:39:33 -0400] "GET /wp-includes/class-wp-hook.php HTTP/1.1" 403 1242 "-" "Mozilla/5.0 (compatible; MJ12bot/v1.4.8; http://mj12bot.com/)"
95.91.104.195 - - [06/Jul/2025:15:39:35 -0400] "GET /wp-includes/class-wp-http-cookie.php HTTP/1.1" 403 1242 "-" "Mozilla/5.0 (compatible; MJ12bot/v1.4.8; http://mj12bot.com/)"
95.91.104.195 - - [06/Jul/2025:15:39:37 -0400] "GET /wp-includes/class-wp-http-curl.php HTTP/1.1" 403 1242 "-" "Mozilla/5.0 (compatible; MJ12bot/v1.4.8; http://mj12bot.com/)"
66.249.77.129 - - [06/Jul/2025:15:39:38 -0400] "GET /items/yjzst55/760?key=computer HTTP/1.1" 404 1251 "-" "Mozilla/5.0 (Linux; Android 6.0.1; Nexus 5X Build/MMB29P) AppleWebKit/537.36 (KHTML, like Gecko) Chrome/137.0.7151.103 Mobile Safari/537.36 (compatible; Googlebot/2.1; +http://www.google.com/bot.html)"
95.91.104.195 - - [06/Jul/2025:15:39:39 -0400] "GET /wp-includes/class-wp-http-encoding.php HTTP/1.1" 403 1242 "-" "Mozilla/5.0 (compatible; MJ12bot/v1.4.8; http://mj12bot.com/)"
95.91.104.195 - - [06/Jul/2025:15:39:40 -0400] "GET /wp-includes/class-wp-http-ixr-client.php HTTP/1.1" 403 1242 "-" "Mozilla/5.0 (compatible; MJ12bot/v1.4.8; http://mj12bot.com/)"
95.91.104.195 - - [06/Jul/2025:15:39:42 -0400] "GET /wp-includes/class-wp-http-proxy.php HTTP/1.1" 403 1242 "-" "Mozilla/5.0 (compatible; MJ12bot/v1.4.8; http://mj12bot.com/)"
95.91.104.195 - - [06/Jul/2025:15:39:44 -0400] "GET /wp-includes/class-wp-http-requests-hooks.php HTTP/1.1" 403 1242 "-" "Mozilla/5.0 (compatible; MJ12bot/v1.4.8; http://mj12bot.com/)"
95.91.104.195 - - [06/Jul/2025:15:39:46 -0400] "GET /wp-includes/class-wp-http-requests-response.php HTTP/1.1" 403 1242 "-" "Mozilla/5.0 (compatible; MJ12bot/v1.4.8; http://mj12bot.com/)"
95.91.104.195 - - [06/Jul/2025:15:39:48 -0400] "GET /wp-includes/class-wp-http-response.php HTTP/1.1" 403 1242 "-" "Mozilla/5.0 (compatible; MJ12bot/v1.4.8; http://mj12bot.com/)"
66.249.77.129 - - [06/Jul/2025:15:39:51 -0400] "GET /items/ryaog147/34704?key=payment HTTP/1.1" 404 1251 "-" "Mozilla/5.0 (Linux; Android 6.0.1; Nexus 5X Build/MMB29P) AppleWebKit/537.36 (KHTML, like Gecko) Chrome/137.0.7151.103 Mobile Safari/537.36 (compatible; Googlebot/2.1; +http://www.google.com/bot.html)"
95.91.104.195 - - [06/Jul/2025:15:39:51 -0400] "GET /wp-includes/class-wp-http-streams.php HTTP/1.1" 403 1242 "-" "Mozilla/5.0 (compatible; MJ12bot/v1.4.8; http://mj12bot.com/)"
95.91.104.195 - - [06/Jul/2025:15:39:52 -0400] "GET /wp-includes/class-wp-http.php HTTP/1.1" 403 1242 "-" "Mozilla/5.0 (compatible; MJ12bot/v1.4.8; http://mj12bot.com/)"
95.91.104.195 - - [06/Jul/2025:15:39:54 -0400] "GET /wp-includes/class-wp-image-editor-gd.php HTTP/1.1" 403 1242 "-" "Mozilla/5.0 (compatible; MJ12bot/v1.4.8; http://mj12bot.com/)"
95.91.104.195 - - [06/Jul/2025:15:39:56 -0400] "GET /wp-includes/class-wp-image-editor-imagick.php HTTP/1.1" 403 1242 "-" "Mozilla/5.0 (compatible; MJ12bot/v1.4.8; http://mj12bot.com/)"
95.91.104.195 - - [06/Jul/2025:15:39:58 -0400] "GET /wp-includes/class-wp-image-editor.php HTTP/1.1" 403 1242 "-" "Mozilla/5.0 (compatible; MJ12bot/v1.4.8; http://mj12bot.com/)"
95.91.104.195 - - [06/Jul/2025:15:39:59 -0400] "GET /wp-includes/class-wp-list-util.php HTTP/1.1" 403 1242 "-" "Mozilla/5.0 (compatible; MJ12bot/v1.4.8; http://mj12bot.com/)"
95.91.104.195 - - [06/Jul/2025:15:40:01 -0400] "GET /wp-includes/class-wp-locale-switcher.php HTTP/1.1" 403 1242 "-" "Mozilla/5.0 (compatible; MJ12bot/v1.4.8; http://mj12bot.com/)"
66.249.77.130 - - [06/Jul/2025:15:40:02 -0400] "GET /items/192013708.html?srsltid=AfmBOovwsyIrUPgWlvfgbvlENnQgEiDyE7L9W6cZ5VYpGZbdBT0X HTTP/1.1" 404 1251 "-" "Mozilla/5.0 (Linux; Android 6.0.1; Nexus 5X Build/MMB29P) AppleWebKit/537.36 (KHTML, like Gecko) Chrome/137.0.7151.103 Mobile Safari/537.36 (compatible; Googlebot/2.1; +http://www.google.com/bot.html)"
95.91.104.195 - - [06/Jul/2025:15:40:03 -0400] "GET /wp-includes/class-wp-locale.php HTTP/1.1" 403 1242 "-" "Mozilla/5.0 (compatible; MJ12bot/v1.4.8; http://mj12bot.com/)"
95.91.104.195 - - [06/Jul/2025:15:40:05 -0400] "GET /wp-includes/class-wp-matchesmapregex.php HTTP/1.1" 403 1242 "-" "Mozilla/5.0 (compatible; MJ12bot/v1.4.8; http://mj12bot.com/)"
95.91.104.195 - - [06/Jul/2025:15:40:07 -0400] "GET /wp-includes/class-wp-meta-query.php HTTP/1.1" 403 1242 "-" "Mozilla/5.0 (compatible; MJ12bot/v1.4.8; http://mj12bot.com/)"
95.91.104.195 - - [06/Jul/2025:15:40:08 -0400] "GET /wp-includes/class-wp-metadata-lazyloader.php HTTP/1.1" 403 1242 "-" "Mozilla/5.0 (compatible; MJ12bot/v1.4.8; http://mj12bot.com/)"
95.91.104.195 - - [06/Jul/2025:15:40:10 -0400] "GET /wp-includes/class-wp-navigation-fallback.php HTTP/1.1" 403 1242 "-" "Mozilla/5.0 (compatible; MJ12bot/v1.4.8; http://mj12bot.com/)"
95.91.104.195 - - [06/Jul/2025:15:40:12 -0400] "GET /wp-includes/class-wp-network-query.php HTTP/1.1" 403 1242 "-" "Mozilla/5.0 (compatible; MJ12bot/v1.4.8; http://mj12bot.com/)"
95.91.104.195 - - [06/Jul/2025:15:40:14 -0400] "GET /wp-includes/class-wp-network.php HTTP/1.1" 403 1242 "-" "Mozilla/5.0 (compatible; MJ12bot/v1.4.8; http://mj12bot.com/)"
216.73.216.138 - - [06/Jul/2025:15:40:15 -0400] "GET /search.php HTTP/1.1" 404 1251 "-" "Mozilla/5.0 AppleWebKit/537.36 (KHTML, like Gecko; compatible; ClaudeBot/1.0; [email protected])"
95.91.104.195 - - [06/Jul/2025:15:40:16 -0400] "GET /wp-includes/class-wp-object-cache.php HTTP/1.1" 403 1242 "-" "Mozilla/5.0 (compatible; MJ12bot/v1.4.8; http://mj12bot.com/)"
95.91.104.195 - - [06/Jul/2025:15:40:18 -0400] "GET /wp-includes/class-wp-oembed-controller.php HTTP/1.1" 403 1242 "-" "Mozilla/5.0 (compatible; MJ12bot/v1.4.8; http://mj12bot.com/)"
66.249.77.130 - - [06/Jul/2025:15:40:18 -0400] "GET /items/kegdm79/51872?key=confrontation HTTP/1.1" 404 1251 "-" "Mozilla/5.0 (Linux; Android 6.0.1; Nexus 5X Build/MMB29P) AppleWebKit/537.36 (KHTML, like Gecko) Chrome/137.0.7151.103 Mobile Safari/537.36 (compatible; Googlebot/2.1; +http://www.google.com/bot.html)"
95.91.104.195 - - [06/Jul/2025:15:40:19 -0400] "GET /wp-includes/class-wp-oembed.php HTTP/1.1" 403 1242 "-" "Mozilla/5.0 (compatible; MJ12bot/v1.4.8; http://mj12bot.com/)"
66.249.77.129 - - [06/Jul/2025:15:40:24 -0400] "GET /items/263014423.html?srsltid=AfmBOokazwoPsDtvdzogRZ7ZZfEsmZWdZ3UBxbEpwL1KwnOiJXyT HTTP/1.1" 404 1251 "-" "Mozilla/5.0 (Linux; Android 6.0.1; Nexus 5X Build/MMB29P) AppleWebKit/537.36 (KHTML, like Gecko) Chrome/137.0.7151.103 Mobile Safari/537.36 (compatible; Googlebot/2.1; +http://www.google.com/bot.html)"
66.249.77.129 - - [06/Jul/2025:15:40:29 -0400] "GET /items/115022455.html?srsltid=AfmBOoblcmGWkPVBiLYl7IJTUYRLTQSHbH2FXANTrXbEkpISd0JH HTTP/1.1" 404 1251 "-" "Mozilla/5.0 (Linux; Android 6.0.1; Nexus 5X Build/MMB29P) AppleWebKit/537.36 (KHTML, like Gecko) Chrome/137.0.7151.103 Mobile Safari/537.36 (compatible; Googlebot/2.1; +http://www.google.com/bot.html)"
66.249.77.137 - - [06/Jul/2025:15:40:57 -0400] "GET /items/198016994.html?srsltid=AfmBOoeqpQKIiGdBfByhOEf3ObQHPuPyF0fLBb3qTxryJ0OsEM4g HTTP/1.1" 404 1251 "-" "Mozilla/5.0 (Linux; Android 6.0.1; Nexus 5X Build/MMB29P) AppleWebKit/537.36 (KHTML, like Gecko) Chrome/137.0.7151.103 Mobile Safari/537.36 (compatible; Googlebot/2.1; +http://www.google.com/bot.html)"
66.249.77.137 - - [06/Jul/2025:15:41:02 -0400] "GET /items/fnvql41/48978?key=telescope HTTP/1.1" 404 1251 "-" "Mozilla/5.0 (Linux; Android 6.0.1; Nexus 5X Build/MMB29P) AppleWebKit/537.36 (KHTML, like Gecko) Chrome/137.0.7151.103 Mobile Safari/537.36 (compatible; Googlebot/2.1; +http://www.google.com/bot.html)"
66.249.77.139 - - [06/Jul/2025:15:41:03 -0400] "GET /items/144014414.html?srsltid=AfmBOozfmeYLBSNqVkXrk8MJDhWRjGDHJ3Fte9WbFaPaDX4ygT82 HTTP/1.1" 404 1251 "-" "Mozilla/5.0 (Linux; Android 6.0.1; Nexus 5X Build/MMB29P) AppleWebKit/537.36 (KHTML, like Gecko) Chrome/137.0.7151.103 Mobile Safari/537.36 (compatible; Googlebot/2.1; +http://www.google.com/bot.html)"
66.249.77.138 - - [06/Jul/2025:15:41:09 -0400] "GET /items/263014367.html?srsltid=AfmBOozowzmugqiMQAfO3v4nKrIkHneB7lQfefH8cQZKyQQokM9E HTTP/1.1" 404 1251 "-" "Mozilla/5.0 (Linux; Android 6.0.1; Nexus 5X Build/MMB29P) AppleWebKit/537.36 (KHTML, like Gecko) Chrome/137.0.7151.103 Mobile Safari/537.36 (compatible; Googlebot/2.1; +http://www.google.com/bot.html)"
66.249.69.3 - - [06/Jul/2025:15:41:11 -0400] "GET /pcmypage?callback=product%2Fdetail%2Fplusys7022-60458 HTTP/1.1" 404 1251 "-" "Mozilla/5.0 (Linux; Android 6.0.1; Nexus 5X Build/MMB29P) AppleWebKit/537.36 (KHTML, like Gecko) Chrome/137.0.7151.103 Mobile Safari/537.36 (compatible; Googlebot/2.1; +http://www.google.com/bot.html)"
66.249.77.137 - - [06/Jul/2025:15:41:14 -0400] "GET /items/103036671.html?srsltid=AfmBOoejzNYVARRplawwxvgQCHGGcTplU38pb5CtXHuNUe2wnrwl HTTP/1.1" 404 1251 "-" "Mozilla/5.0 (Linux; Android 6.0.1; Nexus 5X Build/MMB29P) AppleWebKit/537.36 (KHTML, like Gecko) Chrome/137.0.7151.103 Mobile Safari/537.36 (compatible; Googlebot/2.1; +http://www.google.com/bot.html)"
2602:fb54:c7c:: - - [06/Jul/2025:15:41:22 -0400] "GET /about.php?action=p&api=p&path=p&token HTTP/1.1" 404 1251 "www.google.com" "Mozlila/5.0 (Linux; Android 7.0; SM-G892A Bulid/NRD90M; wv) AppleWebKit/537.36 (KHTML, like Gecko) Version/4.0 Chrome/60.0.3112.107 Moblie Safari/537.36"
66.249.77.137 - - [06/Jul/2025:15:41:23 -0400] "GET /items/022021580.html?srsltid=AfmBOogchZuRzaLgJsJkY3YOTIYUZOHOHNUOsTLJTo6b2HA4Skki HTTP/1.1" 404 1251 "-" "Mozilla/5.0 (Linux; Android 6.0.1; Nexus 5X Build/MMB29P) AppleWebKit/537.36 (KHTML, like Gecko) Chrome/137.0.7151.103 Mobile Safari/537.36 (compatible; Googlebot/2.1; +http://www.google.com/bot.html)"
66.249.77.137 - - [06/Jul/2025:15:41:35 -0400] "GET /items/136002430.html?srsltid=AfmBOofkfKZwNUzcpfol7IDaPQnzxbhmoDmVdG7HQq15FKEcbEBg HTTP/1.1" 404 1251 "-" "Mozilla/5.0 (Linux; Android 6.0.1; Nexus 5X Build/MMB29P) AppleWebKit/537.36 (KHTML, like Gecko) Chrome/137.0.7151.103 Mobile Safari/537.36 (compatible; Googlebot/2.1; +http://www.google.com/bot.html)"
66.249.77.137 - - [06/Jul/2025:15:41:37 -0400] "GET /pcmypage?callback=product%2Fdetail%2Fsakan8man-trus-2039739 HTTP/1.1" 404 1251 "-" "Mozilla/5.0 (Linux; Android 6.0.1; Nexus 5X Build/MMB29P) AppleWebKit/537.36 (KHTML, like Gecko) Chrome/137.0.7151.103 Mobile Safari/537.36 (compatible; Googlebot/2.1; +http://www.google.com/bot.html)"
2602:fb54:c7c:: - - [06/Jul/2025:15:41:45 -0400] "GET /admin.php?action=p&api=p&path=p&token HTTP/1.1" 404 1251 "www.google.com" "Mozlila/5.0 (Linux; Android 7.0; SM-G892A Bulid/NRD90M; wv) AppleWebKit/537.36 (KHTML, like Gecko) Version/4.0 Chrome/60.0.3112.107 Moblie Safari/537.36"
66.249.77.137 - - [06/Jul/2025:15:41:46 -0400] "GET /items/138023152.html?srsltid=AfmBOoccntXoxQAAinYJOwsvBmUWWhZuNWtEtgJmwj5cwTslmitc HTTP/1.1" 404 1251 "-" "Mozilla/5.0 (Linux; Android 6.0.1; Nexus 5X Build/MMB29P) AppleWebKit/537.36 (KHTML, like Gecko) Chrome/137.0.7151.103 Mobile Safari/537.36 (compatible; Googlebot/2.1; +http://www.google.com/bot.html)"
66.249.77.137 - - [06/Jul/2025:15:41:58 -0400] "GET /items/068010620.html?srsltid=AfmBOomnswWDKdZSXpbX2dedTKjZsPqfMZ0grJlJZ4RkNclBFszZ HTTP/1.1" 404 1251 "-" "Mozilla/5.0 (Linux; Android 6.0.1; Nexus 5X Build/MMB29P) AppleWebKit/537.36 (KHTML, like Gecko) Chrome/137.0.7151.103 Mobile Safari/537.36 (compatible; Googlebot/2.1; +http://www.google.com/bot.html)"
2602:fb54:c7c:: - - [06/Jul/2025:15:42:06 -0400] "GET /admin.php?action=p&api=p&path=p&token HTTP/1.1" 404 1251 "www.google.com" "Mozlila/5.0 (Linux; Android 7.0; SM-G892A Bulid/NRD90M; wv) AppleWebKit/537.36 (KHTML, like Gecko) Version/4.0 Chrome/60.0.3112.107 Moblie Safari/537.36"
66.249.77.137 - - [06/Jul/2025:15:42:08 -0400] "GET /pcmypage?callback=product%2Fdetail%2Forangetool-5681008 HTTP/1.1" 404 1251 "-" "Mozilla/5.0 (compatible; Googlebot/2.1; +http://www.google.com/bot.html)"
66.249.77.139 - - [06/Jul/2025:15:42:10 -0400] "GET /items/002005320.html?srsltid=AfmBOoqodVNuLdGdWhDMutG1YCIiInGgt6HHD568GOvflVRxQJBV HTTP/1.1" 404 1251 "-" "Mozilla/5.0 (Linux; Android 6.0.1; Nexus 5X Build/MMB29P) AppleWebKit/537.36 (KHTML, like Gecko) Chrome/137.0.7151.103 Mobile Safari/537.36 (compatible; Googlebot/2.1; +http://www.google.com/bot.html)"
