47.82.60.13 - - [06/Jul/2025:11:21:31 -0400] "GET /items/zyjsz25/642?key=shared HTTP/1.1" 404 1251 "https://www.first-gulf.com.sa/items/zyjsz25/642?key=shared" "Mozilla/5.0 (Windows NT 10.0; Win64; x64) AppleWebKit/537.36 (KHTML, like Gecko) Chrome/114.0.0.0 Safari/537.36 Edg/114.0.1823.43"
47.82.60.40 - - [06/Jul/2025:11:21:41 -0400] "GET /items/020031244.html HTTP/1.1" 404 1251 "https://first-gulf.com.sa/items/020031244.html" "Mozilla/5.0 (Windows NT 10.0; Win64; x64) AppleWebKit/537.36 (KHTML, like Gecko) Chrome/114.0.0.0 Safari/537.36 Edg/114.0.1823.43"
66.249.68.137 - - [06/Jul/2025:11:21:48 -0400] "GET /items/ppvhr35/44790?key=marketplace HTTP/1.1" 404 1251 "-" "Mozilla/5.0 (Linux; Android 6.0.1; Nexus 5X Build/MMB29P) AppleWebKit/537.36 (KHTML, like Gecko) Chrome/137.0.7151.103 Mobile Safari/537.36 (compatible; Googlebot/2.1; +http://www.google.com/bot.html)"
66.249.79.206 - - [06/Jul/2025:11:21:49 -0400] "GET /items/003021679.html?srsltid=AfmBOonjjFjNtkrJDyNSGd0TJTGYjSeHySkNtnsgCKAEKBk9Yddp HTTP/1.1" 404 1251 "-" "Mozilla/5.0 (compatible; Googlebot/2.1; +http://www.google.com/bot.html)"
66.249.79.193 - - [06/Jul/2025:11:22:12 -0400] "GET /items/033000119.html?srsltid=AfmBOojydnUhtVGYEMrFi5j8OzWqmMDnydpas2HY6SiPO7QY2b3f HTTP/1.1" 404 1251 "-" "Mozilla/5.0 (compatible; Googlebot/2.1; +http://www.google.com/bot.html)"
47.82.60.42 - - [06/Jul/2025:11:22:15 -0400] "GET /items/rxsye121/33978?key=infrastructure HTTP/1.1" 404 1251 "https://first-gulf.com.sa/items/rxsye121/33978?key=infrastructure" "Mozilla/5.0 (Windows NT 10.0; Win64; x64) AppleWebKit/537.36 (KHTML, like Gecko) Chrome/114.0.0.0 Safari/537.36 Edg/114.0.1823.43"
66.249.68.137 - - [06/Jul/2025:11:22:23 -0400] "GET /items/096031882.html?srsltid=AfmBOohpxVFfgkHIdIbT7u5TPReDuTuVWrhS392Q9e1UkdFcKjlo HTTP/1.1" 404 1251 "-" "Mozilla/5.0 (Linux; Android 6.0.1; Nexus 5X Build/MMB29P) AppleWebKit/537.36 (KHTML, like Gecko) Chrome/137.0.7151.103 Mobile Safari/537.36 (compatible; Googlebot/2.1; +http://www.google.com/bot.html)"
47.82.60.8 - - [06/Jul/2025:11:22:25 -0400] "GET /items/050000328.html HTTP/1.1" 404 1251 "https://first-gulf.com.sa/items/050000328.html" "Mozilla/5.0 (Windows NT 10.0; Win64; x64) AppleWebKit/537.36 (KHTML, like Gecko) Chrome/114.0.0.0 Safari/537.36 Edg/114.0.1823.43"
66.249.68.129 - - [06/Jul/2025:11:22:27 -0400] "GET /items/249029933.html?srsltid=AfmBOomykZiDdDzZvrJdwojfVHEckYyqhuM9bilZvZbQwilu4g43 HTTP/1.1" 404 1251 "-" "Mozilla/5.0 (Linux; Android 6.0.1; Nexus 5X Build/MMB29P) AppleWebKit/537.36 (KHTML, like Gecko) Chrome/137.0.7151.103 Mobile Safari/537.36 (compatible; Googlebot/2.1; +http://www.google.com/bot.html)"
47.82.60.3 - - [06/Jul/2025:11:22:31 -0400] "GET /items/tnydq43/1066?key=up HTTP/1.1" 404 1251 "https://www.first-gulf.com.sa/items/tnydq43/1066?key=up" "Mozilla/5.0 (Windows NT 10.0; Win64; x64) AppleWebKit/537.36 (KHTML, like Gecko) Chrome/114.0.0.0 Safari/537.36 Edg/114.0.1823.43"
66.249.68.128 - - [06/Jul/2025:11:22:31 -0400] "GET /pcmypage?callback=product/review/abebuppan-ab122739zz9nvlp-1 HTTP/1.1" 404 1251 "-" "Mozilla/5.0 (Linux; Android 6.0.1; Nexus 5X Build/MMB29P) AppleWebKit/537.36 (KHTML, like Gecko) Chrome/137.0.7151.103 Mobile Safari/537.36 (compatible; Googlebot/2.1; +http://www.google.com/bot.html)"
47.82.60.16 - - [06/Jul/2025:11:22:33 -0400] "GET /items/273008011.html HTTP/1.1" 404 1251 "https://www.first-gulf.com.sa/items/273008011.html" "Mozilla/5.0 (Windows NT 10.0; Win64; x64) AppleWebKit/537.36 (KHTML, like Gecko) Chrome/114.0.0.0 Safari/537.36 Edg/114.0.1823.43"
47.82.60.20 - - [06/Jul/2025:11:22:48 -0400] "GET /items/hntwn106/7165?key=dock HTTP/1.1" 404 1251 "https://first-gulf.com.sa/items/hntwn106/7165?key=dock" "Mozilla/5.0 (Windows NT 10.0; Win64; x64) AppleWebKit/537.36 (KHTML, like Gecko) Chrome/114.0.0.0 Safari/537.36 Edg/114.0.1823.43"
40.116.73.216 - - [06/Jul/2025:11:22:51 -0400] "GET /items/qvsgz7/890?key=charm HTTP/1.1" 404 1251 "-" "Mozilla/5.0 AppleWebKit/537.36 (KHTML, like Gecko); compatible; ChatGPT-User/1.0; +https://openai.com/bot"
47.82.60.37 - - [06/Jul/2025:11:22:58 -0400] "GET /items/mglzc76/26315?key=top HTTP/1.1" 404 1251 "https://first-gulf.com.sa/items/mglzc76/26315?key=top" "Mozilla/5.0 (Windows NT 10.0; Win64; x64) AppleWebKit/537.36 (KHTML, like Gecko) Chrome/114.0.0.0 Safari/537.36 Edg/114.0.1823.43"
66.249.68.128 - - [06/Jul/2025:11:23:15 -0400] "GET /pcmypage?callback=product/review/auc-vector-170-402503030719 HTTP/1.1" 404 1251 "-" "Mozilla/5.0 (Linux; Android 6.0.1; Nexus 5X Build/MMB29P) AppleWebKit/537.36 (KHTML, like Gecko) Chrome/137.0.7151.103 Mobile Safari/537.36 (compatible; Googlebot/2.1; +http://www.google.com/bot.html)"
66.249.79.192 - - [06/Jul/2025:11:23:35 -0400] "GET /pcmypage?callback=product%2Fdetail%2Fhirochishop-2-mismmhose-s2k-00bl HTTP/1.1" 404 1251 "-" "Mozilla/5.0 (Linux; Android 6.0.1; Nexus 5X Build/MMB29P) AppleWebKit/537.36 (KHTML, like Gecko) Chrome/137.0.7151.103 Mobile Safari/537.36 (compatible; Googlebot/2.1; +http://www.google.com/bot.html)"
66.249.68.130 - - [06/Jul/2025:11:23:59 -0400] "GET /items/nlnmi195/13144?key=small HTTP/1.1" 404 1251 "-" "Mozilla/5.0 (Linux; Android 6.0.1; Nexus 5X Build/MMB29P) AppleWebKit/537.36 (KHTML, like Gecko) Chrome/137.0.7151.103 Mobile Safari/537.36 (compatible; Googlebot/2.1; +http://www.google.com/bot.html)"
47.82.60.23 - - [06/Jul/2025:11:24:05 -0400] "GET /items/bgeaa60/937?key=mostly HTTP/1.1" 404 1251 "https://first-gulf.com.sa/items/bgeaa60/937?key=mostly" "Mozilla/5.0 (Windows NT 10.0; Win64; x64) AppleWebKit/537.36 (KHTML, like Gecko) Chrome/114.0.0.0 Safari/537.36 Edg/114.0.1823.43"
47.82.60.41 - - [06/Jul/2025:11:24:20 -0400] "GET /items/epvay211/17138?key=warmth HTTP/1.1" 404 1251 "https://first-gulf.com.sa/items/epvay211/17138?key=warmth" "Mozilla/5.0 (Windows NT 10.0; Win64; x64) AppleWebKit/537.36 (KHTML, like Gecko) Chrome/114.0.0.0 Safari/537.36 Edg/114.0.1823.43"
47.82.60.41 - - [06/Jul/2025:11:24:27 -0400] "GET /items/082000444.html HTTP/1.1" 404 1251 "https://www.first-gulf.com.sa/items/082000444.html" "Mozilla/5.0 (Windows NT 10.0; Win64; x64) AppleWebKit/537.36 (KHTML, like Gecko) Chrome/114.0.0.0 Safari/537.36 Edg/114.0.1823.43"
47.82.60.37 - - [06/Jul/2025:11:24:40 -0400] "GET /items/hxcey283/6302?key=punch HTTP/1.1" 404 1251 "https://first-gulf.com.sa/items/hxcey283/6302?key=punch" "Mozilla/5.0 (Windows NT 10.0; Win64; x64) AppleWebKit/537.36 (KHTML, like Gecko) Chrome/114.0.0.0 Safari/537.36 Edg/114.0.1823.43"
66.249.68.131 - - [06/Jul/2025:11:24:47 -0400] "GET /items/bhlnd297/19220?key=school HTTP/1.1" 404 1251 "-" "Mozilla/5.0 (Linux; Android 6.0.1; Nexus 5X Build/MMB29P) AppleWebKit/537.36 (KHTML, like Gecko) Chrome/137.0.7151.103 Mobile Safari/537.36 (compatible; Googlebot/2.1; +http://www.google.com/bot.html)"
66.249.79.192 - - [06/Jul/2025:11:24:58 -0400] "GET /pcmypage?callback=product%2Fdetail%2Fjism-4971544004068-26-39183-n HTTP/1.1" 404 1251 "-" "Mozilla/5.0 (compatible; Googlebot/2.1; +http://www.google.com/bot.html)"
66.249.68.130 - - [06/Jul/2025:11:25:10 -0400] "GET /items/nhbso140/49025?key=yours HTTP/1.1" 404 1251 "-" "Mozilla/5.0 (Linux; Android 6.0.1; Nexus 5X Build/MMB29P) AppleWebKit/537.36 (KHTML, like Gecko) Chrome/137.0.7151.103 Mobile Safari/537.36 (compatible; Googlebot/2.1; +http://www.google.com/bot.html)"
66.249.68.129 - - [06/Jul/2025:11:25:13 -0400] "GET /pcmypage?callback=product/review/orangetool-1361225 HTTP/1.1" 404 1251 "-" "Mozilla/5.0 (Linux; Android 6.0.1; Nexus 5X Build/MMB29P) AppleWebKit/537.36 (KHTML, like Gecko) Chrome/137.0.7151.103 Mobile Safari/537.36 (compatible; Googlebot/2.1; +http://www.google.com/bot.html)"
47.82.60.40 - - [06/Jul/2025:11:25:20 -0400] "GET /items/muvsn13/1330?key=gradually HTTP/1.1" 404 1251 "https://first-gulf.com.sa/items/muvsn13/1330?key=gradually" "Mozilla/5.0 (Windows NT 10.0; Win64; x64) AppleWebKit/537.36 (KHTML, like Gecko) Chrome/114.0.0.0 Safari/537.36 Edg/114.0.1823.43"
66.249.79.192 - - [06/Jul/2025:11:25:23 -0400] "GET /pcmypage?callback=product%2Fdetail%2Frcmd-fj-4970925453204 HTTP/1.1" 404 1251 "-" "Mozilla/5.0 (Linux; Android 6.0.1; Nexus 5X Build/MMB29P) AppleWebKit/537.36 (KHTML, like Gecko) Chrome/137.0.7151.103 Mobile Safari/537.36 (compatible; Googlebot/2.1; +http://www.google.com/bot.html)"
47.82.60.27 - - [06/Jul/2025:11:25:49 -0400] "GET /items/wxveu89/106?key=lock HTTP/1.1" 404 1251 "https://first-gulf.com.sa/items/wxveu89/106?key=lock" "Mozilla/5.0 (Windows NT 10.0; Win64; x64) AppleWebKit/537.36 (KHTML, like Gecko) Chrome/114.0.0.0 Safari/537.36 Edg/114.0.1823.43"
66.249.68.129 - - [06/Jul/2025:11:25:54 -0400] "GET /pcmypage?callback=product/review/unlimited-1993-24g100-1 HTTP/1.1" 404 1251 "-" "Mozilla/5.0 (Linux; Android 6.0.1; Nexus 5X Build/MMB29P) AppleWebKit/537.36 (KHTML, like Gecko) Chrome/137.0.7151.103 Mobile Safari/537.36 (compatible; Googlebot/2.1; +http://www.google.com/bot.html)"
66.249.79.206 - - [06/Jul/2025:11:25:59 -0400] "GET /pcmypage?callback=product/review/ete-store-kv6165 HTTP/1.1" 404 1251 "-" "Mozilla/5.0 (compatible; Googlebot/2.1; +http://www.google.com/bot.html)"
66.249.68.129 - - [06/Jul/2025:11:26:49 -0400] "GET /pcmypage?callback=product/review/autopartsdirect-2682761781778179424 HTTP/1.1" 404 1251 "-" "Mozilla/5.0 (Linux; Android 6.0.1; Nexus 5X Build/MMB29P) AppleWebKit/537.36 (KHTML, like Gecko) Chrome/137.0.7151.103 Mobile Safari/537.36 (compatible; GoogleOther)"
66.249.68.131 - - [06/Jul/2025:11:27:00 -0400] "GET /items/ckbgm29/724?key=consult HTTP/1.1" 404 1251 "-" "Mozilla/5.0 (Linux; Android 6.0.1; Nexus 5X Build/MMB29P) AppleWebKit/537.36 (KHTML, like Gecko) Chrome/137.0.7151.103 Mobile Safari/537.36 (compatible; Googlebot/2.1; +http://www.google.com/bot.html)"
66.249.68.130 - - [06/Jul/2025:11:27:25 -0400] "GET /items/254022136.html?srsltid=AfmBOozizIbaDQNlPmhNHIHULMdOVGQjDc7ZQwT3ZSgPscf1rwpw HTTP/1.1" 404 1251 "-" "Mozilla/5.0 (Linux; Android 6.0.1; Nexus 5X Build/MMB29P) AppleWebKit/537.36 (KHTML, like Gecko) Chrome/137.0.7151.103 Mobile Safari/537.36 (compatible; Googlebot/2.1; +http://www.google.com/bot.html)"
47.82.60.47 - - [06/Jul/2025:11:27:28 -0400] "GET /items/xwhvo62/723?key=openly HTTP/1.1" 404 1251 "https://www.first-gulf.com.sa/items/xwhvo62/723?key=openly" "Mozilla/5.0 (Windows NT 10.0; Win64; x64) AppleWebKit/537.36 (KHTML, like Gecko) Chrome/114.0.0.0 Safari/537.36 Edg/114.0.1823.43"
47.82.60.15 - - [06/Jul/2025:11:27:38 -0400] "GET /items/xkbjm162/9149?key=neighborhood HTTP/1.1" 404 1251 "https://first-gulf.com.sa/items/xkbjm162/9149?key=neighborhood" "Mozilla/5.0 (Windows NT 10.0; Win64; x64) AppleWebKit/537.36 (KHTML, like Gecko) Chrome/114.0.0.0 Safari/537.36 Edg/114.0.1823.43"
66.249.68.129 - - [06/Jul/2025:11:27:50 -0400] "GET /items/xcswy228/38339?key=stiff HTTP/1.1" 404 1251 "-" "Mozilla/5.0 (Linux; Android 6.0.1; Nexus 5X Build/MMB29P) AppleWebKit/537.36 (KHTML, like Gecko) Chrome/137.0.7151.103 Mobile Safari/537.36 (compatible; GoogleOther)"
66.249.79.192 - - [06/Jul/2025:11:27:55 -0400] "GET / HTTP/1.1" 200 1439 "-" "Mozilla/5.0 (Linux; Android 6.0.1; Nexus 5X Build/MMB29P) AppleWebKit/537.36 (KHTML, like Gecko) Chrome/137.0.7151.103 Mobile Safari/537.36 (compatible; Googlebot/2.1; +http://www.google.com/bot.html)"
207.46.13.116 - - [06/Jul/2025:11:27:58 -0400] "GET /mabspiculaqwo3/srdoit506887.html HTTP/1.1" 404 1251 "-" "Mozilla/5.0 AppleWebKit/537.36 (KHTML, like Gecko; compatible; bingbot/2.0; +http://www.bing.com/bingbot.htm) Chrome/116.0.1938.76 Safari/537.36"
66.249.79.206 - - [06/Jul/2025:11:28:01 -0400] "GET /pcmypage?callback=/product%2Fdetail.agleeyeshopping-top1-ds-2214409 HTTP/1.1" 404 1251 "-" "Mozilla/5.0 (compatible; Googlebot/2.1; +http://www.google.com/bot.html)"
66.249.79.206 - - [06/Jul/2025:11:28:16 -0400] "GET /_autoindex/assets/js/tablesort.js HTTP/1.1" 200 2137 "https://www.first-gulf.com.sa/" "Mozilla/5.0 (Linux; Android 6.0.1; Nexus 5X Build/MMB29P) AppleWebKit/537.36 (KHTML, like Gecko) Chrome/137.0.7151.119 Mobile Safari/537.36 (compatible; Googlebot/2.1; +http://www.google.com/bot.html)"
66.249.79.206 - - [06/Jul/2025:11:28:16 -0400] "GET /_autoindex/assets/icons/folder-fill.svg HTTP/1.1" 200 333 "https://www.first-gulf.com.sa/" "Mozilla/5.0 (Linux; Android 6.0.1; Nexus 5X Build/MMB29P) AppleWebKit/537.36 (KHTML, like Gecko) Chrome/137.0.7151.119 Mobile Safari/537.36 (compatible; Googlebot/2.1; +http://www.google.com/bot.html)"
66.249.79.192 - - [06/Jul/2025:11:28:17 -0400] "GET /_autoindex/assets/js/tablesort.number.js HTTP/1.1" 200 322 "https://www.first-gulf.com.sa/" "Mozilla/5.0 (Linux; Android 6.0.1; Nexus 5X Build/MMB29P) AppleWebKit/537.36 (KHTML, like Gecko) Chrome/137.0.7151.119 Mobile Safari/537.36 (compatible; Googlebot/2.1; +http://www.google.com/bot.html)"
66.249.79.206 - - [06/Jul/2025:11:28:18 -0400] "GET /_autoindex/assets/css/autoindex.css HTTP/1.1" 200 1170 "https://www.first-gulf.com.sa/" "Mozilla/5.0 (Linux; Android 6.0.1; Nexus 5X Build/MMB29P) AppleWebKit/537.36 (KHTML, like Gecko) Chrome/137.0.7151.119 Mobile Safari/537.36 (compatible; Googlebot/2.1; +http://www.google.com/bot.html)"
66.249.79.206 - - [06/Jul/2025:11:28:18 -0400] "GET /_autoindex/assets/icons/file.svg HTTP/1.1" 200 354 "https://www.first-gulf.com.sa/" "Mozilla/5.0 (Linux; Android 6.0.1; Nexus 5X Build/MMB29P) AppleWebKit/537.36 (KHTML, like Gecko) Chrome/137.0.7151.119 Mobile Safari/537.36 (compatible; Googlebot/2.1; +http://www.google.com/bot.html)"
66.249.79.206 - - [06/Jul/2025:11:28:19 -0400] "GET /_autoindex/assets/icons/file-text.svg HTTP/1.1" 200 394 "https://www.first-gulf.com.sa/" "Mozilla/5.0 (Linux; Android 6.0.1; Nexus 5X Build/MMB29P) AppleWebKit/537.36 (KHTML, like Gecko) Chrome/137.0.7151.119 Mobile Safari/537.36 (compatible; Googlebot/2.1; +http://www.google.com/bot.html)"
66.249.68.131 - - [06/Jul/2025:11:28:26 -0400] "GET /items/081010939.html?srsltid=AfmBOoaaespewjYHJqZmzSkTYjQgdoOhAqACIEkPUVj8VGzcoRmw HTTP/1.1" 404 1251 "-" "Mozilla/5.0 (Linux; Android 6.0.1; Nexus 5X Build/MMB29P) AppleWebKit/537.36 (KHTML, like Gecko) Chrome/137.0.7151.103 Mobile Safari/537.36 (compatible; Googlebot/2.1; +http://www.google.com/bot.html)"
66.249.79.206 - - [06/Jul/2025:11:28:27 -0400] "GET /items/177028021.html?srsltid=AfmBOorccIqenSnXPcjgcbLARcZcwDAIj1aEF1Eiipgk5ThGb1iK HTTP/1.1" 404 1251 "-" "Mozilla/5.0 (compatible; Googlebot/2.1; +http://www.google.com/bot.html)"
66.249.68.131 - - [06/Jul/2025:11:28:27 -0400] "GET /pcmypage?callback=product/review/re-vida-y1-14495311si HTTP/1.1" 404 1251 "-" "Mozilla/5.0 (Linux; Android 6.0.1; Nexus 5X Build/MMB29P) AppleWebKit/537.36 (KHTML, like Gecko) Chrome/137.0.7151.103 Mobile Safari/537.36 (compatible; Googlebot/2.1; +http://www.google.com/bot.html)"
66.249.68.130 - - [06/Jul/2025:11:28:55 -0400] "GET /product/edit/asty-shop-x0-4q1lda72vl-0387 HTTP/1.1" 404 1251 "-" "Mozilla/5.0 (Linux; Android 6.0.1; Nexus 5X Build/MMB29P) AppleWebKit/537.36 (KHTML, like Gecko) Chrome/137.0.7151.103 Mobile Safari/537.36 (compatible; GoogleOther)"
66.249.68.129 - - [06/Jul/2025:11:28:56 -0400] "GET /items/ttrcv92/39721?key=result HTTP/1.1" 404 1251 "-" "Mozilla/5.0 (Linux; Android 6.0.1; Nexus 5X Build/MMB29P) AppleWebKit/537.36 (KHTML, like Gecko) Chrome/137.0.7151.103 Mobile Safari/537.36 (compatible; Googlebot/2.1; +http://www.google.com/bot.html)"
66.249.68.131 - - [06/Jul/2025:11:29:01 -0400] "GET /pcmypage?callback=product%2Fdetail%2Fautopartsdirect-2682761781778179424 HTTP/1.1" 404 1251 "-" "Mozilla/5.0 (Linux; Android 6.0.1; Nexus 5X Build/MMB29P) AppleWebKit/537.36 (KHTML, like Gecko) Chrome/137.0.7151.103 Mobile Safari/537.36 (compatible; GoogleOther)"
66.249.68.128 - - [06/Jul/2025:11:29:09 -0400] "GET /items/300026914.html?srsltid=AfmBOogimYENwuCckaBEfEHTWDtwzPAC9QIhks7VfQplWQtUxtQo HTTP/1.1" 404 1251 "-" "Mozilla/5.0 (Linux; Android 6.0.1; Nexus 5X Build/MMB29P) AppleWebKit/537.36 (KHTML, like Gecko) Chrome/137.0.7151.103 Mobile Safari/537.36 (compatible; Googlebot/2.1; +http://www.google.com/bot.html)"
66.249.79.192 - - [06/Jul/2025:11:29:26 -0400] "GET /search.php?also/weapon41/5ug94-42223/ HTTP/1.1" 404 1251 "-" "Mozilla/5.0 (Linux; Android 6.0.1; Nexus 5X Build/MMB29P) AppleWebKit/537.36 (KHTML, like Gecko) Chrome/137.0.7151.103 Mobile Safari/537.36 (compatible; Googlebot/2.1; +http://www.google.com/bot.html)"
66.249.68.137 - - [06/Jul/2025:11:29:27 -0400] "GET /items/255014319.html?srsltid=AfmBOobhnmFcrixhqxPJceqXDPjvyRvBnGQvfsCVkBFvfPXgrtsH HTTP/1.1" 404 1251 "-" "Mozilla/5.0 (Linux; Android 6.0.1; Nexus 5X Build/MMB29P) AppleWebKit/537.36 (KHTML, like Gecko) Chrome/137.0.7151.103 Mobile Safari/537.36 (compatible; Googlebot/2.1; +http://www.google.com/bot.html)"
66.249.68.137 - - [06/Jul/2025:11:29:57 -0400] "GET /items/100011236.html?srsltid=AfmBOoiuuYMoadVMveKkkdALYspPEZKzKoXGiSZd5Tb0rTxQCGEO HTTP/1.1" 404 1251 "-" "Mozilla/5.0 (Linux; Android 6.0.1; Nexus 5X Build/MMB29P) AppleWebKit/537.36 (KHTML, like Gecko) Chrome/137.0.7151.103 Mobile Safari/537.36 (compatible; Googlebot/2.1; +http://www.google.com/bot.html)"
66.249.68.137 - - [06/Jul/2025:11:30:00 -0400] "GET /product/edit/syarakuin-store-81190901010-qq-2s HTTP/1.1" 404 1251 "-" "Mozilla/5.0 (Linux; Android 6.0.1; Nexus 5X Build/MMB29P) AppleWebKit/537.36 (KHTML, like Gecko) Chrome/137.0.7151.103 Mobile Safari/537.36 (compatible; GoogleOther)"
66.249.68.137 - - [06/Jul/2025:11:30:24 -0400] "GET /items/039067417.html?srsltid=AfmBOodqsQEopcKdtJEGTzIhZsZCSExbv52GsbVFR0z59wqok0or HTTP/1.1" 404 1251 "-" "Mozilla/5.0 (compatible; Googlebot/2.1; +http://www.google.com/bot.html)"
66.249.68.137 - - [06/Jul/2025:11:30:37 -0400] "GET /pcmypage?callback=product%2Fdetail%2Forangetool-1722734 HTTP/1.1" 404 1251 "-" "Mozilla/5.0 (compatible; Googlebot/2.1; +http://www.google.com/bot.html)"
66.249.68.137 - - [06/Jul/2025:11:30:40 -0400] "GET /pcmypage?callback=product%2Fdetail%2Ftokeiband-dw-6900td-4 HTTP/1.1" 404 1251 "-" "Mozilla/5.0 (Linux; Android 6.0.1; Nexus 5X Build/MMB29P) AppleWebKit/537.36 (KHTML, like Gecko) Chrome/137.0.7151.103 Mobile Safari/537.36 (compatible; Googlebot/2.1; +http://www.google.com/bot.html)"
66.249.68.137 - - [06/Jul/2025:11:30:41 -0400] "GET /pcmypage?callback=product%2Fdetail%2Fgirlyapartment-ga-23302 HTTP/1.1" 404 1251 "-" "Mozilla/5.0 (Linux; Android 6.0.1; Nexus 5X Build/MMB29P) AppleWebKit/537.36 (KHTML, like Gecko) Chrome/137.0.7151.103 Mobile Safari/537.36 (compatible; Googlebot/2.1; +http://www.google.com/bot.html)"
66.249.68.137 - - [06/Jul/2025:11:30:48 -0400] "GET /items/186008684.html?srsltid=AfmBOovmgtrujNNSAlglh6XcMMmmuUlbyGR6aw1PSGniZe1pdfGb HTTP/1.1" 404 1251 "-" "Mozilla/5.0 (Linux; Android 6.0.1; Nexus 5X Build/MMB29P) AppleWebKit/537.36 (KHTML, like Gecko) Chrome/137.0.7151.103 Mobile Safari/537.36 (compatible; GoogleOther)"
66.249.68.137 - - [06/Jul/2025:11:31:05 -0400] "GET /items/awtfz122/63037?key=transfer HTTP/1.1" 404 1251 "-" "Mozilla/5.0 (Linux; Android 6.0.1; Nexus 5X Build/MMB29P) AppleWebKit/537.36 (KHTML, like Gecko) Chrome/137.0.7151.103 Mobile Safari/537.36 (compatible; GoogleOther)"
66.249.79.195 - - [06/Jul/2025:11:31:07 -0400] "GET /pcmypage?callback=product%2Fdetail%2Fshopdeclinic-61-3063-41 HTTP/1.1" 404 1251 "-" "Mozilla/5.0 (Linux; Android 6.0.1; Nexus 5X Build/MMB29P) AppleWebKit/537.36 (KHTML, like Gecko) Chrome/137.0.7151.103 Mobile Safari/537.36 (compatible; Googlebot/2.1; +http://www.google.com/bot.html)"
66.249.79.195 - - [06/Jul/2025:11:31:20 -0400] "GET /search.php?penalty/enjoy204/f8qob-47916/ HTTP/1.1" 404 1251 "-" "Mozilla/5.0 (Linux; Android 6.0.1; Nexus 5X Build/MMB29P) AppleWebKit/537.36 (KHTML, like Gecko) Chrome/137.0.7151.103 Mobile Safari/537.36 (compatible; Googlebot/2.1; +http://www.google.com/bot.html)"
66.249.79.194 - - [06/Jul/2025:11:31:31 -0400] "GET /pcmypage?callback=/product%2Fdetail*uc-jetrag-28d1f4d4f450a110 HTTP/1.1" 404 1251 "-" "Mozilla/5.0 (compatible; Googlebot/2.1; +http://www.google.com/bot.html)"
66.249.68.137 - - [06/Jul/2025:11:32:04 -0400] "GET /items/032014818.html?srsltid=AfmBOomqbdAPIYTxDDAKegfyATiWJAAX1aKq6N4T1F5JCm6aOImC HTTP/1.1" 404 1251 "-" "Mozilla/5.0 (Linux; Android 6.0.1; Nexus 5X Build/MMB29P) AppleWebKit/537.36 (KHTML, like Gecko) Chrome/137.0.7151.103 Mobile Safari/537.36 (compatible; Googlebot/2.1; +http://www.google.com/bot.html)"
66.249.68.128 - - [06/Jul/2025:11:32:09 -0400] "GET /items/wkwuq250/23999?key=tea HTTP/1.1" 404 1251 "-" "Mozilla/5.0 (Linux; Android 6.0.1; Nexus 5X Build/MMB29P) AppleWebKit/537.36 (KHTML, like Gecko) Chrome/137.0.7151.103 Mobile Safari/537.36 (compatible; GoogleOther)"
66.249.79.196 - - [06/Jul/2025:11:32:25 -0400] "GET /pcmypage?callback=product/review/sankeins-a6908-1 HTTP/1.1" 404 1251 "-" "Mozilla/5.0 (compatible; Googlebot/2.1; +http://www.google.com/bot.html)"
66.249.68.129 - - [06/Jul/2025:11:33:24 -0400] "GET /pcmypage?callback=product%2Fdetail%2Fe-zoa-klaxon-itm0015827860 HTTP/1.1" 404 1251 "-" "Mozilla/5.0 (Linux; Android 6.0.1; Nexus 5X Build/MMB29P) AppleWebKit/537.36 (KHTML, like Gecko) Chrome/137.0.7151.103 Mobile Safari/537.36 (compatible; GoogleOther)"
66.249.79.195 - - [06/Jul/2025:11:33:44 -0400] "GET /pcmypage?callback=product%2Fdetail%2Fautobacs-ec-4560459225967 HTTP/1.1" 404 1251 "-" "Mozilla/5.0 (Linux; Android 6.0.1; Nexus 5X Build/MMB29P) AppleWebKit/537.36 (KHTML, like Gecko) Chrome/137.0.7151.103 Mobile Safari/537.36 (compatible; Googlebot/2.1; +http://www.google.com/bot.html)"
66.249.68.128 - - [06/Jul/2025:11:33:48 -0400] "GET /items/242012534.html?srsltid=AfmBOokszwoKHVWROJYoMXsoMYDmzusV3jEDsuDnhQjjhv6FKDKa HTTP/1.1" 404 1251 "-" "Mozilla/5.0 (Linux; Android 6.0.1; Nexus 5X Build/MMB29P) AppleWebKit/537.36 (KHTML, like Gecko) Chrome/137.0.7151.103 Mobile Safari/537.36 (compatible; Googlebot/2.1; +http://www.google.com/bot.html)"
66.249.68.128 - - [06/Jul/2025:11:33:48 -0400] "GET /items/sagyp222/2115?key=positive HTTP/1.1" 404 1251 "-" "Mozilla/5.0 (Linux; Android 6.0.1; Nexus 5X Build/MMB29P) AppleWebKit/537.36 (KHTML, like Gecko) Chrome/137.0.7151.103 Mobile Safari/537.36 (compatible; Googlebot/2.1; +http://www.google.com/bot.html)"
66.249.68.128 - - [06/Jul/2025:11:33:49 -0400] "GET /zhHant/product/surugaya/cometostore-hb00023bl9y?campaign_uid=f64d716db5e979ed2f947dbaf4296895b951ae7f HTTP/1.1" 404 1251 "-" "Mozilla/5.0 (Linux; Android 6.0.1; Nexus 5X Build/MMB29P) AppleWebKit/537.36 (KHTML, like Gecko) Chrome/137.0.7151.103 Mobile Safari/537.36 (compatible; Googlebot/2.1; +http://www.google.com/bot.html)"
66.249.68.129 - - [06/Jul/2025:11:34:10 -0400] "GET /pcmypage?callback=/product%2Fdetail%2Bookoffonline-0017408242 HTTP/1.1" 404 1251 "-" "Mozilla/5.0 (Linux; Android 6.0.1; Nexus 5X Build/MMB29P) AppleWebKit/537.36 (KHTML, like Gecko) Chrome/137.0.7151.103 Mobile Safari/537.36 (compatible; Googlebot/2.1; +http://www.google.com/bot.html)"
66.249.68.129 - - [06/Jul/2025:11:34:16 -0400] "GET /items/wzoip174/1123?key=grandmother HTTP/1.1" 404 1251 "-" "Mozilla/5.0 (Linux; Android 6.0.1; Nexus 5X Build/MMB29P) AppleWebKit/537.36 (KHTML, like Gecko) Chrome/137.0.7151.103 Mobile Safari/537.36 (compatible; GoogleOther)"
66.249.68.129 - - [06/Jul/2025:11:34:17 -0400] "GET /items/001010475.html?srsltid=AfmBOovgmFPdDpBwudayladVZaJUAhSZgPP95FJ9wfR1DYgyDKQ7 HTTP/1.1" 404 1251 "-" "Mozilla/5.0 (Linux; Android 6.0.1; Nexus 5X Build/MMB29P) AppleWebKit/537.36 (KHTML, like Gecko) Chrome/137.0.7151.103 Mobile Safari/537.36 (compatible; Googlebot/2.1; +http://www.google.com/bot.html)"
66.249.68.129 - - [06/Jul/2025:11:34:32 -0400] "GET /items/285022437.html?srsltid=AfmBOovakNeHguVzAXwX4MKNJvUiARluoC4zG39TlTE3otpCxZOL HTTP/1.1" 404 1251 "-" "Mozilla/5.0 (Linux; Android 6.0.1; Nexus 5X Build/MMB29P) AppleWebKit/537.36 (KHTML, like Gecko) Chrome/137.0.7151.103 Mobile Safari/537.36 (compatible; Googlebot/2.1; +http://www.google.com/bot.html)"
66.249.68.129 - - [06/Jul/2025:11:34:42 -0400] "GET /items/129000847.html?srsltid=AfmBOoxefExstIjsCfXhHyoHPbnJHisRRiSx8EdvPlJsKDOXcuzM HTTP/1.1" 404 1251 "-" "Mozilla/5.0 (Linux; Android 6.0.1; Nexus 5X Build/MMB29P) AppleWebKit/537.36 (KHTML, like Gecko) Chrome/137.0.7151.103 Mobile Safari/537.36 (compatible; Googlebot/2.1; +http://www.google.com/bot.html)"
66.249.68.129 - - [06/Jul/2025:11:34:45 -0400] "GET /items/zusiu153/32260?key=vehicle HTTP/1.1" 404 1251 "-" "Mozilla/5.0 (compatible; Googlebot/2.1; +http://www.google.com/bot.html)"
66.249.68.131 - - [06/Jul/2025:11:35:01 -0400] "GET /items/083017883.html?srsltid=AfmBOoouueekIUuoWcvuBeG0NjPCvGkHMbByUqguAvW2TxAJulzL HTTP/1.1" 404 1251 "-" "Mozilla/5.0 (Linux; Android 6.0.1; Nexus 5X Build/MMB29P) AppleWebKit/537.36 (KHTML, like Gecko) Chrome/137.0.7151.103 Mobile Safari/537.36 (compatible; Googlebot/2.1; +http://www.google.com/bot.html)"
66.249.68.129 - - [06/Jul/2025:11:35:46 -0400] "GET /items/hxvwr222/11581?key=undergo HTTP/1.1" 404 1251 "-" "Mozilla/5.0 (Linux; Android 6.0.1; Nexus 5X Build/MMB29P) AppleWebKit/537.36 (KHTML, like Gecko) Chrome/137.0.7151.103 Mobile Safari/537.36 (compatible; Googlebot/2.1; +http://www.google.com/bot.html)"
66.249.68.129 - - [06/Jul/2025:11:35:54 -0400] "GET /items/277020563.html?srsltid=AfmBOocjbguWoeQRcYLLrlgxCheUBxsZ4x04W4N2a4rtdJVIrcSG HTTP/1.1" 404 1251 "-" "Mozilla/5.0 (Linux; Android 6.0.1; Nexus 5X Build/MMB29P) AppleWebKit/537.36 (KHTML, like Gecko) Chrome/137.0.7151.103 Mobile Safari/537.36 (compatible; Googlebot/2.1; +http://www.google.com/bot.html)"
66.249.68.130 - - [06/Jul/2025:11:36:11 -0400] "GET /items/zvomn55/788?key=congressional HTTP/1.1" 404 1251 "-" "Mozilla/5.0 (Linux; Android 6.0.1; Nexus 5X Build/MMB29P) AppleWebKit/537.36 (KHTML, like Gecko) Chrome/137.0.7151.103 Mobile Safari/537.36 (compatible; Googlebot/2.1; +http://www.google.com/bot.html)"
66.249.68.129 - - [06/Jul/2025:11:36:14 -0400] "GET /items/225043819.html?srsltid=AfmBOojzhVnKgfASpSUBfoSZBVveMyMr2kJpPV6yF48YAJ8vg9Rl HTTP/1.1" 404 1251 "-" "Mozilla/5.0 (Linux; Android 6.0.1; Nexus 5X Build/MMB29P) AppleWebKit/537.36 (KHTML, like Gecko) Chrome/137.0.7151.103 Mobile Safari/537.36 (compatible; Googlebot/2.1; +http://www.google.com/bot.html)"
66.249.68.129 - - [06/Jul/2025:11:36:19 -0400] "GET /items/155026165.html?srsltid=AfmBOoughJRkwhfAduTtmGrZJGJCYSkz6oPnBtajvAovvW13CLOO HTTP/1.1" 404 1251 "-" "Mozilla/5.0 (compatible; Googlebot/2.1; +http://www.google.com/bot.html)"
66.249.68.129 - - [06/Jul/2025:11:36:25 -0400] "GET /items/oclbm191/37648?key=pause HTTP/1.1" 404 1251 "-" "Mozilla/5.0 (Linux; Android 6.0.1; Nexus 5X Build/MMB29P) AppleWebKit/537.36 (KHTML, like Gecko) Chrome/137.0.7151.103 Mobile Safari/537.36 (compatible; GoogleOther)"
66.249.68.129 - - [06/Jul/2025:11:36:41 -0400] "GET /items/030016684.html?srsltid=AfmBOomzpFpHKlbwrEgqWe7cBvxuzskdrXlq5S0NGxP79Om36r2A HTTP/1.1" 404 1251 "-" "Mozilla/5.0 (Linux; Android 6.0.1; Nexus 5X Build/MMB29P) AppleWebKit/537.36 (KHTML, like Gecko) Chrome/137.0.7151.103 Mobile Safari/537.36 (compatible; Googlebot/2.1; +http://www.google.com/bot.html)"
66.249.68.129 - - [06/Jul/2025:11:36:41 -0400] "GET /items/050033408.html?srsltid=AfmBOogbkxReMVeEXbNOtTUsZJlOinkc17pg9F6V5pGQbJI8QVil HTTP/1.1" 404 1251 "-" "Mozilla/5.0 (Linux; Android 6.0.1; Nexus 5X Build/MMB29P) AppleWebKit/537.36 (KHTML, like Gecko) Chrome/137.0.7151.103 Mobile Safari/537.36 (compatible; Googlebot/2.1; +http://www.google.com/bot.html)"
66.249.79.195 - - [06/Jul/2025:11:36:43 -0400] "GET /items/297028429.html?srsltid=AfmBOobwkZTgkuiAHBjdcWg9AJhFxknUF4EBDnIVEBc4jI63mO03 HTTP/1.1" 404 1251 "-" "Mozilla/5.0 (Linux; Android 6.0.1; Nexus 5X Build/MMB29P) AppleWebKit/537.36 (KHTML, like Gecko) Chrome/137.0.7151.103 Mobile Safari/537.36 (compatible; Googlebot/2.1; +http://www.google.com/bot.html)"
66.249.79.194 - - [06/Jul/2025:11:36:50 -0400] "GET /pcmypage?callback=product/review/hokushinco-10817702 HTTP/1.1" 404 1251 "-" "Mozilla/5.0 (compatible; Googlebot/2.1; +http://www.google.com/bot.html)"
66.249.68.129 - - [06/Jul/2025:11:37:11 -0400] "GET /pcmypage?callback=product%2Fdetail%2Fjyusetu-urb-s-w HTTP/1.1" 404 1251 "-" "Mozilla/5.0 (compatible; Googlebot/2.1; +http://www.google.com/bot.html)"
66.249.68.130 - - [06/Jul/2025:11:37:15 -0400] "GET /items/020033990.html?srsltid=AfmBOowxnXLsisZTnEMPu80VJCWPlobJUAQrOoICy3jCGd2PJ5Cm HTTP/1.1" 404 1251 "-" "Mozilla/5.0 (Linux; Android 6.0.1; Nexus 5X Build/MMB29P) AppleWebKit/537.36 (KHTML, like Gecko) Chrome/137.0.7151.103 Mobile Safari/537.36 (compatible; Googlebot/2.1; +http://www.google.com/bot.html)"
66.249.68.129 - - [06/Jul/2025:11:37:42 -0400] "GET /items/020018396.html?srsltid=AfmBOowyaMnqcankLhyLHtz5IhyTqAkPNUHlwN8XZJE187AEcrZu HTTP/1.1" 404 1251 "-" "Mozilla/5.0 (Linux; Android 6.0.1; Nexus 5X Build/MMB29P) AppleWebKit/537.36 (KHTML, like Gecko) Chrome/137.0.7151.103 Mobile Safari/537.36 (compatible; Googlebot/2.1; +http://www.google.com/bot.html)"
66.249.68.129 - - [06/Jul/2025:11:37:48 -0400] "GET /pcmypage?callback=product/review/e-zoa-klaxon-itm0015827860 HTTP/1.1" 404 1251 "-" "Mozilla/5.0 (Linux; Android 6.0.1; Nexus 5X Build/MMB29P) AppleWebKit/537.36 (KHTML, like Gecko) Chrome/137.0.7151.103 Mobile Safari/537.36 (compatible; GoogleOther)"
66.249.79.196 - - [06/Jul/2025:11:37:58 -0400] "GET /pcmypage?callback=product%2Fdetail%2Ffirst34-trusco-4796113 HTTP/1.1" 404 1251 "-" "Mozilla/5.0 (compatible; Googlebot/2.1; +http://www.google.com/bot.html)"
66.249.68.129 - - [06/Jul/2025:11:38:12 -0400] "GET /items/015038079.html?srsltid=AfmBOobhfLRzbjnswckxKuZEXNFKfwoOzE9TqV7iB9EyBH4dChHt HTTP/1.1" 404 1251 "-" "Mozilla/5.0 (Linux; Android 6.0.1; Nexus 5X Build/MMB29P) AppleWebKit/537.36 (KHTML, like Gecko) Chrome/137.0.7151.103 Mobile Safari/537.36 (compatible; Googlebot/2.1; +http://www.google.com/bot.html)"
66.249.68.130 - - [06/Jul/2025:11:38:31 -0400] "GET /product/edit/first23-trusco-3146241 HTTP/1.1" 404 1251 "-" "Mozilla/5.0 (Linux; Android 6.0.1; Nexus 5X Build/MMB29P) AppleWebKit/537.36 (KHTML, like Gecko) Chrome/137.0.7151.103 Mobile Safari/537.36 (compatible; Googlebot/2.1; +http://www.google.com/bot.html)"
66.249.68.130 - - [06/Jul/2025:11:38:31 -0400] "GET /items/urqvw290/41025?key=tradition HTTP/1.1" 404 1251 "-" "Mozilla/5.0 (Linux; Android 6.0.1; Nexus 5X Build/MMB29P) AppleWebKit/537.36 (KHTML, like Gecko) Chrome/137.0.7151.103 Mobile Safari/537.36 (compatible; Googlebot/2.1; +http://www.google.com/bot.html)"
66.249.68.129 - - [06/Jul/2025:11:38:33 -0400] "GET /pcmypage?callback=product/review/tuzukiya-m35-3328 HTTP/1.1" 404 1251 "-" "Mozilla/5.0 (Linux; Android 6.0.1; Nexus 5X Build/MMB29P) AppleWebKit/537.36 (KHTML, like Gecko) Chrome/137.0.7151.103 Mobile Safari/537.36 (compatible; GoogleOther)"
66.249.68.129 - - [06/Jul/2025:11:38:42 -0400] "GET /items/253005527.html?srsltid=AfmBOoiwhmigWkKwKjvsWQkKLaOAMAhnE80v3xXYjoWjYJODaTmB HTTP/1.1" 404 1251 "-" "Mozilla/5.0 (Linux; Android 6.0.1; Nexus 5X Build/MMB29P) AppleWebKit/537.36 (KHTML, like Gecko) Chrome/137.0.7151.103 Mobile Safari/537.36 (compatible; Googlebot/2.1; +http://www.google.com/bot.html)"
66.249.68.129 - - [06/Jul/2025:11:39:14 -0400] "GET /items/013010149.html?srsltid=AfmBOoiagkeBbEfTPCXWzw09CgyhwvFQ3kM58jDkP4n5JOe3ErZo HTTP/1.1" 404 1251 "-" "Mozilla/5.0 (Linux; Android 6.0.1; Nexus 5X Build/MMB29P) AppleWebKit/537.36 (KHTML, like Gecko) Chrome/137.0.7151.103 Mobile Safari/537.36 (compatible; Googlebot/2.1; +http://www.google.com/bot.html)"
66.249.68.129 - - [06/Jul/2025:11:39:18 -0400] "GET /items/ijauj242/22057?key=innovation HTTP/1.1" 404 1251 "-" "Mozilla/5.0 (compatible; Googlebot/2.1; +http://www.google.com/bot.html)"
66.249.68.130 - - [06/Jul/2025:11:39:27 -0400] "GET /items/084042130.html?srsltid=AfmBOoionDZrdHiZLaiXjwZ7AIKsuiSs9x8zjJs0iguPKouvBGug HTTP/1.1" 404 1251 "-" "Mozilla/5.0 (compatible; Googlebot/2.1; +http://www.google.com/bot.html)"
66.249.79.196 - - [06/Jul/2025:11:39:27 -0400] "GET /pcmypage?callback=product%2Fdetail%2Fhcvalor-eshop-trusco-5187052 HTTP/1.1" 404 1251 "-" "Mozilla/5.0 (compatible; Googlebot/2.1; +http://www.google.com/bot.html)"
66.249.79.194 - - [06/Jul/2025:11:39:32 -0400] "GET /pcmypage?callback=/product%2Fdetail%2First34-trusco-1576161 HTTP/1.1" 404 1251 "-" "Mozilla/5.0 (Linux; Android 6.0.1; Nexus 5X Build/MMB29P) AppleWebKit/537.36 (KHTML, like Gecko) Chrome/137.0.7151.103 Mobile Safari/537.36 (compatible; Googlebot/2.1; +http://www.google.com/bot.html)"
66.249.68.129 - - [06/Jul/2025:11:39:34 -0400] "GET /items/ocgam167/40792?key=lead HTTP/1.1" 404 1251 "-" "Mozilla/5.0 (Linux; Android 6.0.1; Nexus 5X Build/MMB29P) AppleWebKit/537.36 (KHTML, like Gecko) Chrome/137.0.7151.103 Mobile Safari/537.36 (compatible; Googlebot/2.1; +http://www.google.com/bot.html)"
66.249.79.194 - - [06/Jul/2025:11:39:39 -0400] "GET /pcmypage?callback=product/review/lowtex-sb-g99864-1 HTTP/1.1" 404 1251 "-" "Mozilla/5.0 (compatible; Googlebot/2.1; +http://www.google.com/bot.html)"
66.249.68.129 - - [06/Jul/2025:11:39:46 -0400] "GET /ar/contact-us HTTP/1.1" 404 1251 "-" "Mozilla/5.0 (Linux; Android 6.0.1; Nexus 5X Build/MMB29P) AppleWebKit/537.36 (KHTML, like Gecko) Chrome/137.0.7151.103 Mobile Safari/537.36 (compatible; Googlebot/2.1; +http://www.google.com/bot.html)"
66.249.68.129 - - [06/Jul/2025:11:39:47 -0400] "GET /items/035038051.html?srsltid=AfmBOocmtABuYgQWGHRXHcO6NAbkUtquUSvNHNCnbyqwspInCqyX HTTP/1.1" 404 1251 "-" "Mozilla/5.0 (Linux; Android 6.0.1; Nexus 5X Build/MMB29P) AppleWebKit/537.36 (KHTML, like Gecko) Chrome/137.0.7151.103 Mobile Safari/537.36 (compatible; Googlebot/2.1; +http://www.google.com/bot.html)"
66.249.68.129 - - [06/Jul/2025:11:39:47 -0400] "GET /items/yqqwl272/15665?key=farm HTTP/1.1" 404 1251 "-" "Mozilla/5.0 (compatible; Googlebot/2.1; +http://www.google.com/bot.html)"
66.249.68.129 - - [06/Jul/2025:11:39:59 -0400] "GET /product/edit/e-cle-3310070100-0000y0746471100 HTTP/1.1" 404 1251 "-" "Mozilla/5.0 (Linux; Android 6.0.1; Nexus 5X Build/MMB29P) AppleWebKit/537.36 (KHTML, like Gecko) Chrome/137.0.7151.103 Mobile Safari/537.36 (compatible; Googlebot/2.1; +http://www.google.com/bot.html)"
66.249.79.196 - - [06/Jul/2025:11:40:23 -0400] "GET /pcmypage?callback=product%2Fdetail%2Fcyclick-2-arundel-1029 HTTP/1.1" 404 1251 "-" "Mozilla/5.0 (compatible; Googlebot/2.1; +http://www.google.com/bot.html)"
66.249.68.130 - - [06/Jul/2025:11:40:37 -0400] "GET /items/105018487.html?srsltid=AfmBOoeovtZUuimAaTycm5BpWxRIwdWqFMH9SbgnS1mz8U2PMVh6 HTTP/1.1" 404 1251 "-" "Mozilla/5.0 (Linux; Android 6.0.1; Nexus 5X Build/MMB29P) AppleWebKit/537.36 (KHTML, like Gecko) Chrome/137.0.7151.103 Mobile Safari/537.36 (compatible; Googlebot/2.1; +http://www.google.com/bot.html)"
66.249.68.129 - - [06/Jul/2025:11:40:43 -0400] "GET /category/110_1051_6669/1/listing HTTP/1.1" 404 1251 "-" "Mozilla/5.0 (Linux; Android 6.0.1; Nexus 5X Build/MMB29P) AppleWebKit/537.36 (KHTML, like Gecko) Chrome/137.0.7151.103 Mobile Safari/537.36 (compatible; GoogleOther)"
66.249.68.129 - - [06/Jul/2025:11:41:09 -0400] "GET /items/293049611.html?srsltid=AfmBOookkEYVPVHYEqsdkVFGRPjqveyaWHLWetyfTM5pRzokWBJX HTTP/1.1" 404 1251 "-" "Mozilla/5.0 (Linux; Android 6.0.1; Nexus 5X Build/MMB29P) AppleWebKit/537.36 (KHTML, like Gecko) Chrome/137.0.7151.103 Mobile Safari/537.36 (compatible; Googlebot/2.1; +http://www.google.com/bot.html)"
66.249.79.196 - - [06/Jul/2025:11:41:12 -0400] "GET /pcmypage?callback=product/review/auc-bootspot-tdr-22300-4g6-302-01 HTTP/1.1" 404 1251 "-" "Mozilla/5.0 (compatible; Googlebot/2.1; +http://www.google.com/bot.html)"
66.249.68.129 - - [06/Jul/2025:11:41:37 -0400] "GET /product/edit/hatoya-cr4538792342894 HTTP/1.1" 404 1251 "-" "Mozilla/5.0 (Linux; Android 6.0.1; Nexus 5X Build/MMB29P) AppleWebKit/537.36 (KHTML, like Gecko) Chrome/137.0.7151.103 Mobile Safari/537.36 (compatible; Googlebot/2.1; +http://www.google.com/bot.html)"
66.249.68.131 - - [06/Jul/2025:11:42:02 -0400] "GET /items/153035295.html?srsltid=AfmBOowhueXNpscoqcda9pvTYBHRdwRWmdHPWDhlQVATURaSlVGf HTTP/1.1" 404 1251 "-" "Mozilla/5.0 (compatible; Googlebot/2.1; +http://www.google.com/bot.html)"
66.249.68.129 - - [06/Jul/2025:11:42:09 -0400] "GET /items/091016859.html?srsltid=AfmBOomryLoQQcmgLZlnnUByGmDkbTXFUbG58a0OIWeOPeVgvfNA HTTP/1.1" 404 1251 "-" "Mozilla/5.0 (Linux; Android 6.0.1; Nexus 5X Build/MMB29P) AppleWebKit/537.36 (KHTML, like Gecko) Chrome/137.0.7151.103 Mobile Safari/537.36 (compatible; Googlebot/2.1; +http://www.google.com/bot.html)"
66.249.68.129 - - [06/Jul/2025:11:42:11 -0400] "GET /pcmypage?callback=product/review/valuecare-valuecare-351013 HTTP/1.1" 404 1251 "-" "Mozilla/5.0 (Linux; Android 6.0.1; Nexus 5X Build/MMB29P) AppleWebKit/537.36 (KHTML, like Gecko) Chrome/137.0.7151.103 Mobile Safari/537.36 (compatible; GoogleOther)"
66.249.79.196 - - [06/Jul/2025:11:42:39 -0400] "GET /items/038000382.html?srsltid=AfmBOosluJvtIorTODco3dzGKrVKcudN07nXVmxQRfO7zHyHlXUv HTTP/1.1" 404 1251 "-" "Mozilla/5.0 (compatible; Googlebot/2.1; +http://www.google.com/bot.html)"
66.249.68.129 - - [06/Jul/2025:11:42:40 -0400] "GET /items/050006990.html?srsltid=AfmBOolnkbqXmhnfiVztnHOXCnQgGLmbB7vKb8CT3OhVyKBey29r HTTP/1.1" 404 1251 "-" "Mozilla/5.0 (Linux; Android 6.0.1; Nexus 5X Build/MMB29P) AppleWebKit/537.36 (KHTML, like Gecko) Chrome/137.0.7151.103 Mobile Safari/537.36 (compatible; Googlebot/2.1; +http://www.google.com/bot.html)"
66.249.68.129 - - [06/Jul/2025:11:42:50 -0400] "GET /items/asmek300/39449?key=plain HTTP/1.1" 404 1251 "-" "Mozilla/5.0 (Linux; Android 6.0.1; Nexus 5X Build/MMB29P) AppleWebKit/537.36 (KHTML, like Gecko) Chrome/137.0.7151.103 Mobile Safari/537.36 (compatible; GoogleOther)"
47.82.60.16 - - [06/Jul/2025:11:42:52 -0400] "GET /items/szebc192/23463?key=option HTTP/1.1" 404 1251 "https://first-gulf.com.sa/items/szebc192/23463?key=option" "Mozilla/5.0 (Windows NT 10.0; Win64; x64) AppleWebKit/537.36 (KHTML, like Gecko) Chrome/114.0.0.0 Safari/537.36 Edg/114.0.1823.43"
66.249.68.130 - - [06/Jul/2025:11:43:12 -0400] "GET /items/288011880.html?srsltid=AfmBOonczrEfkDUphqeflgNJZWnUVljaAnULb6GkQz8ew5VIPWc2 HTTP/1.1" 404 1251 "-" "Mozilla/5.0 (Linux; Android 6.0.1; Nexus 5X Build/MMB29P) AppleWebKit/537.36 (KHTML, like Gecko) Chrome/137.0.7151.103 Mobile Safari/537.36 (compatible; Googlebot/2.1; +http://www.google.com/bot.html)"
66.249.68.130 - - [06/Jul/2025:11:43:15 -0400] "GET /items/188019844.html?srsltid=AfmBOorhqhEEblNhNRFvj6aoPrvHKHSxupSzXya4MNPS9VeLSeoR HTTP/1.1" 404 1251 "-" "Mozilla/5.0 (Linux; Android 6.0.1; Nexus 5X Build/MMB29P) AppleWebKit/537.36 (KHTML, like Gecko) Chrome/137.0.7151.103 Mobile Safari/537.36 (compatible; Googlebot/2.1; +http://www.google.com/bot.html)"
66.249.82.9 - - [06/Jul/2025:11:43:19 -0400] "GET /.well-known/traffic-advice HTTP/1.1" 404 1251 "-" "Chrome Privacy Preserving Prefetch Proxy"
2001:4860:7:807::da - - [06/Jul/2025:11:43:19 -0400] "GET /items/eiupx93/82?key=refer HTTP/1.1" 404 1251 "https://www.google.com/" "Mozilla/5.0 (Linux; Android 10; K) AppleWebKit/537.36 (KHTML, like Gecko) Chrome/137.0.0.0 Mobile Safari/537.36"
66.249.79.195 - - [06/Jul/2025:11:43:34 -0400] "GET /pcmypage?callback=product/review/tenpos2-gf1-71158 HTTP/1.1" 404 1251 "-" "Mozilla/5.0 (compatible; Googlebot/2.1; +http://www.google.com/bot.html)"
66.249.79.195 - - [06/Jul/2025:11:43:36 -0400] "GET /pcmypage?callback=/product%2Fdetail*kibamac-4571181536146 HTTP/1.1" 404 1251 "-" "Mozilla/5.0 (compatible; Googlebot/2.1; +http://www.google.com/bot.html)"
66.249.68.131 - - [06/Jul/2025:11:44:12 -0400] "GET /pcmypage?callback=product%2Fdetail%2Fheiwaya-dzaa3954 HTTP/1.1" 404 1251 "-" "Mozilla/5.0 (Linux; Android 6.0.1; Nexus 5X Build/MMB29P) AppleWebKit/537.36 (KHTML, like Gecko) Chrome/137.0.7151.103 Mobile Safari/537.36 (compatible; Googlebot/2.1; +http://www.google.com/bot.html)"
66.249.68.129 - - [06/Jul/2025:11:44:12 -0400] "GET /items/073000161.html?srsltid=AfmBOouilyaKKZkGHkdpHK0bUMflYWlGdqtLGZyR13V52E140hhO HTTP/1.1" 404 1251 "-" "Mozilla/5.0 (Linux; Android 6.0.1; Nexus 5X Build/MMB29P) AppleWebKit/537.36 (KHTML, like Gecko) Chrome/137.0.7151.103 Mobile Safari/537.36 (compatible; Googlebot/2.1; +http://www.google.com/bot.html)"
66.249.68.137 - - [06/Jul/2025:11:44:42 -0400] "GET /items/jlion220/13203?key=gifted HTTP/1.1" 404 1251 "-" "Mozilla/5.0 (compatible; Googlebot/2.1; +http://www.google.com/bot.html)"
66.249.68.137 - - [06/Jul/2025:11:44:43 -0400] "GET /items/045038761.html?srsltid=AfmBOokoyXrUKRyvJhbb2KcJDfPgpoIma3DlJrZ5EdVcdgYMBWAg HTTP/1.1" 404 1251 "-" "Mozilla/5.0 (Linux; Android 6.0.1; Nexus 5X Build/MMB29P) AppleWebKit/537.36 (KHTML, like Gecko) Chrome/137.0.7151.103 Mobile Safari/537.36 (compatible; Googlebot/2.1; +http://www.google.com/bot.html)"
66.249.68.137 - - [06/Jul/2025:11:44:43 -0400] "GET /items/018000846.html?srsltid=AfmBOosxxuuBSylfieph77PLFytNiMAgke1dSnt742zGoq8Lh7mq HTTP/1.1" 404 1251 "-" "Mozilla/5.0 (Linux; Android 6.0.1; Nexus 5X Build/MMB29P) AppleWebKit/537.36 (KHTML, like Gecko) Chrome/137.0.7151.103 Mobile Safari/537.36 (compatible; Googlebot/2.1; +http://www.google.com/bot.html)"
66.249.68.137 - - [06/Jul/2025:11:44:44 -0400] "GET /items/242034272.html?srsltid=AfmBOohdmCTKKOuBrcmSWi7pVaXhcsUZfICdTYmO3U8ivVkKTpYt HTTP/1.1" 404 1251 "-" "Mozilla/5.0 (Linux; Android 6.0.1; Nexus 5X Build/MMB29P) AppleWebKit/537.36 (KHTML, like Gecko) Chrome/137.0.7151.103 Mobile Safari/537.36 (compatible; Googlebot/2.1; +http://www.google.com/bot.html)"
66.249.68.137 - - [06/Jul/2025:11:44:44 -0400] "GET /zhHant/product/surugaya/asty-shop-c2-jjo8d6gsgo-82wf?campaign_uid=f64d716db5e979ed2f947dbaf4296895b951ae7f HTTP/1.1" 404 1251 "-" "Mozilla/5.0 (Linux; Android 6.0.1; Nexus 5X Build/MMB29P) AppleWebKit/537.36 (KHTML, like Gecko) Chrome/137.0.7151.103 Mobile Safari/537.36 (compatible; Googlebot/2.1; +http://www.google.com/bot.html)"
47.82.60.19 - - [06/Jul/2025:11:44:48 -0400] "GET /items/iaogo30/22237?key=someday HTTP/1.1" 404 1251 "https://first-gulf.com.sa/items/iaogo30/22237?key=someday" "Mozilla/5.0 (Windows NT 10.0; Win64; x64) AppleWebKit/537.36 (KHTML, like Gecko) Chrome/114.0.0.0 Safari/537.36 Edg/114.0.1823.43"
66.249.79.196 - - [06/Jul/2025:11:44:59 -0400] "GET /pcmypage?callback=product/review/re-vida-y0-10377618os HTTP/1.1" 404 1251 "-" "Mozilla/5.0 (Linux; Android 6.0.1; Nexus 5X Build/MMB29P) AppleWebKit/537.36 (KHTML, like Gecko) Chrome/137.0.7151.103 Mobile Safari/537.36 (compatible; Googlebot/2.1; +http://www.google.com/bot.html)"
66.249.68.137 - - [06/Jul/2025:11:44:59 -0400] "GET /items/cysbp47/3370?key=northwest HTTP/1.1" 404 1251 "-" "Mozilla/5.0 (Linux; Android 6.0.1; Nexus 5X Build/MMB29P) AppleWebKit/537.36 (KHTML, like Gecko) Chrome/137.0.7151.103 Mobile Safari/537.36 (compatible; GoogleOther)"
66.249.68.128 - - [06/Jul/2025:11:45:18 -0400] "GET /pcmypage?callback=product%2Fdetail%2Fairu-shop2-bun-cp-z-10n HTTP/1.1" 404 1251 "-" "Mozilla/5.0 (Linux; Android 6.0.1; Nexus 5X Build/MMB29P) AppleWebKit/537.36 (KHTML, like Gecko) Chrome/137.0.7151.103 Mobile Safari/537.36 (compatible; Googlebot/2.1; +http://www.google.com/bot.html)"
47.82.60.17 - - [06/Jul/2025:11:45:20 -0400] "GET /items/hygof176/14609?key=themselves HTTP/1.1" 404 1251 "https://first-gulf.com.sa/items/hygof176/14609?key=themselves" "Mozilla/5.0 (Windows NT 10.0; Win64; x64) AppleWebKit/537.36 (KHTML, like Gecko) Chrome/114.0.0.0 Safari/537.36 Edg/114.0.1823.43"
47.82.60.44 - - [06/Jul/2025:11:45:43 -0400] "GET /items/dykjj260/43555?key=replacement HTTP/1.1" 404 1251 "https://first-gulf.com.sa/items/dykjj260/43555?key=replacement" "Mozilla/5.0 (Windows NT 10.0; Win64; x64) AppleWebKit/537.36 (KHTML, like Gecko) Chrome/114.0.0.0 Safari/537.36 Edg/114.0.1823.43"
66.249.79.194 - - [06/Jul/2025:11:46:03 -0400] "GET /pcmypage?callback=product%2Fdetail%2Fmuku-mekiki-pg_sh_a12 HTTP/1.1" 404 1251 "-" "Mozilla/5.0 (Linux; Android 6.0.1; Nexus 5X Build/MMB29P) AppleWebKit/537.36 (KHTML, like Gecko) Chrome/137.0.7151.103 Mobile Safari/537.36 (compatible; Googlebot/2.1; +http://www.google.com/bot.html)"
66.249.68.128 - - [06/Jul/2025:11:46:08 -0400] "GET /items/187006625.html?srsltid=AfmBOoobcQEPohBgKWLqhIvGSVTsSxkJA7TAq7tKkdrXC68oaJ0I HTTP/1.1" 404 1251 "-" "Mozilla/5.0 (Linux; Android 6.0.1; Nexus 5X Build/MMB29P) AppleWebKit/537.36 (KHTML, like Gecko) Chrome/137.0.7151.103 Mobile Safari/537.36 (compatible; Googlebot/2.1; +http://www.google.com/bot.html)"
66.249.79.195 - - [06/Jul/2025:11:46:08 -0400] "GET /items/020003088.html?srsltid=AfmBOoiwrqtRenfRgmoHCLvTMAGjlJhSecnNgcU6wE14zNVbEqVU HTTP/1.1" 404 1251 "-" "Mozilla/5.0 (compatible; Googlebot/2.1; +http://www.google.com/bot.html)"
66.249.79.194 - - [06/Jul/2025:11:46:30 -0400] "GET /search.php?pcmypage?callback=product%2Fdetail%2Faztec-biz-nne-kh7gry HTTP/1.1" 404 1251 "-" "Mozilla/5.0 (Linux; Android 6.0.1; Nexus 5X Build/MMB29P) AppleWebKit/537.36 (KHTML, like Gecko) Chrome/137.0.7151.103 Mobile Safari/537.36 (compatible; Googlebot/2.1; +http://www.google.com/bot.html)"
66.249.68.137 - - [06/Jul/2025:11:46:35 -0400] "GET /pcmypage?callback=product%2Fdetail%2Fvaluecare-valuecare-351013 HTTP/1.1" 404 1251 "-" "Mozilla/5.0 (Linux; Android 6.0.1; Nexus 5X Build/MMB29P) AppleWebKit/537.36 (KHTML, like Gecko) Chrome/137.0.7151.103 Mobile Safari/537.36 (compatible; GoogleOther)"
66.249.68.137 - - [06/Jul/2025:11:46:43 -0400] "GET /items/141047759.html?srsltid=AfmBOosmbrsqNUdxYfCj285ESuhNWaAeeLsdO2fl02O7qmTU7f3B HTTP/1.1" 404 1251 "-" "Mozilla/5.0 (Linux; Android 6.0.1; Nexus 5X Build/MMB29P) AppleWebKit/537.36 (KHTML, like Gecko) Chrome/137.0.7151.103 Mobile Safari/537.36 (compatible; Googlebot/2.1; +http://www.google.com/bot.html)"
66.249.68.137 - - [06/Jul/2025:11:46:48 -0400] "GET /items/059036049.html?srsltid=AfmBOorpnUbmpgJTyoWqNTgCAACpLkmSEeNwYKNqr5YqFC7XptKj HTTP/1.1" 404 1251 "-" "Mozilla/5.0 (Linux; Android 6.0.1; Nexus 5X Build/MMB29P) AppleWebKit/537.36 (KHTML, like Gecko) Chrome/137.0.7151.103 Mobile Safari/537.36 (compatible; Googlebot/2.1; +http://www.google.com/bot.html)"
66.249.68.137 - - [06/Jul/2025:11:46:52 -0400] "GET /items/jcbhw195/11340?key=depression HTTP/1.1" 404 1251 "-" "Mozilla/5.0 (compatible; Googlebot/2.1; +http://www.google.com/bot.html)"
47.82.60.29 - - [06/Jul/2025:11:47:07 -0400] "GET /items/onzci25/584?key=permission HTTP/1.1" 404 1251 "https://first-gulf.com.sa/items/onzci25/584?key=permission" "Mozilla/5.0 (Windows NT 10.0; Win64; x64) AppleWebKit/537.36 (KHTML, like Gecko) Chrome/114.0.0.0 Safari/537.36 Edg/114.0.1823.43"
66.249.68.129 - - [06/Jul/2025:11:47:10 -0400] "GET /items/lqtta129/6876?key=storage HTTP/1.1" 404 1251 "-" "Mozilla/5.0 (Linux; Android 6.0.1; Nexus 5X Build/MMB29P) AppleWebKit/537.36 (KHTML, like Gecko) Chrome/137.0.7151.103 Mobile Safari/537.36 (compatible; GoogleOther)"
47.82.60.30 - - [06/Jul/2025:11:47:18 -0400] "GET /items/amelg167/40812?key=suspect HTTP/1.1" 404 1251 "https://first-gulf.com.sa/items/amelg167/40812?key=suspect" "Mozilla/5.0 (Windows NT 10.0; Win64; x64) AppleWebKit/537.36 (KHTML, like Gecko) Chrome/114.0.0.0 Safari/537.36 Edg/114.0.1823.43"
66.249.68.137 - - [06/Jul/2025:11:47:30 -0400] "GET /items/030002826.html?srsltid=AfmBOokawprkRklCYdrTd0XdTcDvVLTeAZo0IFUiTZuVeWwz6Afd HTTP/1.1" 404 1251 "-" "Mozilla/5.0 (Linux; Android 6.0.1; Nexus 5X Build/MMB29P) AppleWebKit/537.36 (KHTML, like Gecko) Chrome/137.0.7151.103 Mobile Safari/537.36 (compatible; Googlebot/2.1; +http://www.google.com/bot.html)"
47.82.60.30 - - [06/Jul/2025:11:47:32 -0400] "GET /items/oxdya63/456?key=provision HTTP/1.1" 404 1251 "https://first-gulf.com.sa/items/oxdya63/456?key=provision" "Mozilla/5.0 (Windows NT 10.0; Win64; x64) AppleWebKit/537.36 (KHTML, like Gecko) Chrome/114.0.0.0 Safari/537.36 Edg/114.0.1823.43"
47.82.60.26 - - [06/Jul/2025:11:47:40 -0400] "GET /items/owkhy242/27493?key=net HTTP/1.1" 404 1251 "https://first-gulf.com.sa/items/owkhy242/27493?key=net" "Mozilla/5.0 (Windows NT 10.0; Win64; x64) AppleWebKit/537.36 (KHTML, like Gecko) Chrome/114.0.0.0 Safari/537.36 Edg/114.0.1823.43"
66.249.68.137 - - [06/Jul/2025:11:47:53 -0400] "GET /pcmypage?callback=product%2Fdetail%2Fparusu-uefan-384491-450-- HTTP/1.1" 404 1251 "-" "Mozilla/5.0 (Linux; Android 6.0.1; Nexus 5X Build/MMB29P) AppleWebKit/537.36 (KHTML, like Gecko) Chrome/137.0.7151.103 Mobile Safari/537.36 (compatible; Googlebot/2.1; +http://www.google.com/bot.html)"
66.249.68.137 - - [06/Jul/2025:11:48:02 -0400] "GET /items/vkcku192/47897?key=street HTTP/1.1" 404 1251 "-" "Mozilla/5.0 (Linux; Android 6.0.1; Nexus 5X Build/MMB29P) AppleWebKit/537.36 (KHTML, like Gecko) Chrome/137.0.7151.103 Mobile Safari/537.36 (compatible; Googlebot/2.1; +http://www.google.com/bot.html)"
47.82.60.39 - - [06/Jul/2025:11:48:08 -0400] "GET /items/176048054.html HTTP/1.1" 404 1251 "https://first-gulf.com.sa/items/176048054.html" "Mozilla/5.0 (Windows NT 10.0; Win64; x64) AppleWebKit/537.36 (KHTML, like Gecko) Chrome/114.0.0.0 Safari/537.36 Edg/114.0.1823.43"
47.82.60.6 - - [06/Jul/2025:11:48:09 -0400] "GET /items/idbhf224/38685?key=mill HTTP/1.1" 404 1251 "https://www.first-gulf.com.sa/items/idbhf224/38685?key=mill" "Mozilla/5.0 (Windows NT 10.0; Win64; x64) AppleWebKit/537.36 (KHTML, like Gecko) Chrome/114.0.0.0 Safari/537.36 Edg/114.0.1823.43"
47.82.60.38 - - [06/Jul/2025:11:48:32 -0400] "GET /items/swbcw67/29700?key=vulnerable HTTP/1.1" 404 1251 "https://first-gulf.com.sa/items/swbcw67/29700?key=vulnerable" "Mozilla/5.0 (Windows NT 10.0; Win64; x64) AppleWebKit/537.36 (KHTML, like Gecko) Chrome/114.0.0.0 Safari/537.36 Edg/114.0.1823.43"
47.82.60.45 - - [06/Jul/2025:11:48:35 -0400] "GET /items/vvljp149/21028?key=speculation HTTP/1.1" 404 1251 "https://first-gulf.com.sa/items/vvljp149/21028?key=speculation" "Mozilla/5.0 (Windows NT 10.0; Win64; x64) AppleWebKit/537.36 (KHTML, like Gecko) Chrome/114.0.0.0 Safari/537.36 Edg/114.0.1823.43"
66.249.68.137 - - [06/Jul/2025:11:48:36 -0400] "GET /items/122004564.html?srsltid=AfmBOoazlHXzSdYJKrQsCqhAMzeHFENkrdlIVI8YYpFAoyAW0GLz HTTP/1.1" 404 1251 "-" "Mozilla/5.0 (Linux; Android 6.0.1; Nexus 5X Build/MMB29P) AppleWebKit/537.36 (KHTML, like Gecko) Chrome/137.0.7151.103 Mobile Safari/537.36 (compatible; Googlebot/2.1; +http://www.google.com/bot.html)"
