66.249.68.137 - - [06/Jul/2025:10:55:42 -0400] "GET /items/nyjql48/44355?key=anything HTTP/1.1" 404 1251 "-" "Mozilla/5.0 (Linux; Android 6.0.1; Nexus 5X Build/MMB29P) AppleWebKit/537.36 (KHTML, like Gecko) Chrome/137.0.7151.103 Mobile Safari/537.36 (compatible; GoogleOther)"
66.249.79.206 - - [06/Jul/2025:10:55:51 -0400] "GET /search.php?category/1_121/1 HTTP/1.1" 404 1251 "-" "Mozilla/5.0 (Linux; Android 6.0.1; Nexus 5X Build/MMB29P) AppleWebKit/537.36 (KHTML, like Gecko) Chrome/137.0.7151.103 Mobile Safari/537.36 (compatible; Googlebot/2.1; +http://www.google.com/bot.html)"
66.249.79.206 - - [06/Jul/2025:10:56:04 -0400] "GET /items/199010125.html?srsltid=AfmBOowllDnVbVZjQcEtM84KSSloDGHLV7YjazxSuFsPEEngppGs HTTP/1.1" 404 1251 "-" "Mozilla/5.0 (compatible; Googlebot/2.1; +http://www.google.com/bot.html)"
66.249.68.129 - - [06/Jul/2025:10:56:22 -0400] "GET /items/120036090.html?srsltid=AfmBOobuqEvHivmWcajVeJghRMjhKlYQeKgSnxxDHjhsEKlu0xB8 HTTP/1.1" 404 1251 "-" "Mozilla/5.0 (Linux; Android 6.0.1; Nexus 5X Build/MMB29P) AppleWebKit/537.36 (KHTML, like Gecko) Chrome/137.0.7151.103 Mobile Safari/537.36 (compatible; Googlebot/2.1; +http://www.google.com/bot.html)"
74.7.36.77 - - [06/Jul/2025:10:56:35 -0400] "GET /zhHant/product/surugaya/book-17202654?campaign_uid=f64d716db5e979ed2f947dbaf4296895b951ae7f HTTP/1.1" 404 1251 "-" "Mozilla/5.0 AppleWebKit/537.36 (KHTML, like Gecko); compatible; ChatGPT-User/1.0; +https://openai.com/bot"
66.249.68.137 - - [06/Jul/2025:10:56:44 -0400] "GET /items/azhqq204/4701?key=become HTTP/1.1" 404 1251 "-" "Mozilla/5.0 (compatible; Googlebot/2.1; +http://www.google.com/bot.html)"
66.249.68.137 - - [06/Jul/2025:10:56:52 -0400] "GET /items/134028860.html?srsltid=AfmBOokdlKnrWHEmdxXqNOi4LKjRiYgQ68NHMIShvt676hQtP5f3 HTTP/1.1" 404 1251 "-" "Mozilla/5.0 (Linux; Android 6.0.1; Nexus 5X Build/MMB29P) AppleWebKit/537.36 (KHTML, like Gecko) Chrome/137.0.7151.103 Mobile Safari/537.36 (compatible; Googlebot/2.1; +http://www.google.com/bot.html)"
66.249.79.206 - - [06/Jul/2025:10:56:52 -0400] "GET /search.php?piece/constitutional56/ferdu-1484/ HTTP/1.1" 404 1251 "-" "Mozilla/5.0 (Linux; Android 6.0.1; Nexus 5X Build/MMB29P) AppleWebKit/537.36 (KHTML, like Gecko) Chrome/137.0.7151.103 Mobile Safari/537.36 (compatible; Googlebot/2.1; +http://www.google.com/bot.html)"
66.249.68.128 - - [06/Jul/2025:10:57:05 -0400] "GET /items/jrtto100/38679?key=aesthetic HTTP/1.1" 404 1251 "-" "Mozilla/5.0 (Linux; Android 6.0.1; Nexus 5X Build/MMB29P) AppleWebKit/537.36 (KHTML, like Gecko) Chrome/137.0.7151.103 Mobile Safari/537.36 (compatible; Googlebot/2.1; +http://www.google.com/bot.html)"
66.249.79.206 - - [06/Jul/2025:10:57:19 -0400] "GET /pcmypage?callback=product/review/rcmdva-4o-3290003 HTTP/1.1" 404 1251 "-" "Mozilla/5.0 (compatible; Googlebot/2.1; +http://www.google.com/bot.html)"
66.249.68.128 - - [06/Jul/2025:10:57:28 -0400] "GET /pcmypage?callback=product/review/sakan8man-trus-1965287 HTTP/1.1" 404 1251 "-" "Mozilla/5.0 (compatible; Googlebot/2.1; +http://www.google.com/bot.html)"
66.249.68.129 - - [06/Jul/2025:10:57:51 -0400] "GET /items/ewasv19/30572?key=ownership HTTP/1.1" 404 1251 "-" "Mozilla/5.0 (Linux; Android 6.0.1; Nexus 5X Build/MMB29P) AppleWebKit/537.36 (KHTML, like Gecko) Chrome/137.0.7151.103 Mobile Safari/537.36 (compatible; GoogleOther)"
66.249.79.206 - - [06/Jul/2025:10:57:53 -0400] "GET /search.php?zhHant/product/surugaya/yamada-denki-135891016?campaign_uid=f64d716db5e979ed2f947dbaf4296895b951ae7f HTTP/1.1" 404 1251 "-" "Mozilla/5.0 (Linux; Android 6.0.1; Nexus 5X Build/MMB29P) AppleWebKit/537.36 (KHTML, like Gecko) Chrome/137.0.7151.103 Mobile Safari/537.36 (compatible; Googlebot/2.1; +http://www.google.com/bot.html)"
66.249.68.129 - - [06/Jul/2025:10:58:17 -0400] "GET /pcmypage?callback=product/review/re-vida-51-17788973-havana HTTP/1.1" 404 1251 "-" "Mozilla/5.0 (Linux; Android 6.0.1; Nexus 5X Build/MMB29P) AppleWebKit/537.36 (KHTML, like Gecko) Chrome/137.0.7151.103 Mobile Safari/537.36 (compatible; GoogleOther)"
66.249.68.129 - - [06/Jul/2025:10:58:23 -0400] "GET /items/163046321.html?srsltid=AfmBOopudjzpWIByEiMZ5b7NZVRnkhYwaV5LTsa4bG5A3hyjYWcQ HTTP/1.1" 404 1251 "-" "Mozilla/5.0 (Linux; Android 6.0.1; Nexus 5X Build/MMB29P) AppleWebKit/537.36 (KHTML, like Gecko) Chrome/137.0.7151.103 Mobile Safari/537.36 (compatible; Googlebot/2.1; +http://www.google.com/bot.html)"
66.249.68.129 - - [06/Jul/2025:10:58:47 -0400] "GET /items/kpxjn271/9520?key=extended HTTP/1.1" 404 1251 "-" "Mozilla/5.0 (compatible; Googlebot/2.1; +http://www.google.com/bot.html)"
66.249.68.130 - - [06/Jul/2025:10:59:23 -0400] "GET /ar/project/p7 HTTP/1.1" 404 1251 "-" "Mozilla/5.0 (Linux; Android 6.0.1; Nexus 5X Build/MMB29P) AppleWebKit/537.36 (KHTML, like Gecko) Chrome/137.0.7151.103 Mobile Safari/537.36 (compatible; Googlebot/2.1; +http://www.google.com/bot.html)"
66.249.68.130 - - [06/Jul/2025:10:59:45 -0400] "GET /pcmypage?callback=product/review/sakan8man-trus-8664862 HTTP/1.1" 404 1251 "-" "Mozilla/5.0 (compatible; Googlebot/2.1; +http://www.google.com/bot.html)"
60.120.204.148 - - [06/Jul/2025:10:59:51 -0400] "GET /zhHant/product/surugaya/tuzukiya-s261-192826?campaign_uid=f64d716db5e979ed2f947dbaf4296895b951ae7f HTTP/1.1" 404 1251 "https://search.yahoo.co.jp/" "Mozilla/5.0 (iPhone; CPU iPhone OS 18_5 like Mac OS X) AppleWebKit/605.1.15 (KHTML, like Gecko) Version/18.5 Mobile/15E148 Safari/604.1"
66.249.68.129 - - [06/Jul/2025:10:59:53 -0400] "GET /items/085040997.html?srsltid=AfmBOotpqftfVWZcJHQOyd6KUgsBGkiK6Uf7dijRrPBna5wzsMqc HTTP/1.1" 404 1251 "-" "Mozilla/5.0 (Linux; Android 6.0.1; Nexus 5X Build/MMB29P) AppleWebKit/537.36 (KHTML, like Gecko) Chrome/137.0.7151.103 Mobile Safari/537.36 (compatible; Googlebot/2.1; +http://www.google.com/bot.html)"
66.249.68.129 - - [06/Jul/2025:10:59:55 -0400] "GET /items/xbwch160/15037?key=demonstration HTTP/1.1" 404 1251 "-" "Mozilla/5.0 (compatible; Googlebot/2.1; +http://www.google.com/bot.html)"
66.249.68.129 - - [06/Jul/2025:10:59:59 -0400] "GET /items/xihjq271/15200?key=finding HTTP/1.1" 404 1251 "-" "Mozilla/5.0 (Linux; Android 6.0.1; Nexus 5X Build/MMB29P) AppleWebKit/537.36 (KHTML, like Gecko) Chrome/137.0.7151.103 Mobile Safari/537.36 (compatible; GoogleOther)"
66.249.68.130 - - [06/Jul/2025:11:00:30 -0400] "GET /items/280046852.html?srsltid=AfmBOojcjpYTUhiZCeVa4APfMjzXnDHoSvzEK2H8UoFCttLtQk8g HTTP/1.1" 404 1251 "-" "Mozilla/5.0 (Linux; Android 6.0.1; Nexus 5X Build/MMB29P) AppleWebKit/537.36 (KHTML, like Gecko) Chrome/137.0.7151.103 Mobile Safari/537.36 (compatible; Googlebot/2.1; +http://www.google.com/bot.html)"
66.249.68.129 - - [06/Jul/2025:11:00:31 -0400] "GET /zhHant/product/surugaya/mundial-10004645-1?campaign_uid=f64d716db5e979ed2f947dbaf4296895b951ae7f HTTP/1.1" 404 1251 "-" "Mozilla/5.0 (Linux; Android 6.0.1; Nexus 5X Build/MMB29P) AppleWebKit/537.36 (KHTML, like Gecko) Chrome/137.0.7151.103 Mobile Safari/537.36 (compatible; Googlebot/2.1; +http://www.google.com/bot.html)"
66.249.68.129 - - [06/Jul/2025:11:00:42 -0400] "GET /items/xpdfn65/42448?key=album HTTP/1.1" 404 1251 "-" "Mozilla/5.0 (Linux; Android 6.0.1; Nexus 5X Build/MMB29P) AppleWebKit/537.36 (KHTML, like Gecko) Chrome/137.0.7151.103 Mobile Safari/537.36 (compatible; GoogleOther)"
66.249.68.129 - - [06/Jul/2025:11:01:31 -0400] "GET /items/znndx261/11560?key=aid HTTP/1.1" 404 1251 "-" "Mozilla/5.0 (Linux; Android 6.0.1; Nexus 5X Build/MMB29P) AppleWebKit/537.36 (KHTML, like Gecko) Chrome/137.0.7151.103 Mobile Safari/537.36 (compatible; Googlebot/2.1; +http://www.google.com/bot.html)"
208.110.64.178 - - [06/Jul/2025:11:01:52 -0400] "GET /wp-content/install.php HTTP/1.1" 404 1251 "https://first-gulf.com.sa/wp-content/install.php" "Mozilla/5.0 (Windows NT 10.0; Win64; x64) AppleWebKit/537.36 (KHTML, like Gecko) Chrome/58.0.3029.110 Safari/537.3"
66.249.68.129 - - [06/Jul/2025:11:02:01 -0400] "GET /items/yucej171/24080?key=AM HTTP/1.1" 404 1251 "-" "Mozilla/5.0 (Linux; Android 6.0.1; Nexus 5X Build/MMB29P) AppleWebKit/537.36 (KHTML, like Gecko) Chrome/137.0.7151.103 Mobile Safari/537.36 (compatible; Googlebot/2.1; +http://www.google.com/bot.html)"
66.249.79.192 - - [06/Jul/2025:11:02:01 -0400] "GET /search.php?weapon/buyer294/oib56-4394/ HTTP/1.1" 404 1251 "-" "Mozilla/5.0 (Linux; Android 6.0.1; Nexus 5X Build/MMB29P) AppleWebKit/537.36 (KHTML, like Gecko) Chrome/137.0.7151.103 Mobile Safari/537.36 (compatible; Googlebot/2.1; +http://www.google.com/bot.html)"
66.249.68.130 - - [06/Jul/2025:11:02:08 -0400] "GET /items/ybecq47/3358?key=pack HTTP/1.1" 404 1251 "-" "Mozilla/5.0 (Linux; Android 6.0.1; Nexus 5X Build/MMB29P) AppleWebKit/537.36 (KHTML, like Gecko) Chrome/137.0.7151.103 Mobile Safari/537.36 (compatible; GoogleOther)"
66.249.79.192 - - [06/Jul/2025:11:02:20 -0400] "GET /pcmypage?callback=product%2Fdetail%2Fautopartsdirect-8782031501750173428 HTTP/1.1" 404 1251 "-" "Mozilla/5.0 (Linux; Android 6.0.1; Nexus 5X Build/MMB29P) AppleWebKit/537.36 (KHTML, like Gecko) Chrome/137.0.7151.103 Mobile Safari/537.36 (compatible; Googlebot/2.1; +http://www.google.com/bot.html)"
66.249.68.129 - - [06/Jul/2025:11:02:31 -0400] "GET /items/ayuiz114/29881?key=platform HTTP/1.1" 404 1251 "-" "Mozilla/5.0 (compatible; Googlebot/2.1; +http://www.google.com/bot.html)"
66.249.68.129 - - [06/Jul/2025:11:02:31 -0400] "GET /product/edit/dcmonline-1152936 HTTP/1.1" 404 1251 "-" "Mozilla/5.0 (Linux; Android 6.0.1; Nexus 5X Build/MMB29P) AppleWebKit/537.36 (KHTML, like Gecko) Chrome/137.0.7151.103 Mobile Safari/537.36 (compatible; Googlebot/2.1; +http://www.google.com/bot.html)"
66.249.68.129 - - [06/Jul/2025:11:02:40 -0400] "GET /pcmypage?callback=product%2Fdetail%2Fre-vida-51-17788973-havana HTTP/1.1" 404 1251 "-" "Mozilla/5.0 (Linux; Android 6.0.1; Nexus 5X Build/MMB29P) AppleWebKit/537.36 (KHTML, like Gecko) Chrome/137.0.7151.103 Mobile Safari/537.36 (compatible; GoogleOther)"
66.249.79.206 - - [06/Jul/2025:11:03:02 -0400] "GET /search.php?residential/slam254/85i2i-6604/ HTTP/1.1" 404 1251 "-" "Mozilla/5.0 (Linux; Android 6.0.1; Nexus 5X Build/MMB29P) AppleWebKit/537.36 (KHTML, like Gecko) Chrome/137.0.7151.103 Mobile Safari/537.36 (compatible; Googlebot/2.1; +http://www.google.com/bot.html)"
52.255.111.6 - - [06/Jul/2025:11:03:09 -0400] "GET /pcmypage?callback=product/review/nanaple-280299-dsap HTTP/1.1" 404 1251 "-" "Mozilla/5.0 AppleWebKit/537.36 (KHTML, like Gecko); compatible; ChatGPT-User/1.0; +https://openai.com/bot"
66.249.68.129 - - [06/Jul/2025:11:03:26 -0400] "GET /items/053018435.html?srsltid=AfmBOoqiyiwYRiIXAAsUmWXSGdqYwggDpgemKMEZtBl3Sf1cDXYm HTTP/1.1" 404 1251 "-" "Mozilla/5.0 (compatible; Googlebot/2.1; +http://www.google.com/bot.html)"
66.249.79.192 - - [06/Jul/2025:11:03:28 -0400] "GET /pcmypage?callback=/product%2Fdetail%2Chubo-sohonke-sakae-039130 HTTP/1.1" 404 1251 "-" "Mozilla/5.0 (Linux; Android 6.0.1; Nexus 5X Build/MMB29P) AppleWebKit/537.36 (KHTML, like Gecko) Chrome/137.0.7151.103 Mobile Safari/537.36 (compatible; Googlebot/2.1; +http://www.google.com/bot.html)"
66.249.68.129 - - [06/Jul/2025:11:03:32 -0400] "GET /items/uczmv114/36727?key=night HTTP/1.1" 404 1251 "-" "Mozilla/5.0 (Linux; Android 6.0.1; Nexus 5X Build/MMB29P) AppleWebKit/537.36 (KHTML, like Gecko) Chrome/137.0.7151.103 Mobile Safari/537.36 (compatible; Googlebot/2.1; +http://www.google.com/bot.html)"
66.249.68.129 - - [06/Jul/2025:11:03:33 -0400] "GET /items/106021076.html?srsltid=AfmBOoaksjauTWBhiejb0CDTRXkudaBM6ZRTaWPVtxMvPad5HIuq HTTP/1.1" 404 1251 "-" "Mozilla/5.0 (Linux; Android 6.0.1; Nexus 5X Build/MMB29P) AppleWebKit/537.36 (KHTML, like Gecko) Chrome/137.0.7151.103 Mobile Safari/537.36 (compatible; Googlebot/2.1; +http://www.google.com/bot.html)"
66.249.68.131 - - [06/Jul/2025:11:04:09 -0400] "GET /items/171042431.html?srsltid=AfmBOotbxdsCCQCgUjUsS3cRCfvfDAPAkkC3epA5s9A6o1YGOasR HTTP/1.1" 404 1251 "-" "Mozilla/5.0 (Linux; Android 6.0.1; Nexus 5X Build/MMB29P) AppleWebKit/537.36 (KHTML, like Gecko) Chrome/137.0.7151.103 Mobile Safari/537.36 (compatible; Googlebot/2.1; +http://www.google.com/bot.html)"
66.249.68.130 - - [06/Jul/2025:11:04:16 -0400] "GET /items/anzah1/37140?key=else HTTP/1.1" 404 1251 "-" "Mozilla/5.0 (Linux; Android 6.0.1; Nexus 5X Build/MMB29P) AppleWebKit/537.36 (KHTML, like Gecko) Chrome/137.0.7151.103 Mobile Safari/537.36 (compatible; GoogleOther)"
66.249.68.130 - - [06/Jul/2025:11:04:17 -0400] "GET /items/bbzmd183/46210?key=costume HTTP/1.1" 404 1251 "-" "Mozilla/5.0 (Linux; Android 6.0.1; Nexus 5X Build/MMB29P) AppleWebKit/537.36 (KHTML, like Gecko) Chrome/137.0.7151.103 Mobile Safari/537.36 (compatible; Googlebot/2.1; +http://www.google.com/bot.html)"
20.171.123.70 - - [06/Jul/2025:11:04:37 -0400] "GET /pcmypage?callback=product%2Freview%2Fnanaple-280299-dsap HTTP/1.1" 404 1251 "-" "Mozilla/5.0 (Macintosh; Intel Mac OS X 10_15_7) AppleWebKit/537.36 (KHTML, like Gecko) Chrome/131.0.0.0 Safari/537.36; compatible; OAI-SearchBot/1.0; +https://openai.com/searchbot"
66.249.68.129 - - [06/Jul/2025:11:04:44 -0400] "GET /search?category=309&search_word= HTTP/1.1" 404 1251 "-" "Mozilla/5.0 (compatible; Googlebot/2.1; +http://www.google.com/bot.html)"
66.249.68.129 - - [06/Jul/2025:11:04:50 -0400] "GET /items/168048934.html?srsltid=AfmBOotukHQqyPFmaZiQSEq8XrSYREuGQXWMBZc8ShBi67fHZ1m0 HTTP/1.1" 404 1251 "-" "Mozilla/5.0 (compatible; Googlebot/2.1; +http://www.google.com/bot.html)"
66.249.68.129 - - [06/Jul/2025:11:04:53 -0400] "GET /items/252041014.html?srsltid=AfmBOofehxAkaGIpYiBwUJQrMYEMXQFVYcfwBLXZ7UY1787aSY2Z HTTP/1.1" 404 1251 "-" "Mozilla/5.0 (Linux; Android 6.0.1; Nexus 5X Build/MMB29P) AppleWebKit/537.36 (KHTML, like Gecko) Chrome/137.0.7151.103 Mobile Safari/537.36 (compatible; Googlebot/2.1; +http://www.google.com/bot.html)"
66.249.68.129 - - [06/Jul/2025:11:05:20 -0400] "GET /pcmypage?callback=product/review/seikishoji-r2503179783y HTTP/1.1" 404 1251 "-" "Mozilla/5.0 (compatible; Googlebot/2.1; +http://www.google.com/bot.html)"
66.249.79.193 - - [06/Jul/2025:11:05:37 -0400] "GET /items/jchul61/4036?key=jazz HTTP/1.1" 404 1251 "-" "Mozilla/5.0 (Linux; Android 6.0.1; Nexus 5X Build/MMB29P) AppleWebKit/537.36 (KHTML, like Gecko) Chrome/137.0.7151.103 Mobile Safari/537.36 (compatible; Googlebot/2.1; +http://www.google.com/bot.html)"
66.249.68.130 - - [06/Jul/2025:11:05:47 -0400] "GET /items/ghmar125/45690?key=boss HTTP/1.1" 404 1251 "-" "Mozilla/5.0 (Linux; Android 6.0.1; Nexus 5X Build/MMB29P) AppleWebKit/537.36 (KHTML, like Gecko) Chrome/137.0.7151.103 Mobile Safari/537.36 (compatible; Googlebot/2.1; +http://www.google.com/bot.html)"
66.249.68.130 - - [06/Jul/2025:11:06:21 -0400] "GET /items/293017805.html?srsltid=AfmBOondzjguQbIMTSvzgJExEYloVkSe9idtXpGZncmdlnGgGezp HTTP/1.1" 404 1251 "-" "Mozilla/5.0 (Linux; Android 6.0.1; Nexus 5X Build/MMB29P) AppleWebKit/537.36 (KHTML, like Gecko) Chrome/137.0.7151.103 Mobile Safari/537.36 (compatible; Googlebot/2.1; +http://www.google.com/bot.html)"
66.249.68.129 - - [06/Jul/2025:11:06:25 -0400] "GET /items/msymw126/40517?key=PC HTTP/1.1" 404 1251 "-" "Mozilla/5.0 (Linux; Android 6.0.1; Nexus 5X Build/MMB29P) AppleWebKit/537.36 (KHTML, like Gecko) Chrome/137.0.7151.103 Mobile Safari/537.36 (compatible; GoogleOther)"
47.82.60.2 - - [06/Jul/2025:11:06:43 -0400] "GET /items/063000089.html HTTP/1.1" 404 1251 "https://www.first-gulf.com.sa/items/063000089.html" "Mozilla/5.0 (Windows NT 10.0; Win64; x64) AppleWebKit/537.36 (KHTML, like Gecko) Chrome/114.0.0.0 Safari/537.36 Edg/114.0.1823.43"
66.249.68.131 - - [06/Jul/2025:11:07:04 -0400] "GET /pcmypage?callback=product%2Fdetail%2Fragtag-0232824o0003 HTTP/1.1" 404 1251 "-" "Mozilla/5.0 (Linux; Android 6.0.1; Nexus 5X Build/MMB29P) AppleWebKit/537.36 (KHTML, like Gecko) Chrome/137.0.7151.103 Mobile Safari/537.36 (compatible; GoogleOther)"
66.249.79.206 - - [06/Jul/2025:11:07:19 -0400] "GET /pcmypage?callback=product/review/f432148-aso-10000860 HTTP/1.1" 404 1251 "-" "Mozilla/5.0 (Linux; Android 6.0.1; Nexus 5X Build/MMB29P) AppleWebKit/537.36 (KHTML, like Gecko) Chrome/137.0.7151.103 Mobile Safari/537.36 (compatible; Googlebot/2.1; +http://www.google.com/bot.html)"
66.249.68.129 - - [06/Jul/2025:11:07:24 -0400] "GET /items/114016068.html?srsltid=AfmBOozubWHLmPtrSORanNKlGJbDgSVIbxlYgWwZxMB4E3AuEhon HTTP/1.1" 404 1251 "-" "Mozilla/5.0 (Linux; Android 6.0.1; Nexus 5X Build/MMB29P) AppleWebKit/537.36 (KHTML, like Gecko) Chrome/137.0.7151.103 Mobile Safari/537.36 (compatible; Googlebot/2.1; +http://www.google.com/bot.html)"
66.249.68.129 - - [06/Jul/2025:11:07:25 -0400] "GET /items/004001678.html?srsltid=AfmBOoobbTlIZNoZlDurKNXCEnePnlTxZL5Rf4G63kNSwbYlMzx6 HTTP/1.1" 404 1251 "-" "Mozilla/5.0 (Linux; Android 6.0.1; Nexus 5X Build/MMB29P) AppleWebKit/537.36 (KHTML, like Gecko) Chrome/137.0.7151.103 Mobile Safari/537.36 (compatible; Googlebot/2.1; +http://www.google.com/bot.html)"
66.249.68.129 - - [06/Jul/2025:11:07:49 -0400] "GET /items/fbzhw91/38486?key=kind HTTP/1.1" 404 1251 "-" "Mozilla/5.0 (Linux; Android 6.0.1; Nexus 5X Build/MMB29P) AppleWebKit/537.36 (KHTML, like Gecko) Chrome/137.0.7151.103 Mobile Safari/537.36 (compatible; Googlebot/2.1; +http://www.google.com/bot.html)"
66.249.68.129 - - [06/Jul/2025:11:08:33 -0400] "GET /items/wkgto200/6351?key=satisfaction HTTP/1.1" 404 1251 "-" "Mozilla/5.0 (Linux; Android 6.0.1; Nexus 5X Build/MMB29P) AppleWebKit/537.36 (KHTML, like Gecko) Chrome/137.0.7151.103 Mobile Safari/537.36 (compatible; GoogleOther)"
66.249.68.137 - - [06/Jul/2025:11:08:40 -0400] "GET /items/ntkmx197/2664?key=schedule HTTP/1.1" 404 1251 "-" "Mozilla/5.0 (compatible; Googlebot/2.1; +http://www.google.com/bot.html)"
66.249.68.137 - - [06/Jul/2025:11:08:49 -0400] "GET /pcmypage?callback=product/review/world-depo-mts-2237615 HTTP/1.1" 404 1251 "-" "Mozilla/5.0 (Linux; Android 6.0.1; Nexus 5X Build/MMB29P) AppleWebKit/537.36 (KHTML, like Gecko) Chrome/137.0.7151.103 Mobile Safari/537.36 (compatible; Googlebot/2.1; +http://www.google.com/bot.html)"
66.249.68.137 - - [06/Jul/2025:11:08:50 -0400] "GET /items/287022135.html?srsltid=AfmBOobarKsHlNwlNiwtc5skQrHgrHEgwIMFvqU5KtuYxwuGn24s HTTP/1.1" 404 1251 "-" "Mozilla/5.0 (Linux; Android 6.0.1; Nexus 5X Build/MMB29P) AppleWebKit/537.36 (KHTML, like Gecko) Chrome/137.0.7151.103 Mobile Safari/537.36 (compatible; Googlebot/2.1; +http://www.google.com/bot.html)"
66.249.68.137 - - [06/Jul/2025:11:08:50 -0400] "GET /items/dwguq40/579?key=spread HTTP/1.1" 404 1251 "-" "Mozilla/5.0 (Linux; Android 6.0.1; Nexus 5X Build/MMB29P) AppleWebKit/537.36 (KHTML, like Gecko) Chrome/137.0.7151.103 Mobile Safari/537.36 (compatible; Googlebot/2.1; +http://www.google.com/bot.html)"
74.125.150.129 - - [06/Jul/2025:11:09:03 -0400] "GET /items/uxayg178/27155 HTTP/1.1" 404 1251 "-" "Mozilla/5.0 (Linux; Android 6.0.1; Nexus 5X Build/MMB29P) AppleWebKit/537.36 (KHTML, like Gecko) Chrome/137.0.7151.103 Mobile Safari/537.36 (compatible; AdsBot-Google-Mobile; +http://www.google.com/mobile/adsbot.html)"
66.249.79.192 - - [06/Jul/2025:11:09:05 -0400] "GET /pcmypage?callback=product/review/akibaoo-r-hm000531615 HTTP/1.1" 404 1251 "-" "Mozilla/5.0 (Linux; Android 6.0.1; Nexus 5X Build/MMB29P) AppleWebKit/537.36 (KHTML, like Gecko) Chrome/137.0.7151.103 Mobile Safari/537.36 (compatible; Googlebot/2.1; +http://www.google.com/bot.html)"
66.249.68.137 - - [06/Jul/2025:11:09:06 -0400] "GET /items/bqbps44/1317?key=cabinet HTTP/1.1" 404 1251 "-" "Mozilla/5.0 (Linux; Android 6.0.1; Nexus 5X Build/MMB29P) AppleWebKit/537.36 (KHTML, like Gecko) Chrome/137.0.7151.103 Mobile Safari/537.36 (compatible; Googlebot/2.1; +http://www.google.com/bot.html)"
66.249.79.206 - - [06/Jul/2025:11:09:21 -0400] "GET /pcmypage?callback=product/review/hatoya-cr4580394164916 HTTP/1.1" 404 1251 "-" "Mozilla/5.0 (Linux; Android 6.0.1; Nexus 5X Build/MMB29P) AppleWebKit/537.36 (KHTML, like Gecko) Chrome/137.0.7151.103 Mobile Safari/537.36 (compatible; Googlebot/2.1; +http://www.google.com/bot.html)"
66.249.79.192 - - [06/Jul/2025:11:09:21 -0400] "GET /items/224030960.html?srsltid=AfmBOokvwmrFIjJujYkC3lXNXLKpjKgtQoZMqgAGvLrmbAX2aCP1 HTTP/1.1" 404 1251 "-" "Mozilla/5.0 (Linux; Android 6.0.1; Nexus 5X Build/MMB29P) AppleWebKit/537.36 (KHTML, like Gecko) Chrome/137.0.7151.103 Mobile Safari/537.36 (compatible; Googlebot/2.1; +http://www.google.com/bot.html)"
66.249.68.128 - - [06/Jul/2025:11:09:33 -0400] "GET /items/bozhf61/48618?key=buck HTTP/1.1" 404 1251 "-" "Mozilla/5.0 (compatible; Googlebot/2.1; +http://www.google.com/bot.html)"
66.249.79.206 - - [06/Jul/2025:11:09:45 -0400] "GET /pcmypage?callback=product/review/g-bike-1408726-2755960 HTTP/1.1" 404 1251 "-" "Mozilla/5.0 (compatible; Googlebot/2.1; +http://www.google.com/bot.html)"
66.249.68.128 - - [06/Jul/2025:11:10:06 -0400] "GET /items/269004289.html?srsltid=AfmBOotzxcqIkXsjrfiDtDlNAjkqaQmCuq4ahh6xGd32MI42BedQ HTTP/1.1" 404 1251 "-" "Mozilla/5.0 (Linux; Android 6.0.1; Nexus 5X Build/MMB29P) AppleWebKit/537.36 (KHTML, like Gecko) Chrome/137.0.7151.103 Mobile Safari/537.36 (compatible; Googlebot/2.1; +http://www.google.com/bot.html)"
66.249.79.193 - - [06/Jul/2025:11:10:13 -0400] "GET /pcmypage?callback=product%2Fdetail%2Fdj-760498 HTTP/1.1" 404 1251 "-" "Mozilla/5.0 (Linux; Android 6.0.1; Nexus 5X Build/MMB29P) AppleWebKit/537.36 (KHTML, like Gecko) Chrome/137.0.7151.103 Mobile Safari/537.36 (compatible; Googlebot/2.1; +http://www.google.com/bot.html)"
66.249.68.128 - - [06/Jul/2025:11:10:21 -0400] "GET /items/yxzch21/1826?key=ecosystem HTTP/1.1" 404 1251 "-" "Mozilla/5.0 (Linux; Android 6.0.1; Nexus 5X Build/MMB29P) AppleWebKit/537.36 (KHTML, like Gecko) Chrome/137.0.7151.103 Mobile Safari/537.36 (compatible; Googlebot/2.1; +http://www.google.com/bot.html)"
66.249.68.128 - - [06/Jul/2025:11:10:22 -0400] "GET /pcmypage?callback=/product%2Fdetail%2Colorfulbox-370639-1 HTTP/1.1" 404 1251 "-" "Mozilla/5.0 (Linux; Android 6.0.1; Nexus 5X Build/MMB29P) AppleWebKit/537.36 (KHTML, like Gecko) Chrome/137.0.7151.103 Mobile Safari/537.36 (compatible; Googlebot/2.1; +http://www.google.com/bot.html)"
66.249.68.128 - - [06/Jul/2025:11:10:22 -0400] "GET /items/lejao212/49839?key=name HTTP/1.1" 404 1251 "-" "Mozilla/5.0 (Linux; Android 6.0.1; Nexus 5X Build/MMB29P) AppleWebKit/537.36 (KHTML, like Gecko) Chrome/137.0.7151.103 Mobile Safari/537.36 (compatible; Googlebot/2.1; +http://www.google.com/bot.html)"
66.249.79.206 - - [06/Jul/2025:11:10:26 -0400] "GET /items/ofenj165/9138?key=kiss HTTP/1.1" 404 1251 "-" "Mozilla/5.0 (compatible; Googlebot/2.1; +http://www.google.com/bot.html)"
66.249.68.137 - - [06/Jul/2025:11:10:42 -0400] "GET /category/38_5854_6362/1/listing HTTP/1.1" 404 1251 "-" "Mozilla/5.0 (Linux; Android 6.0.1; Nexus 5X Build/MMB29P) AppleWebKit/537.36 (KHTML, like Gecko) Chrome/137.0.7151.103 Mobile Safari/537.36 (compatible; GoogleOther)"
66.249.68.137 - - [06/Jul/2025:11:10:46 -0400] "GET /pcmypage?callback=product/review/tss-xs256262 HTTP/1.1" 404 1251 "-" "Mozilla/5.0 (Linux; Android 6.0.1; Nexus 5X Build/MMB29P) AppleWebKit/537.36 (KHTML, like Gecko) Chrome/137.0.7151.103 Mobile Safari/537.36 (compatible; Googlebot/2.1; +http://www.google.com/bot.html)"
34.125.190.10 - - [06/Jul/2025:11:11:20 -0400] "GET /.git/config HTTP/1.1" 403 1242 "-" "-"
66.249.79.192 - - [06/Jul/2025:11:11:25 -0400] "GET /pcmypage?callback=product/review/hcvalor-eshop-trusco-6469211 HTTP/1.1" 404 1251 "-" "Mozilla/5.0 (compatible; Googlebot/2.1; +http://www.google.com/bot.html)"
66.249.68.128 - - [06/Jul/2025:11:11:27 -0400] "GET /product/edit/fiore-sports-pe-wct-90 HTTP/1.1" 404 1251 "-" "Mozilla/5.0 (Linux; Android 6.0.1; Nexus 5X Build/MMB29P) AppleWebKit/537.36 (KHTML, like Gecko) Chrome/137.0.7151.103 Mobile Safari/537.36 (compatible; GoogleOther)"
66.249.79.192 - - [06/Jul/2025:11:11:32 -0400] "GET /pcmypage?callback=product/review/jordan23-111_96735448-1 HTTP/1.1" 404 1251 "-" "Mozilla/5.0 (compatible; Googlebot/2.1; +http://www.google.com/bot.html)"
52.190.190.21 - - [06/Jul/2025:11:12:12 -0400] "GET /items/zyhtt30/341?key=treaty HTTP/1.1" 404 1251 "-" "Mozilla/5.0 AppleWebKit/537.36 (KHTML, like Gecko); compatible; ChatGPT-User/1.0; +https://openai.com/bot"
66.249.68.137 - - [06/Jul/2025:11:12:36 -0400] "GET /items/blrau94/2635?key=truck HTTP/1.1" 404 1251 "-" "Mozilla/5.0 (compatible; Googlebot/2.1; +http://www.google.com/bot.html)"
40.77.167.156 - - [06/Jul/2025:11:12:37 -0400] "GET /s09bathomaniar6/hratldr531170.html HTTP/1.1" 404 1251 "-" "Mozilla/5.0 AppleWebKit/537.36 (KHTML, like Gecko; compatible; bingbot/2.0; +http://www.bing.com/bingbot.htm) Chrome/116.0.1938.76 Safari/537.36"
66.249.68.128 - - [06/Jul/2025:11:12:46 -0400] "GET /pcmypage?callback=/product%2Fdetail%2m22715035093 HTTP/1.1" 404 1251 "-" "Mozilla/5.0 (Linux; Android 6.0.1; Nexus 5X Build/MMB29P) AppleWebKit/537.36 (KHTML, like Gecko) Chrome/137.0.7151.103 Mobile Safari/537.36 (compatible; Googlebot/2.1; +http://www.google.com/bot.html)"
66.249.68.137 - - [06/Jul/2025:11:12:50 -0400] "GET /items/wldit163/7878?key=anniversary HTTP/1.1" 404 1251 "-" "Mozilla/5.0 (Linux; Android 6.0.1; Nexus 5X Build/MMB29P) AppleWebKit/537.36 (KHTML, like Gecko) Chrome/137.0.7151.103 Mobile Safari/537.36 (compatible; GoogleOther)"
66.249.68.128 - - [06/Jul/2025:11:13:14 -0400] "GET /category/5682/1/listing HTTP/1.1" 404 1251 "-" "Mozilla/5.0 (Linux; Android 6.0.1; Nexus 5X Build/MMB29P) AppleWebKit/537.36 (KHTML, like Gecko) Chrome/137.0.7151.103 Mobile Safari/537.36 (compatible; Googlebot/2.1; +http://www.google.com/bot.html)"
47.82.60.32 - - [06/Jul/2025:11:13:42 -0400] "GET /items/ebbkf261/46034?key=steady HTTP/1.1" 404 1251 "https://www.first-gulf.com.sa/items/ebbkf261/46034?key=steady" "Mozilla/5.0 (Windows NT 10.0; Win64; x64) AppleWebKit/537.36 (KHTML, like Gecko) Chrome/114.0.0.0 Safari/537.36 Edg/114.0.1823.43"
66.249.68.128 - - [06/Jul/2025:11:13:44 -0400] "GET /items/003013561.html?srsltid=AfmBOobvxyNEjVJZXIVL01XMAsrJepTrhh6rpNjkSmvdyYAyeLDZ HTTP/1.1" 404 1251 "-" "Mozilla/5.0 (Linux; Android 6.0.1; Nexus 5X Build/MMB29P) AppleWebKit/537.36 (KHTML, like Gecko) Chrome/137.0.7151.103 Mobile Safari/537.36 (compatible; Googlebot/2.1; +http://www.google.com/bot.html)"
66.249.68.137 - - [06/Jul/2025:11:13:46 -0400] "GET /items/aovva276/39199?key=blade HTTP/1.1" 404 1251 "-" "Mozilla/5.0 (Linux; Android 6.0.1; Nexus 5X Build/MMB29P) AppleWebKit/537.36 (KHTML, like Gecko) Chrome/137.0.7151.103 Mobile Safari/537.36 (compatible; Googlebot/2.1; +http://www.google.com/bot.html)"
66.249.68.128 - - [06/Jul/2025:11:13:46 -0400] "GET /pcmypage?callback=product%2Fdetail%2Fegaos-ckfh1919 HTTP/1.1" 404 1251 "-" "Mozilla/5.0 (Linux; Android 6.0.1; Nexus 5X Build/MMB29P) AppleWebKit/537.36 (KHTML, like Gecko) Chrome/137.0.7151.103 Mobile Safari/537.36 (compatible; Googlebot/2.1; +http://www.google.com/bot.html)"
66.249.79.192 - - [06/Jul/2025:11:13:47 -0400] "GET /items/ifqav230/43469?key=send HTTP/1.1" 404 1251 "-" "Mozilla/5.0 (Linux; Android 6.0.1; Nexus 5X Build/MMB29P) AppleWebKit/537.36 (KHTML, like Gecko) Chrome/137.0.7151.103 Mobile Safari/537.36 (compatible; Googlebot/2.1; +http://www.google.com/bot.html)"
66.249.79.192 - - [06/Jul/2025:11:13:56 -0400] "GET /items/054001092.html?srsltid=AfmBOodtkOdXhuufsQcfyp8iZlzzFCGatbMeViHYJEydTPQfrLpb HTTP/1.1" 404 1251 "-" "Mozilla/5.0 (Linux; Android 6.0.1; Nexus 5X Build/MMB29P) AppleWebKit/537.36 (KHTML, like Gecko) Chrome/137.0.7151.103 Mobile Safari/537.36 (compatible; Googlebot/2.1; +http://www.google.com/bot.html)"
66.249.79.206 - - [06/Jul/2025:11:14:03 -0400] "GET /pcmypage?callback=product/review/aclo-tnf-np6nr04-1 HTTP/1.1" 404 1251 "-" "Mozilla/5.0 (compatible; Googlebot/2.1; +http://www.google.com/bot.html)"
66.249.68.129 - - [06/Jul/2025:11:14:17 -0400] "GET /pcmypage?callback=product/review/denzaido-0204000307187 HTTP/1.1" 404 1251 "-" "Mozilla/5.0 (Linux; Android 6.0.1; Nexus 5X Build/MMB29P) AppleWebKit/537.36 (KHTML, like Gecko) Chrome/137.0.7151.103 Mobile Safari/537.36 (compatible; Googlebot/2.1; +http://www.google.com/bot.html)"
66.249.79.192 - - [06/Jul/2025:11:14:18 -0400] "GET /items/049002593.html?srsltid=AfmBOowqebnDClmxpcozgmmyIFatoYSfEqdDLuqabrEg5rVh4AJ3 HTTP/1.1" 404 1251 "-" "Mozilla/5.0 (Linux; Android 6.0.1; Nexus 5X Build/MMB29P) AppleWebKit/537.36 (KHTML, like Gecko) Chrome/137.0.7151.103 Mobile Safari/537.36 (compatible; Googlebot/2.1; +http://www.google.com/bot.html)"
66.249.68.137 - - [06/Jul/2025:11:14:20 -0400] "GET /items/tuyqp229/11642?key=bake HTTP/1.1" 404 1251 "-" "Mozilla/5.0 (Linux; Android 6.0.1; Nexus 5X Build/MMB29P) AppleWebKit/537.36 (KHTML, like Gecko) Chrome/137.0.7151.103 Mobile Safari/537.36 (compatible; Googlebot/2.1; +http://www.google.com/bot.html)"
47.82.60.33 - - [06/Jul/2025:11:14:39 -0400] "GET /items/066000862.html HTTP/1.1" 404 1251 "https://first-gulf.com.sa/items/066000862.html" "Mozilla/5.0 (Windows NT 10.0; Win64; x64) AppleWebKit/537.36 (KHTML, like Gecko) Chrome/114.0.0.0 Safari/537.36 Edg/114.0.1823.43"
66.249.68.128 - - [06/Jul/2025:11:14:48 -0400] "GET /pcmypage?callback=/product%2Fdetail%2First34-trusco-3210261 HTTP/1.1" 404 1251 "-" "Mozilla/5.0 (Linux; Android 6.0.1; Nexus 5X Build/MMB29P) AppleWebKit/537.36 (KHTML, like Gecko) Chrome/137.0.7151.103 Mobile Safari/537.36 (compatible; Googlebot/2.1; +http://www.google.com/bot.html)"
66.249.68.137 - - [06/Jul/2025:11:14:59 -0400] "GET /items/lzamp191/37920?key=reserve HTTP/1.1" 404 1251 "-" "Mozilla/5.0 (Linux; Android 6.0.1; Nexus 5X Build/MMB29P) AppleWebKit/537.36 (KHTML, like Gecko) Chrome/137.0.7151.103 Mobile Safari/537.36 (compatible; GoogleOther)"
47.82.60.1 - - [06/Jul/2025:11:14:59 -0400] "GET /items/eefod44/39557?key=desire HTTP/1.1" 404 1251 "https://first-gulf.com.sa/items/eefod44/39557?key=desire" "Mozilla/5.0 (Windows NT 10.0; Win64; x64) AppleWebKit/537.36 (KHTML, like Gecko) Chrome/114.0.0.0 Safari/537.36 Edg/114.0.1823.43"
66.249.68.128 - - [06/Jul/2025:11:15:18 -0400] "GET /pcmypage?callback=product%2Fdetail%2Fwater-space-inax-s-531b-bw1 HTTP/1.1" 404 1251 "-" "Mozilla/5.0 (Linux; Android 6.0.1; Nexus 5X Build/MMB29P) AppleWebKit/537.36 (KHTML, like Gecko) Chrome/137.0.7151.103 Mobile Safari/537.36 (compatible; Googlebot/2.1; +http://www.google.com/bot.html)"
66.249.79.206 - - [06/Jul/2025:11:15:40 -0400] "GET /items/124005656.html?srsltid=AfmBOoiwhmigWkKwKjvsWQkKLaOAMAhnE80v3xXYjoWjYJODaTmB HTTP/1.1" 404 1251 "-" "Mozilla/5.0 (compatible; Googlebot/2.1; +http://www.google.com/bot.html)"
47.82.60.38 - - [06/Jul/2025:11:15:42 -0400] "GET /items/cbrnn93/1176?key=easily HTTP/1.1" 404 1251 "https://first-gulf.com.sa/items/cbrnn93/1176?key=easily" "Mozilla/5.0 (Windows NT 10.0; Win64; x64) AppleWebKit/537.36 (KHTML, like Gecko) Chrome/114.0.0.0 Safari/537.36 Edg/114.0.1823.43"
47.82.60.19 - - [06/Jul/2025:11:15:47 -0400] "GET /items/vykcf195/8070?key=toss HTTP/1.1" 404 1251 "https://first-gulf.com.sa/items/vykcf195/8070?key=toss" "Mozilla/5.0 (Windows NT 10.0; Win64; x64) AppleWebKit/537.36 (KHTML, like Gecko) Chrome/114.0.0.0 Safari/537.36 Edg/114.0.1823.43"
66.249.68.137 - - [06/Jul/2025:11:15:48 -0400] "GET /ar/activity/electromechanical-works HTTP/1.1" 404 1251 "-" "Mozilla/5.0 (Linux; Android 6.0.1; Nexus 5X Build/MMB29P) AppleWebKit/537.36 (KHTML, like Gecko) Chrome/137.0.7151.103 Mobile Safari/537.36 (compatible; Googlebot/2.1; +http://www.google.com/bot.html)"
66.249.68.128 - - [06/Jul/2025:11:15:51 -0400] "GET /pcmypage?callback=product/review/fiore-sports-pe-wct-90 HTTP/1.1" 404 1251 "-" "Mozilla/5.0 (Linux; Android 6.0.1; Nexus 5X Build/MMB29P) AppleWebKit/537.36 (KHTML, like Gecko) Chrome/137.0.7151.103 Mobile Safari/537.36 (compatible; GoogleOther)"
47.82.60.7 - - [06/Jul/2025:11:15:54 -0400] "GET /items/jquhx108/29475?key=status HTTP/1.1" 404 1251 "https://first-gulf.com.sa/items/jquhx108/29475?key=status" "Mozilla/5.0 (Windows NT 10.0; Win64; x64) AppleWebKit/537.36 (KHTML, like Gecko) Chrome/114.0.0.0 Safari/537.36 Edg/114.0.1823.43"
66.249.79.206 - - [06/Jul/2025:11:15:59 -0400] "GET /pcmypage?callback=product/review/carplus-csc-qq-e-i-13169c HTTP/1.1" 404 1251 "-" "Mozilla/5.0 (compatible; Googlebot/2.1; +http://www.google.com/bot.html)"
66.249.68.137 - - [06/Jul/2025:11:16:19 -0400] "GET /pcmypage?callback=product%2Fdetail%2Fsakan8man-trus-8583540 HTTP/1.1" 404 1251 "-" "Mozilla/5.0 (Linux; Android 6.0.1; Nexus 5X Build/MMB29P) AppleWebKit/537.36 (KHTML, like Gecko) Chrome/137.0.7151.103 Mobile Safari/537.36 (compatible; Googlebot/2.1; +http://www.google.com/bot.html)"
47.82.60.3 - - [06/Jul/2025:11:16:22 -0400] "GET /items/174040052.html HTTP/1.1" 404 1251 "https://www.first-gulf.com.sa/items/174040052.html" "Mozilla/5.0 (Windows NT 10.0; Win64; x64) AppleWebKit/537.36 (KHTML, like Gecko) Chrome/114.0.0.0 Safari/537.36 Edg/114.0.1823.43"
66.249.79.206 - - [06/Jul/2025:11:16:42 -0400] "GET /pcmypage?callback=product/review/upb-houseup-2459-25x500 HTTP/1.1" 404 1251 "-" "Mozilla/5.0 (compatible; Googlebot/2.1; +http://www.google.com/bot.html)"
66.249.68.137 - - [06/Jul/2025:11:16:43 -0400] "GET /items/009028169.html?srsltid=AfmBOoqfjgmUAOPSiCCJXo8QZmTNhCrrEynuMktO82LSG02v4WgG HTTP/1.1" 404 1251 "-" "Mozilla/5.0 (compatible; Googlebot/2.1; +http://www.google.com/bot.html)"
66.249.68.137 - - [06/Jul/2025:11:16:49 -0400] "GET /pcmypage?callback=product/review/webike-rb-25679503-1 HTTP/1.1" 404 1251 "-" "Mozilla/5.0 (Linux; Android 6.0.1; Nexus 5X Build/MMB29P) AppleWebKit/537.36 (KHTML, like Gecko) Chrome/137.0.7151.103 Mobile Safari/537.36 (compatible; Googlebot/2.1; +http://www.google.com/bot.html)"
66.249.79.206 - - [06/Jul/2025:11:16:56 -0400] "GET /pcmypage?callback=product%2Fdetail%2Ffirst34-trusco-1542075 HTTP/1.1" 404 1251 "-" "Mozilla/5.0 (Linux; Android 6.0.1; Nexus 5X Build/MMB29P) AppleWebKit/537.36 (KHTML, like Gecko) Chrome/137.0.7151.103 Mobile Safari/537.36 (compatible; Googlebot/2.1; +http://www.google.com/bot.html)"
66.249.68.128 - - [06/Jul/2025:11:17:08 -0400] "GET /items/bsjer48/45281?key=breast HTTP/1.1" 404 1251 "-" "Mozilla/5.0 (Linux; Android 6.0.1; Nexus 5X Build/MMB29P) AppleWebKit/537.36 (KHTML, like Gecko) Chrome/137.0.7151.103 Mobile Safari/537.36 (compatible; GoogleOther)"
47.82.60.6 - - [06/Jul/2025:11:17:16 -0400] "GET /feature/sale2411-5/index.html HTTP/1.1" 404 1251 "https://first-gulf.com.sa/feature/sale2411-5/index.html" "Mozilla/5.0 (Windows NT 10.0; Win64; x64) AppleWebKit/537.36 (KHTML, like Gecko) Chrome/114.0.0.0 Safari/537.36 Edg/114.0.1823.43"
47.82.60.42 - - [06/Jul/2025:11:17:24 -0400] "GET /items/mfsux53/954?key=terrorism HTTP/1.1" 404 1251 "https://first-gulf.com.sa/items/mfsux53/954?key=terrorism" "Mozilla/5.0 (Windows NT 10.0; Win64; x64) AppleWebKit/537.36 (KHTML, like Gecko) Chrome/114.0.0.0 Safari/537.36 Edg/114.0.1823.43"
47.82.60.37 - - [06/Jul/2025:11:17:34 -0400] "GET /items/mvixi300/19151?key=mostly HTTP/1.1" 404 1251 "https://www.first-gulf.com.sa/items/mvixi300/19151?key=mostly" "Mozilla/5.0 (Windows NT 10.0; Win64; x64) AppleWebKit/537.36 (KHTML, like Gecko) Chrome/114.0.0.0 Safari/537.36 Edg/114.0.1823.43"
47.82.60.9 - - [06/Jul/2025:11:17:39 -0400] "GET /items/fmlpa72/349?key=rear HTTP/1.1" 404 1251 "https://first-gulf.com.sa/items/fmlpa72/349?key=rear" "Mozilla/5.0 (Windows NT 10.0; Win64; x64) AppleWebKit/537.36 (KHTML, like Gecko) Chrome/114.0.0.0 Safari/537.36 Edg/114.0.1823.43"
47.82.60.35 - - [06/Jul/2025:11:17:44 -0400] "GET /items/eyxpp63/8836?key=suit HTTP/1.1" 404 1251 "https://first-gulf.com.sa/items/eyxpp63/8836?key=suit" "Mozilla/5.0 (Windows NT 10.0; Win64; x64) AppleWebKit/537.36 (KHTML, like Gecko) Chrome/114.0.0.0 Safari/537.36 Edg/114.0.1823.43"
47.82.60.42 - - [06/Jul/2025:11:17:48 -0400] "GET /items/featl73/1762?key=weather HTTP/1.1" 404 1251 "https://first-gulf.com.sa/items/featl73/1762?key=weather" "Mozilla/5.0 (Windows NT 10.0; Win64; x64) AppleWebKit/537.36 (KHTML, like Gecko) Chrome/114.0.0.0 Safari/537.36 Edg/114.0.1823.43"
47.82.60.21 - - [06/Jul/2025:11:17:48 -0400] "GET /items/nkshz117/39732?key=tell HTTP/1.1" 404 1251 "https://first-gulf.com.sa/items/nkshz117/39732?key=tell" "Mozilla/5.0 (Windows NT 10.0; Win64; x64) AppleWebKit/537.36 (KHTML, like Gecko) Chrome/114.0.0.0 Safari/537.36 Edg/114.0.1823.43"
47.82.60.35 - - [06/Jul/2025:11:17:50 -0400] "GET /items/nfizo86/8771?key=my HTTP/1.1" 404 1251 "https://www.first-gulf.com.sa/items/nfizo86/8771?key=my" "Mozilla/5.0 (Windows NT 10.0; Win64; x64) AppleWebKit/537.36 (KHTML, like Gecko) Chrome/114.0.0.0 Safari/537.36 Edg/114.0.1823.43"
66.249.68.137 - - [06/Jul/2025:11:17:50 -0400] "GET /items/004011312.html?srsltid=AfmBOovsvKeSUKmstzafLADCLcJNkbDT26Mnb9jiknQIidV3nrWD HTTP/1.1" 404 1251 "-" "Mozilla/5.0 (Linux; Android 6.0.1; Nexus 5X Build/MMB29P) AppleWebKit/537.36 (KHTML, like Gecko) Chrome/137.0.7151.103 Mobile Safari/537.36 (compatible; Googlebot/2.1; +http://www.google.com/bot.html)"
66.249.68.137 - - [06/Jul/2025:11:17:50 -0400] "GET /items/bkoai85/424?key=eager HTTP/1.1" 404 1251 "-" "Mozilla/5.0 (Linux; Android 6.0.1; Nexus 5X Build/MMB29P) AppleWebKit/537.36 (KHTML, like Gecko) Chrome/137.0.7151.103 Mobile Safari/537.36 (compatible; Googlebot/2.1; +http://www.google.com/bot.html)"
66.249.68.137 - - [06/Jul/2025:11:17:51 -0400] "GET /product/edit/first23-trusco-5768381 HTTP/1.1" 404 1251 "-" "Mozilla/5.0 (Linux; Android 6.0.1; Nexus 5X Build/MMB29P) AppleWebKit/537.36 (KHTML, like Gecko) Chrome/137.0.7151.103 Mobile Safari/537.36 (compatible; Googlebot/2.1; +http://www.google.com/bot.html)"
47.82.60.41 - - [06/Jul/2025:11:18:02 -0400] "GET /items/btwyt173/14782?key=bold HTTP/1.1" 404 1251 "https://first-gulf.com.sa/items/btwyt173/14782?key=bold" "Mozilla/5.0 (Windows NT 10.0; Win64; x64) AppleWebKit/537.36 (KHTML, like Gecko) Chrome/114.0.0.0 Safari/537.36 Edg/114.0.1823.43"
47.82.60.25 - - [06/Jul/2025:11:18:02 -0400] "GET /items/dxzzy247/12880?key=spirit HTTP/1.1" 404 1251 "https://first-gulf.com.sa/items/dxzzy247/12880?key=spirit" "Mozilla/5.0 (Windows NT 10.0; Win64; x64) AppleWebKit/537.36 (KHTML, like Gecko) Chrome/114.0.0.0 Safari/537.36 Edg/114.0.1823.43"
47.82.60.13 - - [06/Jul/2025:11:18:14 -0400] "GET /items/147038253.html HTTP/1.1" 404 1251 "https://first-gulf.com.sa/items/147038253.html" "Mozilla/5.0 (Windows NT 10.0; Win64; x64) AppleWebKit/537.36 (KHTML, like Gecko) Chrome/114.0.0.0 Safari/537.36 Edg/114.0.1823.43"
66.249.79.206 - - [06/Jul/2025:11:18:19 -0400] "GET /items/152028942.html?srsltid=AfmBOowrvLpzyiXYsjABT9gdCzLoONrjxmgDrQyJ0MSzn9kTS9vN HTTP/1.1" 404 1251 "-" "Mozilla/5.0 (compatible; Googlebot/2.1; +http://www.google.com/bot.html)"
66.249.68.137 - - [06/Jul/2025:11:18:21 -0400] "GET /pcmypage?callback=product/review/g-bike-194727-761973 HTTP/1.1" 404 1251 "-" "Mozilla/5.0 (Linux; Android 6.0.1; Nexus 5X Build/MMB29P) AppleWebKit/537.36 (KHTML, like Gecko) Chrome/137.0.7151.103 Mobile Safari/537.36 (compatible; Googlebot/2.1; +http://www.google.com/bot.html)"
66.249.79.193 - - [06/Jul/2025:11:18:22 -0400] "GET /items/084001344.html?srsltid=AfmBOomawURQzVaJfJBx600fDcJswTwPDMJJzm0Wmi64CmCQyBXY HTTP/1.1" 404 1251 "-" "Mozilla/5.0 (compatible; Googlebot/2.1; +http://www.google.com/bot.html)"
69.197.182.50 - - [06/Jul/2025:11:18:22 -0400] "GET /wp-content/install.php HTTP/1.1" 404 1251 "https://first-gulf.com.sa/wp-content/install.php" "Mozilla/5.0 (Windows NT 10.0; Win64; x64) AppleWebKit/537.36 (KHTML, like Gecko) Chrome/58.0.3029.110 Safari/537.3"
216.73.216.138 - - [06/Jul/2025:11:18:26 -0400] "GET /robots.txt HTTP/1.1" 304 0 "-" "Mozilla/5.0 AppleWebKit/537.36 (KHTML, like Gecko; compatible; ClaudeBot/1.0; [email protected])"
216.73.216.138 - - [06/Jul/2025:11:18:26 -0400] "GET / HTTP/1.1" 200 1436 "-" "Mozilla/5.0 AppleWebKit/537.36 (KHTML, like Gecko; compatible; ClaudeBot/1.0; [email protected])"
47.82.60.27 - - [06/Jul/2025:11:18:33 -0400] "GET /items/hmlgs28/10169?key=influential HTTP/1.1" 404 1251 "https://www.first-gulf.com.sa/items/hmlgs28/10169?key=influential" "Mozilla/5.0 (Windows NT 10.0; Win64; x64) AppleWebKit/537.36 (KHTML, like Gecko) Chrome/114.0.0.0 Safari/537.36 Edg/114.0.1823.43"
47.82.60.29 - - [06/Jul/2025:11:18:47 -0400] "GET /items/czmkl63/5160?key=uncomfortable HTTP/1.1" 404 1251 "https://first-gulf.com.sa/items/czmkl63/5160?key=uncomfortable" "Mozilla/5.0 (Windows NT 10.0; Win64; x64) AppleWebKit/537.36 (KHTML, like Gecko) Chrome/114.0.0.0 Safari/537.36 Edg/114.0.1823.43"
66.249.68.128 - - [06/Jul/2025:11:18:51 -0400] "GET /pcmypage?callback=/product%2Fdetail%2hochoki-560321213018 HTTP/1.1" 404 1251 "-" "Mozilla/5.0 (Linux; Android 6.0.1; Nexus 5X Build/MMB29P) AppleWebKit/537.36 (KHTML, like Gecko) Chrome/137.0.7151.103 Mobile Safari/537.36 (compatible; Googlebot/2.1; +http://www.google.com/bot.html)"
47.82.60.36 - - [06/Jul/2025:11:19:07 -0400] "GET /items/147038039.html HTTP/1.1" 404 1251 "https://first-gulf.com.sa/items/147038039.html" "Mozilla/5.0 (Windows NT 10.0; Win64; x64) AppleWebKit/537.36 (KHTML, like Gecko) Chrome/114.0.0.0 Safari/537.36 Edg/114.0.1823.43"
66.249.68.128 - - [06/Jul/2025:11:19:07 -0400] "GET /items/006027124.html?srsltid=AfmBOohmiSDLTIrBcHUpluq1FicVZoeDyjvdCDlPrH4qSmATL2Jw HTTP/1.1" 404 1251 "-" "Mozilla/5.0 (compatible; Googlebot/2.1; +http://www.google.com/bot.html)"
66.249.68.128 - - [06/Jul/2025:11:19:16 -0400] "GET /items/mfiml63/28040?key=category HTTP/1.1" 404 1251 "-" "Mozilla/5.0 (Linux; Android 6.0.1; Nexus 5X Build/MMB29P) AppleWebKit/537.36 (KHTML, like Gecko) Chrome/137.0.7151.103 Mobile Safari/537.36 (compatible; GoogleOther)"
47.82.60.41 - - [06/Jul/2025:11:19:20 -0400] "GET /items/novee81/18516?key=swell HTTP/1.1" 404 1251 "https://first-gulf.com.sa/items/novee81/18516?key=swell" "Mozilla/5.0 (Windows NT 10.0; Win64; x64) AppleWebKit/537.36 (KHTML, like Gecko) Chrome/114.0.0.0 Safari/537.36 Edg/114.0.1823.43"
47.82.60.43 - - [06/Jul/2025:11:19:21 -0400] "GET /items/139033349.html HTTP/1.1" 404 1251 "https://first-gulf.com.sa/items/139033349.html" "Mozilla/5.0 (Windows NT 10.0; Win64; x64) AppleWebKit/537.36 (KHTML, like Gecko) Chrome/114.0.0.0 Safari/537.36 Edg/114.0.1823.43"
47.82.60.36 - - [06/Jul/2025:11:19:22 -0400] "GET /items/061026899.html HTTP/1.1" 404 1251 "https://first-gulf.com.sa/items/061026899.html" "Mozilla/5.0 (Windows NT 10.0; Win64; x64) AppleWebKit/537.36 (KHTML, like Gecko) Chrome/114.0.0.0 Safari/537.36 Edg/114.0.1823.43"
47.82.60.41 - - [06/Jul/2025:11:19:44 -0400] "GET /items/ygmjs44/797?key=trouble HTTP/1.1" 404 1251 "https://first-gulf.com.sa/items/ygmjs44/797?key=trouble" "Mozilla/5.0 (Windows NT 10.0; Win64; x64) AppleWebKit/537.36 (KHTML, like Gecko) Chrome/114.0.0.0 Safari/537.36 Edg/114.0.1823.43"
47.82.60.34 - - [06/Jul/2025:11:19:45 -0400] "GET /items/032037466.html HTTP/1.1" 404 1251 "https://first-gulf.com.sa/items/032037466.html" "Mozilla/5.0 (Windows NT 10.0; Win64; x64) AppleWebKit/537.36 (KHTML, like Gecko) Chrome/114.0.0.0 Safari/537.36 Edg/114.0.1823.43"
47.82.60.15 - - [06/Jul/2025:11:19:46 -0400] "GET /items/kffjr115/32590?key=terms HTTP/1.1" 404 1251 "https://first-gulf.com.sa/items/kffjr115/32590?key=terms" "Mozilla/5.0 (Windows NT 10.0; Win64; x64) AppleWebKit/537.36 (KHTML, like Gecko) Chrome/114.0.0.0 Safari/537.36 Edg/114.0.1823.43"
66.249.68.137 - - [06/Jul/2025:11:19:52 -0400] "GET /items/bbwtc74/1641?key=allegation HTTP/1.1" 404 1251 "-" "Mozilla/5.0 (Linux; Android 6.0.1; Nexus 5X Build/MMB29P) AppleWebKit/537.36 (KHTML, like Gecko) Chrome/137.0.7151.103 Mobile Safari/537.36 (compatible; Googlebot/2.1; +http://www.google.com/bot.html)"
66.249.68.137 - - [06/Jul/2025:11:20:00 -0400] "GET /items/cywkk121/27936?key=propose HTTP/1.1" 404 1251 "-" "Mozilla/5.0 (Linux; Android 6.0.1; Nexus 5X Build/MMB29P) AppleWebKit/537.36 (KHTML, like Gecko) Chrome/137.0.7151.103 Mobile Safari/537.36 (compatible; Googlebot/2.1; +http://www.google.com/bot.html)"
47.82.60.5 - - [06/Jul/2025:11:20:01 -0400] "GET /items/042005012.html HTTP/1.1" 404 1251 "https://first-gulf.com.sa/items/042005012.html" "Mozilla/5.0 (Windows NT 10.0; Win64; x64) AppleWebKit/537.36 (KHTML, like Gecko) Chrome/114.0.0.0 Safari/537.36 Edg/114.0.1823.43"
47.82.60.26 - - [06/Jul/2025:11:20:01 -0400] "GET /items/kxtpz94/34595?key=desire HTTP/1.1" 404 1251 "https://first-gulf.com.sa/items/kxtpz94/34595?key=desire" "Mozilla/5.0 (Windows NT 10.0; Win64; x64) AppleWebKit/537.36 (KHTML, like Gecko) Chrome/114.0.0.0 Safari/537.36 Edg/114.0.1823.43"
51.222.253.20 - - [06/Jul/2025:11:20:09 -0400] "GET /?sitemap857.xml HTTP/1.1" 200 1436 "-" "Mozilla/5.0 (compatible; AhrefsBot/7.0; +http://ahrefs.com/robot/)"
66.249.79.206 - - [06/Jul/2025:11:20:11 -0400] "GET /pcmypage?callback=product/review/clover8888-rinnai20181031-99-z HTTP/1.1" 404 1251 "-" "Mozilla/5.0 (Linux; Android 6.0.1; Nexus 5X Build/MMB29P) AppleWebKit/537.36 (KHTML, like Gecko) Chrome/137.0.7151.103 Mobile Safari/537.36 (compatible; Googlebot/2.1; +http://www.google.com/bot.html)"
66.249.68.137 - - [06/Jul/2025:11:20:15 -0400] "GET /pcmypage?callback=/product%2Fdetail%2Fiore-sports-pe-wct-90 HTTP/1.1" 404 1251 "-" "Mozilla/5.0 (Linux; Android 6.0.1; Nexus 5X Build/MMB29P) AppleWebKit/537.36 (KHTML, like Gecko) Chrome/137.0.7151.103 Mobile Safari/537.36 (compatible; GoogleOther)"
66.249.79.206 - - [06/Jul/2025:11:20:19 -0400] "GET /pcmypage?callback=product/review/parusu-sei6855-00014-oka1203 HTTP/1.1" 404 1251 "-" "Mozilla/5.0 (compatible; Googlebot/2.1; +http://www.google.com/bot.html)"
66.249.68.137 - - [06/Jul/2025:11:20:22 -0400] "GET /pcmypage?callback=product%2Fdetail%2Fasty-shop-x0-up19i1xe2o-10eb HTTP/1.1" 404 1251 "-" "Mozilla/5.0 (Linux; Android 6.0.1; Nexus 5X Build/MMB29P) AppleWebKit/537.36 (KHTML, like Gecko) Chrome/137.0.7151.103 Mobile Safari/537.36 (compatible; Googlebot/2.1; +http://www.google.com/bot.html)"
66.249.68.137 - - [06/Jul/2025:11:20:22 -0400] "GET /items/eiupx28/147?key=investment HTTP/1.1" 404 1251 "-" "Mozilla/5.0 (Linux; Android 6.0.1; Nexus 5X Build/MMB29P) AppleWebKit/537.36 (KHTML, like Gecko) Chrome/137.0.7151.103 Mobile Safari/537.36 (compatible; Googlebot/2.1; +http://www.google.com/bot.html)"
47.82.60.38 - - [06/Jul/2025:11:20:25 -0400] "GET /items/fqkzq171/26050?key=charter HTTP/1.1" 404 1251 "https://first-gulf.com.sa/items/fqkzq171/26050?key=charter" "Mozilla/5.0 (Windows NT 10.0; Win64; x64) AppleWebKit/537.36 (KHTML, like Gecko) Chrome/114.0.0.0 Safari/537.36 Edg/114.0.1823.43"
47.82.60.30 - - [06/Jul/2025:11:20:27 -0400] "GET /items/okmcj87/830?key=high HTTP/1.1" 404 1251 "https://first-gulf.com.sa/items/okmcj87/830?key=high" "Mozilla/5.0 (Windows NT 10.0; Win64; x64) AppleWebKit/537.36 (KHTML, like Gecko) Chrome/114.0.0.0 Safari/537.36 Edg/114.0.1823.43"
47.82.60.10 - - [06/Jul/2025:11:20:41 -0400] "GET /items/tuqen130/24375?key=instead HTTP/1.1" 404 1251 "https://first-gulf.com.sa/items/tuqen130/24375?key=instead" "Mozilla/5.0 (Windows NT 10.0; Win64; x64) AppleWebKit/537.36 (KHTML, like Gecko) Chrome/114.0.0.0 Safari/537.36 Edg/114.0.1823.43"
47.82.60.36 - - [06/Jul/2025:11:20:48 -0400] "GET /items/022025114.html HTTP/1.1" 404 1251 "https://www.first-gulf.com.sa/items/022025114.html" "Mozilla/5.0 (Windows NT 10.0; Win64; x64) AppleWebKit/537.36 (KHTML, like Gecko) Chrome/114.0.0.0 Safari/537.36 Edg/114.0.1823.43"
47.82.60.26 - - [06/Jul/2025:11:20:54 -0400] "GET /items/wujml110/30167?key=glove HTTP/1.1" 404 1251 "https://first-gulf.com.sa/items/wujml110/30167?key=glove" "Mozilla/5.0 (Windows NT 10.0; Win64; x64) AppleWebKit/537.36 (KHTML, like Gecko) Chrome/114.0.0.0 Safari/537.36 Edg/114.0.1823.43"
47.82.60.15 - - [06/Jul/2025:11:21:02 -0400] "GET /items/205027849.html HTTP/1.1" 404 1251 "https://first-gulf.com.sa/items/205027849.html" "Mozilla/5.0 (Windows NT 10.0; Win64; x64) AppleWebKit/537.36 (KHTML, like Gecko) Chrome/114.0.0.0 Safari/537.36 Edg/114.0.1823.43"
47.82.60.7 - - [06/Jul/2025:11:21:13 -0400] "GET /items/kzgfu187/13192?key=toilet HTTP/1.1" 404 1251 "https://first-gulf.com.sa/items/kzgfu187/13192?key=toilet" "Mozilla/5.0 (Windows NT 10.0; Win64; x64) AppleWebKit/537.36 (KHTML, like Gecko) Chrome/114.0.0.0 Safari/537.36 Edg/114.0.1823.43"
47.82.60.36 - - [06/Jul/2025:11:21:15 -0400] "GET /items/iugqt285/20928?key=origin HTTP/1.1" 404 1251 "https://www.first-gulf.com.sa/items/iugqt285/20928?key=origin" "Mozilla/5.0 (Windows NT 10.0; Win64; x64) AppleWebKit/537.36 (KHTML, like Gecko) Chrome/114.0.0.0 Safari/537.36 Edg/114.0.1823.43"
66.249.68.137 - - [06/Jul/2025:11:21:18 -0400] "GET /items/cvogb286/49513?key=evaluation HTTP/1.1" 404 1251 "-" "Mozilla/5.0 (compatible; Googlebot/2.1; +http://www.google.com/bot.html)"
47.82.60.26 - - [06/Jul/2025:11:21:19 -0400] "GET /items/okjua207/22212?key=afternoon HTTP/1.1" 404 1251 "https://first-gulf.com.sa/items/okjua207/22212?key=afternoon" "Mozilla/5.0 (Windows NT 10.0; Win64; x64) AppleWebKit/537.36 (KHTML, like Gecko) Chrome/114.0.0.0 Safari/537.36 Edg/114.0.1823.43"
47.82.60.49 - - [06/Jul/2025:11:21:20 -0400] "GET /items/mhlbj261/42578?key=position HTTP/1.1" 404 1251 "https://first-gulf.com.sa/items/mhlbj261/42578?key=position" "Mozilla/5.0 (Windows NT 10.0; Win64; x64) AppleWebKit/537.36 (KHTML, like Gecko) Chrome/114.0.0.0 Safari/537.36 Edg/114.0.1823.43"
66.249.68.137 - - [06/Jul/2025:11:21:23 -0400] "GET /pcmypage?callback=/product%2Fdetail%2sinceremall-aafr8376ahar HTTP/1.1" 404 1251 "-" "Mozilla/5.0 (Linux; Android 6.0.1; Nexus 5X Build/MMB29P) AppleWebKit/537.36 (KHTML, like Gecko) Chrome/137.0.7151.103 Mobile Safari/537.36 (compatible; Googlebot/2.1; +http://www.google.com/bot.html)"
66.249.68.128 - - [06/Jul/2025:11:21:24 -0400] "GET /items/kpnih64/1241?key=hey HTTP/1.1" 404 1251 "-" "Mozilla/5.0 (Linux; Android 6.0.1; Nexus 5X Build/MMB29P) AppleWebKit/537.36 (KHTML, like Gecko) Chrome/137.0.7151.103 Mobile Safari/537.36 (compatible; Googlebot/2.1; +http://www.google.com/bot.html)"
66.249.68.128 - - [06/Jul/2025:11:21:25 -0400] "GET /items/zdftl166/24439?key=learning HTTP/1.1" 404 1251 "-" "Mozilla/5.0 (Linux; Android 6.0.1; Nexus 5X Build/MMB29P) AppleWebKit/537.36 (KHTML, like Gecko) Chrome/137.0.7151.103 Mobile Safari/537.36 (compatible; GoogleOther)"
