66.249.77.137 - - [06/Jul/2025:16:52:44 -0400] "GET /items/170012058.html?srsltid=AfmBOovnvuAMzHDGGeXWiB57TGbfAAqB9dtWVoDHLAP1bFSuBry1 HTTP/1.1" 404 1251 "-" "Mozilla/5.0 (Linux; Android 6.0.1; Nexus 5X Build/MMB29P) AppleWebKit/537.36 (KHTML, like Gecko) Chrome/137.0.7151.103 Mobile Safari/537.36 (compatible; Googlebot/2.1; +http://www.google.com/bot.html)"
66.249.77.137 - - [06/Jul/2025:16:52:50 -0400] "GET /items/115004683.html?srsltid=AfmBOoltuirovAmAHkOPFhQgJoLkLuxrF9OHnXnNDriduWDIVnyW HTTP/1.1" 404 1251 "-" "Mozilla/5.0 (Linux; Android 6.0.1; Nexus 5X Build/MMB29P) AppleWebKit/537.36 (KHTML, like Gecko) Chrome/137.0.7151.103 Mobile Safari/537.36 (compatible; Googlebot/2.1; +http://www.google.com/bot.html)"
66.249.69.14 - - [06/Jul/2025:16:52:51 -0400] "GET /items/167035375.html?srsltid=AfmBOobzuKxlTVbIMrZR9gekAKJdOQlimJof4xmv5vm81OGY3Tfk HTTP/1.1" 404 1251 "-" "Mozilla/5.0 (Linux; Android 6.0.1; Nexus 5X Build/MMB29P) AppleWebKit/537.36 (KHTML, like Gecko) Chrome/137.0.7151.103 Mobile Safari/537.36 (compatible; Googlebot/2.1; +http://www.google.com/bot.html)"
66.249.69.14 - - [06/Jul/2025:16:52:56 -0400] "GET /pcmypage?callback=product%2Fdetail%2Fle-noble-hest00000002 HTTP/1.1" 404 1251 "-" "Mozilla/5.0 (Linux; Android 6.0.1; Nexus 5X Build/MMB29P) AppleWebKit/537.36 (KHTML, like Gecko) Chrome/137.0.7151.103 Mobile Safari/537.36 (compatible; Googlebot/2.1; +http://www.google.com/bot.html)"
66.249.77.137 - - [06/Jul/2025:16:52:57 -0400] "GET /items/286033550.html?srsltid=AfmBOoachQUtwrlwWaBwBlgPMGitGrcd6rcI0Lc0bDwy8EtJP3p5 HTTP/1.1" 404 1251 "-" "Mozilla/5.0 (Linux; Android 6.0.1; Nexus 5X Build/MMB29P) AppleWebKit/537.36 (KHTML, like Gecko) Chrome/137.0.7151.103 Mobile Safari/537.36 (compatible; Googlebot/2.1; +http://www.google.com/bot.html)"
2001:41d0:303:34e2::1 - - [06/Jul/2025:16:52:59 -0400] "GET /wp-includes/interactivity-api/?MA HTTP/1.1" 200 709 "-" "Mozilla/5.0 (compatible; MJ12bot/v1.4.8; http://mj12bot.com/)"
2001:41d0:303:34e2::1 - - [06/Jul/2025:16:53:02 -0400] "GET /wp-includes/interactivity-api/?ND HTTP/1.1" 200 702 "-" "Mozilla/5.0 (compatible; MJ12bot/v1.4.8; http://mj12bot.com/)"
66.249.77.139 - - [06/Jul/2025:16:53:04 -0400] "GET /items/wzoip3/1294?key=shape HTTP/1.1" 404 1251 "-" "Mozilla/5.0 (Linux; Android 6.0.1; Nexus 5X Build/MMB29P) AppleWebKit/537.36 (KHTML, like Gecko) Chrome/137.0.7151.103 Mobile Safari/537.36 (compatible; Googlebot/2.1; +http://www.google.com/bot.html)"
2001:41d0:303:34e2::1 - - [06/Jul/2025:16:53:04 -0400] "GET /wp-includes/interactivity-api/?SA HTTP/1.1" 200 706 "-" "Mozilla/5.0 (compatible; MJ12bot/v1.4.8; http://mj12bot.com/)"
66.249.69.2 - - [06/Jul/2025:16:53:04 -0400] "GET /items/212039754.html?srsltid=AfmBOopszxgBBhARBlkE1cBcBWSqvWhXFNPiiP42EsUcUJjL9Cty HTTP/1.1" 404 1251 "-" "Mozilla/5.0 (Linux; Android 6.0.1; Nexus 5X Build/MMB29P) AppleWebKit/537.36 (KHTML, like Gecko) Chrome/137.0.7151.103 Mobile Safari/537.36 (compatible; Googlebot/2.1; +http://www.google.com/bot.html)"
2001:41d0:303:34e2::1 - - [06/Jul/2025:16:53:06 -0400] "GET /wp-includes/interactivity-api/class-wp-interactivity-api-directives-processor.php HTTP/1.1" 403 1242 "-" "Mozilla/5.0 (compatible; MJ12bot/v1.4.8; http://mj12bot.com/)"
66.249.77.138 - - [06/Jul/2025:16:53:07 -0400] "GET /items/226036976.html?srsltid=AfmBOoxposQtALyiGTVcZuOnTYAQyTVt9DmzwYeGFP8MZx71vcOv HTTP/1.1" 404 1251 "-" "Mozilla/5.0 (Linux; Android 6.0.1; Nexus 5X Build/MMB29P) AppleWebKit/537.36 (KHTML, like Gecko) Chrome/137.0.7151.103 Mobile Safari/537.36 (compatible; Googlebot/2.1; +http://www.google.com/bot.html)"
2001:41d0:303:34e2::1 - - [06/Jul/2025:16:53:08 -0400] "GET /wp-includes/interactivity-api/class-wp-interactivity-api.php HTTP/1.1" 403 1242 "-" "Mozilla/5.0 (compatible; MJ12bot/v1.4.8; http://mj12bot.com/)"
2001:41d0:303:34e2::1 - - [06/Jul/2025:16:53:09 -0400] "GET /wp-includes/interactivity-api/interactivity-api.php HTTP/1.1" 403 1242 "-" "Mozilla/5.0 (compatible; MJ12bot/v1.4.8; http://mj12bot.com/)"
66.249.77.138 - - [06/Jul/2025:16:53:11 -0400] "GET /items/176003046.html?srsltid=AfmBOoweqruQsaiTkuMM6NZuHoFsPxUB0IwfPkmLGuTpM3Rn1uuK HTTP/1.1" 404 1251 "-" "Mozilla/5.0 (Linux; Android 6.0.1; Nexus 5X Build/MMB29P) AppleWebKit/537.36 (KHTML, like Gecko) Chrome/137.0.7151.103 Mobile Safari/537.36 (compatible; Googlebot/2.1; +http://www.google.com/bot.html)"
2001:41d0:303:34e2::1 - - [06/Jul/2025:16:53:11 -0400] "GET /wp-includes/js/?MA HTTP/1.1" 403 1242 "-" "Mozilla/5.0 (compatible; MJ12bot/v1.4.8; http://mj12bot.com/)"
2001:41d0:303:34e2::1 - - [06/Jul/2025:16:53:13 -0400] "GET /wp-includes/js/?ND HTTP/1.1" 403 1242 "-" "Mozilla/5.0 (compatible; MJ12bot/v1.4.8; http://mj12bot.com/)"
2001:41d0:303:34e2::1 - - [06/Jul/2025:16:53:14 -0400] "GET /wp-includes/js/?SA HTTP/1.1" 403 1242 "-" "Mozilla/5.0 (compatible; MJ12bot/v1.4.8; http://mj12bot.com/)"
66.249.77.137 - - [06/Jul/2025:16:53:15 -0400] "GET /items/212030082.html?srsltid=AfmBOowqoCmzeAxDoJfQgR3uWupShlaGi22ND9Z9uSzgAnIFiDLZ HTTP/1.1" 404 1251 "-" "Mozilla/5.0 (Linux; Android 6.0.1; Nexus 5X Build/MMB29P) AppleWebKit/537.36 (KHTML, like Gecko) Chrome/137.0.7151.103 Mobile Safari/537.36 (compatible; Googlebot/2.1; +http://www.google.com/bot.html)"
2001:41d0:303:34e2::1 - - [06/Jul/2025:16:53:17 -0400] "GET /wp-includes/js/admin-bar.js HTTP/1.1" 200 2571 "-" "Mozilla/5.0 (compatible; MJ12bot/v1.4.8; http://mj12bot.com/)"
66.249.69.2 - - [06/Jul/2025:16:53:18 -0400] "GET /items/294001854.html?srsltid=AfmBOotoaONaBmtOkXQRdAtTFHnxfLJQXw2y7L3Hs16pY6icYPUM HTTP/1.1" 404 1251 "-" "Mozilla/5.0 (compatible; Googlebot/2.1; +http://www.google.com/bot.html)"
2001:41d0:303:34e2::1 - - [06/Jul/2025:16:53:19 -0400] "GET /wp-includes/js/admin-bar.min.js HTTP/1.1" 200 1223 "-" "Mozilla/5.0 (compatible; MJ12bot/v1.4.8; http://mj12bot.com/)"
2001:41d0:303:34e2::1 - - [06/Jul/2025:16:53:21 -0400] "GET /wp-includes/js/api-request.js HTTP/1.1" 200 1227 "-" "Mozilla/5.0 (compatible; MJ12bot/v1.4.8; http://mj12bot.com/)"
66.249.77.137 - - [06/Jul/2025:16:53:22 -0400] "GET /items/208046138.html?srsltid=AfmBOozwaXezqLSrGZjF7GSdWtDQvKfG9u8Kpt7vHJptiv8LL5vE HTTP/1.1" 404 1251 "-" "Mozilla/5.0 (Linux; Android 6.0.1; Nexus 5X Build/MMB29P) AppleWebKit/537.36 (KHTML, like Gecko) Chrome/137.0.7151.103 Mobile Safari/537.36 (compatible; Googlebot/2.1; +http://www.google.com/bot.html)"
66.249.77.137 - - [06/Jul/2025:16:53:23 -0400] "GET /items/pacnf1/240?key=survey HTTP/1.1" 404 1251 "-" "Mozilla/5.0 (Linux; Android 6.0.1; Nexus 5X Build/MMB29P) AppleWebKit/537.36 (KHTML, like Gecko) Chrome/137.0.7151.119 Mobile Safari/537.36 (compatible; Googlebot/2.1; +http://www.google.com/bot.html)"
2001:41d0:303:34e2::1 - - [06/Jul/2025:16:53:23 -0400] "GET /wp-includes/js/api-request.min.js HTTP/1.1" 200 530 "-" "Mozilla/5.0 (compatible; MJ12bot/v1.4.8; http://mj12bot.com/)"
2001:41d0:303:34e2::1 - - [06/Jul/2025:16:53:25 -0400] "GET /wp-includes/js/autosave.js HTTP/1.1" 200 5611 "-" "Mozilla/5.0 (compatible; MJ12bot/v1.4.8; http://mj12bot.com/)"
2001:41d0:303:34e2::1 - - [06/Jul/2025:16:53:27 -0400] "GET /wp-includes/js/autosave.min.js HTTP/1.1" 200 2152 "-" "Mozilla/5.0 (compatible; MJ12bot/v1.4.8; http://mj12bot.com/)"
66.249.77.137 - - [06/Jul/2025:16:53:29 -0400] "GET /items/285040295.html?srsltid=AfmBOooorTSZgVFVjyVRpgRxOKOfOdxOJGeOgJaB6l2ET1z2DWUE HTTP/1.1" 404 1251 "-" "Mozilla/5.0 (Linux; Android 6.0.1; Nexus 5X Build/MMB29P) AppleWebKit/537.36 (KHTML, like Gecko) Chrome/137.0.7151.103 Mobile Safari/537.36 (compatible; Googlebot/2.1; +http://www.google.com/bot.html)"
2001:41d0:303:34e2::1 - - [06/Jul/2025:16:53:29 -0400] "GET /wp-includes/js/backbone.js HTTP/1.1" 200 21715 "-" "Mozilla/5.0 (compatible; MJ12bot/v1.4.8; http://mj12bot.com/)"
2001:41d0:303:34e2::1 - - [06/Jul/2025:16:53:32 -0400] "GET /wp-includes/js/backbone.min.js HTTP/1.1" 200 7832 "-" "Mozilla/5.0 (compatible; MJ12bot/v1.4.8; http://mj12bot.com/)"
2001:41d0:303:34e2::1 - - [06/Jul/2025:16:53:34 -0400] "GET /wp-includes/js/clipboard.js HTTP/1.1" 200 6600 "-" "Mozilla/5.0 (compatible; MJ12bot/v1.4.8; http://mj12bot.com/)"
66.249.77.137 - - [06/Jul/2025:16:53:36 -0400] "GET /items/294045528.html?srsltid=AfmBOomicdSyEDTvikQQZPjQVKyVXtbxve8oF1eZOqAge3ZAYDuZ HTTP/1.1" 404 1251 "-" "Mozilla/5.0 (Linux; Android 6.0.1; Nexus 5X Build/MMB29P) AppleWebKit/537.36 (KHTML, like Gecko) Chrome/137.0.7151.103 Mobile Safari/537.36 (compatible; Googlebot/2.1; +http://www.google.com/bot.html)"
2001:41d0:303:34e2::1 - - [06/Jul/2025:16:53:36 -0400] "GET /wp-includes/js/clipboard.min.js HTTP/1.1" 200 2989 "-" "Mozilla/5.0 (compatible; MJ12bot/v1.4.8; http://mj12bot.com/)"
2001:41d0:303:34e2::1 - - [06/Jul/2025:16:53:38 -0400] "GET /wp-includes/js/codemirror/ HTTP/1.1" 200 1094 "-" "Mozilla/5.0 (compatible; MJ12bot/v1.4.8; http://mj12bot.com/)"
2001:41d0:303:34e2::1 - - [06/Jul/2025:16:53:40 -0400] "GET /wp-includes/js/colorpicker.js HTTP/1.1" 200 7521 "-" "Mozilla/5.0 (compatible; MJ12bot/v1.4.8; http://mj12bot.com/)"
2001:41d0:303:34e2::1 - - [06/Jul/2025:16:53:42 -0400] "GET /wp-includes/js/colorpicker.min.js HTTP/1.1" 200 4076 "-" "Mozilla/5.0 (compatible; MJ12bot/v1.4.8; http://mj12bot.com/)"
66.249.77.137 - - [06/Jul/2025:16:53:43 -0400] "GET /items/297038857.html?srsltid=AfmBOomlomGsFMBbTkgPzAyoLWKUuprgg8tVzaAWAPQsHdLgrxQw HTTP/1.1" 404 1251 "-" "Mozilla/5.0 (Linux; Android 6.0.1; Nexus 5X Build/MMB29P) AppleWebKit/537.36 (KHTML, like Gecko) Chrome/137.0.7151.103 Mobile Safari/537.36 (compatible; Googlebot/2.1; +http://www.google.com/bot.html)"
2001:41d0:303:34e2::1 - - [06/Jul/2025:16:53:44 -0400] "GET /wp-includes/js/comment-reply.js HTTP/1.1" 200 3483 "-" "Mozilla/5.0 (compatible; MJ12bot/v1.4.8; http://mj12bot.com/)"
2001:41d0:303:34e2::1 - - [06/Jul/2025:16:53:46 -0400] "GET /wp-includes/js/comment-reply.min.js HTTP/1.1" 200 1247 "-" "Mozilla/5.0 (compatible; MJ12bot/v1.4.8; http://mj12bot.com/)"
2001:41d0:303:34e2::1 - - [06/Jul/2025:16:53:48 -0400] "GET /wp-includes/js/crop/ HTTP/1.1" 200 721 "-" "Mozilla/5.0 (compatible; MJ12bot/v1.4.8; http://mj12bot.com/)"
2001:41d0:303:34e2::1 - - [06/Jul/2025:16:53:51 -0400] "GET /wp-includes/js/customize-base.js HTTP/1.1" 200 6895 "-" "Mozilla/5.0 (compatible; MJ12bot/v1.4.8; http://mj12bot.com/)"
2001:41d0:303:34e2::1 - - [06/Jul/2025:16:53:52 -0400] "GET /wp-includes/js/customize-base.min.js HTTP/1.1" 200 2386 "-" "Mozilla/5.0 (compatible; MJ12bot/v1.4.8; http://mj12bot.com/)"
2001:41d0:303:34e2::1 - - [06/Jul/2025:16:53:54 -0400] "GET /wp-includes/js/customize-loader.js HTTP/1.1" 200 2473 "-" "Mozilla/5.0 (compatible; MJ12bot/v1.4.8; http://mj12bot.com/)"
66.249.77.129 - - [06/Jul/2025:16:53:56 -0400] "GET /items/087036439.html?srsltid=AfmBOofqoVgOelpnkdzUpcEVJKZQXDAI9K795kE57lkXY0CWtJCC HTTP/1.1" 404 1251 "-" "Mozilla/5.0 (Linux; Android 6.0.1; Nexus 5X Build/MMB29P) AppleWebKit/537.36 (KHTML, like Gecko) Chrome/137.0.7151.103 Mobile Safari/537.36 (compatible; Googlebot/2.1; +http://www.google.com/bot.html)"
2001:41d0:303:34e2::1 - - [06/Jul/2025:16:53:57 -0400] "GET /wp-includes/js/customize-loader.min.js HTTP/1.1" 200 1224 "-" "Mozilla/5.0 (compatible; MJ12bot/v1.4.8; http://mj12bot.com/)"
2001:41d0:303:34e2::1 - - [06/Jul/2025:16:53:59 -0400] "GET /wp-includes/js/customize-models.js HTTP/1.1" 200 1800 "-" "Mozilla/5.0 (compatible; MJ12bot/v1.4.8; http://mj12bot.com/)"
66.249.77.129 - - [06/Jul/2025:16:54:00 -0400] "GET /items/065035997.html?srsltid=AfmBOoibdZIVhApCdnYgp8npDdQgLjvy5bVBUv46YGqp1h7Bb9cx HTTP/1.1" 404 1251 "-" "Mozilla/5.0 (Linux; Android 6.0.1; Nexus 5X Build/MMB29P) AppleWebKit/537.36 (KHTML, like Gecko) Chrome/137.0.7151.103 Mobile Safari/537.36 (compatible; Googlebot/2.1; +http://www.google.com/bot.html)"
2001:41d0:303:34e2::1 - - [06/Jul/2025:16:54:01 -0400] "GET /wp-includes/js/customize-models.min.js HTTP/1.1" 200 1067 "-" "Mozilla/5.0 (compatible; MJ12bot/v1.4.8; http://mj12bot.com/)"
2001:41d0:303:34e2::1 - - [06/Jul/2025:16:54:03 -0400] "GET /wp-includes/js/customize-preview-nav-menus.js HTTP/1.1" 200 3933 "-" "Mozilla/5.0 (compatible; MJ12bot/v1.4.8; http://mj12bot.com/)"
66.249.77.129 - - [06/Jul/2025:16:54:04 -0400] "GET /items/015029257.html?srsltid=AfmBOohivYeakBvUcvtbmZPiTdxlyalEQ8NmR56qrVGjAGYfyAQN HTTP/1.1" 404 1251 "-" "Mozilla/5.0 (Linux; Android 6.0.1; Nexus 5X Build/MMB29P) AppleWebKit/537.36 (KHTML, like Gecko) Chrome/137.0.7151.103 Mobile Safari/537.36 (compatible; Googlebot/2.1; +http://www.google.com/bot.html)"
2001:41d0:303:34e2::1 - - [06/Jul/2025:16:54:05 -0400] "GET /wp-includes/js/customize-preview-nav-menus.min.js HTTP/1.1" 200 1622 "-" "Mozilla/5.0 (compatible; MJ12bot/v1.4.8; http://mj12bot.com/)"
2001:41d0:303:34e2::1 - - [06/Jul/2025:16:54:07 -0400] "GET /wp-includes/js/customize-preview-widgets.js HTTP/1.1" 200 5574 "-" "Mozilla/5.0 (compatible; MJ12bot/v1.4.8; http://mj12bot.com/)"
69.197.135.226 - - [06/Jul/2025:16:54:09 -0400] "GET /wp-content/install.php HTTP/1.1" 404 1251 "https://first-gulf.com.sa/wp-content/install.php" "Mozilla/5.0 (Windows NT 10.0; Win64; x64) AppleWebKit/537.36 (KHTML, like Gecko) Chrome/58.0.3029.110 Safari/537.3"
2001:41d0:303:34e2::1 - - [06/Jul/2025:16:54:10 -0400] "GET /wp-includes/js/customize-preview-widgets.min.js HTTP/1.1" 200 2428 "-" "Mozilla/5.0 (compatible; MJ12bot/v1.4.8; http://mj12bot.com/)"
66.249.77.129 - - [06/Jul/2025:16:54:11 -0400] "GET /items/057035129.html?srsltid=AfmBOobebpQwFdyHLjVEBoapRKsdpNRkxlFtUoPIGoNfJEF8Tv8N HTTP/1.1" 404 1251 "-" "Mozilla/5.0 (Linux; Android 6.0.1; Nexus 5X Build/MMB29P) AppleWebKit/537.36 (KHTML, like Gecko) Chrome/137.0.7151.103 Mobile Safari/537.36 (compatible; Googlebot/2.1; +http://www.google.com/bot.html)"
66.249.77.129 - - [06/Jul/2025:16:54:12 -0400] "GET /items/011021039.html?srsltid=AfmBOogkgMjKlAeTFewj4f61GBcjKQjXLQZ0d9yxzCUOrt7d5Lj0 HTTP/1.1" 404 1251 "-" "Mozilla/5.0 (Linux; Android 6.0.1; Nexus 5X Build/MMB29P) AppleWebKit/537.36 (KHTML, like Gecko) Chrome/137.0.7151.103 Mobile Safari/537.36 (compatible; Googlebot/2.1; +http://www.google.com/bot.html)"
2001:41d0:303:34e2::1 - - [06/Jul/2025:16:54:12 -0400] "GET /wp-includes/js/customize-preview.js HTTP/1.1" 200 7106 "-" "Mozilla/5.0 (compatible; MJ12bot/v1.4.8; http://mj12bot.com/)"
2001:41d0:303:34e2::1 - - [06/Jul/2025:16:54:14 -0400] "GET /wp-includes/js/customize-preview.min.js HTTP/1.1" 200 2867 "-" "Mozilla/5.0 (compatible; MJ12bot/v1.4.8; http://mj12bot.com/)"
2001:41d0:303:34e2::1 - - [06/Jul/2025:16:54:16 -0400] "GET /wp-includes/js/customize-selective-refresh.js HTTP/1.1" 200 8600 "-" "Mozilla/5.0 (compatible; MJ12bot/v1.4.8; http://mj12bot.com/)"
2001:41d0:303:34e2::1 - - [06/Jul/2025:16:54:18 -0400] "GET /wp-includes/js/customize-selective-refresh.min.js HTTP/1.1" 200 3480 "-" "Mozilla/5.0 (compatible; MJ12bot/v1.4.8; http://mj12bot.com/)"
2001:41d0:303:34e2::1 - - [06/Jul/2025:16:54:20 -0400] "GET /wp-includes/js/customize-views.js HTTP/1.1" 200 1310 "-" "Mozilla/5.0 (compatible; MJ12bot/v1.4.8; http://mj12bot.com/)"
66.249.77.129 - - [06/Jul/2025:16:54:21 -0400] "GET /items/105045397.html?srsltid=AfmBOowszKDFeqvHSCqEITfDYqNVkBcNCbA91HaBeh011cPyiJPA HTTP/1.1" 404 1251 "-" "Mozilla/5.0 (Linux; Android 6.0.1; Nexus 5X Build/MMB29P) AppleWebKit/537.36 (KHTML, like Gecko) Chrome/137.0.7151.103 Mobile Safari/537.36 (compatible; Googlebot/2.1; +http://www.google.com/bot.html)"
2001:41d0:303:34e2::1 - - [06/Jul/2025:16:54:22 -0400] "GET /wp-includes/js/customize-views.min.js HTTP/1.1" 200 783 "-" "Mozilla/5.0 (compatible; MJ12bot/v1.4.8; http://mj12bot.com/)"
2001:41d0:303:34e2::1 - - [06/Jul/2025:16:54:25 -0400] "GET /wp-includes/js/dist/ HTTP/1.1" 200 3453 "-" "Mozilla/5.0 (compatible; MJ12bot/v1.4.8; http://mj12bot.com/)"
66.249.77.129 - - [06/Jul/2025:16:54:25 -0400] "GET /items/wuxso106/48567?key=hot HTTP/1.1" 404 1251 "-" "Mozilla/5.0 (Linux; Android 6.0.1; Nexus 5X Build/MMB29P) AppleWebKit/537.36 (KHTML, like Gecko) Chrome/137.0.7151.119 Mobile Safari/537.36 (compatible; Googlebot/2.1; +http://www.google.com/bot.html)"
2001:41d0:303:34e2::1 - - [06/Jul/2025:16:54:27 -0400] "GET /wp-includes/js/heartbeat.js HTTP/1.1" 200 6293 "-" "Mozilla/5.0 (compatible; MJ12bot/v1.4.8; http://mj12bot.com/)"
66.249.77.129 - - [06/Jul/2025:16:54:28 -0400] "GET /items/139000369.html?srsltid=AfmBOoohsGsRoijDqXVkXOLoEZhJyvCOzKQ2tgfWWZ9n9leFl8FH HTTP/1.1" 404 1251 "-" "Mozilla/5.0 (Linux; Android 6.0.1; Nexus 5X Build/MMB29P) AppleWebKit/537.36 (KHTML, like Gecko) Chrome/137.0.7151.103 Mobile Safari/537.36 (compatible; Googlebot/2.1; +http://www.google.com/bot.html)"
2001:41d0:303:34e2::1 - - [06/Jul/2025:16:54:29 -0400] "GET /wp-includes/js/heartbeat.min.js HTTP/1.1" 200 1947 "-" "Mozilla/5.0 (compatible; MJ12bot/v1.4.8; http://mj12bot.com/)"
2001:41d0:303:34e2::1 - - [06/Jul/2025:16:54:31 -0400] "GET /wp-includes/js/hoverIntent.js HTTP/1.1" 200 2268 "-" "Mozilla/5.0 (compatible; MJ12bot/v1.4.8; http://mj12bot.com/)"
2001:41d0:303:34e2::1 - - [06/Jul/2025:16:54:33 -0400] "GET /wp-includes/js/hoverIntent.min.js HTTP/1.1" 200 668 "-" "Mozilla/5.0 (compatible; MJ12bot/v1.4.8; http://mj12bot.com/)"
66.249.77.129 - - [06/Jul/2025:16:54:34 -0400] "GET /items/296037542.html?srsltid=AfmBOohzbZpzHQzcsCVmaBQ9MBYpWNze0waB5AOJi2UvY8zfsU4G HTTP/1.1" 404 1251 "-" "Mozilla/5.0 (Linux; Android 6.0.1; Nexus 5X Build/MMB29P) AppleWebKit/537.36 (KHTML, like Gecko) Chrome/137.0.7151.103 Mobile Safari/537.36 (compatible; Googlebot/2.1; +http://www.google.com/bot.html)"
2001:41d0:303:34e2::1 - - [06/Jul/2025:16:54:35 -0400] "GET /wp-includes/js/hoverintent-js.min.js HTTP/1.1" 200 665 "-" "Mozilla/5.0 (compatible; MJ12bot/v1.4.8; http://mj12bot.com/)"
2001:41d0:303:34e2::1 - - [06/Jul/2025:16:54:37 -0400] "GET /wp-includes/js/imagesloaded.min.js HTTP/1.1" 200 1687 "-" "Mozilla/5.0 (compatible; MJ12bot/v1.4.8; http://mj12bot.com/)"
2001:41d0:303:34e2::1 - - [06/Jul/2025:16:54:39 -0400] "GET /wp-includes/js/imgareaselect/ HTTP/1.1" 200 740 "-" "Mozilla/5.0 (compatible; MJ12bot/v1.4.8; http://mj12bot.com/)"
66.249.77.129 - - [06/Jul/2025:16:54:41 -0400] "GET /items/130032850.html?srsltid=AfmBOoyikWCRBhaMrHMbBuHKSZiYgOqgYMElH1natFB8fnDXaEkm HTTP/1.1" 404 1251 "-" "Mozilla/5.0 (Linux; Android 6.0.1; Nexus 5X Build/MMB29P) AppleWebKit/537.36 (KHTML, like Gecko) Chrome/137.0.7151.103 Mobile Safari/537.36 (compatible; Googlebot/2.1; +http://www.google.com/bot.html)"
2001:41d0:303:34e2::1 - - [06/Jul/2025:16:54:41 -0400] "GET /wp-includes/js/jcrop/ HTTP/1.1" 200 702 "-" "Mozilla/5.0 (compatible; MJ12bot/v1.4.8; http://mj12bot.com/)"
2001:41d0:303:34e2::1 - - [06/Jul/2025:16:54:43 -0400] "GET /wp-includes/js/jquery/ HTTP/1.1" 200 1338 "-" "Mozilla/5.0 (compatible; MJ12bot/v1.4.8; http://mj12bot.com/)"
2001:41d0:303:34e2::1 - - [06/Jul/2025:16:54:44 -0400] "GET /wp-includes/js/json2.js HTTP/1.1" 200 5292 "-" "Mozilla/5.0 (compatible; MJ12bot/v1.4.8; http://mj12bot.com/)"
66.249.77.129 - - [06/Jul/2025:16:54:45 -0400] "GET /pcmypage?callback=/product%2Fdetail%2sportsplaza-sup-sbg-r4247-1 HTTP/1.1" 404 1251 "-" "Mozilla/5.0 (Linux; Android 6.0.1; Nexus 5X Build/MMB29P) AppleWebKit/537.36 (KHTML, like Gecko) Chrome/137.0.7151.103 Mobile Safari/537.36 (compatible; GoogleOther)"
2001:41d0:303:34e2::1 - - [06/Jul/2025:16:54:47 -0400] "GET /wp-includes/js/json2.min.js HTTP/1.1" 200 1289 "-" "Mozilla/5.0 (compatible; MJ12bot/v1.4.8; http://mj12bot.com/)"
66.249.77.129 - - [06/Jul/2025:16:54:48 -0400] "GET /product/edit/halloc-esco-ea465as-6 HTTP/1.1" 404 1251 "-" "Mozilla/5.0 (Linux; Android 6.0.1; Nexus 5X Build/MMB29P) AppleWebKit/537.36 (KHTML, like Gecko) Chrome/137.0.7151.119 Mobile Safari/537.36 (compatible; Googlebot/2.1; +http://www.google.com/bot.html)"
66.249.77.129 - - [06/Jul/2025:16:54:48 -0400] "GET /items/241000511.html?srsltid=AfmBOosgrPaJNmcZRaAGkwv9IzgwFNPT7u1BTDfmLtR6JJ5kLexZ HTTP/1.1" 404 1251 "-" "Mozilla/5.0 (Linux; Android 6.0.1; Nexus 5X Build/MMB29P) AppleWebKit/537.36 (KHTML, like Gecko) Chrome/137.0.7151.103 Mobile Safari/537.36 (compatible; Googlebot/2.1; +http://www.google.com/bot.html)"
2001:41d0:303:34e2::1 - - [06/Jul/2025:16:54:48 -0400] "GET /wp-includes/js/masonry.min.js HTTP/1.1" 200 7117 "-" "Mozilla/5.0 (compatible; MJ12bot/v1.4.8; http://mj12bot.com/)"
2001:41d0:303:34e2::1 - - [06/Jul/2025:16:54:50 -0400] "GET /wp-includes/js/mce-view.js HTTP/1.1" 200 6607 "-" "Mozilla/5.0 (compatible; MJ12bot/v1.4.8; http://mj12bot.com/)"
2001:41d0:303:34e2::1 - - [06/Jul/2025:16:54:52 -0400] "GET /wp-includes/js/mce-view.min.js HTTP/1.1" 200 3437 "-" "Mozilla/5.0 (compatible; MJ12bot/v1.4.8; http://mj12bot.com/)"
2001:41d0:303:34e2::1 - - [06/Jul/2025:16:54:54 -0400] "GET /wp-includes/js/media-audiovideo.js HTTP/1.1" 200 5192 "-" "Mozilla/5.0 (compatible; MJ12bot/v1.4.8; http://mj12bot.com/)"
2001:41d0:303:34e2::1 - - [06/Jul/2025:16:54:57 -0400] "GET /wp-includes/js/media-audiovideo.min.js HTTP/1.1" 200 3153 "-" "Mozilla/5.0 (compatible; MJ12bot/v1.4.8; http://mj12bot.com/)"
2001:41d0:303:34e2::1 - - [06/Jul/2025:16:54:59 -0400] "GET /wp-includes/js/media-editor.js HTTP/1.1" 200 7286 "-" "Mozilla/5.0 (compatible; MJ12bot/v1.4.8; http://mj12bot.com/)"
2001:41d0:303:34e2::1 - - [06/Jul/2025:16:55:01 -0400] "GET /wp-includes/js/media-editor.min.js HTTP/1.1" 200 3457 "-" "Mozilla/5.0 (compatible; MJ12bot/v1.4.8; http://mj12bot.com/)"
66.249.77.131 - - [06/Jul/2025:16:55:01 -0400] "GET /items/003042679.html?srsltid=AfmBOotixQyOscrCqghV1co5MPxOfaiFchl9eNVOqyANK28vG3Sb HTTP/1.1" 404 1251 "-" "Mozilla/5.0 (Linux; Android 6.0.1; Nexus 5X Build/MMB29P) AppleWebKit/537.36 (KHTML, like Gecko) Chrome/137.0.7151.103 Mobile Safari/537.36 (compatible; Googlebot/2.1; +http://www.google.com/bot.html)"
2001:41d0:303:34e2::1 - - [06/Jul/2025:16:55:03 -0400] "GET /wp-includes/js/media-grid.js HTTP/1.1" 200 6546 "-" "Mozilla/5.0 (compatible; MJ12bot/v1.4.8; http://mj12bot.com/)"
2001:41d0:303:34e2::1 - - [06/Jul/2025:16:55:05 -0400] "GET /wp-includes/js/media-grid.min.js HTTP/1.1" 200 3665 "-" "Mozilla/5.0 (compatible; MJ12bot/v1.4.8; http://mj12bot.com/)"
2001:41d0:303:34e2::1 - - [06/Jul/2025:16:55:08 -0400] "GET /wp-includes/js/media-models.js HTTP/1.1" 200 10458 "-" "Mozilla/5.0 (compatible; MJ12bot/v1.4.8; http://mj12bot.com/)"
66.249.77.130 - - [06/Jul/2025:16:55:09 -0400] "GET /items/121047309.html?srsltid=AfmBOocokJMoiGKlVcazHwGJYrCQpSgnVP4Sy4PiTdoCgIt70z2Q HTTP/1.1" 404 1251 "-" "Mozilla/5.0 (Linux; Android 6.0.1; Nexus 5X Build/MMB29P) AppleWebKit/537.36 (KHTML, like Gecko) Chrome/137.0.7151.103 Mobile Safari/537.36 (compatible; Googlebot/2.1; +http://www.google.com/bot.html)"
66.249.77.130 - - [06/Jul/2025:16:55:09 -0400] "GET /product/edit/rcmd-tm-2228305 HTTP/1.1" 404 1251 "-" "Mozilla/5.0 (Linux; Android 6.0.1; Nexus 5X Build/MMB29P) AppleWebKit/537.36 (KHTML, like Gecko) Chrome/137.0.7151.103 Mobile Safari/537.36 (compatible; Googlebot/2.1; +http://www.google.com/bot.html)"
2001:41d0:303:34e2::1 - - [06/Jul/2025:16:55:10 -0400] "GET /wp-includes/js/media-models.min.js HTTP/1.1" 200 3988 "-" "Mozilla/5.0 (compatible; MJ12bot/v1.4.8; http://mj12bot.com/)"
2001:41d0:303:34e2::1 - - [06/Jul/2025:16:55:12 -0400] "GET /wp-includes/js/media-views.js HTTP/1.1" 200 54900 "-" "Mozilla/5.0 (compatible; MJ12bot/v1.4.8; http://mj12bot.com/)"
2001:41d0:303:34e2::1 - - [06/Jul/2025:16:55:15 -0400] "GET /wp-includes/js/media-views.min.js HTTP/1.1" 200 25396 "-" "Mozilla/5.0 (compatible; MJ12bot/v1.4.8; http://mj12bot.com/)"
66.249.77.129 - - [06/Jul/2025:16:55:16 -0400] "GET /items/210021886.html?srsltid=AfmBOoiviiMwkicNeoCSV4zRYqCPMmNoXYzSwyzEaKpOIKrc0IgG HTTP/1.1" 404 1251 "-" "Mozilla/5.0 (Linux; Android 6.0.1; Nexus 5X Build/MMB29P) AppleWebKit/537.36 (KHTML, like Gecko) Chrome/137.0.7151.103 Mobile Safari/537.36 (compatible; Googlebot/2.1; +http://www.google.com/bot.html)"
2001:41d0:303:34e2::1 - - [06/Jul/2025:16:55:17 -0400] "GET /wp-includes/js/mediaelement/ HTTP/1.1" 200 1349 "-" "Mozilla/5.0 (compatible; MJ12bot/v1.4.8; http://mj12bot.com/)"
2001:41d0:303:34e2::1 - - [06/Jul/2025:16:55:19 -0400] "GET /wp-includes/js/plupload/ HTTP/1.1" 200 1102 "-" "Mozilla/5.0 (compatible; MJ12bot/v1.4.8; http://mj12bot.com/)"
2001:41d0:303:34e2::1 - - [06/Jul/2025:16:55:21 -0400] "GET /wp-includes/js/quicktags.js HTTP/1.1" 200 5997 "-" "Mozilla/5.0 (compatible; MJ12bot/v1.4.8; http://mj12bot.com/)"
66.249.77.129 - - [06/Jul/2025:16:55:22 -0400] "GET /items/237029215.html?srsltid=AfmBOobuhlSpEJymBeXTmyPUOJmqwzglfr9pdOnVaRLJFtSqXNas HTTP/1.1" 404 1251 "-" "Mozilla/5.0 (Linux; Android 6.0.1; Nexus 5X Build/MMB29P) AppleWebKit/537.36 (KHTML, like Gecko) Chrome/137.0.7151.103 Mobile Safari/537.36 (compatible; Googlebot/2.1; +http://www.google.com/bot.html)"
66.249.77.129 - - [06/Jul/2025:16:55:23 -0400] "GET /items/007049827.html?srsltid=AfmBOoxwspNUGOxGvKQe7gyeOfiqfaCxgCwjcfUj6c3eRLNeAtt7 HTTP/1.1" 404 1251 "-" "Mozilla/5.0 (Linux; Android 6.0.1; Nexus 5X Build/MMB29P) AppleWebKit/537.36 (KHTML, like Gecko) Chrome/137.0.7151.103 Mobile Safari/537.36 (compatible; Googlebot/2.1; +http://www.google.com/bot.html)"
2001:41d0:303:34e2::1 - - [06/Jul/2025:16:55:23 -0400] "GET /wp-includes/js/quicktags.min.js HTTP/1.1" 200 3331 "-" "Mozilla/5.0 (compatible; MJ12bot/v1.4.8; http://mj12bot.com/)"
2001:41d0:303:34e2::1 - - [06/Jul/2025:16:55:25 -0400] "GET /wp-includes/js/shortcode.js HTTP/1.1" 200 3352 "-" "Mozilla/5.0 (compatible; MJ12bot/v1.4.8; http://mj12bot.com/)"
2001:41d0:303:34e2::1 - - [06/Jul/2025:16:55:27 -0400] "GET /wp-includes/js/shortcode.min.js HTTP/1.1" 200 1078 "-" "Mozilla/5.0 (compatible; MJ12bot/v1.4.8; http://mj12bot.com/)"
2001:41d0:303:34e2::1 - - [06/Jul/2025:16:55:29 -0400] "GET /wp-includes/js/swfobject.js HTTP/1.1" 200 3706 "-" "Mozilla/5.0 (compatible; MJ12bot/v1.4.8; http://mj12bot.com/)"
66.249.77.129 - - [06/Jul/2025:16:55:29 -0400] "GET /items/201017879.html?srsltid=AfmBOohkhGDRDVnqQTwVMVbpHoQzuvHBrKQGA8wM0dCq2zfqiNA8 HTTP/1.1" 404 1251 "-" "Mozilla/5.0 (Linux; Android 6.0.1; Nexus 5X Build/MMB29P) AppleWebKit/537.36 (KHTML, like Gecko) Chrome/137.0.7151.103 Mobile Safari/537.36 (compatible; Googlebot/2.1; +http://www.google.com/bot.html)"
66.249.77.129 - - [06/Jul/2025:16:55:30 -0400] "GET /items/skdsb37/680?key=rather HTTP/1.1" 404 1251 "-" "Mozilla/5.0 (Linux; Android 6.0.1; Nexus 5X Build/MMB29P) AppleWebKit/537.36 (KHTML, like Gecko) Chrome/137.0.7151.103 Mobile Safari/537.36 (compatible; Googlebot/2.1; +http://www.google.com/bot.html)"
2001:41d0:303:34e2::1 - - [06/Jul/2025:16:55:31 -0400] "GET /wp-includes/js/swfupload/ HTTP/1.1" 200 699 "-" "Mozilla/5.0 (compatible; MJ12bot/v1.4.8; http://mj12bot.com/)"
2001:41d0:303:34e2::1 - - [06/Jul/2025:16:55:33 -0400] "GET /wp-includes/js/thickbox/ HTTP/1.1" 200 735 "-" "Mozilla/5.0 (compatible; MJ12bot/v1.4.8; http://mj12bot.com/)"
2001:41d0:303:34e2::1 - - [06/Jul/2025:16:55:34 -0400] "GET /wp-includes/js/tinymce/ HTTP/1.1" 200 1127 "-" "Mozilla/5.0 (compatible; MJ12bot/v1.4.8; http://mj12bot.com/)"
2001:41d0:303:34e2::1 - - [06/Jul/2025:16:55:36 -0400] "GET /wp-includes/js/tw-sack.js HTTP/1.1" 200 1427 "-" "Mozilla/5.0 (compatible; MJ12bot/v1.4.8; http://mj12bot.com/)"
66.249.77.129 - - [06/Jul/2025:16:55:36 -0400] "GET /items/099040247.html?srsltid=AfmBOoqvbYOBtMqbKDvWktYaRAFWyQEtd85eEPdu7X0unsBGWTuA HTTP/1.1" 404 1251 "-" "Mozilla/5.0 (Linux; Android 6.0.1; Nexus 5X Build/MMB29P) AppleWebKit/537.36 (KHTML, like Gecko) Chrome/137.0.7151.103 Mobile Safari/537.36 (compatible; Googlebot/2.1; +http://www.google.com/bot.html)"
2001:41d0:303:34e2::1 - - [06/Jul/2025:16:55:38 -0400] "GET /wp-includes/js/tw-sack.min.js HTTP/1.1" 200 1055 "-" "Mozilla/5.0 (compatible; MJ12bot/v1.4.8; http://mj12bot.com/)"
2001:41d0:303:34e2::1 - - [06/Jul/2025:16:55:40 -0400] "GET /wp-includes/js/twemoji.js HTTP/1.1" 200 7967 "-" "Mozilla/5.0 (compatible; MJ12bot/v1.4.8; http://mj12bot.com/)"
2001:41d0:303:34e2::1 - - [06/Jul/2025:16:55:42 -0400] "GET /wp-includes/js/twemoji.min.js HTTP/1.1" 200 3601 "-" "Mozilla/5.0 (compatible; MJ12bot/v1.4.8; http://mj12bot.com/)"
66.249.69.2 - - [06/Jul/2025:16:55:43 -0400] "GET /items/286022630.html?srsltid=AfmBOosxiKMwMmndvOuDWc7MGxUKbYyFfln2fADqacRBSO4XqyJa HTTP/1.1" 404 1251 "-" "Mozilla/5.0 (Linux; Android 6.0.1; Nexus 5X Build/MMB29P) AppleWebKit/537.36 (KHTML, like Gecko) Chrome/137.0.7151.103 Mobile Safari/537.36 (compatible; Googlebot/2.1; +http://www.google.com/bot.html)"
66.249.77.129 - - [06/Jul/2025:16:55:44 -0400] "GET /items/242014064.html?srsltid=AfmBOohwsfbUuvIYktgWbYmWGhWBLKnEfvUMWdaEPNLiWiradKb9 HTTP/1.1" 404 1251 "-" "Mozilla/5.0 (Linux; Android 6.0.1; Nexus 5X Build/MMB29P) AppleWebKit/537.36 (KHTML, like Gecko) Chrome/137.0.7151.103 Mobile Safari/537.36 (compatible; Googlebot/2.1; +http://www.google.com/bot.html)"
2001:41d0:303:34e2::1 - - [06/Jul/2025:16:55:44 -0400] "GET /wp-includes/js/underscore.js HTTP/1.1" 200 18837 "-" "Mozilla/5.0 (compatible; MJ12bot/v1.4.8; http://mj12bot.com/)"
2001:41d0:303:34e2::1 - - [06/Jul/2025:16:55:46 -0400] "GET /wp-includes/js/underscore.min.js HTTP/1.1" 200 7185 "-" "Mozilla/5.0 (compatible; MJ12bot/v1.4.8; http://mj12bot.com/)"
66.249.77.129 - - [06/Jul/2025:16:55:47 -0400] "GET /items/282017708.html?srsltid=AfmBOozxrZaaoApkwImTGw8aXtZPSyhwmvb7u7K3HGaqNCbPgrpu HTTP/1.1" 404 1251 "-" "Mozilla/5.0 (Linux; Android 6.0.1; Nexus 5X Build/MMB29P) AppleWebKit/537.36 (KHTML, like Gecko) Chrome/137.0.7151.103 Mobile Safari/537.36 (compatible; Googlebot/2.1; +http://www.google.com/bot.html)"
2001:41d0:303:34e2::1 - - [06/Jul/2025:16:55:48 -0400] "GET /wp-includes/js/utils.js HTTP/1.1" 200 1549 "-" "Mozilla/5.0 (compatible; MJ12bot/v1.4.8; http://mj12bot.com/)"
66.249.77.129 - - [06/Jul/2025:16:55:50 -0400] "GET /items/274027168.html?srsltid=AfmBOovfkBbCQpCvunyM5y5LIUTjigeDCc0GqAaSjWUtp9BA3Pi0 HTTP/1.1" 404 1251 "-" "Mozilla/5.0 (Linux; Android 6.0.1; Nexus 5X Build/MMB29P) AppleWebKit/537.36 (KHTML, like Gecko) Chrome/137.0.7151.103 Mobile Safari/537.36 (compatible; Googlebot/2.1; +http://www.google.com/bot.html)"
2001:41d0:303:34e2::1 - - [06/Jul/2025:16:55:50 -0400] "GET /wp-includes/js/utils.min.js HTTP/1.1" 200 756 "-" "Mozilla/5.0 (compatible; MJ12bot/v1.4.8; http://mj12bot.com/)"
2001:41d0:303:34e2::1 - - [06/Jul/2025:16:55:52 -0400] "GET /wp-includes/js/wp-ajax-response.js HTTP/1.1" 200 1341 "-" "Mozilla/5.0 (compatible; MJ12bot/v1.4.8; http://mj12bot.com/)"
2001:41d0:303:34e2::1 - - [06/Jul/2025:16:55:54 -0400] "GET /wp-includes/js/wp-ajax-response.min.js HTTP/1.1" 200 1006 "-" "Mozilla/5.0 (compatible; MJ12bot/v1.4.8; http://mj12bot.com/)"
66.249.77.129 - - [06/Jul/2025:16:55:56 -0400] "GET /items/058019226.html?srsltid=AfmBOonmoMpKIcSUwiHUr9NJRpueUNKmVXf5BD1xC1tMiS5NNoVc HTTP/1.1" 404 1251 "-" "Mozilla/5.0 (Linux; Android 6.0.1; Nexus 5X Build/MMB29P) AppleWebKit/537.36 (KHTML, like Gecko) Chrome/137.0.7151.103 Mobile Safari/537.36 (compatible; Googlebot/2.1; +http://www.google.com/bot.html)"
2001:41d0:303:34e2::1 - - [06/Jul/2025:16:55:56 -0400] "GET /wp-includes/js/wp-api.js HTTP/1.1" 200 10451 "-" "Mozilla/5.0 (compatible; MJ12bot/v1.4.8; http://mj12bot.com/)"
2001:41d0:303:34e2::1 - - [06/Jul/2025:16:55:58 -0400] "GET /wp-includes/js/wp-api.min.js HTTP/1.1" 200 3983 "-" "Mozilla/5.0 (compatible; MJ12bot/v1.4.8; http://mj12bot.com/)"
2001:41d0:303:34e2::1 - - [06/Jul/2025:16:56:00 -0400] "GET /wp-includes/js/wp-auth-check.js HTTP/1.1" 200 1440 "-" "Mozilla/5.0 (compatible; MJ12bot/v1.4.8; http://mj12bot.com/)"
2001:41d0:303:34e2::1 - - [06/Jul/2025:16:56:02 -0400] "GET /wp-includes/js/wp-auth-check.min.js HTTP/1.1" 200 691 "-" "Mozilla/5.0 (compatible; MJ12bot/v1.4.8; http://mj12bot.com/)"
66.249.77.129 - - [06/Jul/2025:16:56:03 -0400] "GET /items/283006285.html?srsltid=AfmBOosuvhVjxnevNHLABLeALJhlcqBGSy0d6HVLAFCSLy7fyk1B HTTP/1.1" 404 1251 "-" "Mozilla/5.0 (Linux; Android 6.0.1; Nexus 5X Build/MMB29P) AppleWebKit/537.36 (KHTML, like Gecko) Chrome/137.0.7151.103 Mobile Safari/537.36 (compatible; Googlebot/2.1; +http://www.google.com/bot.html)"
2001:41d0:303:34e2::1 - - [06/Jul/2025:16:56:04 -0400] "GET /wp-includes/js/wp-backbone.js HTTP/1.1" 200 3462 "-" "Mozilla/5.0 (compatible; MJ12bot/v1.4.8; http://mj12bot.com/)"
2001:41d0:303:34e2::1 - - [06/Jul/2025:16:56:06 -0400] "GET /wp-includes/js/wp-backbone.min.js HTTP/1.1" 200 1086 "-" "Mozilla/5.0 (compatible; MJ12bot/v1.4.8; http://mj12bot.com/)"
2001:41d0:303:34e2::1 - - [06/Jul/2025:16:56:08 -0400] "GET /wp-includes/js/wp-custom-header.js HTTP/1.1" 200 2767 "-" "Mozilla/5.0 (compatible; MJ12bot/v1.4.8; http://mj12bot.com/)"
66.249.77.129 - - [06/Jul/2025:16:56:10 -0400] "GET /items/041044489.html?srsltid=AfmBOohgbEvzAqFqyNlqnLuaWyUQUPbLlbr0c2zutni0gWCQkySy HTTP/1.1" 404 1251 "-" "Mozilla/5.0 (Linux; Android 6.0.1; Nexus 5X Build/MMB29P) AppleWebKit/537.36 (KHTML, like Gecko) Chrome/137.0.7151.103 Mobile Safari/537.36 (compatible; Googlebot/2.1; +http://www.google.com/bot.html)"
2001:41d0:303:34e2::1 - - [06/Jul/2025:16:56:10 -0400] "GET /wp-includes/js/wp-custom-header.min.js HTTP/1.1" 200 1502 "-" "Mozilla/5.0 (compatible; MJ12bot/v1.4.8; http://mj12bot.com/)"
2001:41d0:303:34e2::1 - - [06/Jul/2025:16:56:12 -0400] "GET /wp-includes/js/wp-embed-template.js HTTP/1.1" 200 1702 "-" "Mozilla/5.0 (compatible; MJ12bot/v1.4.8; http://mj12bot.com/)"
2001:41d0:303:34e2::1 - - [06/Jul/2025:16:56:14 -0400] "GET /wp-includes/js/wp-embed-template.min.js HTTP/1.1" 200 1011 "-" "Mozilla/5.0 (compatible; MJ12bot/v1.4.8; http://mj12bot.com/)"
66.249.77.129 - - [06/Jul/2025:16:56:15 -0400] "GET /items/219028221.html?srsltid=AfmBOoetloTQbNHyyMvEq50zSInVTTibG5kmPRoWepXvpFkz9EBG HTTP/1.1" 404 1251 "-" "Mozilla/5.0 (Linux; Android 6.0.1; Nexus 5X Build/MMB29P) AppleWebKit/537.36 (KHTML, like Gecko) Chrome/137.0.7151.103 Mobile Safari/537.36 (compatible; Googlebot/2.1; +http://www.google.com/bot.html)"
2001:41d0:303:34e2::1 - - [06/Jul/2025:16:56:16 -0400] "GET /wp-includes/js/wp-embed.js HTTP/1.1" 200 1183 "-" "Mozilla/5.0 (compatible; MJ12bot/v1.4.8; http://mj12bot.com/)"
66.249.77.129 - - [06/Jul/2025:16:56:16 -0400] "GET /items/180008384.html?srsltid=AfmBOoxuylZClRaCbIMhZoxbNMRbmpfI7AH1FDEQ6P9xSGhb9GQ3 HTTP/1.1" 404 1251 "-" "Mozilla/5.0 (Linux; Android 6.0.1; Nexus 5X Build/MMB29P) AppleWebKit/537.36 (KHTML, like Gecko) Chrome/137.0.7151.103 Mobile Safari/537.36 (compatible; Googlebot/2.1; +http://www.google.com/bot.html)"
66.249.77.129 - - [06/Jul/2025:16:56:17 -0400] "GET /items/200029968.html?srsltid=AfmBOoxstijrSgCeOPDTYVXWSdNtIlKPZ6AIg46B3cwDBYZFHpR1 HTTP/1.1" 404 1251 "-" "Mozilla/5.0 (Linux; Android 6.0.1; Nexus 5X Build/MMB29P) AppleWebKit/537.36 (KHTML, like Gecko) Chrome/137.0.7151.103 Mobile Safari/537.36 (compatible; Googlebot/2.1; +http://www.google.com/bot.html)"
2001:41d0:303:34e2::1 - - [06/Jul/2025:16:56:18 -0400] "GET /wp-includes/js/wp-embed.min.js HTTP/1.1" 200 616 "-" "Mozilla/5.0 (compatible; MJ12bot/v1.4.8; http://mj12bot.com/)"
2001:41d0:303:34e2::1 - - [06/Jul/2025:16:56:20 -0400] "GET /wp-includes/js/wp-emoji-loader.js HTTP/1.1" 200 3512 "-" "Mozilla/5.0 (compatible; MJ12bot/v1.4.8; http://mj12bot.com/)"
2001:41d0:303:34e2::1 - - [06/Jul/2025:16:56:22 -0400] "GET /wp-includes/js/wp-emoji-loader.min.js HTTP/1.1" 200 1128 "-" "Mozilla/5.0 (compatible; MJ12bot/v1.4.8; http://mj12bot.com/)"
66.249.77.129 - - [06/Jul/2025:16:56:24 -0400] "GET /items/216035956.html?srsltid=AfmBOougxiurhmJdzbLqF6LLXFWtfGoOwQRhLtgOxnnyeV0IbLym HTTP/1.1" 404 1251 "-" "Mozilla/5.0 (Linux; Android 6.0.1; Nexus 5X Build/MMB29P) AppleWebKit/537.36 (KHTML, like Gecko) Chrome/137.0.7151.103 Mobile Safari/537.36 (compatible; Googlebot/2.1; +http://www.google.com/bot.html)"
2001:41d0:303:34e2::1 - - [06/Jul/2025:16:56:24 -0400] "GET /wp-includes/js/wp-emoji-release.min.js HTTP/1.1" 200 4771 "-" "Mozilla/5.0 (compatible; MJ12bot/v1.4.8; http://mj12bot.com/)"
2001:41d0:303:34e2::1 - - [06/Jul/2025:16:56:26 -0400] "GET /wp-includes/js/wp-emoji.js HTTP/1.1" 200 3176 "-" "Mozilla/5.0 (compatible; MJ12bot/v1.4.8; http://mj12bot.com/)"
2001:41d0:303:34e2::1 - - [06/Jul/2025:16:56:28 -0400] "GET /wp-includes/js/wp-emoji.min.js HTTP/1.1" 200 1329 "-" "Mozilla/5.0 (compatible; MJ12bot/v1.4.8; http://mj12bot.com/)"
66.249.77.129 - - [06/Jul/2025:16:56:30 -0400] "GET /items/122057872.html?srsltid=AfmBOocwuomhuxjFVtgvpTGtYmYBcVolvYEFBo8UY9x650lIxDSk HTTP/1.1" 404 1251 "-" "Mozilla/5.0 (Linux; Android 6.0.1; Nexus 5X Build/MMB29P) AppleWebKit/537.36 (KHTML, like Gecko) Chrome/137.0.7151.119 Mobile Safari/537.36 (compatible; Googlebot/2.1; +http://www.google.com/bot.html)"
2001:41d0:303:34e2::1 - - [06/Jul/2025:16:56:30 -0400] "GET /wp-includes/js/wp-list-revisions.js HTTP/1.1" 200 379 "-" "Mozilla/5.0 (compatible; MJ12bot/v1.4.8; http://mj12bot.com/)"
66.249.77.129 - - [06/Jul/2025:16:56:31 -0400] "GET /items/189013521.html?srsltid=AfmBOotklrQKtAhTZCaYw0kWNtxpmqhdRKxa5MLu2pNRSdv0ck6g HTTP/1.1" 404 1251 "-" "Mozilla/5.0 (Linux; Android 6.0.1; Nexus 5X Build/MMB29P) AppleWebKit/537.36 (KHTML, like Gecko) Chrome/137.0.7151.103 Mobile Safari/537.36 (compatible; Googlebot/2.1; +http://www.google.com/bot.html)"
2001:41d0:303:34e2::1 - - [06/Jul/2025:16:56:32 -0400] "GET /wp-includes/js/wp-list-revisions.min.js HTTP/1.1" 200 279 "-" "Mozilla/5.0 (compatible; MJ12bot/v1.4.8; http://mj12bot.com/)"
2001:41d0:303:34e2::1 - - [06/Jul/2025:16:56:34 -0400] "GET /wp-includes/js/wp-lists.js HTTP/1.1" 200 5138 "-" "Mozilla/5.0 (compatible; MJ12bot/v1.4.8; http://mj12bot.com/)"
66.249.69.2 - - [06/Jul/2025:16:56:35 -0400] "GET /14182238.html HTTP/1.1" 404 1251 "-" "Mozilla/5.0 (Linux; Android 6.0.1; Nexus 5X Build/MMB29P) AppleWebKit/537.36 (KHTML, like Gecko) Chrome/137.0.7151.119 Mobile Safari/537.36 (compatible; Googlebot/2.1; +http://www.google.com/bot.html)"
2001:41d0:303:34e2::1 - - [06/Jul/2025:16:56:36 -0400] "GET /wp-includes/js/wp-lists.min.js HTTP/1.1" 200 2359 "-" "Mozilla/5.0 (compatible; MJ12bot/v1.4.8; http://mj12bot.com/)"
2001:41d0:303:34e2::1 - - [06/Jul/2025:16:56:38 -0400] "GET /wp-includes/js/wp-pointer.js HTTP/1.1" 200 2822 "-" "Mozilla/5.0 (compatible; MJ12bot/v1.4.8; http://mj12bot.com/)"
66.249.69.3 - - [06/Jul/2025:16:56:38 -0400] "GET /pcmypage?callback=product/review/asty-shop-c2-ho3hz4gtrk-7w97 HTTP/1.1" 404 1251 "-" "Mozilla/5.0 (Linux; Android 6.0.1; Nexus 5X Build/MMB29P) AppleWebKit/537.36 (KHTML, like Gecko) Chrome/137.0.7151.103 Mobile Safari/537.36 (compatible; Googlebot/2.1; +http://www.google.com/bot.html)"
2001:41d0:303:34e2::1 - - [06/Jul/2025:16:56:40 -0400] "GET /wp-includes/js/wp-pointer.min.js HTTP/1.1" 200 1221 "-" "Mozilla/5.0 (compatible; MJ12bot/v1.4.8; http://mj12bot.com/)"
2001:41d0:303:34e2::1 - - [06/Jul/2025:16:56:42 -0400] "GET /wp-includes/js/wp-sanitize.js HTTP/1.1" 200 513 "-" "Mozilla/5.0 (compatible; MJ12bot/v1.4.8; http://mj12bot.com/)"
2001:41d0:303:34e2::1 - - [06/Jul/2025:16:56:44 -0400] "GET /wp-includes/js/wp-sanitize.min.js HTTP/1.1" 200 236 "-" "Mozilla/5.0 (compatible; MJ12bot/v1.4.8; http://mj12bot.com/)"
66.249.77.129 - - [06/Jul/2025:16:56:45 -0400] "GET /items/240009506.html?srsltid=AfmBOotpliLqgGbhehnZS9tDQCqbLXLBv1pXTh2cmcZDstWrpyDO HTTP/1.1" 404 1251 "-" "Mozilla/5.0 (Linux; Android 6.0.1; Nexus 5X Build/MMB29P) AppleWebKit/537.36 (KHTML, like Gecko) Chrome/137.0.7151.103 Mobile Safari/537.36 (compatible; Googlebot/2.1; +http://www.google.com/bot.html)"
2001:41d0:303:34e2::1 - - [06/Jul/2025:16:56:46 -0400] "GET /wp-includes/js/wp-util.js HTTP/1.1" 200 1581 "-" "Mozilla/5.0 (compatible; MJ12bot/v1.4.8; http://mj12bot.com/)"
2001:41d0:303:34e2::1 - - [06/Jul/2025:16:56:48 -0400] "GET /wp-includes/js/wp-util.min.js HTTP/1.1" 200 690 "-" "Mozilla/5.0 (compatible; MJ12bot/v1.4.8; http://mj12bot.com/)"
2404:8000:1002:77e8:7caa:d80b:c1fd:9ff0 - - [06/Jul/2025:16:56:49 -0400] "GET / HTTP/1.1" 200 1436 "-" "Mozilla/5.0 (Windows NT 10.0; Win64; x64) AppleWebKit/537.36 (KHTML, like Gecko) Chrome/116.0.5845.96 Safari/537.36 Googlebot/2.1"
2001:41d0:303:34e2::1 - - [06/Jul/2025:16:56:50 -0400] "GET /wp-includes/js/wpdialog.js HTTP/1.1" 200 284 "-" "Mozilla/5.0 (compatible; MJ12bot/v1.4.8; http://mj12bot.com/)"
66.249.77.129 - - [06/Jul/2025:16:56:52 -0400] "GET /items/030036836.html?srsltid=AfmBOotagZPeLeshQCFO9LzLFjLsxHpg4bJaTLSyqDzGGziuQP4y HTTP/1.1" 404 1251 "-" "Mozilla/5.0 (Linux; Android 6.0.1; Nexus 5X Build/MMB29P) AppleWebKit/537.36 (KHTML, like Gecko) Chrome/137.0.7151.103 Mobile Safari/537.36 (compatible; Googlebot/2.1; +http://www.google.com/bot.html)"
2001:41d0:303:34e2::1 - - [06/Jul/2025:16:56:52 -0400] "GET /wp-includes/js/wpdialog.min.js HTTP/1.1" 200 281 "-" "Mozilla/5.0 (compatible; MJ12bot/v1.4.8; http://mj12bot.com/)"
2001:41d0:303:34e2::1 - - [06/Jul/2025:16:56:54 -0400] "GET /wp-includes/js/wplink.js HTTP/1.1" 200 5763 "-" "Mozilla/5.0 (compatible; MJ12bot/v1.4.8; http://mj12bot.com/)"
2001:41d0:303:34e2::1 - - [06/Jul/2025:16:56:56 -0400] "GET /wp-includes/js/wplink.min.js HTTP/1.1" 200 3693 "-" "Mozilla/5.0 (compatible; MJ12bot/v1.4.8; http://mj12bot.com/)"
2001:41d0:303:34e2::1 - - [06/Jul/2025:16:56:58 -0400] "GET /wp-includes/js/zxcvbn-async.js HTTP/1.1" 200 344 "-" "Mozilla/5.0 (compatible; MJ12bot/v1.4.8; http://mj12bot.com/)"
66.249.77.129 - - [06/Jul/2025:16:56:59 -0400] "GET /items/069003141.html?srsltid=AfmBOodwmhkIGHZnGiRgDr1OZkARtkMUf8aeqgW4x7KGPs3eCAOx HTTP/1.1" 404 1251 "-" "Mozilla/5.0 (Linux; Android 6.0.1; Nexus 5X Build/MMB29P) AppleWebKit/537.36 (KHTML, like Gecko) Chrome/137.0.7151.103 Mobile Safari/537.36 (compatible; Googlebot/2.1; +http://www.google.com/bot.html)"
2001:41d0:303:34e2::1 - - [06/Jul/2025:16:57:00 -0400] "GET /wp-includes/js/zxcvbn-async.min.js HTTP/1.1" 200 187 "-" "Mozilla/5.0 (compatible; MJ12bot/v1.4.8; http://mj12bot.com/)"
2001:41d0:303:34e2::1 - - [06/Jul/2025:16:57:02 -0400] "GET /wp-includes/js/zxcvbn.min.js HTTP/1.1" 200 389493 "-" "Mozilla/5.0 (compatible; MJ12bot/v1.4.8; http://mj12bot.com/)"
2001:41d0:303:34e2::1 - - [06/Jul/2025:16:57:04 -0400] "GET /wp-includes/l10n/?MA HTTP/1.1" 200 740 "-" "Mozilla/5.0 (compatible; MJ12bot/v1.4.8; http://mj12bot.com/)"
66.249.77.129 - - [06/Jul/2025:16:57:06 -0400] "GET /items/263016539.html?srsltid=AfmBOoruosFHAioFTwQABqnkCGKHQumIZnyO2IwEyLhYx6hDNLHT HTTP/1.1" 404 1251 "-" "Mozilla/5.0 (Linux; Android 6.0.1; Nexus 5X Build/MMB29P) AppleWebKit/537.36 (KHTML, like Gecko) Chrome/137.0.7151.103 Mobile Safari/537.36 (compatible; Googlebot/2.1; +http://www.google.com/bot.html)"
2001:41d0:303:34e2::1 - - [06/Jul/2025:16:57:06 -0400] "GET /wp-includes/l10n/?ND HTTP/1.1" 200 734 "-" "Mozilla/5.0 (compatible; MJ12bot/v1.4.8; http://mj12bot.com/)"
66.249.69.4 - - [06/Jul/2025:16:57:07 -0400] "GET /pcmypage?callback=product/review/bonsaisaito-h402624 HTTP/1.1" 404 1251 "-" "Mozilla/5.0 (Linux; Android 6.0.1; Nexus 5X Build/MMB29P) AppleWebKit/537.36 (KHTML, like Gecko) Chrome/137.0.7151.103 Mobile Safari/537.36 (compatible; Googlebot/2.1; +http://www.google.com/bot.html)"
2001:41d0:303:34e2::1 - - [06/Jul/2025:16:57:08 -0400] "GET /wp-includes/l10n/?SA HTTP/1.1" 200 743 "-" "Mozilla/5.0 (compatible; MJ12bot/v1.4.8; http://mj12bot.com/)"
2001:41d0:303:34e2::1 - - [06/Jul/2025:16:57:09 -0400] "GET /wp-includes/l10n/class-wp-translation-controller.php HTTP/1.1" 403 1242 "-" "Mozilla/5.0 (compatible; MJ12bot/v1.4.8; http://mj12bot.com/)"
2001:41d0:303:34e2::1 - - [06/Jul/2025:16:57:11 -0400] "GET /wp-includes/l10n/class-wp-translation-file-mo.php HTTP/1.1" 403 1242 "-" "Mozilla/5.0 (compatible; MJ12bot/v1.4.8; http://mj12bot.com/)"
2001:41d0:303:34e2::1 - - [06/Jul/2025:16:57:13 -0400] "GET /wp-includes/l10n/class-wp-translation-file-php.php HTTP/1.1" 403 1242 "-" "Mozilla/5.0 (compatible; MJ12bot/v1.4.8; http://mj12bot.com/)"
66.249.77.130 - - [06/Jul/2025:16:57:13 -0400] "GET /items/261040885.html?srsltid=AfmBOopxqPnUyDHukQMcydpoNqJYaeEu9yMNs5CrdQdpQMk1qaAk HTTP/1.1" 404 1251 "-" "Mozilla/5.0 (Linux; Android 6.0.1; Nexus 5X Build/MMB29P) AppleWebKit/537.36 (KHTML, like Gecko) Chrome/137.0.7151.103 Mobile Safari/537.36 (compatible; Googlebot/2.1; +http://www.google.com/bot.html)"
2001:41d0:303:34e2::1 - - [06/Jul/2025:16:57:14 -0400] "GET /wp-includes/l10n/class-wp-translation-file.php HTTP/1.1" 403 1242 "-" "Mozilla/5.0 (compatible; MJ12bot/v1.4.8; http://mj12bot.com/)"
2001:41d0:303:34e2::1 - - [06/Jul/2025:16:57:16 -0400] "GET /wp-includes/l10n/class-wp-translations.php HTTP/1.1" 403 1242 "-" "Mozilla/5.0 (compatible; MJ12bot/v1.4.8; http://mj12bot.com/)"
66.249.69.3 - - [06/Jul/2025:16:57:17 -0400] "GET /pcmypage?callback=/product%2Fdetail%2All-kimuraya-jimbocho-1233251016 HTTP/1.1" 404 1251 "-" "Mozilla/5.0 (Linux; Android 6.0.1; Nexus 5X Build/MMB29P) AppleWebKit/537.36 (KHTML, like Gecko) Chrome/137.0.7151.119 Mobile Safari/537.36 (compatible; Googlebot/2.1; +http://www.google.com/bot.html)"
2001:41d0:303:34e2::1 - - [06/Jul/2025:16:57:18 -0400] "GET /wp-includes/php-compat/?MA HTTP/1.1" 200 640 "-" "Mozilla/5.0 (compatible; MJ12bot/v1.4.8; http://mj12bot.com/)"
2001:41d0:303:34e2::1 - - [06/Jul/2025:16:57:19 -0400] "GET /wp-includes/php-compat/?ND HTTP/1.1" 200 635 "-" "Mozilla/5.0 (compatible; MJ12bot/v1.4.8; http://mj12bot.com/)"
66.249.77.129 - - [06/Jul/2025:16:57:20 -0400] "GET /items/164005924.html?srsltid=AfmBOoofvKuOfiMehKdTnGd5WSpYPinfpmSfyQ3i9Pxrj2Zm17a9 HTTP/1.1" 404 1251 "-" "Mozilla/5.0 (Linux; Android 6.0.1; Nexus 5X Build/MMB29P) AppleWebKit/537.36 (KHTML, like Gecko) Chrome/137.0.7151.103 Mobile Safari/537.36 (compatible; Googlebot/2.1; +http://www.google.com/bot.html)"
2001:41d0:303:34e2::1 - - [06/Jul/2025:16:57:21 -0400] "GET /wp-includes/php-compat/?SA HTTP/1.1" 200 639 "-" "Mozilla/5.0 (compatible; MJ12bot/v1.4.8; http://mj12bot.com/)"
2001:41d0:303:34e2::1 - - [06/Jul/2025:16:57:23 -0400] "GET /wp-includes/php-compat/readonly.php HTTP/1.1" 403 1242 "-" "Mozilla/5.0 (compatible; MJ12bot/v1.4.8; http://mj12bot.com/)"
2001:41d0:303:34e2::1 - - [06/Jul/2025:16:57:24 -0400] "GET /wp-includes/pomo/ HTTP/1.1" 200 1028 "-" "Mozilla/5.0 (compatible; MJ12bot/v1.4.8; http://mj12bot.com/)"
2001:41d0:303:34e2::1 - - [06/Jul/2025:16:57:26 -0400] "GET /wp-includes/rest-api/?MA HTTP/1.1" 200 1049 "-" "Mozilla/5.0 (compatible; MJ12bot/v1.4.8; http://mj12bot.com/)"
66.249.77.129 - - [06/Jul/2025:16:57:27 -0400] "GET /items/111011701.html?srsltid=AfmBOowjxsHNYUEtaDtlNIJfHVzewrnwhO3gU1I0321AHR7sXnFx HTTP/1.1" 404 1251 "-" "Mozilla/5.0 (Linux; Android 6.0.1; Nexus 5X Build/MMB29P) AppleWebKit/537.36 (KHTML, like Gecko) Chrome/137.0.7151.103 Mobile Safari/537.36 (compatible; Googlebot/2.1; +http://www.google.com/bot.html)"
2001:41d0:303:34e2::1 - - [06/Jul/2025:16:57:28 -0400] "GET /wp-includes/rest-api/?ND HTTP/1.1" 200 1046 "-" "Mozilla/5.0 (compatible; MJ12bot/v1.4.8; http://mj12bot.com/)"
66.249.69.2 - - [06/Jul/2025:16:57:28 -0400] "GET /toreka/figure_menu.html HTTP/1.1" 404 1251 "-" "Mozilla/5.0 (Linux; Android 6.0.1; Nexus 5X Build/MMB29P) AppleWebKit/537.36 (KHTML, like Gecko) Chrome/137.0.7151.119 Mobile Safari/537.36 (compatible; Googlebot/2.1; +http://www.google.com/bot.html)"
2001:41d0:303:34e2::1 - - [06/Jul/2025:16:57:29 -0400] "GET /wp-includes/rest-api/?SA HTTP/1.1" 200 1050 "-" "Mozilla/5.0 (compatible; MJ12bot/v1.4.8; http://mj12bot.com/)"
66.249.69.2 - - [06/Jul/2025:16:57:31 -0400] "GET /items/087000081.html?srsltid=AfmBOojdgtcRcKKrwxcZBR9wHcaanyWcTCZsU4BQxBIHqQxHfo2o HTTP/1.1" 404 1251 "-" "Mozilla/5.0 (Linux; Android 6.0.1; Nexus 5X Build/MMB29P) AppleWebKit/537.36 (KHTML, like Gecko) Chrome/137.0.7151.103 Mobile Safari/537.36 (compatible; Googlebot/2.1; +http://www.google.com/bot.html)"
2001:41d0:303:34e2::1 - - [06/Jul/2025:16:57:31 -0400] "GET /wp-includes/rest-api/class-wp-rest-request.php HTTP/1.1" 403 1242 "-" "Mozilla/5.0 (compatible; MJ12bot/v1.4.8; http://mj12bot.com/)"
2001:41d0:303:34e2::1 - - [06/Jul/2025:16:57:33 -0400] "GET /wp-includes/rest-api/class-wp-rest-response.php HTTP/1.1" 403 1242 "-" "Mozilla/5.0 (compatible; MJ12bot/v1.4.8; http://mj12bot.com/)"
66.249.77.129 - - [06/Jul/2025:16:57:33 -0400] "GET /safe_search/config?return_url=%2Fproduct%2Fdetail%2Ff302023-kainan-j082 HTTP/1.1" 404 1251 "-" "Mozilla/5.0 (Linux; Android 6.0.1; Nexus 5X Build/MMB29P) AppleWebKit/537.36 (KHTML, like Gecko) Chrome/137.0.7151.119 Mobile Safari/537.36 (compatible; Googlebot/2.1; +http://www.google.com/bot.html)"
66.249.69.2 - - [06/Jul/2025:16:57:34 -0400] "GET /pcmypage?callback=product/review/first34-trusco-4556642 HTTP/1.1" 404 1251 "-" "Mozilla/5.0 (Linux; Android 6.0.1; Nexus 5X Build/MMB29P) AppleWebKit/537.36 (KHTML, like Gecko) Chrome/137.0.7151.103 Mobile Safari/537.36 (compatible; Googlebot/2.1; +http://www.google.com/bot.html)"
2001:41d0:303:34e2::1 - - [06/Jul/2025:16:57:35 -0400] "GET /wp-includes/rest-api/class-wp-rest-server.php HTTP/1.1" 403 1242 "-" "Mozilla/5.0 (compatible; MJ12bot/v1.4.8; http://mj12bot.com/)"
2001:41d0:303:34e2::1 - - [06/Jul/2025:16:57:36 -0400] "GET /wp-includes/rest-api/endpoints/ HTTP/1.1" 200 1907 "-" "Mozilla/5.0 (compatible; MJ12bot/v1.4.8; http://mj12bot.com/)"
2001:41d0:303:34e2::1 - - [06/Jul/2025:16:57:38 -0400] "GET /wp-includes/rest-api/fields/ HTTP/1.1" 200 738 "-" "Mozilla/5.0 (compatible; MJ12bot/v1.4.8; http://mj12bot.com/)"
2001:41d0:303:34e2::1 - - [06/Jul/2025:16:57:40 -0400] "GET /wp-includes/rest-api/search/ HTTP/1.1" 200 717 "-" "Mozilla/5.0 (compatible; MJ12bot/v1.4.8; http://mj12bot.com/)"
66.249.77.129 - - [06/Jul/2025:16:57:41 -0400] "GET /items/062045334.html?srsltid=AfmBOowhwTkgXaTfGeKxHegLMbvHqDawbwZeZL8rSVUcwBdR3h91 HTTP/1.1" 404 1251 "-" "Mozilla/5.0 (Linux; Android 6.0.1; Nexus 5X Build/MMB29P) AppleWebKit/537.36 (KHTML, like Gecko) Chrome/137.0.7151.103 Mobile Safari/537.36 (compatible; Googlebot/2.1; +http://www.google.com/bot.html)"
47.82.60.36 - - [06/Jul/2025:16:57:41 -0400] "GET /items/bciea79/14?key=praise HTTP/1.1" 404 1251 "https://first-gulf.com.sa/items/bciea79/14?key=praise" "Mozilla/5.0 (Windows NT 10.0; Win64; x64) AppleWebKit/537.36 (KHTML, like Gecko) Chrome/114.0.0.0 Safari/537.36 Edg/114.0.1823.43"
