66.249.69.4 - - [06/Jul/2025:17:46:47 -0400] "GET /pcmypage?callback=product%2Fdetail%2Fkokouki-012178 HTTP/1.1" 404 1251 "-" "Mozilla/5.0 (Linux; Android 6.0.1; Nexus 5X Build/MMB29P) AppleWebKit/537.36 (KHTML, like Gecko) Chrome/137.0.7151.103 Mobile Safari/537.36 (compatible; Googlebot/2.1; +http://www.google.com/bot.html)"
66.249.77.129 - - [06/Jul/2025:17:46:49 -0400] "GET /items/226037934.html?srsltid=AfmBOohmnwGTJLbGPoKr7ySLNkRoisZLcJoVcP0QXlzIY9LGyQAW HTTP/1.1" 404 1251 "-" "Mozilla/5.0 (Linux; Android 6.0.1; Nexus 5X Build/MMB29P) AppleWebKit/537.36 (KHTML, like Gecko) Chrome/137.0.7151.103 Mobile Safari/537.36 (compatible; Googlebot/2.1; +http://www.google.com/bot.html)"
66.249.77.129 - - [06/Jul/2025:17:46:56 -0400] "GET /items/005013147.html?srsltid=AfmBOoetwFLolqgqPoQXExwGUulMlAycIm65iexgLUxK4oUrHpt4 HTTP/1.1" 404 1251 "-" "Mozilla/5.0 (Linux; Android 6.0.1; Nexus 5X Build/MMB29P) AppleWebKit/537.36 (KHTML, like Gecko) Chrome/137.0.7151.103 Mobile Safari/537.36 (compatible; Googlebot/2.1; +http://www.google.com/bot.html)"
66.249.77.131 - - [06/Jul/2025:17:47:03 -0400] "GET /items/026012794.html?srsltid=AfmBOovctduWhMNmbzkR2AbGCgWuQoldXbINaNHyP1w5UlJHO6e5 HTTP/1.1" 404 1251 "-" "Mozilla/5.0 (Linux; Android 6.0.1; Nexus 5X Build/MMB29P) AppleWebKit/537.36 (KHTML, like Gecko) Chrome/137.0.7151.103 Mobile Safari/537.36 (compatible; Googlebot/2.1; +http://www.google.com/bot.html)"
66.249.77.130 - - [06/Jul/2025:17:47:10 -0400] "GET /items/061021969.html?srsltid=AfmBOozdtKweAqjGxVzEuLKQPhuFvkaN6VMHGDO3vmBYnTvteWAJ HTTP/1.1" 404 1251 "-" "Mozilla/5.0 (Linux; Android 6.0.1; Nexus 5X Build/MMB29P) AppleWebKit/537.36 (KHTML, like Gecko) Chrome/137.0.7151.103 Mobile Safari/537.36 (compatible; Googlebot/2.1; +http://www.google.com/bot.html)"
66.249.77.129 - - [06/Jul/2025:17:47:23 -0400] "GET /items/loyac92/13175?key=calendar HTTP/1.1" 404 1251 "-" "Mozilla/5.0 (Linux; Android 6.0.1; Nexus 5X Build/MMB29P) AppleWebKit/537.36 (KHTML, like Gecko) Chrome/137.0.7151.119 Mobile Safari/537.36 (compatible; Googlebot/2.1; +http://www.google.com/bot.html)"
66.249.77.129 - - [06/Jul/2025:17:47:30 -0400] "GET /items/054049386.html?srsltid=AfmBOorjwRlFYQyzfqUkMPahYFUvJIRqGnlVLvly9rCLtjEAcEZO HTTP/1.1" 404 1251 "-" "Mozilla/5.0 (Linux; Android 6.0.1; Nexus 5X Build/MMB29P) AppleWebKit/537.36 (KHTML, like Gecko) Chrome/137.0.7151.103 Mobile Safari/537.36 (compatible; Googlebot/2.1; +http://www.google.com/bot.html)"
66.249.77.129 - - [06/Jul/2025:17:47:34 -0400] "GET /items/196033840.html?srsltid=AfmBOozqwcEIBkYnPLGUBkpMUpaEXyeJUXp088Gkl7PgI1BZ3Y5L HTTP/1.1" 404 1251 "-" "Mozilla/5.0 (Linux; Android 6.0.1; Nexus 5X Build/MMB29P) AppleWebKit/537.36 (KHTML, like Gecko) Chrome/137.0.7151.103 Mobile Safari/537.36 (compatible; Googlebot/2.1; +http://www.google.com/bot.html)"
66.249.77.129 - - [06/Jul/2025:17:47:44 -0400] "GET /items/259033615.html?srsltid=AfmBOoyxtVcLKCMUaVGbrQJFWrwFCOBpUVyLCmkS3LezCYOEzr15 HTTP/1.1" 404 1251 "-" "Mozilla/5.0 (Linux; Android 6.0.1; Nexus 5X Build/MMB29P) AppleWebKit/537.36 (KHTML, like Gecko) Chrome/137.0.7151.103 Mobile Safari/537.36 (compatible; Googlebot/2.1; +http://www.google.com/bot.html)"
66.249.77.129 - - [06/Jul/2025:17:47:47 -0400] "GET /items/239009549.html?srsltid=AfmBOoafdZCBwtLCXrMC8DYTKfoCjrikYo3RMS0BGgHAgoYsMEUQ HTTP/1.1" 404 1251 "-" "Mozilla/5.0 (Linux; Android 6.0.1; Nexus 5X Build/MMB29P) AppleWebKit/537.36 (KHTML, like Gecko) Chrome/137.0.7151.103 Mobile Safari/537.36 (compatible; Googlebot/2.1; +http://www.google.com/bot.html)"
66.249.77.129 - - [06/Jul/2025:17:47:51 -0400] "GET /items/026033362.html?srsltid=AfmBOoglzMqYmDSTOSRkTfJ8XWaMQdMmfLkpEkmIYRlNAjkEuyp0 HTTP/1.1" 404 1251 "-" "Mozilla/5.0 (Linux; Android 6.0.1; Nexus 5X Build/MMB29P) AppleWebKit/537.36 (KHTML, like Gecko) Chrome/137.0.7151.103 Mobile Safari/537.36 (compatible; Googlebot/2.1; +http://www.google.com/bot.html)"
66.249.77.129 - - [06/Jul/2025:17:47:54 -0400] "GET /items/267049219.html?srsltid=AfmBOomhwkLgOeiWkeIU1wO6PveqrdeLSlKf9Vw6WvqG6azbLjvr HTTP/1.1" 404 1251 "-" "Mozilla/5.0 (Linux; Android 6.0.1; Nexus 5X Build/MMB29P) AppleWebKit/537.36 (KHTML, like Gecko) Chrome/137.0.7151.103 Mobile Safari/537.36 (compatible; Googlebot/2.1; +http://www.google.com/bot.html)"
66.249.77.129 - - [06/Jul/2025:17:47:59 -0400] "GET /items/038008848.html?srsltid=AfmBOodrhICREgUsFvOgdMcNNgbqCHvPLDNr6ko0bFSXdoJEWjZ3 HTTP/1.1" 404 1251 "-" "Mozilla/5.0 (Linux; Android 6.0.1; Nexus 5X Build/MMB29P) AppleWebKit/537.36 (KHTML, like Gecko) Chrome/137.0.7151.103 Mobile Safari/537.36 (compatible; Googlebot/2.1; +http://www.google.com/bot.html)"
66.249.77.131 - - [06/Jul/2025:17:48:06 -0400] "GET /items/002009846.html?srsltid=AfmBOomzcwlOjXfknNQtolDiTETMAIGvf3yScyJmXrsfip0mVKoq HTTP/1.1" 404 1251 "-" "Mozilla/5.0 (Linux; Android 6.0.1; Nexus 5X Build/MMB29P) AppleWebKit/537.36 (KHTML, like Gecko) Chrome/137.0.7151.103 Mobile Safari/537.36 (compatible; Googlebot/2.1; +http://www.google.com/bot.html)"
66.249.77.130 - - [06/Jul/2025:17:48:13 -0400] "GET /items/177037693.html?srsltid=AfmBOoyyyssyiGFgXyOMV9QiMaWApZvE7mjMqnqDfvipTOXkvNvj HTTP/1.1" 404 1251 "-" "Mozilla/5.0 (Linux; Android 6.0.1; Nexus 5X Build/MMB29P) AppleWebKit/537.36 (KHTML, like Gecko) Chrome/137.0.7151.103 Mobile Safari/537.36 (compatible; Googlebot/2.1; +http://www.google.com/bot.html)"
66.249.77.129 - - [06/Jul/2025:17:48:19 -0400] "GET /items/avjxm75/756?key=divorce HTTP/1.1" 404 1251 "-" "Mozilla/5.0 (Linux; Android 6.0.1; Nexus 5X Build/MMB29P) AppleWebKit/537.36 (KHTML, like Gecko) Chrome/137.0.7151.103 Mobile Safari/537.36 (compatible; Googlebot/2.1; +http://www.google.com/bot.html)"
66.249.77.129 - - [06/Jul/2025:17:48:27 -0400] "GET /items/059043327.html?srsltid=AfmBOozgvJVDlkucSfbcNro1EiuaOgeJiawrgtlunejqQe82L6v5 HTTP/1.1" 404 1251 "-" "Mozilla/5.0 (Linux; Android 6.0.1; Nexus 5X Build/MMB29P) AppleWebKit/537.36 (KHTML, like Gecko) Chrome/137.0.7151.103 Mobile Safari/537.36 (compatible; Googlebot/2.1; +http://www.google.com/bot.html)"
201.182.96.85 - - [06/Jul/2025:17:48:29 -0400] "POST /xmlrpc.php HTTP/1.1" 403 1242 "-" "Mozilla/5.0 (Windows NT 6.1; rv:17.0) Gecko/20100101 Firefox/20.6.14"
178.128.239.177 - - [06/Jul/2025:17:48:35 -0400] "POST /xmlrpc.php HTTP/1.1" 403 1242 "-" "Mozilla/5.0 (Windows NT 6.1; Win64; x64) AppleWebKit/537.36 (KHTML, like Gecko) Chrome/60.0.3112.90 Safari/537.36"
66.249.77.129 - - [06/Jul/2025:17:48:37 -0400] "GET /items/026001412.html?srsltid=AfmBOoqoiMEmLHhQmHqJNCInZzMjpfMERGvevyLAQYtoAjdH7akJ HTTP/1.1" 404 1251 "-" "Mozilla/5.0 (Linux; Android 6.0.1; Nexus 5X Build/MMB29P) AppleWebKit/537.36 (KHTML, like Gecko) Chrome/137.0.7151.103 Mobile Safari/537.36 (compatible; Googlebot/2.1; +http://www.google.com/bot.html)"
66.249.77.129 - - [06/Jul/2025:17:48:40 -0400] "GET /items/183036537.html?srsltid=AfmBOopkkkkKrhnXHVUT9CbQNUvsroOb05AKE0OQQuRngOgOYOo6 HTTP/1.1" 404 1251 "-" "Mozilla/5.0 (Linux; Android 6.0.1; Nexus 5X Build/MMB29P) AppleWebKit/537.36 (KHTML, like Gecko) Chrome/137.0.7151.103 Mobile Safari/537.36 (compatible; Googlebot/2.1; +http://www.google.com/bot.html)"
162.144.3.242 - - [06/Jul/2025:17:48:42 -0400] "POST /xmlrpc.php HTTP/1.1" 403 1242 "-" "Mozilla/5.0 (Windows NT 5.1) AppleWebKit/537.36 (KHTML, like Gecko) Chrome/46.0.2490.71 Safari/537.36"
66.249.77.129 - - [06/Jul/2025:17:48:44 -0400] "GET /items/298028618.html?srsltid=AfmBOoaimzgVRoKDUueHmdzWLFOlWKoDjO7IcmsaswPGLzkxhTv6 HTTP/1.1" 404 1251 "-" "Mozilla/5.0 (Linux; Android 6.0.1; Nexus 5X Build/MMB29P) AppleWebKit/537.36 (KHTML, like Gecko) Chrome/137.0.7151.103 Mobile Safari/537.36 (compatible; Googlebot/2.1; +http://www.google.com/bot.html)"
66.249.77.129 - - [06/Jul/2025:17:48:45 -0400] "GET /product/edit/0101marui-cf019063070101-1 HTTP/1.1" 404 1251 "-" "Mozilla/5.0 (Linux; Android 6.0.1; Nexus 5X Build/MMB29P) AppleWebKit/537.36 (KHTML, like Gecko) Chrome/137.0.7151.103 Mobile Safari/537.36 (compatible; GoogleOther)"
51.222.12.195 - - [06/Jul/2025:17:48:48 -0400] "POST /xmlrpc.php HTTP/1.1" 403 1242 "-" "Mozilla/5.0 (Windows NT 5.1; rv:40.0) Gecko/20100101 Firefox/40.0"
66.249.77.129 - - [06/Jul/2025:17:48:48 -0400] "GET /items/084005118.html?srsltid=AfmBOokwnSKORYITbabYwZobXUyxYazadtTCeMiJwEnqWEWHzuBF HTTP/1.1" 404 1251 "-" "Mozilla/5.0 (Linux; Android 6.0.1; Nexus 5X Build/MMB29P) AppleWebKit/537.36 (KHTML, like Gecko) Chrome/137.0.7151.103 Mobile Safari/537.36 (compatible; Googlebot/2.1; +http://www.google.com/bot.html)"
66.249.77.129 - - [06/Jul/2025:17:48:49 -0400] "GET /items/uhbhh92/13171?key=opening HTTP/1.1" 404 1251 "-" "Mozilla/5.0 (Linux; Android 6.0.1; Nexus 5X Build/MMB29P) AppleWebKit/537.36 (KHTML, like Gecko) Chrome/137.0.7151.119 Mobile Safari/537.36 (compatible; Googlebot/2.1; +http://www.google.com/bot.html)"
31.41.216.67 - - [06/Jul/2025:17:48:53 -0400] "POST /xmlrpc.php HTTP/1.1" 403 1242 "-" "Mozilla/5.0 (iPhone; CPU iPhone OS 14_6 like Mac OS X) AppleWebKit/605.1.15 (KHTML, like Gecko) CriOS/91.0.4472.80 Mobile/15E148 Safari/604.1"
66.249.77.129 - - [06/Jul/2025:17:48:55 -0400] "GET /items/jvjxi17/382?key=reward HTTP/1.1" 404 1251 "-" "Mozilla/5.0 (compatible; Googlebot/2.1; +http://www.google.com/bot.html)"
92.205.174.154 - - [06/Jul/2025:17:48:59 -0400] "POST /xmlrpc.php HTTP/1.1" 403 1242 "-" "Mozilla/5.0 (Linux; Android 10; LM-Q710(FGN)) AppleWebKit/537.36 (KHTML, like Gecko) Chrome/91.0.4472.114 Mobile Safari/537.36"
66.249.77.130 - - [06/Jul/2025:17:49:00 -0400] "GET /product/edit/0101marui-cf018488730101-1 HTTP/1.1" 404 1251 "-" "Mozilla/5.0 (compatible; Googlebot/2.1; +http://www.google.com/bot.html)"
35.231.155.235 - - [06/Jul/2025:17:49:06 -0400] "POST /xmlrpc.php HTTP/1.1" 403 1242 "-" "Mozilla/5.0 (iPhone; CPU iPhone OS 14_6 like Mac OS X) AppleWebKit/605.1.15 (KHTML, like Gecko) CriOS/91.0.4472.80 Mobile/15E148 Safari/604.1"
66.249.77.129 - - [06/Jul/2025:17:49:08 -0400] "GET /items/177028231.html?srsltid=AfmBOoogrNYzFbrdafQIliYEDVJcIEfAdPyFLwXdw9t2475R4Yeo HTTP/1.1" 404 1251 "-" "Mozilla/5.0 (Linux; Android 6.0.1; Nexus 5X Build/MMB29P) AppleWebKit/537.36 (KHTML, like Gecko) Chrome/137.0.7151.103 Mobile Safari/537.36 (compatible; Googlebot/2.1; +http://www.google.com/bot.html)"
66.249.77.129 - - [06/Jul/2025:17:49:11 -0400] "GET /items/vbbmu275/24662?key=most HTTP/1.1" 404 1251 "-" "Mozilla/5.0 (Linux; Android 6.0.1; Nexus 5X Build/MMB29P) AppleWebKit/537.36 (KHTML, like Gecko) Chrome/137.0.7151.119 Mobile Safari/537.36 (compatible; Googlebot/2.1; +http://www.google.com/bot.html)"
66.249.77.130 - - [06/Jul/2025:17:49:12 -0400] "GET /items/079026057.html?srsltid=AfmBOoaxcMndkiIRurde0GQBVNHbPOAoLMqRR6q25yjzbSgRJSzW HTTP/1.1" 404 1251 "-" "Mozilla/5.0 (Linux; Android 6.0.1; Nexus 5X Build/MMB29P) AppleWebKit/537.36 (KHTML, like Gecko) Chrome/137.0.7151.103 Mobile Safari/537.36 (compatible; Googlebot/2.1; +http://www.google.com/bot.html)"
47.236.10.255 - - [06/Jul/2025:17:49:12 -0400] "POST /xmlrpc.php HTTP/1.1" 403 1242 "-" "Mozilla/5.0 (Windows NT 6.1; WOW64; rv:50.0) Gecko/20100101 Firefox/50.0"
43.134.7.30 - - [06/Jul/2025:17:49:13 -0400] "POST /xmlrpc.php HTTP/1.1" 403 1242 "-" "Mozilla/5.0 (X11; Ubuntu; Linux i686; rv:24.0) Gecko/20100101 Firefox/24.0"
66.249.77.129 - - [06/Jul/2025:17:49:15 -0400] "GET /items/035031577.html?srsltid=AfmBOokuptazJgDcnFyNOidiAQsOvlkcabVYEOFSIIfNYjFvXgSw HTTP/1.1" 404 1251 "-" "Mozilla/5.0 (Linux; Android 6.0.1; Nexus 5X Build/MMB29P) AppleWebKit/537.36 (KHTML, like Gecko) Chrome/137.0.7151.103 Mobile Safari/537.36 (compatible; Googlebot/2.1; +http://www.google.com/bot.html)"
66.249.77.129 - - [06/Jul/2025:17:49:17 -0400] "GET /items/emjcs154/5359?key=bear HTTP/1.1" 404 1251 "-" "Mozilla/5.0 (Linux; Android 6.0.1; Nexus 5X Build/MMB29P) AppleWebKit/537.36 (KHTML, like Gecko) Chrome/137.0.7151.119 Mobile Safari/537.36 (compatible; Googlebot/2.1; +http://www.google.com/bot.html)"
66.249.69.1 - - [06/Jul/2025:17:49:18 -0400] "GET /items/259049859.html?srsltid=AfmBOohfjNpKsOOmbgFj2sVbMgJJbiAmk5SKKbEC6L0YziqvgMFC HTTP/1.1" 404 1251 "-" "Mozilla/5.0 (Linux; Android 6.0.1; Nexus 5X Build/MMB29P) AppleWebKit/537.36 (KHTML, like Gecko) Chrome/137.0.7151.103 Mobile Safari/537.36 (compatible; Googlebot/2.1; +http://www.google.com/bot.html)"
66.249.77.129 - - [06/Jul/2025:17:49:28 -0400] "GET /items/fwwlp92/13173?key=fierce HTTP/1.1" 404 1251 "-" "Mozilla/5.0 (Linux; Android 6.0.1; Nexus 5X Build/MMB29P) AppleWebKit/537.36 (KHTML, like Gecko) Chrome/137.0.7151.119 Mobile Safari/537.36 (compatible; Googlebot/2.1; +http://www.google.com/bot.html)"
66.249.77.129 - - [06/Jul/2025:17:49:31 -0400] "GET /items/272004110.html?srsltid=AfmBOoxwxrqfVwNfhJvL7qhnMrJEcmuxeT5ylaTyD4pATe5QFyhR HTTP/1.1" 404 1251 "-" "Mozilla/5.0 (Linux; Android 6.0.1; Nexus 5X Build/MMB29P) AppleWebKit/537.36 (KHTML, like Gecko) Chrome/137.0.7151.103 Mobile Safari/537.36 (compatible; Googlebot/2.1; +http://www.google.com/bot.html)"
66.249.77.129 - - [06/Jul/2025:17:49:32 -0400] "GET /items/aadye217/40996?key=bee HTTP/1.1" 404 1251 "-" "Mozilla/5.0 (Linux; Android 6.0.1; Nexus 5X Build/MMB29P) AppleWebKit/537.36 (KHTML, like Gecko) Chrome/137.0.7151.103 Mobile Safari/537.36 (compatible; Googlebot/2.1; +http://www.google.com/bot.html)"
66.249.77.129 - - [06/Jul/2025:17:49:35 -0400] "GET /items/021003425.html?srsltid=AfmBOosuvglNHhkYwvhaGNmSWrHYMCFHHSikxhx3UfMWCoCzPb9i HTTP/1.1" 404 1251 "-" "Mozilla/5.0 (Linux; Android 6.0.1; Nexus 5X Build/MMB29P) AppleWebKit/537.36 (KHTML, like Gecko) Chrome/137.0.7151.103 Mobile Safari/537.36 (compatible; Googlebot/2.1; +http://www.google.com/bot.html)"
66.249.77.129 - - [06/Jul/2025:17:49:38 -0400] "GET /items/128029166.html?srsltid=AfmBOoqfdgbvpkcPvCwVNpD7XytABrfkI800a7gLBugy7rI9oai2 HTTP/1.1" 404 1251 "-" "Mozilla/5.0 (Linux; Android 6.0.1; Nexus 5X Build/MMB29P) AppleWebKit/537.36 (KHTML, like Gecko) Chrome/137.0.7151.103 Mobile Safari/537.36 (compatible; Googlebot/2.1; +http://www.google.com/bot.html)"
66.249.77.129 - - [06/Jul/2025:17:49:42 -0400] "GET /items/122000114.html?srsltid=AfmBOowqqhhmUjfUopnr6nshJzSOzhQeTI2boWJR8QfcJKsppwCm HTTP/1.1" 404 1251 "-" "Mozilla/5.0 (Linux; Android 6.0.1; Nexus 5X Build/MMB29P) AppleWebKit/537.36 (KHTML, like Gecko) Chrome/137.0.7151.103 Mobile Safari/537.36 (compatible; Googlebot/2.1; +http://www.google.com/bot.html)"
66.249.77.129 - - [06/Jul/2025:17:49:52 -0400] "GET /items/137005727.html?srsltid=AfmBOoidkbYqRGZAkpiXpftYHJKzxjmveEhhJv0Hovl6OrU2k4wx HTTP/1.1" 404 1251 "-" "Mozilla/5.0 (Linux; Android 6.0.1; Nexus 5X Build/MMB29P) AppleWebKit/537.36 (KHTML, like Gecko) Chrome/137.0.7151.103 Mobile Safari/537.36 (compatible; Googlebot/2.1; +http://www.google.com/bot.html)"
66.249.77.129 - - [06/Jul/2025:17:49:55 -0400] "GET /items/069009209.html?srsltid=AfmBOolwpFOJnyEyXvbYx1k4EAQrQEwH7LjfpaXDAM8YZcYIGfz2 HTTP/1.1" 404 1251 "-" "Mozilla/5.0 (Linux; Android 6.0.1; Nexus 5X Build/MMB29P) AppleWebKit/537.36 (KHTML, like Gecko) Chrome/137.0.7151.103 Mobile Safari/537.36 (compatible; Googlebot/2.1; +http://www.google.com/bot.html)"
66.249.69.14 - - [06/Jul/2025:17:49:56 -0400] "GET /items/089000459.html?srsltid=AfmBOoedadUEQYLxcavuCVOpQOcpeozUR6DBsNARv9SlWUqaZGyQ HTTP/1.1" 404 1251 "-" "Mozilla/5.0 (Linux; Android 6.0.1; Nexus 5X Build/MMB29P) AppleWebKit/537.36 (KHTML, like Gecko) Chrome/137.0.7151.103 Mobile Safari/537.36 (compatible; Googlebot/2.1; +http://www.google.com/bot.html)"
66.249.77.129 - - [06/Jul/2025:17:49:59 -0400] "GET /items/292027670.html?srsltid=AfmBOopwjFYsgFMJoktblvEoTHDykIdMiXhMsC3yz5JL7BVf07JC HTTP/1.1" 404 1251 "-" "Mozilla/5.0 (Linux; Android 6.0.1; Nexus 5X Build/MMB29P) AppleWebKit/537.36 (KHTML, like Gecko) Chrome/137.0.7151.103 Mobile Safari/537.36 (compatible; Googlebot/2.1; +http://www.google.com/bot.html)"
66.249.77.130 - - [06/Jul/2025:17:50:05 -0400] "GET /items/205005933.html?srsltid=AfmBOoumxeQpluCsicofYtkdEDjPvQSeWzZtRiNPZRm2BSYfpkRj HTTP/1.1" 404 1251 "-" "Mozilla/5.0 (Linux; Android 6.0.1; Nexus 5X Build/MMB29P) AppleWebKit/537.36 (KHTML, like Gecko) Chrome/137.0.7151.103 Mobile Safari/537.36 (compatible; Googlebot/2.1; +http://www.google.com/bot.html)"
66.249.77.130 - - [06/Jul/2025:17:50:12 -0400] "GET /items/269038907.html?srsltid=AfmBOoeooGIPkBNiggIC20zRZzHGRWWTEC50eVsylDzcmQx6mTLW HTTP/1.1" 404 1251 "-" "Mozilla/5.0 (Linux; Android 6.0.1; Nexus 5X Build/MMB29P) AppleWebKit/537.36 (KHTML, like Gecko) Chrome/137.0.7151.103 Mobile Safari/537.36 (compatible; Googlebot/2.1; +http://www.google.com/bot.html)"
66.249.77.129 - - [06/Jul/2025:17:50:19 -0400] "GET /items/206046754.html?srsltid=AfmBOorwmsaOdvLzubhvrzAILgLcVrTHfOEZieUlsrRiM7yUV4AU HTTP/1.1" 404 1251 "-" "Mozilla/5.0 (Linux; Android 6.0.1; Nexus 5X Build/MMB29P) AppleWebKit/537.36 (KHTML, like Gecko) Chrome/137.0.7151.103 Mobile Safari/537.36 (compatible; Googlebot/2.1; +http://www.google.com/bot.html)"
66.249.77.129 - - [06/Jul/2025:17:50:20 -0400] "GET /pcmypage?callback=product/review/biccamera-4989999187786 HTTP/1.1" 404 1251 "-" "Mozilla/5.0 (Linux; Android 6.0.1; Nexus 5X Build/MMB29P) AppleWebKit/537.36 (KHTML, like Gecko) Chrome/137.0.7151.103 Mobile Safari/537.36 (compatible; Googlebot/2.1; +http://www.google.com/bot.html)"
66.249.77.129 - - [06/Jul/2025:17:50:26 -0400] "GET /items/161022711.html?srsltid=AfmBOojueYdgqJzkUnAeMfCIVoeKxFlkkskyTzGyCkQNOdiLHR8N HTTP/1.1" 404 1251 "-" "Mozilla/5.0 (Linux; Android 6.0.1; Nexus 5X Build/MMB29P) AppleWebKit/537.36 (KHTML, like Gecko) Chrome/137.0.7151.103 Mobile Safari/537.36 (compatible; Googlebot/2.1; +http://www.google.com/bot.html)"
66.249.77.129 - - [06/Jul/2025:17:50:33 -0400] "GET /items/146009890.html?srsltid=AfmBOoqbpgvbgTrtrJxuhng7NutZkZpSFtWj5FUSgDlRLF55glmf HTTP/1.1" 404 1251 "-" "Mozilla/5.0 (Linux; Android 6.0.1; Nexus 5X Build/MMB29P) AppleWebKit/537.36 (KHTML, like Gecko) Chrome/137.0.7151.103 Mobile Safari/537.36 (compatible; Googlebot/2.1; +http://www.google.com/bot.html)"
66.249.77.129 - - [06/Jul/2025:17:50:40 -0400] "GET /items/164042428.html?srsltid=AfmBOoffhEvzXKtRDOUiIY3eZomDYLqbXh651HuoUJxxBOMb3LmK HTTP/1.1" 404 1251 "-" "Mozilla/5.0 (Linux; Android 6.0.1; Nexus 5X Build/MMB29P) AppleWebKit/537.36 (KHTML, like Gecko) Chrome/137.0.7151.103 Mobile Safari/537.36 (compatible; Googlebot/2.1; +http://www.google.com/bot.html)"
66.249.77.129 - - [06/Jul/2025:17:50:44 -0400] "GET /items/fzcey70/18479?key=widely HTTP/1.1" 404 1251 "-" "Mozilla/5.0 (compatible; Googlebot/2.1; +http://www.google.com/bot.html)"
66.249.77.129 - - [06/Jul/2025:17:50:54 -0400] "GET /items/254005606.html?srsltid=AfmBOowbeAIJXEpnavHMZlBFLGOHhkDJiIpwvPSSQ8E6J8Cefz3k HTTP/1.1" 404 1251 "-" "Mozilla/5.0 (Linux; Android 6.0.1; Nexus 5X Build/MMB29P) AppleWebKit/537.36 (KHTML, like Gecko) Chrome/137.0.7151.103 Mobile Safari/537.36 (compatible; Googlebot/2.1; +http://www.google.com/bot.html)"
66.249.77.130 - - [06/Jul/2025:17:51:00 -0400] "GET /items/033004189.html?srsltid=AfmBOoegkqVhCtqZtcCFyPgtZMdimdvMWAMb5YlTqpvXMiqLgN7q HTTP/1.1" 404 1251 "-" "Mozilla/5.0 (Linux; Android 6.0.1; Nexus 5X Build/MMB29P) AppleWebKit/537.36 (KHTML, like Gecko) Chrome/137.0.7151.103 Mobile Safari/537.36 (compatible; Googlebot/2.1; +http://www.google.com/bot.html)"
66.249.77.130 - - [06/Jul/2025:17:51:07 -0400] "GET /items/263024887.html?srsltid=AfmBOohebZIzSZaudvcaD7qVFxrqnTeOSkYyoR80uo6zzS0uGMnv HTTP/1.1" 404 1251 "-" "Mozilla/5.0 (Linux; Android 6.0.1; Nexus 5X Build/MMB29P) AppleWebKit/537.36 (KHTML, like Gecko) Chrome/137.0.7151.103 Mobile Safari/537.36 (compatible; Googlebot/2.1; +http://www.google.com/bot.html)"
66.249.77.129 - - [06/Jul/2025:17:51:08 -0400] "GET /items/052011238.html?srsltid=AfmBOoofxupUfovAXwiOWFXSHTwZWXILZHmJRnPmX4DbVZerrCOb HTTP/1.1" 404 1251 "-" "Mozilla/5.0 (compatible; Googlebot/2.1; +http://www.google.com/bot.html)"
66.249.77.129 - - [06/Jul/2025:17:51:20 -0400] "GET /items/073008947.html?srsltid=AfmBOoxaxFMQWptFvztbN9sUXZDWaKxWnFl315aowzN5InGBRJwG HTTP/1.1" 404 1251 "-" "Mozilla/5.0 (Linux; Android 6.0.1; Nexus 5X Build/MMB29P) AppleWebKit/537.36 (KHTML, like Gecko) Chrome/137.0.7151.103 Mobile Safari/537.36 (compatible; Googlebot/2.1; +http://www.google.com/bot.html)"
66.249.69.1 - - [06/Jul/2025:17:51:23 -0400] "GET /items/zqpri90/11?key=private HTTP/1.1" 404 1251 "-" "Mozilla/5.0 (Linux; Android 6.0.1; Nexus 5X Build/MMB29P) AppleWebKit/537.36 (KHTML, like Gecko) Chrome/137.0.7151.103 Mobile Safari/537.36 (compatible; Googlebot/2.1; +http://www.google.com/bot.html)"
66.249.77.129 - - [06/Jul/2025:17:51:26 -0400] "GET /items/qsdpi128/45255?key=effort HTTP/1.1" 404 1251 "-" "Mozilla/5.0 (Linux; Android 6.0.1; Nexus 5X Build/MMB29P) AppleWebKit/537.36 (KHTML, like Gecko) Chrome/137.0.7151.103 Mobile Safari/537.36 (compatible; Googlebot/2.1; +http://www.google.com/bot.html)"
66.249.77.129 - - [06/Jul/2025:17:51:27 -0400] "GET /items/135048257.html?srsltid=AfmBOolekKaxHTWmKVwjF5AfPUwlMcmr6U7ccu2JxRGDZ6ccVAtb HTTP/1.1" 404 1251 "-" "Mozilla/5.0 (Linux; Android 6.0.1; Nexus 5X Build/MMB29P) AppleWebKit/537.36 (KHTML, like Gecko) Chrome/137.0.7151.103 Mobile Safari/537.36 (compatible; Googlebot/2.1; +http://www.google.com/bot.html)"
66.249.77.129 - - [06/Jul/2025:17:51:27 -0400] "GET /items/vcbzn198/19827?key=sponsor HTTP/1.1" 404 1251 "-" "Mozilla/5.0 (Linux; Android 6.0.1; Nexus 5X Build/MMB29P) AppleWebKit/537.36 (KHTML, like Gecko) Chrome/137.0.7151.103 Mobile Safari/537.36 (compatible; Googlebot/2.1; +http://www.google.com/bot.html)"
66.249.77.129 - - [06/Jul/2025:17:51:30 -0400] "GET /items/180038086.html?srsltid=AfmBOoemllyKkcLhhHlHccAeGrboYYgIi2pnCLDr1NOkK8Aglinv HTTP/1.1" 404 1251 "-" "Mozilla/5.0 (Linux; Android 6.0.1; Nexus 5X Build/MMB29P) AppleWebKit/537.36 (KHTML, like Gecko) Chrome/137.0.7151.103 Mobile Safari/537.36 (compatible; Googlebot/2.1; +http://www.google.com/bot.html)"
66.249.77.129 - - [06/Jul/2025:17:51:33 -0400] "GET /items/070043638.html?srsltid=AfmBOoxczVFmHRfLjrtI3GiVJTHWdQMsHOapPtvWu2xzqQhwH8H8 HTTP/1.1" 404 1251 "-" "Mozilla/5.0 (Linux; Android 6.0.1; Nexus 5X Build/MMB29P) AppleWebKit/537.36 (KHTML, like Gecko) Chrome/137.0.7151.103 Mobile Safari/537.36 (compatible; Googlebot/2.1; +http://www.google.com/bot.html)"
66.249.77.129 - - [06/Jul/2025:17:51:37 -0400] "GET /items/024007356.html?srsltid=AfmBOobmiuQzrOteskyAAy2YZaQqoNBp0DL7jCAemYrRlIuBeqoR HTTP/1.1" 404 1251 "-" "Mozilla/5.0 (Linux; Android 6.0.1; Nexus 5X Build/MMB29P) AppleWebKit/537.36 (KHTML, like Gecko) Chrome/137.0.7151.103 Mobile Safari/537.36 (compatible; Googlebot/2.1; +http://www.google.com/bot.html)"
66.249.69.14 - - [06/Jul/2025:17:51:43 -0400] "GET /search.php?1caeez646.html HTTP/1.1" 404 1251 "-" "Mozilla/5.0 (Linux; Android 6.0.1; Nexus 5X Build/MMB29P) AppleWebKit/537.36 (KHTML, like Gecko) Chrome/137.0.7151.103 Mobile Safari/537.36 (compatible; Googlebot/2.1; +http://www.google.com/bot.html)"
66.249.69.14 - - [06/Jul/2025:17:51:44 -0400] "GET /pcmypage?callback=product/review/kobaco-003-hb07ytzvbtf HTTP/1.1" 404 1251 "-" "Mozilla/5.0 (compatible; Googlebot/2.1; +http://www.google.com/bot.html)"
66.249.77.129 - - [06/Jul/2025:17:51:50 -0400] "GET /items/054025694.html?srsltid=AfmBOozumBqEfoerYxBF9T4dDbLKieFE4lgwJzUY2vR6IOSdixcv HTTP/1.1" 404 1251 "-" "Mozilla/5.0 (Linux; Android 6.0.1; Nexus 5X Build/MMB29P) AppleWebKit/537.36 (KHTML, like Gecko) Chrome/137.0.7151.103 Mobile Safari/537.36 (compatible; Googlebot/2.1; +http://www.google.com/bot.html)"
66.249.77.129 - - [06/Jul/2025:17:51:53 -0400] "GET /pcmypage?callback=product/review/first23-trusco-4042870 HTTP/1.1" 404 1251 "-" "Mozilla/5.0 (compatible; Googlebot/2.1; +http://www.google.com/bot.html)"
66.249.77.129 - - [06/Jul/2025:17:51:57 -0400] "GET /items/250017780.html?srsltid=AfmBOozmsEIGglAqDNhuPTZ0UuhwDylt4kKkBvSYNskQJGsdsPSf HTTP/1.1" 404 1251 "-" "Mozilla/5.0 (Linux; Android 6.0.1; Nexus 5X Build/MMB29P) AppleWebKit/537.36 (KHTML, like Gecko) Chrome/137.0.7151.103 Mobile Safari/537.36 (compatible; Googlebot/2.1; +http://www.google.com/bot.html)"
66.249.77.131 - - [06/Jul/2025:17:52:04 -0400] "GET /items/089026893.html?srsltid=AfmBOoqjqNPcqJsEHCmz0BZyZZpxVLnP2xM1U3qpRFO4kNGbsrdo HTTP/1.1" 404 1251 "-" "Mozilla/5.0 (Linux; Android 6.0.1; Nexus 5X Build/MMB29P) AppleWebKit/537.36 (KHTML, like Gecko) Chrome/137.0.7151.103 Mobile Safari/537.36 (compatible; Googlebot/2.1; +http://www.google.com/bot.html)"
66.249.69.1 - - [06/Jul/2025:17:52:13 -0400] "GET /pcmypage?callback=product%2Fdetail%2Fneowing-r-eyxa-13221 HTTP/1.1" 404 1251 "-" "Mozilla/5.0 (Linux; Android 6.0.1; Nexus 5X Build/MMB29P) AppleWebKit/537.36 (KHTML, like Gecko) Chrome/137.0.7151.103 Mobile Safari/537.36 (compatible; Googlebot/2.1; +http://www.google.com/bot.html)"
66.249.77.129 - - [06/Jul/2025:17:52:18 -0400] "GET /items/eaujl63/884?key=transportation HTTP/1.1" 404 1251 "-" "Mozilla/5.0 (Linux; Android 6.0.1; Nexus 5X Build/MMB29P) AppleWebKit/537.36 (KHTML, like Gecko) Chrome/137.0.7151.103 Mobile Safari/537.36 (compatible; Googlebot/2.1; +http://www.google.com/bot.html)"
66.249.77.130 - - [06/Jul/2025:17:52:18 -0400] "GET /items/235015635.html?srsltid=AfmBOowvfsRJBUIfhxVe95hwKXYbGjTHVII5iFtCpMBbeMujL1sv HTTP/1.1" 404 1251 "-" "Mozilla/5.0 (Linux; Android 6.0.1; Nexus 5X Build/MMB29P) AppleWebKit/537.36 (KHTML, like Gecko) Chrome/137.0.7151.103 Mobile Safari/537.36 (compatible; Googlebot/2.1; +http://www.google.com/bot.html)"
66.249.77.129 - - [06/Jul/2025:17:52:21 -0400] "GET /pcmypage?callback=product/review/0101marui-cf019063070101-1 HTTP/1.1" 404 1251 "-" "Mozilla/5.0 (Linux; Android 6.0.1; Nexus 5X Build/MMB29P) AppleWebKit/537.36 (KHTML, like Gecko) Chrome/137.0.7151.103 Mobile Safari/537.36 (compatible; GoogleOther)"
66.249.77.130 - - [06/Jul/2025:17:52:21 -0400] "GET /items/004038712.html?srsltid=AfmBOozjhwzQkpSOehzVwO4xUYBzNKWE9Ce6gxKg5VaroUOYi0LQ HTTP/1.1" 404 1251 "-" "Mozilla/5.0 (Linux; Android 6.0.1; Nexus 5X Build/MMB29P) AppleWebKit/537.36 (KHTML, like Gecko) Chrome/137.0.7151.103 Mobile Safari/537.36 (compatible; Googlebot/2.1; +http://www.google.com/bot.html)"
66.249.77.129 - - [06/Jul/2025:17:52:25 -0400] "GET /items/293014175.html?srsltid=AfmBOoteviVqiZMYSzUX8F2kCPkfeDxO7k9CJ1anKwvF8lJA0z81 HTTP/1.1" 404 1251 "-" "Mozilla/5.0 (Linux; Android 6.0.1; Nexus 5X Build/MMB29P) AppleWebKit/537.36 (KHTML, like Gecko) Chrome/137.0.7151.103 Mobile Safari/537.36 (compatible; Googlebot/2.1; +http://www.google.com/bot.html)"
66.249.77.129 - - [06/Jul/2025:17:52:32 -0400] "GET /items/150030074.html?srsltid=AfmBOorcwZnpzKYxvPSfW1kVRqcmPnLf7E1I28zynFpLl2KJP90x HTTP/1.1" 404 1251 "-" "Mozilla/5.0 (Linux; Android 6.0.1; Nexus 5X Build/MMB29P) AppleWebKit/537.36 (KHTML, like Gecko) Chrome/137.0.7151.103 Mobile Safari/537.36 (compatible; Googlebot/2.1; +http://www.google.com/bot.html)"
47.82.60.22 - - [06/Jul/2025:17:52:38 -0400] "GET /items/099019477.html HTTP/1.1" 404 1251 "https://first-gulf.com.sa/items/099019477.html" "Mozilla/5.0 (Windows NT 10.0; Win64; x64) AppleWebKit/537.36 (KHTML, like Gecko) Chrome/114.0.0.0 Safari/537.36 Edg/114.0.1823.43"
66.249.77.129 - - [06/Jul/2025:17:52:39 -0400] "GET /items/277007619.html?srsltid=AfmBOoelwiaDBMjsYMwEyR0sIkFTtjFpQ0HqCRTSWHnDeARWBb8y HTTP/1.1" 404 1251 "-" "Mozilla/5.0 (Linux; Android 6.0.1; Nexus 5X Build/MMB29P) AppleWebKit/537.36 (KHTML, like Gecko) Chrome/137.0.7151.103 Mobile Safari/537.36 (compatible; Googlebot/2.1; +http://www.google.com/bot.html)"
66.249.77.129 - - [06/Jul/2025:17:52:46 -0400] "GET /items/207000559.html?srsltid=AfmBOocwbYmuZxGXGgtcBLLwViEOUOzcRjwgXFzEUKj1hGfyPMZN HTTP/1.1" 404 1251 "-" "Mozilla/5.0 (Linux; Android 6.0.1; Nexus 5X Build/MMB29P) AppleWebKit/537.36 (KHTML, like Gecko) Chrome/137.0.7151.103 Mobile Safari/537.36 (compatible; Googlebot/2.1; +http://www.google.com/bot.html)"
66.249.69.1 - - [06/Jul/2025:17:52:47 -0400] "GET /pcmypage?callback=product%2Fdetail%2Fakarica-ed2059654 HTTP/1.1" 404 1251 "-" "Mozilla/5.0 (compatible; Googlebot/2.1; +http://www.google.com/bot.html)"
66.249.77.129 - - [06/Jul/2025:17:52:53 -0400] "GET /items/058034198.html?srsltid=AfmBOorindcBfjlxXBrjgr9XVtzvkNZfjZEUXEaH48UA7PNr6PqC HTTP/1.1" 404 1251 "-" "Mozilla/5.0 (Linux; Android 6.0.1; Nexus 5X Build/MMB29P) AppleWebKit/537.36 (KHTML, like Gecko) Chrome/137.0.7151.103 Mobile Safari/537.36 (compatible; Googlebot/2.1; +http://www.google.com/bot.html)"
66.249.69.14 - - [06/Jul/2025:17:52:57 -0400] "GET /items/034028432.html?srsltid=AfmBOozwgZmscDlPaYWK3fZWVgCPauHGXlxM1hkc8jdGRH4JtkUn HTTP/1.1" 404 1251 "-" "Mozilla/5.0 (Linux; Android 6.0.1; Nexus 5X Build/MMB29P) AppleWebKit/537.36 (KHTML, like Gecko) Chrome/137.0.7151.103 Mobile Safari/537.36 (compatible; Googlebot/2.1; +http://www.google.com/bot.html)"
47.82.60.10 - - [06/Jul/2025:17:52:58 -0400] "GET /items/uvshd223/44322?key=wildlife HTTP/1.1" 404 1251 "https://first-gulf.com.sa/items/uvshd223/44322?key=wildlife" "Mozilla/5.0 (Windows NT 10.0; Win64; x64) AppleWebKit/537.36 (KHTML, like Gecko) Chrome/114.0.0.0 Safari/537.36 Edg/114.0.1823.43"
66.249.77.129 - - [06/Jul/2025:17:53:00 -0400] "GET /pcmypage?callback=product/review/grandtable-131111289 HTTP/1.1" 404 1251 "-" "Mozilla/5.0 (Linux; Android 6.0.1; Nexus 5X Build/MMB29P) AppleWebKit/537.36 (KHTML, like Gecko) Chrome/137.0.7151.103 Mobile Safari/537.36 (compatible; GoogleOther)"
66.249.69.14 - - [06/Jul/2025:17:53:01 -0400] "GET /search.php?pcmypage?callback=product%2Fdetail%2Fengei2-39078 HTTP/1.1" 404 1251 "-" "Mozilla/5.0 (Linux; Android 6.0.1; Nexus 5X Build/MMB29P) AppleWebKit/537.36 (KHTML, like Gecko) Chrome/137.0.7151.103 Mobile Safari/537.36 (compatible; Googlebot/2.1; +http://www.google.com/bot.html)"
66.249.77.129 - - [06/Jul/2025:17:53:02 -0400] "GET /items/153033417.html?srsltid=AfmBOokxhulpNozlVvZjFnvmQvCfXkAWqE838K0dCvi1P9JyFOfa HTTP/1.1" 404 1251 "-" "Mozilla/5.0 (compatible; Googlebot/2.1; +http://www.google.com/bot.html)"
66.249.77.130 - - [06/Jul/2025:17:53:07 -0400] "GET /items/060038686.html?srsltid=AfmBOocjlkpulEhvEzIzWw9kTxHZPHszuGYsNUwDOPANtf1HPeMa HTTP/1.1" 404 1251 "-" "Mozilla/5.0 (Linux; Android 6.0.1; Nexus 5X Build/MMB29P) AppleWebKit/537.36 (KHTML, like Gecko) Chrome/137.0.7151.103 Mobile Safari/537.36 (compatible; Googlebot/2.1; +http://www.google.com/bot.html)"
47.82.60.73 - - [06/Jul/2025:17:53:10 -0400] "GET /items/dghqi272/49427?key=translate HTTP/1.1" 404 1251 "https://first-gulf.com.sa/items/dghqi272/49427?key=translate" "Mozilla/5.0 (Windows NT 10.0; Win64; x64) AppleWebKit/537.36 (KHTML, like Gecko) Chrome/114.0.0.0 Safari/537.36 Edg/114.0.1823.43"
66.249.77.129 - - [06/Jul/2025:17:53:14 -0400] "GET /items/188015218.html?srsltid=AfmBOolppjcyoXrmGqiXkqSvRuQalMvS7QF9OwfmIQSyfw1I4HtV HTTP/1.1" 404 1251 "-" "Mozilla/5.0 (Linux; Android 6.0.1; Nexus 5X Build/MMB29P) AppleWebKit/537.36 (KHTML, like Gecko) Chrome/137.0.7151.103 Mobile Safari/537.36 (compatible; Googlebot/2.1; +http://www.google.com/bot.html)"
66.249.77.129 - - [06/Jul/2025:17:53:28 -0400] "GET /items/203013241.html?srsltid=AfmBOoizvGhfXPXNwNAxakJDAtjtmVmdRVKBLup1vW1yxiPSegip HTTP/1.1" 404 1251 "-" "Mozilla/5.0 (Linux; Android 6.0.1; Nexus 5X Build/MMB29P) AppleWebKit/537.36 (KHTML, like Gecko) Chrome/137.0.7151.103 Mobile Safari/537.36 (compatible; Googlebot/2.1; +http://www.google.com/bot.html)"
66.249.77.129 - - [06/Jul/2025:17:53:31 -0400] "GET /items/048032006.html?srsltid=AfmBOoyfwLQBXPqyfIkux7R5AZKeywajkf5CCc3A9iN2Lox6MWB5 HTTP/1.1" 404 1251 "-" "Mozilla/5.0 (Linux; Android 6.0.1; Nexus 5X Build/MMB29P) AppleWebKit/537.36 (KHTML, like Gecko) Chrome/137.0.7151.103 Mobile Safari/537.36 (compatible; Googlebot/2.1; +http://www.google.com/bot.html)"
66.249.77.129 - - [06/Jul/2025:17:53:32 -0400] "GET /items/013036793.html?srsltid=AfmBOoxjcvUyQzeycozLm6P9DvgPyaFgPzsVRhnvac65GR7zrYj4 HTTP/1.1" 404 1251 "-" "Mozilla/5.0 (Linux; Android 6.0.1; Nexus 5X Build/MMB29P) AppleWebKit/537.36 (KHTML, like Gecko) Chrome/137.0.7151.103 Mobile Safari/537.36 (compatible; Googlebot/2.1; +http://www.google.com/bot.html)"
66.249.77.129 - - [06/Jul/2025:17:53:35 -0400] "GET /items/248021904.html?srsltid=AfmBOobpwKMFwbgxJEjjQMXjXBjdoenxp0sBQpImx24p37eNGFSo HTTP/1.1" 404 1251 "-" "Mozilla/5.0 (Linux; Android 6.0.1; Nexus 5X Build/MMB29P) AppleWebKit/537.36 (KHTML, like Gecko) Chrome/137.0.7151.103 Mobile Safari/537.36 (compatible; Googlebot/2.1; +http://www.google.com/bot.html)"
66.249.77.129 - - [06/Jul/2025:17:53:42 -0400] "GET /items/220034076.html?srsltid=AfmBOoocleYNwBLBDsHbG1eLAyHMHJmFAH5B7WQvVU7MbyBFAiGi HTTP/1.1" 404 1251 "-" "Mozilla/5.0 (Linux; Android 6.0.1; Nexus 5X Build/MMB29P) AppleWebKit/537.36 (KHTML, like Gecko) Chrome/137.0.7151.103 Mobile Safari/537.36 (compatible; Googlebot/2.1; +http://www.google.com/bot.html)"
66.249.77.129 - - [06/Jul/2025:17:53:49 -0400] "GET /items/255002355.html?srsltid=AfmBOodhjOzmKJaCuKXc9unpNDZTqEDrDUYOmO1Vei6BWKn4sqyX HTTP/1.1" 404 1251 "-" "Mozilla/5.0 (Linux; Android 6.0.1; Nexus 5X Build/MMB29P) AppleWebKit/537.36 (KHTML, like Gecko) Chrome/137.0.7151.103 Mobile Safari/537.36 (compatible; Googlebot/2.1; +http://www.google.com/bot.html)"
47.82.60.74 - - [06/Jul/2025:17:53:54 -0400] "GET /items/rwgeq276/1765?key=workplace HTTP/1.1" 404 1251 "https://first-gulf.com.sa/items/rwgeq276/1765?key=workplace" "Mozilla/5.0 (Windows NT 10.0; Win64; x64) AppleWebKit/537.36 (KHTML, like Gecko) Chrome/114.0.0.0 Safari/537.36 Edg/114.0.1823.43"
66.249.77.129 - - [06/Jul/2025:17:53:56 -0400] "GET /items/099028069.html?srsltid=AfmBOoaodMInmlwarIQLZpJIPieplwfa8x6uGw5kc4lg4bGBVRan HTTP/1.1" 404 1251 "-" "Mozilla/5.0 (Linux; Android 6.0.1; Nexus 5X Build/MMB29P) AppleWebKit/537.36 (KHTML, like Gecko) Chrome/137.0.7151.103 Mobile Safari/537.36 (compatible; Googlebot/2.1; +http://www.google.com/bot.html)"
66.249.77.131 - - [06/Jul/2025:17:54:03 -0400] "GET /items/120019248.html?srsltid=AfmBOowqvbxFMTkHaFtkIxaoZSVxeYQTVFyu7TkeZcheK8z9BFsv HTTP/1.1" 404 1251 "-" "Mozilla/5.0 (Linux; Android 6.0.1; Nexus 5X Build/MMB29P) AppleWebKit/537.36 (KHTML, like Gecko) Chrome/137.0.7151.103 Mobile Safari/537.36 (compatible; Googlebot/2.1; +http://www.google.com/bot.html)"
66.249.69.14 - - [06/Jul/2025:17:54:07 -0400] "GET /items/241018629.html?srsltid=AfmBOozjhjDyLGBqYMskbFRFQlEGxsHdcJDuD46IcJKsAOxKAzMM HTTP/1.1" 404 1251 "-" "Mozilla/5.0 (Linux; Android 6.0.1; Nexus 5X Build/MMB29P) AppleWebKit/537.36 (KHTML, like Gecko) Chrome/137.0.7151.103 Mobile Safari/537.36 (compatible; Googlebot/2.1; +http://www.google.com/bot.html)"
66.249.69.2 - - [06/Jul/2025:17:54:07 -0400] "GET /items/241018629.html?srsltid=AfmBOozjhjDyLGBqYMskbFRFQlEGxsHdcJDuD46IcJKsAOxKAzMM HTTP/1.1" 404 1251 "-" "Mozilla/5.0 (Linux; Android 6.0.1; Nexus 5X Build/MMB29P) AppleWebKit/537.36 (KHTML, like Gecko) Chrome/137.0.7151.103 Mobile Safari/537.36 (compatible; Googlebot/2.1; +http://www.google.com/bot.html)"
66.249.77.129 - - [06/Jul/2025:17:54:10 -0400] "GET /items/209034877.html?srsltid=AfmBOotiwdkBRtkoFJkuR7MGNSdTiamTkUe6vpsIU3i89CbuLd3w HTTP/1.1" 404 1251 "-" "Mozilla/5.0 (Linux; Android 6.0.1; Nexus 5X Build/MMB29P) AppleWebKit/537.36 (KHTML, like Gecko) Chrome/137.0.7151.103 Mobile Safari/537.36 (compatible; Googlebot/2.1; +http://www.google.com/bot.html)"
66.249.77.129 - - [06/Jul/2025:17:54:15 -0400] "GET /?_gl=1*m4rbiq3*_ga*IPXxreNysHzRbgRmbvXJezazssTk*_ga_ZAAAXWNKU*95eYJaM9WNsOKR07nqeR4U40Ov24WdJ34NwfUZd1dklQn1Vm6rHKQNj.*_gcl_au=1.1.199710002.176413525*_gcl_aw=ZZU.178797374.M0w0XGb1zu0rHJVCTKPlE50jVS4ZzSvKy41C92hpEm00DvhEzVbPtmWhRwMe9l6pZ9VBGECDjrvwma5iZ21s8oeQPJ..&_gz=2.198253372.199952653.174843871-867087422.162862374&_bdsid=sjef0d.n~AEVDM.178939685.172701888&_bd_prev_page=https://first-gulf.com.sa/link.php?items/293046449.html?srsltid=AfmBOoeqrtuZptMTIEqn9gnUFwXIDGAFqlF8PgvMvVwFhPJDwG15 HTTP/1.1" 200 1436 "-" "Mozilla/5.0 (Linux; Android 6.0.1; Nexus 5X Build/MMB29P) AppleWebKit/537.36 (KHTML, like Gecko) Chrome/137.0.7151.103 Mobile Safari/537.36 (compatible; Googlebot/2.1; +http://www.google.com/bot.html)"
47.82.60.1 - - [06/Jul/2025:17:54:15 -0400] "GET /items/ntyby80/215?key=bath HTTP/1.1" 404 1251 "https://first-gulf.com.sa/items/ntyby80/215?key=bath" "Mozilla/5.0 (Windows NT 10.0; Win64; x64) AppleWebKit/537.36 (KHTML, like Gecko) Chrome/114.0.0.0 Safari/537.36 Edg/114.0.1823.43"
66.249.77.129 - - [06/Jul/2025:17:54:17 -0400] "GET /items/wcwmw3/280?key=blink HTTP/1.1" 404 1251 "-" "Mozilla/5.0 (Linux; Android 6.0.1; Nexus 5X Build/MMB29P) AppleWebKit/537.36 (KHTML, like Gecko) Chrome/137.0.7151.103 Mobile Safari/537.36 (compatible; Googlebot/2.1; +http://www.google.com/bot.html)"
66.249.77.129 - - [06/Jul/2025:17:54:24 -0400] "GET /items/046015040.html?srsltid=AfmBOoazvXQJTsNLWwhehJvUEnStQcAE9hssBOczCWk3Fhm09XIP HTTP/1.1" 404 1251 "-" "Mozilla/5.0 (Linux; Android 6.0.1; Nexus 5X Build/MMB29P) AppleWebKit/537.36 (KHTML, like Gecko) Chrome/137.0.7151.103 Mobile Safari/537.36 (compatible; Googlebot/2.1; +http://www.google.com/bot.html)"
47.82.60.9 - - [06/Jul/2025:17:54:25 -0400] "GET /items/qdmoz44/1089?key=dot HTTP/1.1" 404 1251 "https://www.first-gulf.com.sa/items/qdmoz44/1089?key=dot" "Mozilla/5.0 (Windows NT 10.0; Win64; x64) AppleWebKit/537.36 (KHTML, like Gecko) Chrome/114.0.0.0 Safari/537.36 Edg/114.0.1823.43"
198.235.24.10 - - [06/Jul/2025:17:54:30 -0400] "GET / HTTP/1.1" 200 1439 "-" "Expanse, a Palo Alto Networks company, searches across the global IPv4 space multiple times per day to identify customers&#39; presences on the Internet. If you would like to be excluded from our scans, please send IP addresses/domains to: [email protected]"
66.249.77.129 - - [06/Jul/2025:17:54:31 -0400] "GET /items/261012439.html?srsltid=AfmBOovxagKvOJetRkGkmWfmTsQyGjIN70ukR9Ap0dwpO3p3Rb6y HTTP/1.1" 404 1251 "-" "Mozilla/5.0 (Linux; Android 6.0.1; Nexus 5X Build/MMB29P) AppleWebKit/537.36 (KHTML, like Gecko) Chrome/137.0.7151.103 Mobile Safari/537.36 (compatible; Googlebot/2.1; +http://www.google.com/bot.html)"
66.249.77.129 - - [06/Jul/2025:17:54:38 -0400] "GET /items/234040104.html?srsltid=AfmBOousnMAOVhakweJYklfAZLFgcRrKQ8z6SBPxZaW75FZfv0ef HTTP/1.1" 404 1251 "-" "Mozilla/5.0 (Linux; Android 6.0.1; Nexus 5X Build/MMB29P) AppleWebKit/537.36 (KHTML, like Gecko) Chrome/137.0.7151.103 Mobile Safari/537.36 (compatible; Googlebot/2.1; +http://www.google.com/bot.html)"
66.249.77.129 - - [06/Jul/2025:17:54:45 -0400] "GET /items/162005630.html?srsltid=AfmBOorlwsapgZrrMMnJV1JkYCteeccfR6gwVIY7yc9UnZDgSNj0 HTTP/1.1" 404 1251 "-" "Mozilla/5.0 (Linux; Android 6.0.1; Nexus 5X Build/MMB29P) AppleWebKit/537.36 (KHTML, like Gecko) Chrome/137.0.7151.103 Mobile Safari/537.36 (compatible; Googlebot/2.1; +http://www.google.com/bot.html)"
66.249.77.129 - - [06/Jul/2025:17:54:52 -0400] "GET /items/227040177.html?srsltid=AfmBOocgcnZYiQkFlqMPctZjZrMkdiWH085RUhm16fbcLbCZKTPm HTTP/1.1" 404 1251 "-" "Mozilla/5.0 (Linux; Android 6.0.1; Nexus 5X Build/MMB29P) AppleWebKit/537.36 (KHTML, like Gecko) Chrome/137.0.7151.103 Mobile Safari/537.36 (compatible; Googlebot/2.1; +http://www.google.com/bot.html)"
66.249.77.129 - - [06/Jul/2025:17:54:56 -0400] "GET /items/168030474.html?srsltid=AfmBOoygilnjFQMWTQumE7G9XmrSGRrWo1bS7zg5Y5VwiYZGWqna HTTP/1.1" 404 1251 "-" "Mozilla/5.0 (Linux; Android 6.0.1; Nexus 5X Build/MMB29P) AppleWebKit/537.36 (KHTML, like Gecko) Chrome/137.0.7151.103 Mobile Safari/537.36 (compatible; Googlebot/2.1; +http://www.google.com/bot.html)"
47.82.60.36 - - [06/Jul/2025:17:55:07 -0400] "GET /items/kvvca7/16?key=pleasure HTTP/1.1" 404 1251 "https://first-gulf.com.sa/items/kvvca7/16?key=pleasure" "Mozilla/5.0 (Windows NT 10.0; Win64; x64) AppleWebKit/537.36 (KHTML, like Gecko) Chrome/114.0.0.0 Safari/537.36 Edg/114.0.1823.43"
66.249.77.138 - - [06/Jul/2025:17:55:11 -0400] "GET /items/141022027.html?srsltid=AfmBOoziefqhPoEMGyHqu7JlEeoPZnOI07yw1CPZ8GNgQwQGFbB4 HTTP/1.1" 404 1251 "-" "Mozilla/5.0 (Linux; Android 6.0.1; Nexus 5X Build/MMB29P) AppleWebKit/537.36 (KHTML, like Gecko) Chrome/137.0.7151.103 Mobile Safari/537.36 (compatible; Googlebot/2.1; +http://www.google.com/bot.html)"
66.249.77.137 - - [06/Jul/2025:17:55:12 -0400] "GET /items/ygmjs57/784?key=rain HTTP/1.1" 404 1251 "-" "Mozilla/5.0 (Linux; Android 6.0.1; Nexus 5X Build/MMB29P) AppleWebKit/537.36 (KHTML, like Gecko) Chrome/137.0.7151.103 Mobile Safari/537.36 (compatible; Googlebot/2.1; +http://www.google.com/bot.html)"
66.249.69.14 - - [06/Jul/2025:17:55:15 -0400] "GET /items/010000226.html?srsltid=AfmBOowqqhhmUjfUopnr6nshJzSOzhQeTI2boWJR8QfcJKsppwCm HTTP/1.1" 404 1251 "-" "Mozilla/5.0 (Linux; Android 6.0.1; Nexus 5X Build/MMB29P) AppleWebKit/537.36 (KHTML, like Gecko) Chrome/137.0.7151.103 Mobile Safari/537.36 (compatible; Googlebot/2.1; +http://www.google.com/bot.html)"
66.249.69.2 - - [06/Jul/2025:17:55:14 -0400] "GET /robots.txt HTTP/1.1" 304 0 "-" "Mozilla/5.0 (compatible; Googlebot/2.1; +http://www.google.com/bot.html)"
47.82.60.26 - - [06/Jul/2025:17:55:18 -0400] "GET /items/lpigq266/42663?key=nice HTTP/1.1" 404 1251 "https://first-gulf.com.sa/items/lpigq266/42663?key=nice" "Mozilla/5.0 (Windows NT 10.0; Win64; x64) AppleWebKit/537.36 (KHTML, like Gecko) Chrome/114.0.0.0 Safari/537.36 Edg/114.0.1823.43"
66.249.77.137 - - [06/Jul/2025:17:55:18 -0400] "GET /items/209002283.html?srsltid=AfmBOoiwugrMWwdPVDLV1SGTMfeMLobTpvgB1jjyXn41fxEDBGr7 HTTP/1.1" 404 1251 "-" "Mozilla/5.0 (Linux; Android 6.0.1; Nexus 5X Build/MMB29P) AppleWebKit/537.36 (KHTML, like Gecko) Chrome/137.0.7151.103 Mobile Safari/537.36 (compatible; Googlebot/2.1; +http://www.google.com/bot.html)"
66.249.77.138 - - [06/Jul/2025:17:55:19 -0400] "GET /items/cqbjn252/30763?key=cattle HTTP/1.1" 404 1251 "-" "Mozilla/5.0 (Linux; Android 6.0.1; Nexus 5X Build/MMB29P) AppleWebKit/537.36 (KHTML, like Gecko) Chrome/137.0.7151.103 Mobile Safari/537.36 (compatible; Googlebot/2.1; +http://www.google.com/bot.html)"
66.249.77.137 - - [06/Jul/2025:17:55:22 -0400] "GET /items/108043126.html?srsltid=AfmBOorfmnUKSOZaFexcG76iOjhRFClzBFzzgkUNmmdIG2mFpxny HTTP/1.1" 404 1251 "-" "Mozilla/5.0 (Linux; Android 6.0.1; Nexus 5X Build/MMB29P) AppleWebKit/537.36 (KHTML, like Gecko) Chrome/137.0.7151.103 Mobile Safari/537.36 (compatible; Googlebot/2.1; +http://www.google.com/bot.html)"
66.249.77.137 - - [06/Jul/2025:17:55:24 -0400] "GET /items/lwbfy199/30166?key=bed HTTP/1.1" 404 1251 "-" "Mozilla/5.0 (Linux; Android 6.0.1; Nexus 5X Build/MMB29P) AppleWebKit/537.36 (KHTML, like Gecko) Chrome/137.0.7151.119 Mobile Safari/537.36 (compatible; Googlebot/2.1; +http://www.google.com/bot.html)"
66.249.77.137 - - [06/Jul/2025:17:55:31 -0400] "GET /items/224018110.html?srsltid=AfmBOohtoDPvFQTKhCNc1oD6XIwDVuChWIHyp2UA6pJDc7hm6njF HTTP/1.1" 404 1251 "-" "Mozilla/5.0 (Linux; Android 6.0.1; Nexus 5X Build/MMB29P) AppleWebKit/537.36 (KHTML, like Gecko) Chrome/137.0.7151.103 Mobile Safari/537.36 (compatible; Googlebot/2.1; +http://www.google.com/bot.html)"
66.249.77.137 - - [06/Jul/2025:17:55:37 -0400] "GET /items/214018952.html?srsltid=AfmBOovoagKLKPWWqSozDBoIWVZvvHYIxNQNiBb28Amas8O5BdSl HTTP/1.1" 404 1251 "-" "Mozilla/5.0 (Linux; Android 6.0.1; Nexus 5X Build/MMB29P) AppleWebKit/537.36 (KHTML, like Gecko) Chrome/137.0.7151.103 Mobile Safari/537.36 (compatible; Googlebot/2.1; +http://www.google.com/bot.html)"
66.249.77.137 - - [06/Jul/2025:17:55:44 -0400] "GET /items/074000206.html?srsltid=AfmBOoxiuNEhcpUhLqQqTGIkWaPZIHYlLO5Wc4Ekthfg24pY1U5Q HTTP/1.1" 404 1251 "-" "Mozilla/5.0 (Linux; Android 6.0.1; Nexus 5X Build/MMB29P) AppleWebKit/537.36 (KHTML, like Gecko) Chrome/137.0.7151.103 Mobile Safari/537.36 (compatible; Googlebot/2.1; +http://www.google.com/bot.html)"
66.249.77.137 - - [06/Jul/2025:17:55:50 -0400] "GET /items/055036667.html?srsltid=AfmBOoqpcUZDxQOsRWhU2VwKNxYsEeJcoYVNtLLBmaltltGtUstp HTTP/1.1" 404 1251 "-" "Mozilla/5.0 (Linux; Android 6.0.1; Nexus 5X Build/MMB29P) AppleWebKit/537.36 (KHTML, like Gecko) Chrome/137.0.7151.103 Mobile Safari/537.36 (compatible; Googlebot/2.1; +http://www.google.com/bot.html)"
47.82.60.36 - - [06/Jul/2025:17:55:55 -0400] "GET /items/jvamz178/13697?key=site HTTP/1.1" 404 1251 "https://first-gulf.com.sa/items/jvamz178/13697?key=site" "Mozilla/5.0 (Windows NT 10.0; Win64; x64) AppleWebKit/537.36 (KHTML, like Gecko) Chrome/114.0.0.0 Safari/537.36 Edg/114.0.1823.43"
66.249.77.137 - - [06/Jul/2025:17:55:57 -0400] "GET /items/127037949.html?srsltid=AfmBOoylaiwcKYPZeelBvSsjGUXNYOOfDjytH5Ef9rLVSfCfwg37 HTTP/1.1" 404 1251 "-" "Mozilla/5.0 (Linux; Android 6.0.1; Nexus 5X Build/MMB29P) AppleWebKit/537.36 (KHTML, like Gecko) Chrome/137.0.7151.103 Mobile Safari/537.36 (compatible; Googlebot/2.1; +http://www.google.com/bot.html)"
47.82.60.25 - - [06/Jul/2025:17:55:57 -0400] "GET /items/vzqsb141/2306?key=photo HTTP/1.1" 404 1251 "https://first-gulf.com.sa/items/vzqsb141/2306?key=photo" "Mozilla/5.0 (Windows NT 10.0; Win64; x64) AppleWebKit/537.36 (KHTML, like Gecko) Chrome/114.0.0.0 Safari/537.36 Edg/114.0.1823.43"
66.29.146.47 - - [06/Jul/2025:17:55:58 -0400] "POST /wp-cron.php?doing_wp_cron=1751838958.4859049320220947265625 HTTP/1.1" 403 1242 "-" "WordPress/6.8; https://first-gulf.com.sa"
66.249.69.1 - - [06/Jul/2025:17:55:58 -0400] "GET /items/297028685.html?srsltid=AfmBOoaxmWwwXVEmncmek6jDAYyPqiNquwfu35yebUR364vmdtQw HTTP/1.1" 404 1251 "-" "Mozilla/5.0 (compatible; Googlebot/2.1; +http://www.google.com/bot.html)"
18.208.110.105 - - [06/Jul/2025:17:55:51 -0400] "POST /wp-login.php HTTP/1.1" 200 3023 "-" "Mozilla/5.0"
66.249.77.137 - - [06/Jul/2025:17:55:59 -0400] "GET /pcmypage?callback=product%2Fdetail%2F0101marui-cf019063070101-1 HTTP/1.1" 404 1251 "-" "Mozilla/5.0 (Linux; Android 6.0.1; Nexus 5X Build/MMB29P) AppleWebKit/537.36 (KHTML, like Gecko) Chrome/137.0.7151.103 Mobile Safari/537.36 (compatible; GoogleOther)"
66.249.77.137 - - [06/Jul/2025:17:56:04 -0400] "GET /items/191049339.html?srsltid=AfmBOozysAHRiArXoaietWvgFGznYPsGQkJXXe9u5saTVjdTsTmA HTTP/1.1" 404 1251 "-" "Mozilla/5.0 (Linux; Android 6.0.1; Nexus 5X Build/MMB29P) AppleWebKit/537.36 (KHTML, like Gecko) Chrome/137.0.7151.103 Mobile Safari/537.36 (compatible; Googlebot/2.1; +http://www.google.com/bot.html)"
66.249.77.137 - - [06/Jul/2025:17:56:10 -0400] "GET /pcmypage?callback=product/review/r-protools-8233059 HTTP/1.1" 404 1251 "-" "Mozilla/5.0 (Linux; Android 6.0.1; Nexus 5X Build/MMB29P) AppleWebKit/537.36 (KHTML, like Gecko) Chrome/137.0.7151.103 Mobile Safari/537.36 (compatible; Googlebot/2.1; +http://www.google.com/bot.html)"
47.82.60.30 - - [06/Jul/2025:17:56:13 -0400] "GET /items/gxelt255/31038?key=routine HTTP/1.1" 404 1251 "https://first-gulf.com.sa/items/gxelt255/31038?key=routine" "Mozilla/5.0 (Windows NT 10.0; Win64; x64) AppleWebKit/537.36 (KHTML, like Gecko) Chrome/114.0.0.0 Safari/537.36 Edg/114.0.1823.43"
66.249.77.137 - - [06/Jul/2025:17:56:14 -0400] "GET /items/187032451.html?srsltid=AfmBOoqabtxYoEHCajWSSQZzTQSsjVxyJQcQ5unscjW0BvW7FIov HTTP/1.1" 404 1251 "-" "Mozilla/5.0 (Linux; Android 6.0.1; Nexus 5X Build/MMB29P) AppleWebKit/537.36 (KHTML, like Gecko) Chrome/137.0.7151.103 Mobile Safari/537.36 (compatible; Googlebot/2.1; +http://www.google.com/bot.html)"
66.249.77.137 - - [06/Jul/2025:17:56:16 -0400] "GET /items/hefhb199/27058?key=loose HTTP/1.1" 404 1251 "-" "Mozilla/5.0 (Linux; Android 6.0.1; Nexus 5X Build/MMB29P) AppleWebKit/537.36 (KHTML, like Gecko) Chrome/137.0.7151.119 Mobile Safari/537.36 (compatible; Googlebot/2.1; +http://www.google.com/bot.html)"
66.249.77.137 - - [06/Jul/2025:17:56:17 -0400] "GET /pcmypage?callback=product%2Fdetail%2Fre-vida-71-524843-blackgo HTTP/1.1" 404 1251 "-" "Mozilla/5.0 (Linux; Android 6.0.1; Nexus 5X Build/MMB29P) AppleWebKit/537.36 (KHTML, like Gecko) Chrome/137.0.7151.103 Mobile Safari/537.36 (compatible; Googlebot/2.1; +http://www.google.com/bot.html)"
66.249.77.137 - - [06/Jul/2025:17:56:17 -0400] "GET /?_gl=1*m4rbiq3*_ga*IPXxreNysHzRbgRmbvXJezazssTk*_ga_ZAAAXWNKU*95eYJaM9WNsOKR07nqeR4U40Ov24WdJ34NwfUZd1dklQn1Vm6rHKQNj.*_gcl_au=1.1.199710002.176413525*_gcl_aw=ZZU.178797374.M0w0XGb1zu0rHJVCTKPlE50jVS4ZzSvKy41C92hpEm00DvhEzVbPtmWhRwMe9l6pZ9VBGECDjrvwma5iZ21s8oeQPJ..&_gz=2.198253372.199952653.174843871-867087422.162862374&_bdsid=sjef0d.n~AEVDM.178939685.172701888&_bd_prev_page=https://first-gulf.com.sa/link.php?items/wthot297/25258?key=department HTTP/1.1" 200 1436 "-" "Mozilla/5.0 (Linux; Android 6.0.1; Nexus 5X Build/MMB29P) AppleWebKit/537.36 (KHTML, like Gecko) Chrome/137.0.7151.103 Mobile Safari/537.36 (compatible; Googlebot/2.1; +http://www.google.com/bot.html)"
66.249.77.137 - - [06/Jul/2025:17:56:31 -0400] "GET /items/234014418.html?srsltid=AfmBOofguvSgefNGHOEZd5vXBGacAIkqLu5RjIJD6RydAibsPVIN HTTP/1.1" 404 1251 "-" "Mozilla/5.0 (Linux; Android 6.0.1; Nexus 5X Build/MMB29P) AppleWebKit/537.36 (KHTML, like Gecko) Chrome/137.0.7151.103 Mobile Safari/537.36 (compatible; Googlebot/2.1; +http://www.google.com/bot.html)"
66.249.77.137 - - [06/Jul/2025:17:56:31 -0400] "GET /items/yniuq40/3375?key=slam HTTP/1.1" 404 1251 "-" "Mozilla/5.0 (Linux; Android 6.0.1; Nexus 5X Build/MMB29P) AppleWebKit/537.36 (KHTML, like Gecko) Chrome/137.0.7151.103 Mobile Safari/537.36 (compatible; Googlebot/2.1; +http://www.google.com/bot.html)"
66.249.77.137 - - [06/Jul/2025:17:56:34 -0400] "GET /items/081031061.html?srsltid=AfmBOohoyOAvblFgWqWStHDiZcyEnGpGF1tlsHrIaesF7TQsPyGc HTTP/1.1" 404 1251 "-" "Mozilla/5.0 (Linux; Android 6.0.1; Nexus 5X Build/MMB29P) AppleWebKit/537.36 (KHTML, like Gecko) Chrome/137.0.7151.103 Mobile Safari/537.36 (compatible; Googlebot/2.1; +http://www.google.com/bot.html)"
66.249.77.137 - - [06/Jul/2025:17:56:38 -0400] "GET /items/080008426.html?srsltid=AfmBOovvvWLQNKFBdOpyV2aTHwJUQHGvPYXVIckee3ni8jMyVFzP HTTP/1.1" 404 1251 "-" "Mozilla/5.0 (Linux; Android 6.0.1; Nexus 5X Build/MMB29P) AppleWebKit/537.36 (KHTML, like Gecko) Chrome/137.0.7151.103 Mobile Safari/537.36 (compatible; Googlebot/2.1; +http://www.google.com/bot.html)"
66.249.77.137 - - [06/Jul/2025:17:56:41 -0400] "GET /zhHant/product/surugaya/41military-1000000115291?campaign_uid=f64d716db5e979ed2f947dbaf4296895b951ae7f HTTP/1.1" 404 1251 "-" "Mozilla/5.0 (Linux; Android 6.0.1; Nexus 5X Build/MMB29P) AppleWebKit/537.36 (KHTML, like Gecko) Chrome/137.0.7151.103 Mobile Safari/537.36 (compatible; Googlebot/2.1; +http://www.google.com/bot.html)"
