66.249.68.137 - - [06/Jul/2025:12:48:27 -0400] "GET /items/014007160.html?srsltid=AfmBOoekyCvQUbYHozvPDEHYOvHZGtIe08GIqJRzuaq3zPQ4r7N8 HTTP/1.1" 404 1251 "-" "Mozilla/5.0 (Linux; Android 6.0.1; Nexus 5X Build/MMB29P) AppleWebKit/537.36 (KHTML, like Gecko) Chrome/137.0.7151.103 Mobile Safari/537.36 (compatible; Googlebot/2.1; +http://www.google.com/bot.html)"
172.182.224.8 - - [06/Jul/2025:12:49:19 -0400] "GET /items/qvsgz7/890?key=charm HTTP/1.1" 404 1251 "-" "Mozilla/5.0 (Macintosh; Intel Mac OS X 10_15_7) AppleWebKit/537.36 (KHTML, like Gecko) Chrome/131.0.0.0 Safari/537.36; compatible; OAI-SearchBot/1.0; +https://openai.com/searchbot"
20.169.7.53 - - [06/Jul/2025:12:49:22 -0400] "GET /zhHant/product/surugaya/book-17202654?campaign_uid=f64d716db5e979ed2f947dbaf4296895b951ae7f HTTP/1.1" 404 1251 "-" "Mozilla/5.0 (Macintosh; Intel Mac OS X 10_15_7) AppleWebKit/537.36 (KHTML, like Gecko) Chrome/131.0.0.0 Safari/537.36; compatible; OAI-SearchBot/1.0; +https://openai.com/searchbot"
20.168.18.45 - - [06/Jul/2025:12:49:25 -0400] "GET /items/irvmy157/44902?key=distract HTTP/1.1" 404 1251 "-" "Mozilla/5.0 (Macintosh; Intel Mac OS X 10_15_7) AppleWebKit/537.36 (KHTML, like Gecko) Chrome/131.0.0.0 Safari/537.36; compatible; OAI-SearchBot/1.0; +https://openai.com/searchbot"
20.171.207.230 - - [06/Jul/2025:12:49:27 -0400] "GET /wp-includes/post-template.php HTTP/1.1" 403 1242 "-" "Mozilla/5.0 AppleWebKit/537.36 (KHTML, like Gecko; compatible; GPTBot/1.2; +https://openai.com/gptbot)"
20.171.207.230 - - [06/Jul/2025:12:49:31 -0400] "GET /wp-includes/post-formats.php HTTP/1.1" 403 1242 "-" "Mozilla/5.0 AppleWebKit/537.36 (KHTML, like Gecko; compatible; GPTBot/1.2; +https://openai.com/gptbot)"
20.171.207.230 - - [06/Jul/2025:12:49:34 -0400] "GET /wp-includes/class-wp-fatal-error-handler.php HTTP/1.1" 403 1242 "-" "Mozilla/5.0 AppleWebKit/537.36 (KHTML, like Gecko; compatible; GPTBot/1.2; +https://openai.com/gptbot)"
20.171.207.230 - - [06/Jul/2025:12:49:37 -0400] "GET /wp-includes/global-styles-and-settings.php HTTP/1.1" 403 1242 "-" "Mozilla/5.0 AppleWebKit/537.36 (KHTML, like Gecko; compatible; GPTBot/1.2; +https://openai.com/gptbot)"
20.171.207.230 - - [06/Jul/2025:12:49:40 -0400] "GET /wp-includes/post.php HTTP/1.1" 403 1242 "-" "Mozilla/5.0 AppleWebKit/537.36 (KHTML, like Gecko; compatible; GPTBot/1.2; +https://openai.com/gptbot)"
20.171.207.230 - - [06/Jul/2025:12:49:43 -0400] "GET /66f1f/ HTTP/1.1" 200 538 "-" "Mozilla/5.0 AppleWebKit/537.36 (KHTML, like Gecko; compatible; GPTBot/1.2; +https://openai.com/gptbot)"
66.249.79.206 - - [06/Jul/2025:12:49:52 -0400] "GET /pcmypage?callback=product%2Fdetail%2Fdtc-4560295086777 HTTP/1.1" 404 1251 "-" "Mozilla/5.0 (Linux; Android 6.0.1; Nexus 5X Build/MMB29P) AppleWebKit/537.36 (KHTML, like Gecko) Chrome/137.0.7151.103 Mobile Safari/537.36 (compatible; Googlebot/2.1; +http://www.google.com/bot.html)"
66.249.68.128 - - [06/Jul/2025:12:49:58 -0400] "GET /items/tejxd121/31740?key=meeting HTTP/1.1" 404 1251 "-" "Mozilla/5.0 (compatible; Googlebot/2.1; +http://www.google.com/bot.html)"
66.249.68.128 - - [06/Jul/2025:12:49:58 -0400] "GET /pcmypage?callback=product/review/auc-partsking-10042189 HTTP/1.1" 404 1251 "-" "Mozilla/5.0 (compatible; Googlebot/2.1; +http://www.google.com/bot.html)"
66.249.79.193 - - [06/Jul/2025:12:50:20 -0400] "GET /items/253024999.html?srsltid=AfmBOomatSmMBZmJagKC9NgvHGvKftpA541udDYX39xfcloUh2Hm HTTP/1.1" 404 1251 "-" "Mozilla/5.0 (Linux; Android 6.0.1; Nexus 5X Build/MMB29P) AppleWebKit/537.36 (KHTML, like Gecko) Chrome/137.0.7151.103 Mobile Safari/537.36 (compatible; Googlebot/2.1; +http://www.google.com/bot.html)"
66.249.68.128 - - [06/Jul/2025:12:50:36 -0400] "GET /items/kvhwn233/15950?key=investment HTTP/1.1" 404 1251 "-" "Mozilla/5.0 (Linux; Android 6.0.1; Nexus 5X Build/MMB29P) AppleWebKit/537.36 (KHTML, like Gecko) Chrome/137.0.7151.103 Mobile Safari/537.36 (compatible; Googlebot/2.1; +http://www.google.com/bot.html)"
66.249.68.129 - - [06/Jul/2025:12:50:37 -0400] "GET /pcmypage?callback=product/review/hcvalor-eshop-trusco-1900950 HTTP/1.1" 404 1251 "-" "Mozilla/5.0 (Linux; Android 6.0.1; Nexus 5X Build/MMB29P) AppleWebKit/537.36 (KHTML, like Gecko) Chrome/137.0.7151.103 Mobile Safari/537.36 (compatible; Googlebot/2.1; +http://www.google.com/bot.html)"
66.249.79.193 - - [06/Jul/2025:12:51:07 -0400] "GET /items/084001284.html?srsltid=AfmBOoqvqZuOfuOPzgFEDbygMXfyCUec0lSNpYj3Uq7E6008oiI1 HTTP/1.1" 404 1251 "-" "Mozilla/5.0 (Linux; Android 6.0.1; Nexus 5X Build/MMB29P) AppleWebKit/537.36 (KHTML, like Gecko) Chrome/137.0.7151.103 Mobile Safari/537.36 (compatible; Googlebot/2.1; +http://www.google.com/bot.html)"
66.249.68.128 - - [06/Jul/2025:12:51:10 -0400] "GET /items/kfpqd44/21711?key=approve HTTP/1.1" 404 1251 "-" "Mozilla/5.0 (Linux; Android 6.0.1; Nexus 5X Build/MMB29P) AppleWebKit/537.36 (KHTML, like Gecko) Chrome/137.0.7151.103 Mobile Safari/537.36 (compatible; GoogleOther)"
66.249.68.128 - - [06/Jul/2025:12:51:25 -0400] "GET /items/290005048.html?srsltid=AfmBOodgaJWXaDkySrYuXe3rCPuNinyTNtGg7qSPPPN29IhMqbOo HTTP/1.1" 404 1251 "-" "Mozilla/5.0 (Linux; Android 6.0.1; Nexus 5X Build/MMB29P) AppleWebKit/537.36 (KHTML, like Gecko) Chrome/137.0.7151.103 Mobile Safari/537.36 (compatible; Googlebot/2.1; +http://www.google.com/bot.html)"
66.249.68.137 - - [06/Jul/2025:12:51:37 -0400] "GET /items/aytcb50/457?key=sympathy HTTP/1.1" 404 1251 "-" "Mozilla/5.0 (Linux; Android 6.0.1; Nexus 5X Build/MMB29P) AppleWebKit/537.36 (KHTML, like Gecko) Chrome/137.0.7151.103 Mobile Safari/537.36 (compatible; Googlebot/2.1; +http://www.google.com/bot.html)"
66.249.68.137 - - [06/Jul/2025:12:51:42 -0400] "GET /items/210000044.html?srsltid=AfmBOoojfOZRrakvnFRUxxr3EYIpcUTyde7hMHnaw3ESraXs5jgB HTTP/1.1" 404 1251 "-" "Mozilla/5.0 (Linux; Android 6.0.1; Nexus 5X Build/MMB29P) AppleWebKit/537.36 (KHTML, like Gecko) Chrome/137.0.7151.103 Mobile Safari/537.36 (compatible; Googlebot/2.1; +http://www.google.com/bot.html)"
66.249.68.129 - - [06/Jul/2025:12:52:03 -0400] "GET /items/222048006.html?srsltid=AfmBOoqfvGaHTmRpYoNCTClwQZFWqdpfPQX1nsndLWXHNyUwpY48 HTTP/1.1" 404 1251 "-" "Mozilla/5.0 (Linux; Android 6.0.1; Nexus 5X Build/MMB29P) AppleWebKit/537.36 (KHTML, like Gecko) Chrome/137.0.7151.103 Mobile Safari/537.36 (compatible; Googlebot/2.1; +http://www.google.com/bot.html)"
66.249.68.137 - - [06/Jul/2025:12:52:26 -0400] "GET /pcmypage?callback=product%2Fdetail%2Fnanos-sr-4571110731055 HTTP/1.1" 404 1251 "-" "Mozilla/5.0 (Linux; Android 6.0.1; Nexus 5X Build/MMB29P) AppleWebKit/537.36 (KHTML, like Gecko) Chrome/137.0.7151.103 Mobile Safari/537.36 (compatible; GoogleOther)"
66.249.68.129 - - [06/Jul/2025:12:52:37 -0400] "GET /items/pqgyl10/26275?key=possibly HTTP/1.1" 404 1251 "-" "Mozilla/5.0 (Linux; Android 6.0.1; Nexus 5X Build/MMB29P) AppleWebKit/537.36 (KHTML, like Gecko) Chrome/137.0.7151.103 Mobile Safari/537.36 (compatible; Googlebot/2.1; +http://www.google.com/bot.html)"
66.249.68.129 - - [06/Jul/2025:12:52:38 -0400] "GET /items/035020077.html?srsltid=AfmBOoneeZZjfQSgxqtaWECxQvaxbQJtDlU8T7iEZ6n1jtfh6LUB HTTP/1.1" 404 1251 "-" "Mozilla/5.0 (Linux; Android 6.0.1; Nexus 5X Build/MMB29P) AppleWebKit/537.36 (KHTML, like Gecko) Chrome/137.0.7151.103 Mobile Safari/537.36 (compatible; Googlebot/2.1; +http://www.google.com/bot.html)"
66.249.68.129 - - [06/Jul/2025:12:53:04 -0400] "GET /items/265036663.html?srsltid=AfmBOomxclLacPwSxqjIBUz5TljnOBaAsnnNrpZiLmDgoJASB8lm HTTP/1.1" 404 1251 "-" "Mozilla/5.0 (Linux; Android 6.0.1; Nexus 5X Build/MMB29P) AppleWebKit/537.36 (KHTML, like Gecko) Chrome/137.0.7151.103 Mobile Safari/537.36 (compatible; Googlebot/2.1; +http://www.google.com/bot.html)"
66.249.79.206 - - [06/Jul/2025:12:53:11 -0400] "GET /pcmypage?callback=product/review/hokushinco-11458283 HTTP/1.1" 404 1251 "-" "Mozilla/5.0 (Linux; Android 6.0.1; Nexus 5X Build/MMB29P) AppleWebKit/537.36 (KHTML, like Gecko) Chrome/137.0.7151.103 Mobile Safari/537.36 (compatible; Googlebot/2.1; +http://www.google.com/bot.html)"
66.249.68.129 - - [06/Jul/2025:12:53:38 -0400] "GET /items/ipjwz144/30737?key=arrange HTTP/1.1" 404 1251 "-" "Mozilla/5.0 (Linux; Android 6.0.1; Nexus 5X Build/MMB29P) AppleWebKit/537.36 (KHTML, like Gecko) Chrome/137.0.7151.103 Mobile Safari/537.36 (compatible; Googlebot/2.1; +http://www.google.com/bot.html)"
66.249.68.130 - - [06/Jul/2025:12:54:07 -0400] "GET /items/qbnra238/38139?key=hardware HTTP/1.1" 404 1251 "-" "Mozilla/5.0 (Linux; Android 6.0.1; Nexus 5X Build/MMB29P) AppleWebKit/537.36 (KHTML, like Gecko) Chrome/137.0.7151.103 Mobile Safari/537.36 (compatible; GoogleOther)"
66.249.79.193 - - [06/Jul/2025:12:55:05 -0400] "GET /pcmypage?callback=product%2Fdetail%2Fbike-mainte-p7-071591-53-000290 HTTP/1.1" 404 1251 "-" "Mozilla/5.0 (compatible; Googlebot/2.1; +http://www.google.com/bot.html)"
66.249.68.129 - - [06/Jul/2025:12:55:38 -0400] "GET /items/kulhz136/15339?key=capacity HTTP/1.1" 404 1251 "-" "Mozilla/5.0 (Linux; Android 6.0.1; Nexus 5X Build/MMB29P) AppleWebKit/537.36 (KHTML, like Gecko) Chrome/137.0.7151.103 Mobile Safari/537.36 (compatible; Googlebot/2.1; +http://www.google.com/bot.html)"
66.249.68.130 - - [06/Jul/2025:12:56:04 -0400] "GET /items/213000223.html?srsltid=AfmBOoqrqyvvchUlxfdIGZGQSufcrsXZaUq0RiMPILefYeZVOM5N HTTP/1.1" 404 1251 "-" "Mozilla/5.0 (compatible; Googlebot/2.1; +http://www.google.com/bot.html)"
66.249.79.192 - - [06/Jul/2025:12:56:16 -0400] "GET /items/028020010.html?srsltid=AfmBOodmdxFXPAyCrFmkye6cWchZjYMqSgwJFrpdq2rqDfwWtiYZ HTTP/1.1" 404 1251 "-" "Mozilla/5.0 (compatible; Googlebot/2.1; +http://www.google.com/bot.html)"
66.249.68.129 - - [06/Jul/2025:12:56:49 -0400] "GET /product/edit/light-expert-102k13337 HTTP/1.1" 404 1251 "-" "Mozilla/5.0 (Linux; Android 6.0.1; Nexus 5X Build/MMB29P) AppleWebKit/537.36 (KHTML, like Gecko) Chrome/137.0.7151.103 Mobile Safari/537.36 (compatible; GoogleOther)"
66.249.68.129 - - [06/Jul/2025:12:56:55 -0400] "GET /items/267002393.html?srsltid=AfmBOowvaYdyCVbjitWkQ6J7JVbePqiBhszGSrZEbb88dSbLtrWD HTTP/1.1" 404 1251 "-" "Mozilla/5.0 (Linux; Android 6.0.1; Nexus 5X Build/MMB29P) AppleWebKit/537.36 (KHTML, like Gecko) Chrome/137.0.7151.103 Mobile Safari/537.36 (compatible; Googlebot/2.1; +http://www.google.com/bot.html)"
66.249.68.129 - - [06/Jul/2025:12:57:04 -0400] "GET /items/adiqf32/14727?key=wound HTTP/1.1" 404 1251 "-" "Mozilla/5.0 (Linux; Android 6.0.1; Nexus 5X Build/MMB29P) AppleWebKit/537.36 (KHTML, like Gecko) Chrome/137.0.7151.103 Mobile Safari/537.36 (compatible; GoogleOther)"
66.249.68.129 - - [06/Jul/2025:12:57:17 -0400] "GET /items/cjoyc27/12064?key=blank HTTP/1.1" 404 1251 "-" "Mozilla/5.0 (Linux; Android 6.0.1; Nexus 5X Build/MMB29P) AppleWebKit/537.36 (KHTML, like Gecko) Chrome/137.0.7151.103 Mobile Safari/537.36 (compatible; Googlebot/2.1; +http://www.google.com/bot.html)"
66.249.68.129 - - [06/Jul/2025:12:57:39 -0400] "GET /items/120011934.html?srsltid=AfmBOozygELXGwSsdRujh4t1UruGLyljPLEpj7FQJvw10LFd1ahf HTTP/1.1" 404 1251 "-" "Mozilla/5.0 (Linux; Android 6.0.1; Nexus 5X Build/MMB29P) AppleWebKit/537.36 (KHTML, like Gecko) Chrome/137.0.7151.103 Mobile Safari/537.36 (compatible; Googlebot/2.1; +http://www.google.com/bot.html)"
23.98.186.198 - - [06/Jul/2025:12:58:01 -0400] "GET /items/231028193.html?srsltid=AfmBOotalswLAZqvvZcBesMmIWxjIIxeOp8108oSXGU5DTeV2VBx HTTP/1.1" 404 1251 "-" "Mozilla/5.0 AppleWebKit/537.36 (KHTML, like Gecko); compatible; ChatGPT-User/1.0; +https://openai.com/bot"
66.249.79.193 - - [06/Jul/2025:12:58:06 -0400] "GET /items/278028310.html?srsltid=AfmBOoqsdtJdCdbWQzLZgnFPDcNXwheiaj4YAoJEvg35MIBu57TT HTTP/1.1" 404 1251 "-" "Mozilla/5.0 (Linux; Android 6.0.1; Nexus 5X Build/MMB29P) AppleWebKit/537.36 (KHTML, like Gecko) Chrome/137.0.7151.103 Mobile Safari/537.36 (compatible; Googlebot/2.1; +http://www.google.com/bot.html)"
66.249.68.129 - - [06/Jul/2025:12:58:39 -0400] "GET /items/fmlpa64/357?key=software HTTP/1.1" 404 1251 "-" "Mozilla/5.0 (Linux; Android 6.0.1; Nexus 5X Build/MMB29P) AppleWebKit/537.36 (KHTML, like Gecko) Chrome/137.0.7151.103 Mobile Safari/537.36 (compatible; Googlebot/2.1; +http://www.google.com/bot.html)"
66.249.68.131 - - [06/Jul/2025:12:58:40 -0400] "GET /items/usslf112/11913?key=bar HTTP/1.1" 404 1251 "-" "Mozilla/5.0 (Linux; Android 6.0.1; Nexus 5X Build/MMB29P) AppleWebKit/537.36 (KHTML, like Gecko) Chrome/137.0.7151.103 Mobile Safari/537.36 (compatible; Googlebot/2.1; +http://www.google.com/bot.html)"
66.249.79.194 - - [06/Jul/2025:12:58:42 -0400] "GET /pcmypage?callback=product%2Fdetail%2Fakibaoo-r-hm001896402 HTTP/1.1" 404 1251 "-" "Mozilla/5.0 (Linux; Android 6.0.1; Nexus 5X Build/MMB29P) AppleWebKit/537.36 (KHTML, like Gecko) Chrome/137.0.7151.103 Mobile Safari/537.36 (compatible; Googlebot/2.1; +http://www.google.com/bot.html)"
66.249.68.129 - - [06/Jul/2025:12:59:09 -0400] "GET /items/295032483.html?srsltid=AfmBOosjcEWgPuBVIwsCAZPYRwChWORJ5nCiId8pJCKXL3KhEbM3 HTTP/1.1" 404 1251 "-" "Mozilla/5.0 (Linux; Android 6.0.1; Nexus 5X Build/MMB29P) AppleWebKit/537.36 (KHTML, like Gecko) Chrome/137.0.7151.103 Mobile Safari/537.36 (compatible; Googlebot/2.1; +http://www.google.com/bot.html)"
66.249.79.194 - - [06/Jul/2025:12:59:40 -0400] "GET /search.php?founder/coal201/j80zd-36387/ HTTP/1.1" 404 1251 "-" "Mozilla/5.0 (Linux; Android 6.0.1; Nexus 5X Build/MMB29P) AppleWebKit/537.36 (KHTML, like Gecko) Chrome/137.0.7151.103 Mobile Safari/537.36 (compatible; Googlebot/2.1; +http://www.google.com/bot.html)"
66.249.68.129 - - [06/Jul/2025:12:59:59 -0400] "GET /product/edit/pro-ste-9007390282 HTTP/1.1" 404 1251 "-" "Mozilla/5.0 (compatible; Googlebot/2.1; +http://www.google.com/bot.html)"
66.249.68.129 - - [06/Jul/2025:13:00:01 -0400] "GET /items/mpxir131/16844?key=health HTTP/1.1" 404 1251 "-" "Mozilla/5.0 (Linux; Android 6.0.1; Nexus 5X Build/MMB29P) AppleWebKit/537.36 (KHTML, like Gecko) Chrome/137.0.7151.103 Mobile Safari/537.36 (compatible; GoogleOther)"
66.249.68.129 - - [06/Jul/2025:13:00:40 -0400] "GET /pcmypage?callback=/product%2Fdetail%2tkonline-8115048 HTTP/1.1" 404 1251 "-" "Mozilla/5.0 (Linux; Android 6.0.1; Nexus 5X Build/MMB29P) AppleWebKit/537.36 (KHTML, like Gecko) Chrome/137.0.7151.103 Mobile Safari/537.36 (compatible; Googlebot/2.1; +http://www.google.com/bot.html)"
66.249.68.129 - - [06/Jul/2025:13:00:40 -0400] "GET /items/287004077.html?srsltid=AfmBOokpqAwntBnJIGtObK1YOENjMBVEbPdDcCiA0M13xRq105Hw HTTP/1.1" 404 1251 "-" "Mozilla/5.0 (Linux; Android 6.0.1; Nexus 5X Build/MMB29P) AppleWebKit/537.36 (KHTML, like Gecko) Chrome/137.0.7151.103 Mobile Safari/537.36 (compatible; Googlebot/2.1; +http://www.google.com/bot.html)"
66.249.68.129 - - [06/Jul/2025:13:00:41 -0400] "GET /items/gkuvz80/20537?key=choice HTTP/1.1" 404 1251 "-" "Mozilla/5.0 (Linux; Android 6.0.1; Nexus 5X Build/MMB29P) AppleWebKit/537.36 (KHTML, like Gecko) Chrome/137.0.7151.103 Mobile Safari/537.36 (compatible; Googlebot/2.1; +http://www.google.com/bot.html)"
66.249.68.129 - - [06/Jul/2025:13:00:42 -0400] "GET /items/rodgj78/2261?key=philosophy HTTP/1.1" 404 1251 "-" "Mozilla/5.0 (Linux; Android 6.0.1; Nexus 5X Build/MMB29P) AppleWebKit/537.36 (KHTML, like Gecko) Chrome/137.0.7151.103 Mobile Safari/537.36 (compatible; Googlebot/2.1; +http://www.google.com/bot.html)"
66.249.68.129 - - [06/Jul/2025:13:00:57 -0400] "GET /pcmypage?callback=/product%2Fdetail%2world-depo-mts-2306566 HTTP/1.1" 404 1251 "-" "Mozilla/5.0 (Linux; Android 6.0.1; Nexus 5X Build/MMB29P) AppleWebKit/537.36 (KHTML, like Gecko) Chrome/137.0.7151.103 Mobile Safari/537.36 (compatible; Googlebot/2.1; +http://www.google.com/bot.html)"
66.249.68.129 - - [06/Jul/2025:13:01:04 -0400] "GET /pcmypage?callback=product/review/plantz-833-sstipn7973-1 HTTP/1.1" 404 1251 "-" "Mozilla/5.0 (compatible; Googlebot/2.1; +http://www.google.com/bot.html)"
66.249.68.130 - - [06/Jul/2025:13:01:13 -0400] "GET /pcmypage?callback=product/review/light-expert-102k13337 HTTP/1.1" 404 1251 "-" "Mozilla/5.0 (Linux; Android 6.0.1; Nexus 5X Build/MMB29P) AppleWebKit/537.36 (KHTML, like Gecko) Chrome/137.0.7151.103 Mobile Safari/537.36 (compatible; GoogleOther)"
66.249.68.129 - - [06/Jul/2025:13:01:38 -0400] "GET /items/ylvob99/33786?key=export HTTP/1.1" 404 1251 "-" "Mozilla/5.0 (compatible; Googlebot/2.1; +http://www.google.com/bot.html)"
66.249.68.129 - - [06/Jul/2025:13:02:09 -0400] "GET /items/ucobp22/1923?key=full-time HTTP/1.1" 404 1251 "-" "Mozilla/5.0 (Linux; Android 6.0.1; Nexus 5X Build/MMB29P) AppleWebKit/537.36 (KHTML, like Gecko) Chrome/137.0.7151.103 Mobile Safari/537.36 (compatible; Googlebot/2.1; +http://www.google.com/bot.html)"
52.22.64.232 - - [06/Jul/2025:13:02:27 -0400] "GET /robots.txt HTTP/1.1" 304 0 "-" "Mozilla/5.0 AppleWebKit/537.36 (KHTML, like Gecko; compatible; Amazonbot/0.1; +https://developer.amazon.com/support/amazonbot) Chrome/119.0.6045.214 Safari/537.36"
98.82.40.168 - - [06/Jul/2025:13:02:32 -0400] "GET /items/bjpko68/4675?key=studio HTTP/1.1" 404 1251 "-" "Mozilla/5.0 AppleWebKit/537.36 (KHTML, like Gecko; compatible; Amazonbot/0.1; +https://developer.amazon.com/support/amazonbot) Chrome/119.0.6045.214 Safari/537.36"
66.29.146.47 - - [06/Jul/2025:13:02:52 -0400] "POST /wp-cron.php?doing_wp_cron=1751821372.2790899276733398437500 HTTP/1.1" 403 1242 "-" "WordPress/6.8; https://first-gulf.com.sa"
196.251.84.106 - - [06/Jul/2025:13:02:47 -0400] "POST /wp-login.php HTTP/1.1" 200 2987 "-" "Mozilla/5.0"
66.249.68.137 - - [06/Jul/2025:13:02:58 -0400] "GET /items/ogelq18/11343?key=history HTTP/1.1" 404 1251 "-" "Mozilla/5.0 (Linux; Android 6.0.1; Nexus 5X Build/MMB29P) AppleWebKit/537.36 (KHTML, like Gecko) Chrome/137.0.7151.103 Mobile Safari/537.36 (compatible; Googlebot/2.1; +http://www.google.com/bot.html)"
66.249.68.137 - - [06/Jul/2025:13:02:58 -0400] "GET /product/edit/asty-shop-k0-11598fgtfb-ek4t HTTP/1.1" 404 1251 "-" "Mozilla/5.0 (Linux; Android 6.0.1; Nexus 5X Build/MMB29P) AppleWebKit/537.36 (KHTML, like Gecko) Chrome/137.0.7151.103 Mobile Safari/537.36 (compatible; GoogleOther)"
66.249.68.129 - - [06/Jul/2025:13:03:03 -0400] "GET /pcmypage?callback=/product%2Fdetail%20101marui-cf018488730101-1 HTTP/1.1" 404 1251 "-" "Mozilla/5.0 (compatible; Googlebot/2.1; +http://www.google.com/bot.html)"
66.249.79.194 - - [06/Jul/2025:13:03:20 -0400] "GET /search.php?133esj18734.html HTTP/1.1" 404 1251 "-" "Mozilla/5.0 (Linux; Android 6.0.1; Nexus 5X Build/MMB29P) AppleWebKit/537.36 (KHTML, like Gecko) Chrome/137.0.7151.103 Mobile Safari/537.36 (compatible; Googlebot/2.1; +http://www.google.com/bot.html)"
66.249.79.194 - - [06/Jul/2025:13:03:21 -0400] "GET /pcmypage?callback=product%2Fdetail%2Fhaikanshop-6012197 HTTP/1.1" 404 1251 "-" "Mozilla/5.0 (Linux; Android 6.0.1; Nexus 5X Build/MMB29P) AppleWebKit/537.36 (KHTML, like Gecko) Chrome/137.0.7151.103 Mobile Safari/537.36 (compatible; Googlebot/2.1; +http://www.google.com/bot.html)"
66.249.79.194 - - [06/Jul/2025:13:03:25 -0400] "GET /items/085000925.html?srsltid=AfmBOopkdjCWUofviJvzhonpRLUjlxSl7xBLXjwZXkJmcouXtUG1 HTTP/1.1" 404 1251 "-" "Mozilla/5.0 (compatible; Googlebot/2.1; +http://www.google.com/bot.html)"
66.249.68.137 - - [06/Jul/2025:13:03:46 -0400] "GET /items/060048364.html?srsltid=AfmBOociccbbOEuOesIp65mkEYoMYUuaRfJSrW4x7BgiOIdrf3bE HTTP/1.1" 404 1251 "-" "Mozilla/5.0 (compatible; Googlebot/2.1; +http://www.google.com/bot.html)"
66.249.68.137 - - [06/Jul/2025:13:03:52 -0400] "GET /items/223019571.html?srsltid=AfmBOommocouLLwAwcTJy3DYQXXbubSewy1dKE4rxtiSkBoyTSkN HTTP/1.1" 404 1251 "-" "Mozilla/5.0 (compatible; Googlebot/2.1; +http://www.google.com/bot.html)"
66.249.79.194 - - [06/Jul/2025:13:03:58 -0400] "GET /search.php?75tjpk5586.html HTTP/1.1" 404 1251 "-" "Mozilla/5.0 (Linux; Android 6.0.1; Nexus 5X Build/MMB29P) AppleWebKit/537.36 (KHTML, like Gecko) Chrome/137.0.7151.103 Mobile Safari/537.36 (compatible; Googlebot/2.1; +http://www.google.com/bot.html)"
66.249.79.196 - - [06/Jul/2025:13:04:17 -0400] "GET /items/jidbd4/277?key=toxic HTTP/1.1" 404 1251 "-" "Mozilla/5.0 (compatible; Googlebot/2.1; +http://www.google.com/bot.html)"
66.249.79.195 - - [06/Jul/2025:13:04:28 -0400] "GET /pcmypage?callback=product/review/hirochishop-2-46637709321 HTTP/1.1" 404 1251 "-" "Mozilla/5.0 (Linux; Android 6.0.1; Nexus 5X Build/MMB29P) AppleWebKit/537.36 (KHTML, like Gecko) Chrome/137.0.7151.103 Mobile Safari/537.36 (compatible; Googlebot/2.1; +http://www.google.com/bot.html)"
66.249.68.129 - - [06/Jul/2025:13:04:44 -0400] "GET /items/ozpmp168/31797?key=ad HTTP/1.1" 404 1251 "-" "Mozilla/5.0 (compatible; Googlebot/2.1; +http://www.google.com/bot.html)"
66.249.79.194 - - [06/Jul/2025:13:04:45 -0400] "GET /pcmypage?callback=product%2Fdetail%2Ffirst23-trusco-5768822 HTTP/1.1" 404 1251 "-" "Mozilla/5.0 (compatible; Googlebot/2.1; +http://www.google.com/bot.html)"
66.249.68.137 - - [06/Jul/2025:13:04:58 -0400] "GET /items/gxwzf34/43307?key=describe HTTP/1.1" 404 1251 "-" "Mozilla/5.0 (Linux; Android 6.0.1; Nexus 5X Build/MMB29P) AppleWebKit/537.36 (KHTML, like Gecko) Chrome/137.0.7151.103 Mobile Safari/537.36 (compatible; Googlebot/2.1; +http://www.google.com/bot.html)"
103.215.126.165 - - [06/Jul/2025:13:05:04 -0400] "GET /ar/contact-us HTTP/1.1" 404 1251 "https://www.bing.com/" "Mozilla/5.0 (Windows NT 10.0; Win64; x64) AppleWebKit/537.36 (KHTML, like Gecko) Chrome/138.0.0.0 Safari/537.36 Edg/138.0.0.0"
103.215.126.165 - - [06/Jul/2025:13:05:07 -0400] "GET /ar/contact-us HTTP/1.1" 404 1251 "https://www.bing.com/" "Mozilla/5.0 (Windows NT 10.0; Win64; x64) AppleWebKit/537.36 (KHTML, like Gecko) Chrome/138.0.0.0 Safari/537.36 Edg/138.0.0.0"
66.249.79.196 - - [06/Jul/2025:13:05:30 -0400] "GET /pcmypage?callback=product%2Fdetail%2Fcococaru-28504-pt HTTP/1.1" 404 1251 "-" "Mozilla/5.0 (Linux; Android 6.0.1; Nexus 5X Build/MMB29P) AppleWebKit/537.36 (KHTML, like Gecko) Chrome/137.0.7151.103 Mobile Safari/537.36 (compatible; Googlebot/2.1; +http://www.google.com/bot.html)"
66.249.68.129 - - [06/Jul/2025:13:05:36 -0400] "GET /pcmypage?callback=product%2Fdetail%2Flight-expert-102k13337 HTTP/1.1" 404 1251 "-" "Mozilla/5.0 (Linux; Android 6.0.1; Nexus 5X Build/MMB29P) AppleWebKit/537.36 (KHTML, like Gecko) Chrome/137.0.7151.103 Mobile Safari/537.36 (compatible; GoogleOther)"
66.249.68.137 - - [06/Jul/2025:13:05:47 -0400] "GET /items/015042711.html?srsltid=AfmBOoueaTStchGdJxkgfxZwTSamkzVbiTTzQiomYlvZ35mlhYEb HTTP/1.1" 404 1251 "-" "Mozilla/5.0 (compatible; Googlebot/2.1; +http://www.google.com/bot.html)"
66.249.68.137 - - [06/Jul/2025:13:05:55 -0400] "GET /items/akuqe252/30371?key=importance HTTP/1.1" 404 1251 "-" "Mozilla/5.0 (Linux; Android 6.0.1; Nexus 5X Build/MMB29P) AppleWebKit/537.36 (KHTML, like Gecko) Chrome/137.0.7151.103 Mobile Safari/537.36 (compatible; GoogleOther)"
66.249.68.137 - - [06/Jul/2025:13:05:59 -0400] "GET /items/dpruz285/8966?key=flame HTTP/1.1" 404 1251 "-" "Mozilla/5.0 (compatible; Googlebot/2.1; +http://www.google.com/bot.html)"
66.249.79.194 - - [06/Jul/2025:13:06:01 -0400] "GET /search.php?comprise/prior35/wh0tt-275/ HTTP/1.1" 404 1251 "-" "Mozilla/5.0 (Linux; Android 6.0.1; Nexus 5X Build/MMB29P) AppleWebKit/537.36 (KHTML, like Gecko) Chrome/137.0.7151.103 Mobile Safari/537.36 (compatible; Googlebot/2.1; +http://www.google.com/bot.html)"
66.249.68.137 - - [06/Jul/2025:13:06:04 -0400] "GET /items/mnsgy62/26995?key=president HTTP/1.1" 404 1251 "-" "Mozilla/5.0 (Linux; Android 6.0.1; Nexus 5X Build/MMB29P) AppleWebKit/537.36 (KHTML, like Gecko) Chrome/137.0.7151.103 Mobile Safari/537.36 (compatible; Googlebot/2.1; +http://www.google.com/bot.html)"
216.73.216.138 - - [06/Jul/2025:13:08:16 -0400] "GET / HTTP/1.1" 200 1436 "-" "Mozilla/5.0 AppleWebKit/537.36 (KHTML, like Gecko; compatible; ClaudeBot/1.0; [email protected])"
66.249.68.129 - - [06/Jul/2025:13:08:24 -0400] "GET /items/070039890.html?srsltid=AfmBOoxpnoVYxfxelaaow5CqYcqcKAZZozapTqTkZwwZdXrGY4Yu HTTP/1.1" 404 1251 "-" "Mozilla/5.0 (Linux; Android 6.0.1; Nexus 5X Build/MMB29P) AppleWebKit/537.36 (KHTML, like Gecko) Chrome/137.0.7151.103 Mobile Safari/537.36 (compatible; Googlebot/2.1; +http://www.google.com/bot.html)"
66.249.68.137 - - [06/Jul/2025:13:08:46 -0400] "GET /items/223006347.html?srsltid=AfmBOofpdxvIUSCyhBhm2VGSCyNkGcscGyKzAtYi4Jt7ae75bR8X HTTP/1.1" 404 1251 "-" "Mozilla/5.0 (compatible; Googlebot/2.1; +http://www.google.com/bot.html)"
66.249.68.137 - - [06/Jul/2025:13:08:52 -0400] "GET /product/edit/dtc-4595985861013 HTTP/1.1" 404 1251 "-" "Mozilla/5.0 (Linux; Android 6.0.1; Nexus 5X Build/MMB29P) AppleWebKit/537.36 (KHTML, like Gecko) Chrome/137.0.7151.103 Mobile Safari/537.36 (compatible; GoogleOther)"
66.249.68.137 - - [06/Jul/2025:13:08:58 -0400] "GET /items/rkpsc88/4511?key=metropolitan HTTP/1.1" 404 1251 "-" "Mozilla/5.0 (compatible; Googlebot/2.1; +http://www.google.com/bot.html)"
66.249.79.192 - - [06/Jul/2025:13:09:05 -0400] "GET /search.php?film/imagine53/jo0q3-35445/ HTTP/1.1" 404 1251 "-" "Mozilla/5.0 (Linux; Android 6.0.1; Nexus 5X Build/MMB29P) AppleWebKit/537.36 (KHTML, like Gecko) Chrome/137.0.7151.103 Mobile Safari/537.36 (compatible; Googlebot/2.1; +http://www.google.com/bot.html)"
66.249.68.137 - - [06/Jul/2025:13:09:37 -0400] "GET /pcmypage?callback=product%2Fdetail%2Fpartsdirect-27146255 HTTP/1.1" 404 1251 "-" "Mozilla/5.0 (compatible; Googlebot/2.1; +http://www.google.com/bot.html)"
66.249.68.128 - - [06/Jul/2025:13:09:59 -0400] "GET /product/edit/g-bike-868655-2083434 HTTP/1.1" 404 1251 "-" "Mozilla/5.0 (Linux; Android 6.0.1; Nexus 5X Build/MMB29P) AppleWebKit/537.36 (KHTML, like Gecko) Chrome/137.0.7151.103 Mobile Safari/537.36 (compatible; GoogleOther)"
66.249.79.193 - - [06/Jul/2025:13:10:39 -0400] "GET /pcmypage?callback=/product%2Fdetail*karidenzai-4955620869420 HTTP/1.1" 404 1251 "-" "Mozilla/5.0 (Linux; Android 6.0.1; Nexus 5X Build/MMB29P) AppleWebKit/537.36 (KHTML, like Gecko) Chrome/137.0.7151.103 Mobile Safari/537.36 (compatible; Googlebot/2.1; +http://www.google.com/bot.html)"
66.249.68.128 - - [06/Jul/2025:13:11:06 -0400] "GET /pcmypage?callback=/product%2Fdetail%2goods-goods-gdz005149448-1 HTTP/1.1" 404 1251 "-" "Mozilla/5.0 (Linux; Android 6.0.1; Nexus 5X Build/MMB29P) AppleWebKit/537.36 (KHTML, like Gecko) Chrome/137.0.7151.103 Mobile Safari/537.36 (compatible; Googlebot/2.1; +http://www.google.com/bot.html)"
66.249.68.137 - - [06/Jul/2025:13:11:49 -0400] "GET /category/110_549_550_13615/1/listing HTTP/1.1" 404 1251 "-" "Mozilla/5.0 (Linux; Android 6.0.1; Nexus 5X Build/MMB29P) AppleWebKit/537.36 (KHTML, like Gecko) Chrome/137.0.7151.103 Mobile Safari/537.36 (compatible; GoogleOther)"
66.249.79.192 - - [06/Jul/2025:13:11:52 -0400] "GET /pcmypage?callback=product%2Fdetail%2Feagleeyeshopping-top1-ds-2312814 HTTP/1.1" 404 1251 "-" "Mozilla/5.0 (Linux; Android 6.0.1; Nexus 5X Build/MMB29P) AppleWebKit/537.36 (KHTML, like Gecko) Chrome/137.0.7151.103 Mobile Safari/537.36 (compatible; Googlebot/2.1; +http://www.google.com/bot.html)"
66.249.79.192 - - [06/Jul/2025:13:12:45 -0400] "GET /items/ymopg92/10931?key=decorate HTTP/1.1" 404 1251 "-" "Mozilla/5.0 (Linux; Android 6.0.1; Nexus 5X Build/MMB29P) AppleWebKit/537.36 (KHTML, like Gecko) Chrome/137.0.7151.103 Mobile Safari/537.36 (compatible; Googlebot/2.1; +http://www.google.com/bot.html)"
66.249.68.129 - - [06/Jul/2025:13:13:04 -0400] "GET /items/103035919.html?srsltid=AfmBOozsqxfLwkyqXGcQUa4HWasMiywXLlkd4Y57mLID1JblQu3G HTTP/1.1" 404 1251 "-" "Mozilla/5.0 (compatible; Googlebot/2.1; +http://www.google.com/bot.html)"
66.249.68.128 - - [06/Jul/2025:13:13:08 -0400] "GET /items/215039933.html?srsltid=AfmBOowphBRPMZdlxTCTqaceZVqXPYfKlmRyY2ShRf1fnmQMYgCw HTTP/1.1" 404 1251 "-" "Mozilla/5.0 (Linux; Android 6.0.1; Nexus 5X Build/MMB29P) AppleWebKit/537.36 (KHTML, like Gecko) Chrome/137.0.7151.103 Mobile Safari/537.36 (compatible; Googlebot/2.1; +http://www.google.com/bot.html)"
66.249.68.128 - - [06/Jul/2025:13:13:10 -0400] "GET /items/zwhii93/28928?key=telescope HTTP/1.1" 404 1251 "-" "Mozilla/5.0 (compatible; Googlebot/2.1; +http://www.google.com/bot.html)"
66.249.79.206 - - [06/Jul/2025:13:13:20 -0400] "GET /items/096000254.html?srsltid=AfmBOoagfEBpFfoZyjCsi8gCEjAplDVB92kFq84ycXef6LoqUCVL HTTP/1.1" 404 1251 "-" "Mozilla/5.0 (compatible; Googlebot/2.1; +http://www.google.com/bot.html)"
66.249.79.206 - - [06/Jul/2025:13:13:30 -0400] "GET /pcmypage?callback=product/review/rcmdse-an-4570047558018 HTTP/1.1" 404 1251 "-" "Mozilla/5.0 (compatible; Googlebot/2.1; +http://www.google.com/bot.html)"
66.249.68.129 - - [06/Jul/2025:13:13:34 -0400] "GET /items/sewab24/46453?key=belly HTTP/1.1" 404 1251 "-" "Mozilla/5.0 (compatible; Googlebot/2.1; +http://www.google.com/bot.html)"
66.249.68.129 - - [06/Jul/2025:13:13:50 -0400] "GET /items/089013107.html?srsltid=AfmBOozbnqkrkudCOHzAuekFJbztigCkLRFWJ83W0yaLBV593aW0 HTTP/1.1" 404 1251 "-" "Mozilla/5.0 (compatible; Googlebot/2.1; +http://www.google.com/bot.html)"
66.249.68.131 - - [06/Jul/2025:13:14:07 -0400] "GET /items/icach185/14540?key=camera HTTP/1.1" 404 1251 "-" "Mozilla/5.0 (Linux; Android 6.0.1; Nexus 5X Build/MMB29P) AppleWebKit/537.36 (KHTML, like Gecko) Chrome/137.0.7151.103 Mobile Safari/537.36 (compatible; Googlebot/2.1; +http://www.google.com/bot.html)"
66.249.68.130 - - [06/Jul/2025:13:14:23 -0400] "GET /pcmypage?callback=product/review/g-bike-868655-2083434 HTTP/1.1" 404 1251 "-" "Mozilla/5.0 (Linux; Android 6.0.1; Nexus 5X Build/MMB29P) AppleWebKit/537.36 (KHTML, like Gecko) Chrome/137.0.7151.103 Mobile Safari/537.36 (compatible; GoogleOther)"
66.249.68.129 - - [06/Jul/2025:13:14:51 -0400] "GET /items/niegl44/22101?key=people HTTP/1.1" 404 1251 "-" "Mozilla/5.0 (Linux; Android 6.0.1; Nexus 5X Build/MMB29P) AppleWebKit/537.36 (KHTML, like Gecko) Chrome/137.0.7151.103 Mobile Safari/537.36 (compatible; GoogleOther)"
66.249.68.131 - - [06/Jul/2025:13:15:17 -0400] "GET /search?category=65200&search_word= HTTP/1.1" 404 1251 "-" "Mozilla/5.0 (compatible; Googlebot/2.1; +http://www.google.com/bot.html)"
216.73.216.138 - - [06/Jul/2025:13:15:22 -0400] "GET /search.php HTTP/1.1" 404 1251 "-" "Mozilla/5.0 AppleWebKit/537.36 (KHTML, like Gecko; compatible; ClaudeBot/1.0; [email protected])"
175.110.21.105 - - [06/Jul/2025:13:15:25 -0400] "GET /ar/ HTTP/1.1" 404 1251 "android-app://com.linkedin.android/" "Mozilla/5.0 (Linux; Android 10; K) AppleWebKit/537.36 (KHTML, like Gecko) Chrome/138.0.0.0 Mobile Safari/537.36"
175.110.21.105 - - [06/Jul/2025:13:15:27 -0400] "GET /favicon.ico HTTP/1.1" 200 34494 "https://first-gulf.com.sa/ar/" "Mozilla/5.0 (Linux; Android 10; K) AppleWebKit/537.36 (KHTML, like Gecko) Chrome/138.0.0.0 Mobile Safari/537.36"
175.110.21.105 - - [06/Jul/2025:13:15:35 -0400] "GET /ar/ HTTP/1.1" 404 1251 "android-app://com.linkedin.android/" "Mozilla/5.0 (Linux; Android 10; K) AppleWebKit/537.36 (KHTML, like Gecko) Chrome/138.0.0.0 Mobile Safari/537.36"
66.249.68.130 - - [06/Jul/2025:13:15:53 -0400] "GET /items/035017045.html?srsltid=AfmBOojglWkroYWGnZSB6ihJMaMXGFJqoowP0ZcXgthkBpmisDsj HTTP/1.1" 404 1251 "-" "Mozilla/5.0 (compatible; Googlebot/2.1; +http://www.google.com/bot.html)"
66.249.68.129 - - [06/Jul/2025:13:16:08 -0400] "GET /items/zxqit72/11697?key=unlike HTTP/1.1" 404 1251 "-" "Mozilla/5.0 (Linux; Android 6.0.1; Nexus 5X Build/MMB29P) AppleWebKit/537.36 (KHTML, like Gecko) Chrome/137.0.7151.103 Mobile Safari/537.36 (compatible; Googlebot/2.1; +http://www.google.com/bot.html)"
66.249.79.196 - - [06/Jul/2025:13:16:14 -0400] "GET /pcmypage?callback=product/review/poster-frame-cosac-b2 HTTP/1.1" 404 1251 "-" "Mozilla/5.0 (compatible; Googlebot/2.1; +http://www.google.com/bot.html)"
195.181.164.34 - - [06/Jul/2025:13:16:16 -0400] "GET / HTTP/1.1" 200 1436 "-" "Mozilla/5.0 (Windows NT 10.0; Win64; x64) AppleWebKit/537.36 (KHTML, like Gecko) Chrome/137.0.0.0 Safari/537.36"
195.181.164.34 - - [06/Jul/2025:13:16:17 -0400] "GET /_autoindex/assets/js/tablesort.js HTTP/1.1" 200 2137 "https://first-gulf.com.sa/" "Mozilla/5.0 (Windows NT 10.0; Win64; x64) AppleWebKit/537.36 (KHTML, like Gecko) Chrome/137.0.0.0 Safari/537.36"
195.181.164.34 - - [06/Jul/2025:13:16:17 -0400] "GET /_autoindex/assets/js/tablesort.number.js HTTP/1.1" 200 322 "https://first-gulf.com.sa/" "Mozilla/5.0 (Windows NT 10.0; Win64; x64) AppleWebKit/537.36 (KHTML, like Gecko) Chrome/137.0.0.0 Safari/537.36"
195.181.164.34 - - [06/Jul/2025:13:16:17 -0400] "GET /_autoindex/assets/css/autoindex.css HTTP/1.1" 200 1170 "https://first-gulf.com.sa/" "Mozilla/5.0 (Windows NT 10.0; Win64; x64) AppleWebKit/537.36 (KHTML, like Gecko) Chrome/137.0.0.0 Safari/537.36"
195.181.164.34 - - [06/Jul/2025:13:16:17 -0400] "GET /_autoindex/assets/icons/folder-fill.svg HTTP/1.1" 200 333 "https://first-gulf.com.sa/" "Mozilla/5.0 (Windows NT 10.0; Win64; x64) AppleWebKit/537.36 (KHTML, like Gecko) Chrome/137.0.0.0 Safari/537.36"
195.181.164.34 - - [06/Jul/2025:13:16:18 -0400] "GET /_autoindex/assets/icons/file.svg HTTP/1.1" 200 354 "https://first-gulf.com.sa/" "Mozilla/5.0 (Windows NT 10.0; Win64; x64) AppleWebKit/537.36 (KHTML, like Gecko) Chrome/137.0.0.0 Safari/537.36"
195.181.164.34 - - [06/Jul/2025:13:16:18 -0400] "GET /_autoindex/assets/icons/file-text.svg HTTP/1.1" 200 394 "https://first-gulf.com.sa/" "Mozilla/5.0 (Windows NT 10.0; Win64; x64) AppleWebKit/537.36 (KHTML, like Gecko) Chrome/137.0.0.0 Safari/537.36"
195.181.164.34 - - [06/Jul/2025:13:16:19 -0400] "GET /favicon.ico HTTP/1.1" 200 34494 "https://first-gulf.com.sa/" "Mozilla/5.0 (Windows NT 10.0; Win64; x64) AppleWebKit/537.36 (KHTML, like Gecko) Chrome/137.0.0.0 Safari/537.36"
195.181.164.34 - - [06/Jul/2025:13:16:41 -0400] "GET /wp-content/ HTTP/1.1" 200 0 "https://first-gulf.com.sa/" "Mozilla/5.0 (Windows NT 10.0; Win64; x64) AppleWebKit/537.36 (KHTML, like Gecko) Chrome/137.0.0.0 Safari/537.36"
195.181.164.34 - - [06/Jul/2025:13:16:42 -0400] "GET /wp-includes/ HTTP/1.1" 200 6889 "https://first-gulf.com.sa/" "Mozilla/5.0 (Windows NT 10.0; Win64; x64) AppleWebKit/537.36 (KHTML, like Gecko) Chrome/137.0.0.0 Safari/537.36"
195.181.164.34 - - [06/Jul/2025:13:16:43 -0400] "GET /_autoindex/assets/icons/corner-left-up.svg HTTP/1.1" 200 328 "https://first-gulf.com.sa/wp-includes/" "Mozilla/5.0 (Windows NT 10.0; Win64; x64) AppleWebKit/537.36 (KHTML, like Gecko) Chrome/137.0.0.0 Safari/537.36"
66.29.146.47 - - [06/Jul/2025:13:16:49 -0400] "POST /wp-cron.php?doing_wp_cron=1751822208.9760770797729492187500 HTTP/1.1" 403 1242 "-" "WordPress/6.8; https://first-gulf.com.sa"
195.181.164.34 - - [06/Jul/2025:13:16:39 -0400] "GET /wp-admin/ HTTP/1.1" 302 0 "https://first-gulf.com.sa/" "Mozilla/5.0 (Windows NT 10.0; Win64; x64) AppleWebKit/537.36 (KHTML, like Gecko) Chrome/137.0.0.0 Safari/537.36"
195.181.164.34 - - [06/Jul/2025:13:16:50 -0400] "GET /wp-login.php?redirect_to=https%3A%2F%2Ffirst-gulf.com.sa%2Fwp-admin%2F&reauth=1 HTTP/1.1" 200 2845 "https://first-gulf.com.sa/" "Mozilla/5.0 (Windows NT 10.0; Win64; x64) AppleWebKit/537.36 (KHTML, like Gecko) Chrome/137.0.0.0 Safari/537.36"
195.181.164.34 - - [06/Jul/2025:13:16:51 -0400] "GET /wp-admin/load-scripts.php?c=0&load%5Bchunk_0%5D=clipboard,jquery-core,jquery-migrate,zxcvbn-async,wp-hooks&ver=6.8 HTTP/1.1" 403 1242 "https://first-gulf.com.sa/wp-login.php?redirect_to=https%3A%2F%2Ffirst-gulf.com.sa%2Fwp-admin%2F&reauth=1" "Mozilla/5.0 (Windows NT 10.0; Win64; x64) AppleWebKit/537.36 (KHTML, like Gecko) Chrome/137.0.0.0 Safari/537.36"
195.181.164.34 - - [06/Jul/2025:13:16:51 -0400] "GET /wp-admin/load-styles.php?c=0&dir=rtl&load%5Bchunk_0%5D=dashicons,buttons,forms,l10n,login&ver=6.8 HTTP/1.1" 403 1242 "https://first-gulf.com.sa/wp-login.php?redirect_to=https%3A%2F%2Ffirst-gulf.com.sa%2Fwp-admin%2F&reauth=1" "Mozilla/5.0 (Windows NT 10.0; Win64; x64) AppleWebKit/537.36 (KHTML, like Gecko) Chrome/137.0.0.0 Safari/537.36"
195.181.164.34 - - [06/Jul/2025:13:16:51 -0400] "GET /wp-includes/js/dist/i18n.min.js?ver=5e580eb46a90c2b997e6 HTTP/1.1" 200 3542 "https://first-gulf.com.sa/wp-login.php?redirect_to=https%3A%2F%2Ffirst-gulf.com.sa%2Fwp-admin%2F&reauth=1" "Mozilla/5.0 (Windows NT 10.0; Win64; x64) AppleWebKit/537.36 (KHTML, like Gecko) Chrome/137.0.0.0 Safari/537.36"
195.181.164.34 - - [06/Jul/2025:13:16:51 -0400] "GET /wp-admin/js/password-strength-meter.min.js?ver=6.8 HTTP/1.1" 200 558 "https://first-gulf.com.sa/wp-login.php?redirect_to=https%3A%2F%2Ffirst-gulf.com.sa%2Fwp-admin%2F&reauth=1" "Mozilla/5.0 (Windows NT 10.0; Win64; x64) AppleWebKit/537.36 (KHTML, like Gecko) Chrome/137.0.0.0 Safari/537.36"
195.181.164.34 - - [06/Jul/2025:13:16:51 -0400] "GET /wp-includes/js/underscore.min.js?ver=1.13.7 HTTP/1.1" 200 7185 "https://first-gulf.com.sa/wp-login.php?redirect_to=https%3A%2F%2Ffirst-gulf.com.sa%2Fwp-admin%2F&reauth=1" "Mozilla/5.0 (Windows NT 10.0; Win64; x64) AppleWebKit/537.36 (KHTML, like Gecko) Chrome/137.0.0.0 Safari/537.36"
195.181.164.34 - - [06/Jul/2025:13:16:52 -0400] "GET /wp-includes/js/wp-util.min.js?ver=6.8 HTTP/1.1" 200 690 "https://first-gulf.com.sa/wp-login.php?redirect_to=https%3A%2F%2Ffirst-gulf.com.sa%2Fwp-admin%2F&reauth=1" "Mozilla/5.0 (Windows NT 10.0; Win64; x64) AppleWebKit/537.36 (KHTML, like Gecko) Chrome/137.0.0.0 Safari/537.36"
195.181.164.34 - - [06/Jul/2025:13:16:52 -0400] "GET /wp-includes/js/dist/dom-ready.min.js?ver=f77871ff7694fffea381 HTTP/1.1" 200 275 "https://first-gulf.com.sa/wp-login.php?redirect_to=https%3A%2F%2Ffirst-gulf.com.sa%2Fwp-admin%2F&reauth=1" "Mozilla/5.0 (Windows NT 10.0; Win64; x64) AppleWebKit/537.36 (KHTML, like Gecko) Chrome/137.0.0.0 Safari/537.36"
195.181.164.34 - - [06/Jul/2025:13:16:52 -0400] "GET /wp-includes/js/dist/a11y.min.js?ver=3156534cc54473497e14 HTTP/1.1" 200 827 "https://first-gulf.com.sa/wp-login.php?redirect_to=https%3A%2F%2Ffirst-gulf.com.sa%2Fwp-admin%2F&reauth=1" "Mozilla/5.0 (Windows NT 10.0; Win64; x64) AppleWebKit/537.36 (KHTML, like Gecko) Chrome/137.0.0.0 Safari/537.36"
195.181.164.34 - - [06/Jul/2025:13:16:52 -0400] "GET /wp-admin/js/user-profile.min.js?ver=6.8 HTTP/1.1" 200 2388 "https://first-gulf.com.sa/wp-login.php?redirect_to=https%3A%2F%2Ffirst-gulf.com.sa%2Fwp-admin%2F&reauth=1" "Mozilla/5.0 (Windows NT 10.0; Win64; x64) AppleWebKit/537.36 (KHTML, like Gecko) Chrome/137.0.0.0 Safari/537.36"
66.249.68.131 - - [06/Jul/2025:13:17:27 -0400] "GET /items/040002730.html?srsltid=AfmBOoxzzffKMevJytQWnKOOOWtKXEerlpmRQD5HwcLcNxugHuYE HTTP/1.1" 404 1251 "-" "Mozilla/5.0 (Linux; Android 6.0.1; Nexus 5X Build/MMB29P) AppleWebKit/537.36 (KHTML, like Gecko) Chrome/137.0.7151.103 Mobile Safari/537.36 (compatible; Googlebot/2.1; +http://www.google.com/bot.html)"
52.167.144.166 - - [06/Jul/2025:13:17:31 -0400] "GET /77gctermmrz/ksjbbpe1404390.html HTTP/1.1" 404 1251 "-" "Mozilla/5.0 AppleWebKit/537.36 (KHTML, like Gecko; compatible; bingbot/2.0; +http://www.bing.com/bingbot.htm) Chrome/116.0.1938.76 Safari/537.36"
66.249.68.130 - - [06/Jul/2025:13:17:43 -0400] "GET /items/hyhxr44/22099?key=wrist HTTP/1.1" 404 1251 "-" "Mozilla/5.0 (Linux; Android 6.0.1; Nexus 5X Build/MMB29P) AppleWebKit/537.36 (KHTML, like Gecko) Chrome/137.0.7151.103 Mobile Safari/537.36 (compatible; GoogleOther)"
66.249.68.129 - - [06/Jul/2025:13:17:54 -0400] "GET /items/bipqb149/10342?key=many HTTP/1.1" 404 1251 "-" "Mozilla/5.0 (compatible; Googlebot/2.1; +http://www.google.com/bot.html)"
66.249.79.195 - - [06/Jul/2025:13:17:59 -0400] "GET /items/039015895.html?srsltid=AfmBOonmgQdIJaCvWGjqllvdYNBRlzHS9mui55TCub5WkYlwmisz HTTP/1.1" 404 1251 "-" "Mozilla/5.0 (Linux; Android 6.0.1; Nexus 5X Build/MMB29P) AppleWebKit/537.36 (KHTML, like Gecko) Chrome/137.0.7151.103 Mobile Safari/537.36 (compatible; Googlebot/2.1; +http://www.google.com/bot.html)"
66.249.79.196 - - [06/Jul/2025:13:18:03 -0400] "GET /pcmypage?callback=product%2Fdetail%2Fpro-ste-9001111802 HTTP/1.1" 404 1251 "-" "Mozilla/5.0 (Linux; Android 6.0.1; Nexus 5X Build/MMB29P) AppleWebKit/537.36 (KHTML, like Gecko) Chrome/137.0.7151.103 Mobile Safari/537.36 (compatible; Googlebot/2.1; +http://www.google.com/bot.html)"
66.249.68.129 - - [06/Jul/2025:13:18:09 -0400] "GET /items/uzbcc209/16708?key=weekend HTTP/1.1" 404 1251 "-" "Mozilla/5.0 (Linux; Android 6.0.1; Nexus 5X Build/MMB29P) AppleWebKit/537.36 (KHTML, like Gecko) Chrome/137.0.7151.103 Mobile Safari/537.36 (compatible; Googlebot/2.1; +http://www.google.com/bot.html)"
66.249.79.195 - - [06/Jul/2025:13:18:29 -0400] "GET /pcmypage?callback=/product%2Fdetail*uc-parts-depot-20012371 HTTP/1.1" 404 1251 "-" "Mozilla/5.0 (Linux; Android 6.0.1; Nexus 5X Build/MMB29P) AppleWebKit/537.36 (KHTML, like Gecko) Chrome/137.0.7151.103 Mobile Safari/537.36 (compatible; Googlebot/2.1; +http://www.google.com/bot.html)"
66.249.68.129 - - [06/Jul/2025:13:18:46 -0400] "GET /pcmypage?callback=product%2Fdetail%2Fg-bike-868655-2083434 HTTP/1.1" 404 1251 "-" "Mozilla/5.0 (Linux; Android 6.0.1; Nexus 5X Build/MMB29P) AppleWebKit/537.36 (KHTML, like Gecko) Chrome/137.0.7151.103 Mobile Safari/537.36 (compatible; GoogleOther)"
66.249.79.194 - - [06/Jul/2025:13:20:05 -0400] "GET /search.php?39fvlu31226.html HTTP/1.1" 404 1251 "-" "Mozilla/5.0 (Linux; Android 6.0.1; Nexus 5X Build/MMB29P) AppleWebKit/537.36 (KHTML, like Gecko) Chrome/137.0.7151.103 Mobile Safari/537.36 (compatible; Googlebot/2.1; +http://www.google.com/bot.html)"
66.249.68.129 - - [06/Jul/2025:13:20:10 -0400] "GET /items/tswpc216/33541?key=reach HTTP/1.1" 404 1251 "-" "Mozilla/5.0 (Linux; Android 6.0.1; Nexus 5X Build/MMB29P) AppleWebKit/537.36 (KHTML, like Gecko) Chrome/137.0.7151.103 Mobile Safari/537.36 (compatible; Googlebot/2.1; +http://www.google.com/bot.html)"
66.249.68.130 - - [06/Jul/2025:13:20:11 -0400] "GET /items/126032010.html?srsltid=AfmBOoccgjWqeEroPksrwspnHDHhcEoOrkrufZG381vuKInZgc72 HTTP/1.1" 404 1251 "-" "Mozilla/5.0 (Linux; Android 6.0.1; Nexus 5X Build/MMB29P) AppleWebKit/537.36 (KHTML, like Gecko) Chrome/137.0.7151.103 Mobile Safari/537.36 (compatible; Googlebot/2.1; +http://www.google.com/bot.html)"
66.249.79.194 - - [06/Jul/2025:13:20:23 -0400] "GET /items/caigk236/22679?key=apologize HTTP/1.1" 404 1251 "-" "Mozilla/5.0 (compatible; Googlebot/2.1; +http://www.google.com/bot.html)"
66.249.68.129 - - [06/Jul/2025:13:20:41 -0400] "GET /items/xdlbv153/24942?key=nomination HTTP/1.1" 404 1251 "-" "Mozilla/5.0 (Linux; Android 6.0.1; Nexus 5X Build/MMB29P) AppleWebKit/537.36 (KHTML, like Gecko) Chrome/137.0.7151.103 Mobile Safari/537.36 (compatible; GoogleOther)"
2001:41d0:303:582e::1 - - [06/Jul/2025:13:21:15 -0400] "GET /66f1f/ HTTP/1.1" 200 542 "-" "Mozilla/5.0 (compatible; MJ12bot/v1.4.8; http://mj12bot.com/)"
2001:41d0:303:582e::1 - - [06/Jul/2025:13:21:17 -0400] "GET /9e321/ HTTP/1.1" 200 540 "-" "Mozilla/5.0 (compatible; MJ12bot/v1.4.8; http://mj12bot.com/)"
2001:41d0:303:582e::1 - - [06/Jul/2025:13:21:19 -0400] "GET /?MA HTTP/1.1" 200 1446 "-" "Mozilla/5.0 (compatible; MJ12bot/v1.4.8; http://mj12bot.com/)"
2001:41d0:303:582e::1 - - [06/Jul/2025:13:21:21 -0400] "GET /?ND HTTP/1.1" 200 1440 "-" "Mozilla/5.0 (compatible; MJ12bot/v1.4.8; http://mj12bot.com/)"
2001:41d0:303:582e::1 - - [06/Jul/2025:13:21:23 -0400] "GET /?SA HTTP/1.1" 200 1434 "-" "Mozilla/5.0 (compatible; MJ12bot/v1.4.8; http://mj12bot.com/)"
2001:41d0:303:582e::1 - - [06/Jul/2025:13:21:25 -0400] "GET /google8b2657ca9bbaca32.html HTTP/1.1" 200 53 "-" "Mozilla/5.0 (compatible; MJ12bot/v1.4.8; http://mj12bot.com/)"
2001:41d0:303:582e::1 - - [06/Jul/2025:13:21:28 -0400] "GET /wp-activate.php HTTP/1.1" 403 1242 "-" "Mozilla/5.0 (compatible; MJ12bot/v1.4.8; http://mj12bot.com/)"
2001:41d0:303:582e::1 - - [06/Jul/2025:13:21:30 -0400] "GET /wp-blog-header.php HTTP/1.1" 403 1242 "-" "Mozilla/5.0 (compatible; MJ12bot/v1.4.8; http://mj12bot.com/)"
2001:41d0:303:582e::1 - - [06/Jul/2025:13:21:32 -0400] "GET /wp-comments-post.php HTTP/1.1" 403 1242 "-" "Mozilla/5.0 (compatible; MJ12bot/v1.4.8; http://mj12bot.com/)"
2001:41d0:303:582e::1 - - [06/Jul/2025:13:21:35 -0400] "GET /wp-content/ HTTP/1.1" 200 0 "-" "Mozilla/5.0 (compatible; MJ12bot/v1.4.8; http://mj12bot.com/)"
2001:41d0:303:582e::1 - - [06/Jul/2025:13:21:38 -0400] "GET /wp-cron.php HTTP/1.1" 403 1242 "-" "Mozilla/5.0 (compatible; MJ12bot/v1.4.8; http://mj12bot.com/)"
2001:41d0:303:582e::1 - - [06/Jul/2025:13:21:40 -0400] "GET /wp-includes/ HTTP/1.1" 200 6892 "-" "Mozilla/5.0 (compatible; MJ12bot/v1.4.8; http://mj12bot.com/)"
2001:41d0:303:582e::1 - - [06/Jul/2025:13:21:43 -0400] "GET /wp-links-opml.php HTTP/1.1" 403 1242 "-" "Mozilla/5.0 (compatible; MJ12bot/v1.4.8; http://mj12bot.com/)"
2001:41d0:303:582e::1 - - [06/Jul/2025:13:21:45 -0400] "GET /wp-load.php HTTP/1.1" 403 1242 "-" "Mozilla/5.0 (compatible; MJ12bot/v1.4.8; http://mj12bot.com/)"
2001:41d0:303:582e::1 - - [06/Jul/2025:13:21:48 -0400] "GET /wp-mail.php HTTP/1.1" 403 1242 "-" "Mozilla/5.0 (compatible; MJ12bot/v1.4.8; http://mj12bot.com/)"
2001:41d0:303:582e::1 - - [06/Jul/2025:13:21:50 -0400] "GET /wp-settings.php HTTP/1.1" 403 1242 "-" "Mozilla/5.0 (compatible; MJ12bot/v1.4.8; http://mj12bot.com/)"
2001:41d0:303:582e::1 - - [06/Jul/2025:13:21:53 -0400] "GET /wp-signup.php HTTP/1.1" 403 1242 "-" "Mozilla/5.0 (compatible; MJ12bot/v1.4.8; http://mj12bot.com/)"
2001:41d0:303:582e::1 - - [06/Jul/2025:13:21:56 -0400] "GET /wp-trackback.php HTTP/1.1" 403 1242 "-" "Mozilla/5.0 (compatible; MJ12bot/v1.4.8; http://mj12bot.com/)"
66.249.68.131 - - [06/Jul/2025:13:22:07 -0400] "GET /pcmypage?callback=product/review/yumenokoya-c02-ds-1527494 HTTP/1.1" 404 1251 "-" "Mozilla/5.0 (Linux; Android 6.0.1; Nexus 5X Build/MMB29P) AppleWebKit/537.36 (KHTML, like Gecko) Chrome/137.0.7151.103 Mobile Safari/537.36 (compatible; Googlebot/2.1; +http://www.google.com/bot.html)"
66.249.68.130 - - [06/Jul/2025:13:22:11 -0400] "GET /items/svtor41/16874?key=jar HTTP/1.1" 404 1251 "-" "Mozilla/5.0 (Linux; Android 6.0.1; Nexus 5X Build/MMB29P) AppleWebKit/537.36 (KHTML, like Gecko) Chrome/137.0.7151.103 Mobile Safari/537.36 (compatible; Googlebot/2.1; +http://www.google.com/bot.html)"
66.249.68.129 - - [06/Jul/2025:13:22:26 -0400] "GET /items/232008638.html?srsltid=AfmBOovmgtrujNNSAlglh6XcMMmmuUlbyGR6aw1PSGniZe1pdfGb HTTP/1.1" 404 1251 "-" "Mozilla/5.0 (Linux; Android 6.0.1; Nexus 5X Build/MMB29P) AppleWebKit/537.36 (KHTML, like Gecko) Chrome/137.0.7151.103 Mobile Safari/537.36 (compatible; GoogleOther)"
143.244.135.33 - - [06/Jul/2025:13:22:26 -0400] "GET /wp-admin/css/ HTTP/1.1" 200 2674 "binance.com" "Mozilla/5.0 (Windows NT 10.0; Win64; x64) AppleWebKit/537.36 (KHTML, like Gecko) Chrome/90.0.4430.85 Safari/537.36"
66.249.68.129 - - [06/Jul/2025:13:22:29 -0400] "GET /pcmypage?callback=product%2Fdetail%2Fok-shop8-332bhriwgihgidnqurhljacy54 HTTP/1.1" 404 1251 "-" "Mozilla/5.0 (compatible; Googlebot/2.1; +http://www.google.com/bot.html)"
66.249.79.195 - - [06/Jul/2025:13:22:34 -0400] "GET /pcmypage?callback=product/review/seikatu-souko-item-016217-1756 HTTP/1.1" 404 1251 "-" "Mozilla/5.0 (compatible; Googlebot/2.1; +http://www.google.com/bot.html)"
143.244.135.33 - - [06/Jul/2025:13:22:38 -0400] "GET /wp-content/uploads/2025/07/ HTTP/1.1" 404 1251 "binance.com" "Mozilla/5.0 (Windows NT 10.0; Win64; x64) AppleWebKit/537.36 (KHTML, like Gecko) Chrome/90.0.4430.85 Safari/537.36"
66.249.68.129 - - [06/Jul/2025:13:22:40 -0400] "GET /items/248036572.html?srsltid=AfmBOohixbpddMMjGIqD53tsLHuuSTUjQjW36B7Ioo4huEVSR9cI HTTP/1.1" 404 1251 "-" "Mozilla/5.0 (compatible; Googlebot/2.1; +http://www.google.com/bot.html)"
143.244.135.33 - - [06/Jul/2025:13:22:48 -0400] "GET /wp-content/uploads/2025/06/ HTTP/1.1" 404 1251 "binance.com" "Mozilla/5.0 (Windows NT 10.0; Win64; x64) AppleWebKit/537.36 (KHTML, like Gecko) Chrome/90.0.4430.85 Safari/537.36"
66.249.79.194 - - [06/Jul/2025:13:22:57 -0400] "GET /pcmypage?callback=product/review/ink-co-10005231 HTTP/1.1" 404 1251 "-" "Mozilla/5.0 (compatible; Googlebot/2.1; +http://www.google.com/bot.html)"
143.244.135.33 - - [06/Jul/2025:13:22:58 -0400] "GET /wp-content/uploads/ HTTP/1.1" 200 968 "binance.com" "Mozilla/5.0 (Windows NT 10.0; Win64; x64) AppleWebKit/537.36 (KHTML, like Gecko) Chrome/90.0.4430.85 Safari/537.36"
66.249.68.130 - - [06/Jul/2025:13:23:10 -0400] "GET /product/edit/f402303-itoshima-avb004 HTTP/1.1" 404 1251 "-" "Mozilla/5.0 (Linux; Android 6.0.1; Nexus 5X Build/MMB29P) AppleWebKit/537.36 (KHTML, like Gecko) Chrome/137.0.7151.103 Mobile Safari/537.36 (compatible; GoogleOther)"
143.244.135.33 - - [06/Jul/2025:13:23:14 -0400] "GET /wp-content/upgrade/ HTTP/1.1" 200 548 "binance.com" "Mozilla/5.0 (Windows NT 10.0; Win64; x64) AppleWebKit/537.36 (KHTML, like Gecko) Chrome/90.0.4430.85 Safari/537.36"
143.244.135.33 - - [06/Jul/2025:13:23:23 -0400] "GET /wp-content/languages/ HTTP/1.1" 200 3229 "binance.com" "Mozilla/5.0 (Windows NT 10.0; Win64; x64) AppleWebKit/537.36 (KHTML, like Gecko) Chrome/90.0.4430.85 Safari/537.36"
143.244.135.33 - - [06/Jul/2025:13:23:32 -0400] "GET /wp-content/languages/ HTTP/1.1" 200 3229 "binance.com" "Mozilla/5.0 (Windows NT 10.0; Win64; x64) AppleWebKit/537.36 (KHTML, like Gecko) Chrome/90.0.4430.85 Safari/537.36"
66.249.68.129 - - [06/Jul/2025:13:23:38 -0400] "GET /items/weuhh280/46853?key=trait HTTP/1.1" 404 1251 "-" "Mozilla/5.0 (Linux; Android 6.0.1; Nexus 5X Build/MMB29P) AppleWebKit/537.36 (KHTML, like Gecko) Chrome/137.0.7151.103 Mobile Safari/537.36 (compatible; GoogleOther)"
143.244.135.33 - - [06/Jul/2025:13:23:42 -0400] "GET /wp-content/languages/admin-ar.l10n.php HTTP/1.1" 403 1242 "binance.com" "Mozilla/5.0 (Windows NT 10.0; Win64; x64) AppleWebKit/537.36 (KHTML, like Gecko) Chrome/90.0.4430.85 Safari/537.36"
143.244.135.33 - - [06/Jul/2025:13:23:54 -0400] "GET /wp-content/languages/admin-network-ar.l10n.php HTTP/1.1" 403 1242 "binance.com" "Mozilla/5.0 (Windows NT 10.0; Win64; x64) AppleWebKit/537.36 (KHTML, like Gecko) Chrome/90.0.4430.85 Safari/537.36"
143.244.135.33 - - [06/Jul/2025:13:24:04 -0400] "GET /wp-content/languages/ar.l10n.php HTTP/1.1" 403 1242 "binance.com" "Mozilla/5.0 (Windows NT 10.0; Win64; x64) AppleWebKit/537.36 (KHTML, like Gecko) Chrome/90.0.4430.85 Safari/537.36"
