66.249.79.194 - - [06/Jul/2025:11:48:37 -0400] "GET /search.php?product/edit/tensyodo-gr-e9ul5nquiw HTTP/1.1" 404 1251 "-" "Mozilla/5.0 (Linux; Android 6.0.1; Nexus 5X Build/MMB29P) AppleWebKit/537.36 (KHTML, like Gecko) Chrome/137.0.7151.103 Mobile Safari/537.36 (compatible; Googlebot/2.1; +http://www.google.com/bot.html)"
47.82.60.33 - - [06/Jul/2025:11:48:39 -0400] "GET /items/sfitc63/4446?key=negative HTTP/1.1" 404 1251 "https://first-gulf.com.sa/items/sfitc63/4446?key=negative" "Mozilla/5.0 (Windows NT 10.0; Win64; x64) AppleWebKit/537.36 (KHTML, like Gecko) Chrome/114.0.0.0 Safari/537.36 Edg/114.0.1823.43"
66.249.79.195 - - [06/Jul/2025:11:48:42 -0400] "GET /items/cxxkx17/556?key=extent HTTP/1.1" 404 1251 "-" "Mozilla/5.0 (Linux; Android 6.0.1; Nexus 5X Build/MMB29P) AppleWebKit/537.36 (KHTML, like Gecko) Chrome/137.0.7151.103 Mobile Safari/537.36 (compatible; Googlebot/2.1; +http://www.google.com/bot.html)"
47.82.60.39 - - [06/Jul/2025:11:48:42 -0400] "GET /items/kpnih130/1175?key=publication HTTP/1.1" 404 1251 "https://first-gulf.com.sa/items/kpnih130/1175?key=publication" "Mozilla/5.0 (Windows NT 10.0; Win64; x64) AppleWebKit/537.36 (KHTML, like Gecko) Chrome/114.0.0.0 Safari/537.36 Edg/114.0.1823.43"
47.82.60.2 - - [06/Jul/2025:11:48:51 -0400] "GET /items/cyete60/27943?key=level HTTP/1.1" 404 1251 "https://first-gulf.com.sa/items/cyete60/27943?key=level" "Mozilla/5.0 (Windows NT 10.0; Win64; x64) AppleWebKit/537.36 (KHTML, like Gecko) Chrome/114.0.0.0 Safari/537.36 Edg/114.0.1823.43"
66.249.68.137 - - [06/Jul/2025:11:48:58 -0400] "GET /items/069014635.html?srsltid=AfmBOossyHkoWnwxOKdgIxbnENoDxvcz8Wdt9X280mFP95k5aWDN HTTP/1.1" 404 1251 "-" "Mozilla/5.0 (Linux; Android 6.0.1; Nexus 5X Build/MMB29P) AppleWebKit/537.36 (KHTML, like Gecko) Chrome/137.0.7151.103 Mobile Safari/537.36 (compatible; Googlebot/2.1; +http://www.google.com/bot.html)"
43.135.144.126 - - [06/Jul/2025:11:49:02 -0400] "GET / HTTP/1.1" 200 1436 "http://first-gulf.com.sa" "Mozilla/5.0 (iPhone; CPU iPhone OS 13_2_3 like Mac OS X) AppleWebKit/605.1.15 (KHTML, like Gecko) Version/13.0.3 Mobile/15E148 Safari/604.1"
66.249.79.196 - - [06/Jul/2025:11:49:07 -0400] "GET /items/150008096.html?srsltid=AfmBOonbcZKgQlPAJMQVxI1kVjkqSPfj1cW3NSzX4pTwRMoDY3mn HTTP/1.1" 404 1251 "-" "Mozilla/5.0 (Linux; Android 6.0.1; Nexus 5X Build/MMB29P) AppleWebKit/537.36 (KHTML, like Gecko) Chrome/137.0.7151.103 Mobile Safari/537.36 (compatible; Googlebot/2.1; +http://www.google.com/bot.html)"
47.82.60.10 - - [06/Jul/2025:11:49:09 -0400] "GET /items/039026515.html HTTP/1.1" 404 1251 "https://first-gulf.com.sa/items/039026515.html" "Mozilla/5.0 (Windows NT 10.0; Win64; x64) AppleWebKit/537.36 (KHTML, like Gecko) Chrome/114.0.0.0 Safari/537.36 Edg/114.0.1823.43"
66.249.68.137 - - [06/Jul/2025:11:49:16 -0400] "GET /pcmypage?callback=product%2Fdetail%2Fhatoya-2-cr4547424963833 HTTP/1.1" 404 1251 "-" "Mozilla/5.0 (Linux; Android 6.0.1; Nexus 5X Build/MMB29P) AppleWebKit/537.36 (KHTML, like Gecko) Chrome/137.0.7151.103 Mobile Safari/537.36 (compatible; GoogleOther)"
66.249.79.195 - - [06/Jul/2025:11:49:24 -0400] "GET /pcmypage?callback=product%2Fdetail%2Fgolf-kace02-2024102200802203 HTTP/1.1" 404 1251 "-" "Mozilla/5.0 (compatible; Googlebot/2.1; +http://www.google.com/bot.html)"
66.249.68.128 - - [06/Jul/2025:11:49:28 -0400] "GET /items/tjbxv258/48731?key=lake HTTP/1.1" 404 1251 "-" "Mozilla/5.0 (Linux; Android 6.0.1; Nexus 5X Build/MMB29P) AppleWebKit/537.36 (KHTML, like Gecko) Chrome/137.0.7151.103 Mobile Safari/537.36 (compatible; Googlebot/2.1; +http://www.google.com/bot.html)"
66.249.79.194 - - [06/Jul/2025:11:49:45 -0400] "GET /items/uwcno206/17075?key=Catholic HTTP/1.1" 404 1251 "-" "Mozilla/5.0 (Linux; Android 6.0.1; Nexus 5X Build/MMB29P) AppleWebKit/537.36 (KHTML, like Gecko) Chrome/137.0.7151.103 Mobile Safari/537.36 (compatible; Googlebot/2.1; +http://www.google.com/bot.html)"
66.249.68.137 - - [06/Jul/2025:11:49:54 -0400] "GET /items/196032534.html?srsltid=AfmBOootjmwoulDbmqGahQeYDmFeWDXo3LKtsoiXck5Er9KXmXaV HTTP/1.1" 404 1251 "-" "Mozilla/5.0 (Linux; Android 6.0.1; Nexus 5X Build/MMB29P) AppleWebKit/537.36 (KHTML, like Gecko) Chrome/137.0.7151.103 Mobile Safari/537.36 (compatible; Googlebot/2.1; +http://www.google.com/bot.html)"
66.249.79.195 - - [06/Jul/2025:11:50:04 -0400] "GET /pcmypage?callback=/product%2Fdetail%2Cute-shop-comu11s-1 HTTP/1.1" 404 1251 "-" "Mozilla/5.0 (Linux; Android 6.0.1; Nexus 5X Build/MMB29P) AppleWebKit/537.36 (KHTML, like Gecko) Chrome/137.0.7151.103 Mobile Safari/537.36 (compatible; Googlebot/2.1; +http://www.google.com/bot.html)"
66.249.68.137 - - [06/Jul/2025:11:50:10 -0400] "GET /items/283008997.html?srsltid=AfmBOoqkcdNgMgKEFOKWgC32CdeLyswLuAJqi5VOnaUZavXALdck HTTP/1.1" 404 1251 "-" "Mozilla/5.0 (compatible; Googlebot/2.1; +http://www.google.com/bot.html)"
47.82.60.9 - - [06/Jul/2025:11:50:15 -0400] "GET /category/171_1982_6698/1/listing HTTP/1.1" 404 1251 "https://first-gulf.com.sa/category/171_1982_6698/1/listing" "Mozilla/5.0 (Windows NT 10.0; Win64; x64) AppleWebKit/537.36 (KHTML, like Gecko) Chrome/114.0.0.0 Safari/537.36 Edg/114.0.1823.43"
47.82.60.40 - - [06/Jul/2025:11:50:18 -0400] "GET /items/bdvvo90/28539?key=turn HTTP/1.1" 404 1251 "https://first-gulf.com.sa/items/bdvvo90/28539?key=turn" "Mozilla/5.0 (Windows NT 10.0; Win64; x64) AppleWebKit/537.36 (KHTML, like Gecko) Chrome/114.0.0.0 Safari/537.36 Edg/114.0.1823.43"
47.82.60.25 - - [06/Jul/2025:11:50:21 -0400] "GET /items/qbuzc242/44731?key=naturally HTTP/1.1" 404 1251 "https://first-gulf.com.sa/items/qbuzc242/44731?key=naturally" "Mozilla/5.0 (Windows NT 10.0; Win64; x64) AppleWebKit/537.36 (KHTML, like Gecko) Chrome/114.0.0.0 Safari/537.36 Edg/114.0.1823.43"
66.249.68.137 - - [06/Jul/2025:11:50:24 -0400] "GET /zhHant/product/surugaya/arde-6216-pvp-402525b?campaign_uid=f64d716db5e979ed2f947dbaf4296895b951ae7f HTTP/1.1" 404 1251 "-" "Mozilla/5.0 (Linux; Android 6.0.1; Nexus 5X Build/MMB29P) AppleWebKit/537.36 (KHTML, like Gecko) Chrome/137.0.7151.103 Mobile Safari/537.36 (compatible; Googlebot/2.1; +http://www.google.com/bot.html)"
47.82.60.2 - - [06/Jul/2025:11:50:42 -0400] "GET /items/300019114.html HTTP/1.1" 404 1251 "https://first-gulf.com.sa/items/300019114.html" "Mozilla/5.0 (Windows NT 10.0; Win64; x64) AppleWebKit/537.36 (KHTML, like Gecko) Chrome/114.0.0.0 Safari/537.36 Edg/114.0.1823.43"
47.82.60.47 - - [06/Jul/2025:11:50:47 -0400] "GET /items/kwoxi21/18774?key=medicine HTTP/1.1" 404 1251 "https://first-gulf.com.sa/items/kwoxi21/18774?key=medicine" "Mozilla/5.0 (Windows NT 10.0; Win64; x64) AppleWebKit/537.36 (KHTML, like Gecko) Chrome/114.0.0.0 Safari/537.36 Edg/114.0.1823.43"
47.82.60.16 - - [06/Jul/2025:11:50:49 -0400] "GET /items/xxeme195/14062?key=victory HTTP/1.1" 404 1251 "https://first-gulf.com.sa/items/xxeme195/14062?key=victory" "Mozilla/5.0 (Windows NT 10.0; Win64; x64) AppleWebKit/537.36 (KHTML, like Gecko) Chrome/114.0.0.0 Safari/537.36 Edg/114.0.1823.43"
47.82.60.1 - - [06/Jul/2025:11:50:49 -0400] "GET /items/mjxbq212/49843?key=influential HTTP/1.1" 404 1251 "https://first-gulf.com.sa/items/mjxbq212/49843?key=influential" "Mozilla/5.0 (Windows NT 10.0; Win64; x64) AppleWebKit/537.36 (KHTML, like Gecko) Chrome/114.0.0.0 Safari/537.36 Edg/114.0.1823.43"
66.249.68.137 - - [06/Jul/2025:11:50:50 -0400] "GET /man/kaitori/kantan.html HTTP/1.1" 404 1251 "-" "Mozilla/5.0 (compatible; Googlebot/2.1; +http://www.google.com/bot.html)"
47.82.60.11 - - [06/Jul/2025:11:50:56 -0400] "GET /items/093000721.html HTTP/1.1" 404 1251 "https://www.first-gulf.com.sa/items/093000721.html" "Mozilla/5.0 (Windows NT 10.0; Win64; x64) AppleWebKit/537.36 (KHTML, like Gecko) Chrome/114.0.0.0 Safari/537.36 Edg/114.0.1823.43"
66.249.68.137 - - [06/Jul/2025:11:50:58 -0400] "GET /product/edit/nanos-sr-4571110731055 HTTP/1.1" 404 1251 "-" "Mozilla/5.0 (Linux; Android 6.0.1; Nexus 5X Build/MMB29P) AppleWebKit/537.36 (KHTML, like Gecko) Chrome/137.0.7151.103 Mobile Safari/537.36 (compatible; GoogleOther)"
66.249.68.137 - - [06/Jul/2025:11:50:59 -0400] "GET /items/032038992.html?srsltid=AfmBOogtdDzLSNZKEqYxLyUPBhOicfrk93xGsb50oVpOH4IEJmZ3 HTTP/1.1" 404 1251 "-" "Mozilla/5.0 (Linux; Android 6.0.1; Nexus 5X Build/MMB29P) AppleWebKit/537.36 (KHTML, like Gecko) Chrome/137.0.7151.103 Mobile Safari/537.36 (compatible; Googlebot/2.1; +http://www.google.com/bot.html)"
66.249.68.128 - - [06/Jul/2025:11:51:10 -0400] "GET /items/137006801.html?srsltid=AfmBOobesqprlFEuOhMT6EGWESsOagrhBp7Ylvirk59kFsswrKO4 HTTP/1.1" 404 1251 "-" "Mozilla/5.0 (Linux; Android 6.0.1; Nexus 5X Build/MMB29P) AppleWebKit/537.36 (KHTML, like Gecko) Chrome/137.0.7151.103 Mobile Safari/537.36 (compatible; Googlebot/2.1; +http://www.google.com/bot.html)"
66.249.79.196 - - [06/Jul/2025:11:51:21 -0400] "GET /items/022000654.html?srsltid=AfmBOoghcaVkFxxZHVGT7uMILYSSRGeH2PITTQNBNottQICjDO7R HTTP/1.1" 404 1251 "-" "Mozilla/5.0 (compatible; Googlebot/2.1; +http://www.google.com/bot.html)"
66.249.79.196 - - [06/Jul/2025:11:51:22 -0400] "GET /pcmypage?callback=product/review/stylifemen-nv2094 HTTP/1.1" 404 1251 "-" "Mozilla/5.0 (Linux; Android 6.0.1; Nexus 5X Build/MMB29P) AppleWebKit/537.36 (KHTML, like Gecko) Chrome/137.0.7151.103 Mobile Safari/537.36 (compatible; Googlebot/2.1; +http://www.google.com/bot.html)"
66.249.68.137 - - [06/Jul/2025:11:51:25 -0400] "GET /items/271005705.html?srsltid=AfmBOodjsmkXElSwueCuEiFqHiwBQVEAIQz0BvNdzI9eWgXiBxqV HTTP/1.1" 404 1251 "-" "Mozilla/5.0 (Linux; Android 6.0.1; Nexus 5X Build/MMB29P) AppleWebKit/537.36 (KHTML, like Gecko) Chrome/137.0.7151.103 Mobile Safari/537.36 (compatible; GoogleOther)"
66.249.68.137 - - [06/Jul/2025:11:51:32 -0400] "GET /product/edit/finejewelrys-16001098 HTTP/1.1" 404 1251 "-" "Mozilla/5.0 (Linux; Android 6.0.1; Nexus 5X Build/MMB29P) AppleWebKit/537.36 (KHTML, like Gecko) Chrome/137.0.7151.103 Mobile Safari/537.36 (compatible; Googlebot/2.1; +http://www.google.com/bot.html)"
66.249.68.137 - - [06/Jul/2025:11:51:54 -0400] "GET /items/071008985.html?srsltid=AfmBOouvmNXqZdYjzyAsTmhsZLOAmXNl24v8EVFnrBfdreuWiysT HTTP/1.1" 404 1251 "-" "Mozilla/5.0 (Linux; Android 6.0.1; Nexus 5X Build/MMB29P) AppleWebKit/537.36 (KHTML, like Gecko) Chrome/137.0.7151.103 Mobile Safari/537.36 (compatible; Googlebot/2.1; +http://www.google.com/bot.html)"
66.249.68.137 - - [06/Jul/2025:11:52:38 -0400] "GET /items/267014177.html?srsltid=AfmBOotzjUlrwgexgIDPdJ9ARtgLzgFNNlJLlltioLna6Xoj5Lah HTTP/1.1" 404 1251 "-" "Mozilla/5.0 (Linux; Android 6.0.1; Nexus 5X Build/MMB29P) AppleWebKit/537.36 (KHTML, like Gecko) Chrome/137.0.7151.103 Mobile Safari/537.36 (compatible; Googlebot/2.1; +http://www.google.com/bot.html)"
47.82.60.36 - - [06/Jul/2025:11:52:42 -0400] "GET /items/077000583.html HTTP/1.1" 404 1251 "https://www.first-gulf.com.sa/items/077000583.html" "Mozilla/5.0 (Windows NT 10.0; Win64; x64) AppleWebKit/537.36 (KHTML, like Gecko) Chrome/114.0.0.0 Safari/537.36 Edg/114.0.1823.43"
47.82.60.33 - - [06/Jul/2025:11:52:46 -0400] "GET /items/fyget55/12320?key=rib HTTP/1.1" 404 1251 "https://first-gulf.com.sa/items/fyget55/12320?key=rib" "Mozilla/5.0 (Windows NT 10.0; Win64; x64) AppleWebKit/537.36 (KHTML, like Gecko) Chrome/114.0.0.0 Safari/537.36 Edg/114.0.1823.43"
66.249.68.137 - - [06/Jul/2025:11:53:33 -0400] "GET /items/fpzhe179/7582?key=bloody HTTP/1.1" 404 1251 "-" "Mozilla/5.0 (Linux; Android 6.0.1; Nexus 5X Build/MMB29P) AppleWebKit/537.36 (KHTML, like Gecko) Chrome/137.0.7151.103 Mobile Safari/537.36 (compatible; GoogleOther)"
66.249.68.137 - - [06/Jul/2025:11:53:41 -0400] "GET /items/183027783.html?srsltid=AfmBOoxbpAQpTvtbDzkJUyQGEYFXcgvVcYebZBAjzDgvtzAYSegz HTTP/1.1" 404 1251 "-" "Mozilla/5.0 (Linux; Android 6.0.1; Nexus 5X Build/MMB29P) AppleWebKit/537.36 (KHTML, like Gecko) Chrome/137.0.7151.103 Mobile Safari/537.36 (compatible; Googlebot/2.1; +http://www.google.com/bot.html)"
66.249.79.196 - - [06/Jul/2025:11:53:43 -0400] "GET /pcmypage?callback=product%2Fdetail%2Ffirst34-trusco-6140417 HTTP/1.1" 404 1251 "-" "Mozilla/5.0 (Linux; Android 6.0.1; Nexus 5X Build/MMB29P) AppleWebKit/537.36 (KHTML, like Gecko) Chrome/137.0.7151.103 Mobile Safari/537.36 (compatible; Googlebot/2.1; +http://www.google.com/bot.html)"
47.82.60.11 - - [06/Jul/2025:11:53:54 -0400] "GET /items/ufswo53/284?key=expensive HTTP/1.1" 404 1251 "https://first-gulf.com.sa/items/ufswo53/284?key=expensive" "Mozilla/5.0 (Windows NT 10.0; Win64; x64) AppleWebKit/537.36 (KHTML, like Gecko) Chrome/114.0.0.0 Safari/537.36 Edg/114.0.1823.43"
66.249.68.137 - - [06/Jul/2025:11:53:57 -0400] "GET /items/wiokv206/49279?key=hell HTTP/1.1" 404 1251 "-" "Mozilla/5.0 (Linux; Android 6.0.1; Nexus 5X Build/MMB29P) AppleWebKit/537.36 (KHTML, like Gecko) Chrome/137.0.7151.103 Mobile Safari/537.36 (compatible; Googlebot/2.1; +http://www.google.com/bot.html)"
66.249.68.128 - - [06/Jul/2025:11:54:11 -0400] "GET /items/186029338.html?srsltid=AfmBOobehuOatzwyqywzDkDvTaIQNpNQ759ys5fXTaQozNmjyFqa HTTP/1.1" 404 1251 "-" "Mozilla/5.0 (Linux; Android 6.0.1; Nexus 5X Build/MMB29P) AppleWebKit/537.36 (KHTML, like Gecko) Chrome/137.0.7151.103 Mobile Safari/537.36 (compatible; Googlebot/2.1; +http://www.google.com/bot.html)"
47.82.60.34 - - [06/Jul/2025:11:54:31 -0400] "GET /items/cfcsr285/35140?key=self HTTP/1.1" 404 1251 "https://www.first-gulf.com.sa/items/cfcsr285/35140?key=self" "Mozilla/5.0 (Windows NT 10.0; Win64; x64) AppleWebKit/537.36 (KHTML, like Gecko) Chrome/114.0.0.0 Safari/537.36 Edg/114.0.1823.43"
47.82.60.27 - - [06/Jul/2025:11:54:47 -0400] "GET /items/qbnra219/38158?key=the HTTP/1.1" 404 1251 "https://first-gulf.com.sa/items/qbnra219/38158?key=the" "Mozilla/5.0 (Windows NT 10.0; Win64; x64) AppleWebKit/537.36 (KHTML, like Gecko) Chrome/114.0.0.0 Safari/537.36 Edg/114.0.1823.43"
66.249.79.196 - - [06/Jul/2025:11:54:54 -0400] "GET /pcmypage?callback=product%2Fdetail%2Fsakurayouhukuyasan-sxj017 HTTP/1.1" 404 1251 "-" "Mozilla/5.0 (Linux; Android 6.0.1; Nexus 5X Build/MMB29P) AppleWebKit/537.36 (KHTML, like Gecko) Chrome/137.0.7151.103 Mobile Safari/537.36 (compatible; Googlebot/2.1; +http://www.google.com/bot.html)"
47.82.60.34 - - [06/Jul/2025:11:54:55 -0400] "GET /items/rmeri163/22526?key=expense HTTP/1.1" 404 1251 "https://first-gulf.com.sa/items/rmeri163/22526?key=expense" "Mozilla/5.0 (Windows NT 10.0; Win64; x64) AppleWebKit/537.36 (KHTML, like Gecko) Chrome/114.0.0.0 Safari/537.36 Edg/114.0.1823.43"
47.82.60.43 - - [06/Jul/2025:11:55:03 -0400] "GET /items/dodqo257/12850?key=phone HTTP/1.1" 404 1251 "https://first-gulf.com.sa/items/dodqo257/12850?key=phone" "Mozilla/5.0 (Windows NT 10.0; Win64; x64) AppleWebKit/537.36 (KHTML, like Gecko) Chrome/114.0.0.0 Safari/537.36 Edg/114.0.1823.43"
47.82.60.25 - - [06/Jul/2025:11:55:08 -0400] "GET /items/tlmcm136/20301?key=municipal HTTP/1.1" 404 1251 "https://first-gulf.com.sa/items/tlmcm136/20301?key=municipal" "Mozilla/5.0 (Windows NT 10.0; Win64; x64) AppleWebKit/537.36 (KHTML, like Gecko) Chrome/114.0.0.0 Safari/537.36 Edg/114.0.1823.43"
66.249.68.128 - - [06/Jul/2025:11:55:23 -0400] "GET /pcmypage?callback=product/review/sakan8man-trus-4375525 HTTP/1.1" 404 1251 "-" "Mozilla/5.0 (Linux; Android 6.0.1; Nexus 5X Build/MMB29P) AppleWebKit/537.36 (KHTML, like Gecko) Chrome/137.0.7151.103 Mobile Safari/537.36 (compatible; GoogleOther)"
47.82.60.27 - - [06/Jul/2025:11:55:25 -0400] "GET /items/zubky35/1464?key=teammate HTTP/1.1" 404 1251 "https://first-gulf.com.sa/items/zubky35/1464?key=teammate" "Mozilla/5.0 (Windows NT 10.0; Win64; x64) AppleWebKit/537.36 (KHTML, like Gecko) Chrome/114.0.0.0 Safari/537.36 Edg/114.0.1823.43"
66.249.79.194 - - [06/Jul/2025:11:55:36 -0400] "GET /pcmypage?callback=product/review/partsboxsj-p2000594 HTTP/1.1" 404 1251 "-" "Mozilla/5.0 (Linux; Android 6.0.1; Nexus 5X Build/MMB29P) AppleWebKit/537.36 (KHTML, like Gecko) Chrome/137.0.7151.103 Mobile Safari/537.36 (compatible; Googlebot/2.1; +http://www.google.com/bot.html)"
66.249.68.137 - - [06/Jul/2025:11:55:41 -0400] "GET /items/sehfy30/901?key=medication HTTP/1.1" 404 1251 "-" "Mozilla/5.0 (Linux; Android 6.0.1; Nexus 5X Build/MMB29P) AppleWebKit/537.36 (KHTML, like Gecko) Chrome/137.0.7151.103 Mobile Safari/537.36 (compatible; Googlebot/2.1; +http://www.google.com/bot.html)"
66.249.68.137 - - [06/Jul/2025:11:55:42 -0400] "GET /items/151000857.html?srsltid=AfmBOoazxSFzuZXewvatZQo4MWpQeHMSZYkuw6Ksx4KMQetPGKXh HTTP/1.1" 404 1251 "-" "Mozilla/5.0 (Linux; Android 6.0.1; Nexus 5X Build/MMB29P) AppleWebKit/537.36 (KHTML, like Gecko) Chrome/137.0.7151.103 Mobile Safari/537.36 (compatible; Googlebot/2.1; +http://www.google.com/bot.html)"
66.249.68.137 - - [06/Jul/2025:11:55:43 -0400] "GET /items/nqcpu92/50551?key=nutrient HTTP/1.1" 404 1251 "-" "Mozilla/5.0 (Linux; Android 6.0.1; Nexus 5X Build/MMB29P) AppleWebKit/537.36 (KHTML, like Gecko) Chrome/137.0.7151.103 Mobile Safari/537.36 (compatible; GoogleOther)"
66.29.146.47 - - [06/Jul/2025:11:55:44 -0400] "POST /wp-cron.php?doing_wp_cron=1751817344.2753000259399414062500 HTTP/1.1" 403 1242 "-" "WordPress/6.8; https://first-gulf.com.sa"
196.251.84.106 - - [06/Jul/2025:11:55:36 -0400] "POST /wp-login.php HTTP/1.1" 200 3023 "-" "Mozilla/5.0"
47.82.60.10 - - [06/Jul/2025:11:55:46 -0400] "GET /items/ehzzs278/233?key=abandon HTTP/1.1" 404 1251 "https://first-gulf.com.sa/items/ehzzs278/233?key=abandon" "Mozilla/5.0 (Windows NT 10.0; Win64; x64) AppleWebKit/537.36 (KHTML, like Gecko) Chrome/114.0.0.0 Safari/537.36 Edg/114.0.1823.43"
47.82.60.19 - - [06/Jul/2025:11:55:49 -0400] "GET /items/glwne297/49232?key=show HTTP/1.1" 404 1251 "https://first-gulf.com.sa/items/glwne297/49232?key=show" "Mozilla/5.0 (Windows NT 10.0; Win64; x64) AppleWebKit/537.36 (KHTML, like Gecko) Chrome/114.0.0.0 Safari/537.36 Edg/114.0.1823.43"
66.249.68.137 - - [06/Jul/2025:11:55:56 -0400] "GET /pcmypage?callback=/product%2Fdetail.cjungle-010-0192226-003 HTTP/1.1" 404 1251 "-" "Mozilla/5.0 (Linux; Android 6.0.1; Nexus 5X Build/MMB29P) AppleWebKit/537.36 (KHTML, like Gecko) Chrome/137.0.7151.103 Mobile Safari/537.36 (compatible; Googlebot/2.1; +http://www.google.com/bot.html)"
47.82.60.24 - - [06/Jul/2025:11:56:03 -0400] "GET /items/ztpie144/25661?key=worried HTTP/1.1" 404 1251 "https://first-gulf.com.sa/items/ztpie144/25661?key=worried" "Mozilla/5.0 (Windows NT 10.0; Win64; x64) AppleWebKit/537.36 (KHTML, like Gecko) Chrome/114.0.0.0 Safari/537.36 Edg/114.0.1823.43"
66.249.79.194 - - [06/Jul/2025:11:56:27 -0400] "GET /pcmypage?callback=product%2Fdetail%2Fvie-up-ds-2463582 HTTP/1.1" 404 1251 "-" "Mozilla/5.0 (compatible; Googlebot/2.1; +http://www.google.com/bot.html)"
66.249.79.194 - - [06/Jul/2025:11:56:43 -0400] "GET /search.php?product/edit/seikatu-souko-item-014585-3860 HTTP/1.1" 404 1251 "-" "Mozilla/5.0 (Linux; Android 6.0.1; Nexus 5X Build/MMB29P) AppleWebKit/537.36 (KHTML, like Gecko) Chrome/137.0.7151.103 Mobile Safari/537.36 (compatible; Googlebot/2.1; +http://www.google.com/bot.html)"
66.249.68.128 - - [06/Jul/2025:11:56:43 -0400] "GET /items/224007844.html?srsltid=AfmBOooawXggWvCdcvJfQX55BZkYIVkCeC6OxkojSnzS9AiXMLqq HTTP/1.1" 404 1251 "-" "Mozilla/5.0 (Linux; Android 6.0.1; Nexus 5X Build/MMB29P) AppleWebKit/537.36 (KHTML, like Gecko) Chrome/137.0.7151.103 Mobile Safari/537.36 (compatible; Googlebot/2.1; +http://www.google.com/bot.html)"
47.82.60.24 - - [06/Jul/2025:11:56:46 -0400] "GET /items/qrbxk182/48889?key=leading HTTP/1.1" 404 1251 "https://first-gulf.com.sa/items/qrbxk182/48889?key=leading" "Mozilla/5.0 (Windows NT 10.0; Win64; x64) AppleWebKit/537.36 (KHTML, like Gecko) Chrome/114.0.0.0 Safari/537.36 Edg/114.0.1823.43"
20.171.53.237 - - [06/Jul/2025:11:57:07 -0400] "GET /items/182009790.html?srsltid=AfmBOougtqQLKTGUwDQXoDjrQrDHESAxB8Kvbsmi3vwtxtQTMIcb HTTP/1.1" 404 1251 "-" "Mozilla/5.0 (Macintosh; Intel Mac OS X 10_15_7) AppleWebKit/537.36 (KHTML, like Gecko) Chrome/131.0.0.0 Safari/537.36; compatible; OAI-SearchBot/1.0; +https://openai.com/searchbot"
20.169.7.53 - - [06/Jul/2025:11:57:11 -0400] "GET /pcmypage?callback=product%2Freview%2Fcourage-store-fbe9830d407f147-gi-1 HTTP/1.1" 404 1251 "-" "Mozilla/5.0 (Macintosh; Intel Mac OS X 10_15_7) AppleWebKit/537.36 (KHTML, like Gecko) Chrome/131.0.0.0 Safari/537.36; compatible; OAI-SearchBot/1.0; +https://openai.com/searchbot"
20.168.18.45 - - [06/Jul/2025:11:57:14 -0400] "GET /items/qtqvy99/33764?key=corporate HTTP/1.1" 404 1251 "-" "Mozilla/5.0 (Macintosh; Intel Mac OS X 10_15_7) AppleWebKit/537.36 (KHTML, like Gecko) Chrome/131.0.0.0 Safari/537.36; compatible; OAI-SearchBot/1.0; +https://openai.com/searchbot"
66.249.68.137 - - [06/Jul/2025:11:57:14 -0400] "GET /items/017008949.html?srsltid=AfmBOorqdDUacodyKwqvM6ENERsfOVZBgRIPAOljT4saAyINsyd0 HTTP/1.1" 404 1251 "-" "Mozilla/5.0 (Linux; Android 6.0.1; Nexus 5X Build/MMB29P) AppleWebKit/537.36 (KHTML, like Gecko) Chrome/137.0.7151.103 Mobile Safari/537.36 (compatible; Googlebot/2.1; +http://www.google.com/bot.html)"
20.171.207.230 - - [06/Jul/2025:11:57:15 -0400] "GET /9e321/?NA HTTP/1.1" 200 536 "-" "Mozilla/5.0 AppleWebKit/537.36 (KHTML, like Gecko; compatible; GPTBot/1.2; +https://openai.com/gptbot)"
20.168.18.45 - - [06/Jul/2025:11:57:17 -0400] "GET /search.php?210mxr10981.html HTTP/1.1" 404 1251 "-" "Mozilla/5.0 (Macintosh; Intel Mac OS X 10_15_7) AppleWebKit/537.36 (KHTML, like Gecko) Chrome/131.0.0.0 Safari/537.36; compatible; OAI-SearchBot/1.0; +https://openai.com/searchbot"
20.171.207.230 - - [06/Jul/2025:11:57:18 -0400] "GET /9e321/?MD HTTP/1.1" 200 540 "-" "Mozilla/5.0 AppleWebKit/537.36 (KHTML, like Gecko; compatible; GPTBot/1.2; +https://openai.com/gptbot)"
47.82.60.13 - - [06/Jul/2025:11:57:19 -0400] "GET /items/017034695.html HTTP/1.1" 404 1251 "https://first-gulf.com.sa/items/017034695.html" "Mozilla/5.0 (Windows NT 10.0; Win64; x64) AppleWebKit/537.36 (KHTML, like Gecko) Chrome/114.0.0.0 Safari/537.36 Edg/114.0.1823.43"
20.171.53.237 - - [06/Jul/2025:11:57:20 -0400] "GET /search.php?product/edit/goodwoods-4065130c1h49pky HTTP/1.1" 404 1251 "-" "Mozilla/5.0 (Macintosh; Intel Mac OS X 10_15_7) AppleWebKit/537.36 (KHTML, like Gecko) Chrome/131.0.0.0 Safari/537.36; compatible; OAI-SearchBot/1.0; +https://openai.com/searchbot"
20.171.207.230 - - [06/Jul/2025:11:57:21 -0400] "GET /9e321/?SD HTTP/1.1" 200 540 "-" "Mozilla/5.0 AppleWebKit/537.36 (KHTML, like Gecko; compatible; GPTBot/1.2; +https://openai.com/gptbot)"
20.171.207.230 - - [06/Jul/2025:11:57:24 -0400] "GET /9e321/?ND HTTP/1.1" 200 534 "-" "Mozilla/5.0 AppleWebKit/537.36 (KHTML, like Gecko; compatible; GPTBot/1.2; +https://openai.com/gptbot)"
20.171.207.230 - - [06/Jul/2025:11:57:26 -0400] "GET /wp-links-opml.php HTTP/1.1" 403 1242 "-" "Mozilla/5.0 AppleWebKit/537.36 (KHTML, like Gecko; compatible; GPTBot/1.2; +https://openai.com/gptbot)"
47.82.60.33 - - [06/Jul/2025:11:57:27 -0400] "GET /items/237014513.html HTTP/1.1" 404 1251 "https://first-gulf.com.sa/items/237014513.html" "Mozilla/5.0 (Windows NT 10.0; Win64; x64) AppleWebKit/537.36 (KHTML, like Gecko) Chrome/114.0.0.0 Safari/537.36 Edg/114.0.1823.43"
47.82.60.9 - - [06/Jul/2025:11:57:27 -0400] "GET /items/igjdw36/2909?key=surely HTTP/1.1" 404 1251 "https://first-gulf.com.sa/items/igjdw36/2909?key=surely" "Mozilla/5.0 (Windows NT 10.0; Win64; x64) AppleWebKit/537.36 (KHTML, like Gecko) Chrome/114.0.0.0 Safari/537.36 Edg/114.0.1823.43"
66.249.68.137 - - [06/Jul/2025:11:57:44 -0400] "GET /items/252007556.html?srsltid=AfmBOosafYUvOXbCNablROBgCfZgRhdgi98uejlzkKJKMpmaDIG5 HTTP/1.1" 404 1251 "-" "Mozilla/5.0 (Linux; Android 6.0.1; Nexus 5X Build/MMB29P) AppleWebKit/537.36 (KHTML, like Gecko) Chrome/137.0.7151.103 Mobile Safari/537.36 (compatible; Googlebot/2.1; +http://www.google.com/bot.html)"
66.249.68.137 - - [06/Jul/2025:11:57:45 -0400] "GET /product/edit/world-depo-mts-2242671 HTTP/1.1" 404 1251 "-" "Mozilla/5.0 (Linux; Android 6.0.1; Nexus 5X Build/MMB29P) AppleWebKit/537.36 (KHTML, like Gecko) Chrome/137.0.7151.103 Mobile Safari/537.36 (compatible; Googlebot/2.1; +http://www.google.com/bot.html)"
66.249.68.137 - - [06/Jul/2025:11:57:50 -0400] "GET /items/xvmuk25/46434?key=rush HTTP/1.1" 404 1251 "-" "Mozilla/5.0 (Linux; Android 6.0.1; Nexus 5X Build/MMB29P) AppleWebKit/537.36 (KHTML, like Gecko) Chrome/137.0.7151.103 Mobile Safari/537.36 (compatible; GoogleOther)"
66.249.68.129 - - [06/Jul/2025:11:58:15 -0400] "GET /items/221039893.html?srsltid=AfmBOoteiJyUAJDHjmnw9TwwZuELwpmkwHHoSxoYjF3E3BH3TNzh HTTP/1.1" 404 1251 "-" "Mozilla/5.0 (Linux; Android 6.0.1; Nexus 5X Build/MMB29P) AppleWebKit/537.36 (KHTML, like Gecko) Chrome/137.0.7151.103 Mobile Safari/537.36 (compatible; Googlebot/2.1; +http://www.google.com/bot.html)"
66.249.68.137 - - [06/Jul/2025:11:58:15 -0400] "GET /items/ertde96/6587?key=demand HTTP/1.1" 404 1251 "-" "Mozilla/5.0 (Linux; Android 6.0.1; Nexus 5X Build/MMB29P) AppleWebKit/537.36 (KHTML, like Gecko) Chrome/137.0.7151.103 Mobile Safari/537.36 (compatible; Googlebot/2.1; +http://www.google.com/bot.html)"
66.249.68.129 - - [06/Jul/2025:11:58:16 -0400] "GET /items/aliwp88/48785?key=oak HTTP/1.1" 404 1251 "-" "Mozilla/5.0 (Linux; Android 6.0.1; Nexus 5X Build/MMB29P) AppleWebKit/537.36 (KHTML, like Gecko) Chrome/137.0.7151.103 Mobile Safari/537.36 (compatible; Googlebot/2.1; +http://www.google.com/bot.html)"
66.249.79.194 - - [06/Jul/2025:11:58:21 -0400] "GET /pcmypage?callback=product/review/autobacs-ec-4560459225950 HTTP/1.1" 404 1251 "-" "Mozilla/5.0 (compatible; Googlebot/2.1; +http://www.google.com/bot.html)"
66.249.68.137 - - [06/Jul/2025:11:58:46 -0400] "GET /pcmypage?callback=product/review/officeland-8366229 HTTP/1.1" 404 1251 "-" "Mozilla/5.0 (Linux; Android 6.0.1; Nexus 5X Build/MMB29P) AppleWebKit/537.36 (KHTML, like Gecko) Chrome/137.0.7151.103 Mobile Safari/537.36 (compatible; Googlebot/2.1; +http://www.google.com/bot.html)"
66.249.68.137 - - [06/Jul/2025:11:58:46 -0400] "GET /items/061034557.html?srsltid=AfmBOoqcpnjwbOqZoOlZsdOdErSWPsSHBbfJ4iaf8AQfehbWcYb9 HTTP/1.1" 404 1251 "-" "Mozilla/5.0 (Linux; Android 6.0.1; Nexus 5X Build/MMB29P) AppleWebKit/537.36 (KHTML, like Gecko) Chrome/137.0.7151.103 Mobile Safari/537.36 (compatible; Googlebot/2.1; +http://www.google.com/bot.html)"
47.82.60.40 - - [06/Jul/2025:11:59:07 -0400] "GET /items/zgbbl166/18875?key=fall HTTP/1.1" 404 1251 "https://first-gulf.com.sa/items/zgbbl166/18875?key=fall" "Mozilla/5.0 (Windows NT 10.0; Win64; x64) AppleWebKit/537.36 (KHTML, like Gecko) Chrome/114.0.0.0 Safari/537.36 Edg/114.0.1823.43"
66.249.68.129 - - [06/Jul/2025:11:59:16 -0400] "GET /items/gzkby151/37096?key=search HTTP/1.1" 404 1251 "-" "Mozilla/5.0 (Linux; Android 6.0.1; Nexus 5X Build/MMB29P) AppleWebKit/537.36 (KHTML, like Gecko) Chrome/137.0.7151.103 Mobile Safari/537.36 (compatible; Googlebot/2.1; +http://www.google.com/bot.html)"
66.249.68.129 - - [06/Jul/2025:11:59:17 -0400] "GET /items/036008964.html?srsltid=AfmBOozszyEgPBWRrRQIIcZiGvMGEJEdLsQrbhujQj0fi1usfkih HTTP/1.1" 404 1251 "-" "Mozilla/5.0 (Linux; Android 6.0.1; Nexus 5X Build/MMB29P) AppleWebKit/537.36 (KHTML, like Gecko) Chrome/137.0.7151.103 Mobile Safari/537.36 (compatible; Googlebot/2.1; +http://www.google.com/bot.html)"
66.249.68.137 - - [06/Jul/2025:11:59:17 -0400] "GET /items/020000934.html?srsltid=AfmBOopdbZNtrRaExMyxMBykMsoeBIbTfTMrpR4NCACJsZMq59J3 HTTP/1.1" 404 1251 "-" "Mozilla/5.0 (Linux; Android 6.0.1; Nexus 5X Build/MMB29P) AppleWebKit/537.36 (KHTML, like Gecko) Chrome/137.0.7151.103 Mobile Safari/537.36 (compatible; Googlebot/2.1; +http://www.google.com/bot.html)"
47.82.60.18 - - [06/Jul/2025:11:59:24 -0400] "GET /items/017000967.html HTTP/1.1" 404 1251 "https://www.first-gulf.com.sa/items/017000967.html" "Mozilla/5.0 (Windows NT 10.0; Win64; x64) AppleWebKit/537.36 (KHTML, like Gecko) Chrome/114.0.0.0 Safari/537.36 Edg/114.0.1823.43"
47.82.60.33 - - [06/Jul/2025:11:59:31 -0400] "GET /items/wxveu89/106?key=climate HTTP/1.1" 404 1251 "https://first-gulf.com.sa/items/wxveu89/106?key=climate" "Mozilla/5.0 (Windows NT 10.0; Win64; x64) AppleWebKit/537.36 (KHTML, like Gecko) Chrome/114.0.0.0 Safari/537.36 Edg/114.0.1823.43"
66.249.68.137 - - [06/Jul/2025:11:59:45 -0400] "GET /pcmypage?callback=product/review/nanos-sr-4571110731055 HTTP/1.1" 404 1251 "-" "Mozilla/5.0 (Linux; Android 6.0.1; Nexus 5X Build/MMB29P) AppleWebKit/537.36 (KHTML, like Gecko) Chrome/137.0.7151.103 Mobile Safari/537.36 (compatible; GoogleOther)"
66.249.79.196 - - [06/Jul/2025:11:59:45 -0400] "GET /pcmypage?callback=product/review/hcvalor-eshop-trusco-4969737 HTTP/1.1" 404 1251 "-" "Mozilla/5.0 (Linux; Android 6.0.1; Nexus 5X Build/MMB29P) AppleWebKit/537.36 (KHTML, like Gecko) Chrome/137.0.7151.103 Mobile Safari/537.36 (compatible; Googlebot/2.1; +http://www.google.com/bot.html)"
66.249.79.194 - - [06/Jul/2025:11:59:51 -0400] "GET /search.php?292vual37581.html HTTP/1.1" 404 1251 "-" "Mozilla/5.0 (compatible; Googlebot/2.1; +http://www.google.com/bot.html)"
66.249.68.137 - - [06/Jul/2025:11:59:57 -0400] "GET /pcmypage?callback=product/review/shoplistselect-mdks0000182-1 HTTP/1.1" 404 1251 "-" "Mozilla/5.0 (compatible; Googlebot/2.1; +http://www.google.com/bot.html)"
47.82.60.28 - - [06/Jul/2025:11:59:59 -0400] "GET /items/zcbsa187/19748?key=cycle HTTP/1.1" 404 1251 "https://first-gulf.com.sa/items/zcbsa187/19748?key=cycle" "Mozilla/5.0 (Windows NT 10.0; Win64; x64) AppleWebKit/537.36 (KHTML, like Gecko) Chrome/114.0.0.0 Safari/537.36 Edg/114.0.1823.43"
66.249.68.137 - - [06/Jul/2025:11:59:59 -0400] "GET /items/ixtzh97/686?key=reliable HTTP/1.1" 404 1251 "-" "Mozilla/5.0 (Linux; Android 6.0.1; Nexus 5X Build/MMB29P) AppleWebKit/537.36 (KHTML, like Gecko) Chrome/137.0.7151.103 Mobile Safari/537.36 (compatible; GoogleOther)"
66.249.68.128 - - [06/Jul/2025:12:00:07 -0400] "GET /items/213008299.html?srsltid=AfmBOoqwthLjTyYMnFKe8uohBcgJxirNxvvHEjRr98qF6NJy1gl2 HTTP/1.1" 404 1251 "-" "Mozilla/5.0 (Linux; Android 6.0.1; Nexus 5X Build/MMB29P) AppleWebKit/537.36 (KHTML, like Gecko) Chrome/137.0.7151.103 Mobile Safari/537.36 (compatible; Googlebot/2.1; +http://www.google.com/bot.html)"
46.105.39.49 - - [06/Jul/2025:12:00:12 -0400] "GET /robots.txt HTTP/1.1" 304 0 "-" "Mozilla/5.0 (compatible; MJ12bot/v2.0.2; http://mj12bot.com/)"
66.249.79.195 - - [06/Jul/2025:12:00:33 -0400] "GET /items/070000556.html?srsltid=AfmBOonyePuEJgiHhHJNKqjiOlngAiAlEnOclUprZwgw9TtsNoKC HTTP/1.1" 404 1251 "-" "Mozilla/5.0 (compatible; Googlebot/2.1; +http://www.google.com/bot.html)"
66.249.68.129 - - [06/Jul/2025:12:00:37 -0400] "GET /items/latlh82/1177?key=yours HTTP/1.1" 404 1251 "-" "Mozilla/5.0 (Linux; Android 6.0.1; Nexus 5X Build/MMB29P) AppleWebKit/537.36 (KHTML, like Gecko) Chrome/137.0.7151.103 Mobile Safari/537.36 (compatible; Googlebot/2.1; +http://www.google.com/bot.html)"
60.139.63.29 - - [06/Jul/2025:12:00:42 -0400] "GET /items/rtlak89/36548?key=into HTTP/1.1" 404 1251 "https://www.google.com/" "Mozilla/5.0 (iPhone; CPU iPhone OS 18_5 like Mac OS X) AppleWebKit/605.1.15 (KHTML, like Gecko) Version/18.5 Mobile/15E148 Safari/604.1"
66.249.68.129 - - [06/Jul/2025:12:00:43 -0400] "GET /items/wuvum22/391?key=alive HTTP/1.1" 404 1251 "-" "Mozilla/5.0 (Linux; Android 6.0.1; Nexus 5X Build/MMB29P) AppleWebKit/537.36 (KHTML, like Gecko) Chrome/137.0.7151.103 Mobile Safari/537.36 (compatible; Googlebot/2.1; +http://www.google.com/bot.html)"
66.249.79.194 - - [06/Jul/2025:12:00:54 -0400] "GET /items/cvytz64/40311?key=opposed HTTP/1.1" 404 1251 "-" "Mozilla/5.0 (Linux; Android 6.0.1; Nexus 5X Build/MMB29P) AppleWebKit/537.36 (KHTML, like Gecko) Chrome/137.0.7151.103 Mobile Safari/537.36 (compatible; Googlebot/2.1; +http://www.google.com/bot.html)"
47.82.60.38 - - [06/Jul/2025:12:01:06 -0400] "GET /items/sapns201/46822?key=decent HTTP/1.1" 404 1251 "https://first-gulf.com.sa/items/sapns201/46822?key=decent" "Mozilla/5.0 (Windows NT 10.0; Win64; x64) AppleWebKit/537.36 (KHTML, like Gecko) Chrome/114.0.0.0 Safari/537.36 Edg/114.0.1823.43"
66.249.68.130 - - [06/Jul/2025:12:01:20 -0400] "GET /items/tswpc232/33525?key=collective HTTP/1.1" 404 1251 "-" "Mozilla/5.0 (Linux; Android 6.0.1; Nexus 5X Build/MMB29P) AppleWebKit/537.36 (KHTML, like Gecko) Chrome/137.0.7151.103 Mobile Safari/537.36 (compatible; Googlebot/2.1; +http://www.google.com/bot.html)"
66.249.68.130 - - [06/Jul/2025:12:01:27 -0400] "GET /items/muaic53/46890?key=lock HTTP/1.1" 404 1251 "-" "Mozilla/5.0 (Linux; Android 6.0.1; Nexus 5X Build/MMB29P) AppleWebKit/537.36 (KHTML, like Gecko) Chrome/137.0.7151.103 Mobile Safari/537.36 (compatible; Googlebot/2.1; +http://www.google.com/bot.html)"
66.249.68.130 - - [06/Jul/2025:12:01:28 -0400] "GET /items/189018459.html?srsltid=AfmBOocipSGozlZUEBhQxnaQGIOYCQWfOKINxi47h8Q4Re8YhaCN HTTP/1.1" 404 1251 "-" "Mozilla/5.0 (Linux; Android 6.0.1; Nexus 5X Build/MMB29P) AppleWebKit/537.36 (KHTML, like Gecko) Chrome/137.0.7151.103 Mobile Safari/537.36 (compatible; Googlebot/2.1; +http://www.google.com/bot.html)"
66.249.79.195 - - [06/Jul/2025:12:01:45 -0400] "GET /search.php?18jaspi27255.html HTTP/1.1" 404 1251 "-" "Mozilla/5.0 (Linux; Android 6.0.1; Nexus 5X Build/MMB29P) AppleWebKit/537.36 (KHTML, like Gecko) Chrome/137.0.7151.103 Mobile Safari/537.36 (compatible; Googlebot/2.1; +http://www.google.com/bot.html)"
66.249.68.129 - - [06/Jul/2025:12:01:55 -0400] "GET /items/142015972.html?srsltid=AfmBOohoaLkclexBDQLKPWCRJnLoqEFbopMa85qMPw3xLLMMMuc7 HTTP/1.1" 404 1251 "-" "Mozilla/5.0 (Linux; Android 6.0.1; Nexus 5X Build/MMB29P) AppleWebKit/537.36 (KHTML, like Gecko) Chrome/137.0.7151.103 Mobile Safari/537.36 (compatible; Googlebot/2.1; +http://www.google.com/bot.html)"
66.249.68.130 - - [06/Jul/2025:12:02:08 -0400] "GET /pcmypage?callback=product%2Fdetail%2Fmautogallery-pf09-ds-1560-1004-18560-g521 HTTP/1.1" 404 1251 "-" "Mozilla/5.0 (Linux; Android 6.0.1; Nexus 5X Build/MMB29P) AppleWebKit/537.36 (KHTML, like Gecko) Chrome/137.0.7151.103 Mobile Safari/537.36 (compatible; GoogleOther)"
43.156.109.53 - - [06/Jul/2025:12:02:12 -0400] "GET /wp-settings.php HTTP/1.1" 403 1242 "-" "Mozilla/5.0 (iPhone; CPU iPhone OS 13_2_3 like Mac OS X) AppleWebKit/605.1.15 (KHTML, like Gecko) Version/13.0.3 Mobile/15E148 Safari/604.1"
47.82.60.8 - - [06/Jul/2025:12:02:40 -0400] "GET /items/yssqy183/27780?key=beauty HTTP/1.1" 404 1251 "https://first-gulf.com.sa/items/yssqy183/27780?key=beauty" "Mozilla/5.0 (Windows NT 10.0; Win64; x64) AppleWebKit/537.36 (KHTML, like Gecko) Chrome/114.0.0.0 Safari/537.36 Edg/114.0.1823.43"
66.249.79.196 - - [06/Jul/2025:12:03:08 -0400] "GET /pcmypage?callback=product/review/golfdo-official-21361220401162224006 HTTP/1.1" 404 1251 "-" "Mozilla/5.0 (Linux; Android 6.0.1; Nexus 5X Build/MMB29P) AppleWebKit/537.36 (KHTML, like Gecko) Chrome/137.0.7151.103 Mobile Safari/537.36 (compatible; Googlebot/2.1; +http://www.google.com/bot.html)"
47.82.60.45 - - [06/Jul/2025:12:03:09 -0400] "GET /items/wkdnc158/36125?key=visitor HTTP/1.1" 404 1251 "https://first-gulf.com.sa/items/wkdnc158/36125?key=visitor" "Mozilla/5.0 (Windows NT 10.0; Win64; x64) AppleWebKit/537.36 (KHTML, like Gecko) Chrome/114.0.0.0 Safari/537.36 Edg/114.0.1823.43"
66.249.79.195 - - [06/Jul/2025:12:03:11 -0400] "GET /search.php?zhHant/product/surugaya/onesmart-eset000084179?campaign_uid=f64d716db5e979ed2f947dbaf4296895b951ae7f HTTP/1.1" 404 1251 "-" "Mozilla/5.0 (Linux; Android 6.0.1; Nexus 5X Build/MMB29P) AppleWebKit/537.36 (KHTML, like Gecko) Chrome/137.0.7151.103 Mobile Safari/537.36 (compatible; Googlebot/2.1; +http://www.google.com/bot.html)"
66.249.79.195 - - [06/Jul/2025:12:03:31 -0400] "GET /pcmypage?callback=product/review/japangold-pn491494pt HTTP/1.1" 404 1251 "-" "Mozilla/5.0 (Linux; Android 6.0.1; Nexus 5X Build/MMB29P) AppleWebKit/537.36 (KHTML, like Gecko) Chrome/137.0.7151.103 Mobile Safari/537.36 (compatible; Googlebot/2.1; +http://www.google.com/bot.html)"
66.249.68.130 - - [06/Jul/2025:12:03:33 -0400] "GET /items/afove61/530?key=buyer HTTP/1.1" 404 1251 "-" "Mozilla/5.0 (Linux; Android 6.0.1; Nexus 5X Build/MMB29P) AppleWebKit/537.36 (KHTML, like Gecko) Chrome/137.0.7151.103 Mobile Safari/537.36 (compatible; Googlebot/2.1; +http://www.google.com/bot.html)"
46.105.39.49 - - [06/Jul/2025:12:03:44 -0400] "GET / HTTP/1.1" 200 1439 "-" "Mozilla/5.0 (compatible; MJ12bot/v2.0.2; http://mj12bot.com/)"
66.249.68.129 - - [06/Jul/2025:12:03:45 -0400] "GET /items/nglpa159/1426?key=investigate HTTP/1.1" 404 1251 "-" "Mozilla/5.0 (compatible; Googlebot/2.1; +http://www.google.com/bot.html)"
47.82.60.31 - - [06/Jul/2025:12:03:49 -0400] "GET /items/pyshp91/3176?key=news HTTP/1.1" 404 1251 "https://first-gulf.com.sa/items/pyshp91/3176?key=news" "Mozilla/5.0 (Windows NT 10.0; Win64; x64) AppleWebKit/537.36 (KHTML, like Gecko) Chrome/114.0.0.0 Safari/537.36 Edg/114.0.1823.43"
66.249.68.129 - - [06/Jul/2025:12:03:55 -0400] "GET /product/edit/re-vida-y0-10479396sp HTTP/1.1" 404 1251 "-" "Mozilla/5.0 (Linux; Android 6.0.1; Nexus 5X Build/MMB29P) AppleWebKit/537.36 (KHTML, like Gecko) Chrome/137.0.7151.103 Mobile Safari/537.36 (compatible; Googlebot/2.1; +http://www.google.com/bot.html)"
66.249.79.194 - - [06/Jul/2025:12:03:58 -0400] "GET /items/gsikh76/503?key=constitute HTTP/1.1" 404 1251 "-" "Mozilla/5.0 (compatible; Googlebot/2.1; +http://www.google.com/bot.html)"
66.249.79.195 - - [06/Jul/2025:12:04:06 -0400] "GET /pcmypage?callback=product/review/e-cle-3330210100-000036086817180 HTTP/1.1" 404 1251 "-" "Mozilla/5.0 (compatible; Googlebot/2.1; +http://www.google.com/bot.html)"
66.249.68.130 - - [06/Jul/2025:12:04:08 -0400] "GET /pcmypage?callback=product/review/first23-trusco-3556028 HTTP/1.1" 404 1251 "-" "Mozilla/5.0 (Linux; Android 6.0.1; Nexus 5X Build/MMB29P) AppleWebKit/537.36 (KHTML, like Gecko) Chrome/137.0.7151.103 Mobile Safari/537.36 (compatible; GoogleOther)"
66.249.68.130 - - [06/Jul/2025:12:04:16 -0400] "GET /items/hkkhr54/13967?key=host HTTP/1.1" 404 1251 "-" "Mozilla/5.0 (Linux; Android 6.0.1; Nexus 5X Build/MMB29P) AppleWebKit/537.36 (KHTML, like Gecko) Chrome/137.0.7151.103 Mobile Safari/537.36 (compatible; GoogleOther)"
66.249.68.130 - - [06/Jul/2025:12:04:17 -0400] "GET /items/vstkt238/36233?key=darkness HTTP/1.1" 404 1251 "-" "Mozilla/5.0 (Linux; Android 6.0.1; Nexus 5X Build/MMB29P) AppleWebKit/537.36 (KHTML, like Gecko) Chrome/137.0.7151.103 Mobile Safari/537.36 (compatible; Googlebot/2.1; +http://www.google.com/bot.html)"
66.249.68.129 - - [06/Jul/2025:12:04:23 -0400] "GET /items/260021988.html?srsltid=AfmBOofuqNISslAxDnmyyPJkGAOCiwDWI0gSAuxJne5cu2Ww1uQf HTTP/1.1" 404 1251 "-" "Mozilla/5.0 (Linux; Android 6.0.1; Nexus 5X Build/MMB29P) AppleWebKit/537.36 (KHTML, like Gecko) Chrome/137.0.7151.103 Mobile Safari/537.36 (compatible; Googlebot/2.1; +http://www.google.com/bot.html)"
47.82.60.32 - - [06/Jul/2025:12:04:28 -0400] "GET /items/134011892.html HTTP/1.1" 404 1251 "https://first-gulf.com.sa/items/134011892.html" "Mozilla/5.0 (Windows NT 10.0; Win64; x64) AppleWebKit/537.36 (KHTML, like Gecko) Chrome/114.0.0.0 Safari/537.36 Edg/114.0.1823.43"
66.249.68.129 - - [06/Jul/2025:12:04:29 -0400] "GET /pcmypage?callback=product/review/vivito-shop-usdm-3129-741 HTTP/1.1" 404 1251 "-" "Mozilla/5.0 (Linux; Android 6.0.1; Nexus 5X Build/MMB29P) AppleWebKit/537.36 (KHTML, like Gecko) Chrome/137.0.7151.103 Mobile Safari/537.36 (compatible; GoogleOther)"
66.249.68.129 - - [06/Jul/2025:12:04:31 -0400] "GET /items/ofgqf58/2331?key=sacrifice HTTP/1.1" 404 1251 "-" "Mozilla/5.0 (Linux; Android 6.0.1; Nexus 5X Build/MMB29P) AppleWebKit/537.36 (KHTML, like Gecko) Chrome/137.0.7151.103 Mobile Safari/537.36 (compatible; Googlebot/2.1; +http://www.google.com/bot.html)"
47.82.60.2 - - [06/Jul/2025:12:04:54 -0400] "GET /items/nsizl58/14087?key=wing HTTP/1.1" 404 1251 "https://first-gulf.com.sa/items/nsizl58/14087?key=wing" "Mozilla/5.0 (Windows NT 10.0; Win64; x64) AppleWebKit/537.36 (KHTML, like Gecko) Chrome/114.0.0.0 Safari/537.36 Edg/114.0.1823.43"
66.249.68.129 - - [06/Jul/2025:12:05:16 -0400] "GET /items/252023518.html?srsltid=AfmBOourxulERgjdauBr9wM9BZoWBiXFPf1aG9YGR9tAD0KRUFga HTTP/1.1" 404 1251 "-" "Mozilla/5.0 (Linux; Android 6.0.1; Nexus 5X Build/MMB29P) AppleWebKit/537.36 (KHTML, like Gecko) Chrome/137.0.7151.103 Mobile Safari/537.36 (compatible; Googlebot/2.1; +http://www.google.com/bot.html)"
66.249.68.129 - - [06/Jul/2025:12:05:16 -0400] "GET /items/glfhj194/20365?key=fear HTTP/1.1" 404 1251 "-" "Mozilla/5.0 (Linux; Android 6.0.1; Nexus 5X Build/MMB29P) AppleWebKit/537.36 (KHTML, like Gecko) Chrome/137.0.7151.103 Mobile Safari/537.36 (compatible; Googlebot/2.1; +http://www.google.com/bot.html)"
47.82.60.19 - - [06/Jul/2025:12:05:32 -0400] "GET /items/117020747.html HTTP/1.1" 404 1251 "https://first-gulf.com.sa/items/117020747.html" "Mozilla/5.0 (Windows NT 10.0; Win64; x64) AppleWebKit/537.36 (KHTML, like Gecko) Chrome/114.0.0.0 Safari/537.36 Edg/114.0.1823.43"
66.249.79.206 - - [06/Jul/2025:12:05:52 -0400] "GET /items/hdena45/33482?key=greet HTTP/1.1" 404 1251 "-" "Mozilla/5.0 (Linux; Android 6.0.1; Nexus 5X Build/MMB29P) AppleWebKit/537.36 (KHTML, like Gecko) Chrome/137.0.7151.103 Mobile Safari/537.36 (compatible; Googlebot/2.1; +http://www.google.com/bot.html)"
66.249.79.192 - - [06/Jul/2025:12:06:15 -0400] "GET /items/111021845.html?srsltid=AfmBOobciKPbixcMXjsQqVoPNZTeDdsqmQECcQAubHWedP2Q0IZa HTTP/1.1" 404 1251 "-" "Mozilla/5.0 (Linux; Android 6.0.1; Nexus 5X Build/MMB29P) AppleWebKit/537.36 (KHTML, like Gecko) Chrome/137.0.7151.103 Mobile Safari/537.36 (compatible; Googlebot/2.1; +http://www.google.com/bot.html)"
66.249.68.130 - - [06/Jul/2025:12:06:25 -0400] "GET /items/164009182.html?srsltid=AfmBOoryaJHbcpFUTdBLz62nNAWiIpSHe5SlmrMS9O1k263cd3XF HTTP/1.1" 404 1251 "-" "Mozilla/5.0 (Linux; Android 6.0.1; Nexus 5X Build/MMB29P) AppleWebKit/537.36 (KHTML, like Gecko) Chrome/137.0.7151.103 Mobile Safari/537.36 (compatible; GoogleOther)"
66.249.68.130 - - [06/Jul/2025:12:06:36 -0400] "GET /items/248026254.html?srsltid=AfmBOoudmaOKaomrBBHg0KRHPpbaVTTKo0lmxTU5n5OD7nxr0c1Y HTTP/1.1" 404 1251 "-" "Mozilla/5.0 (Linux; Android 6.0.1; Nexus 5X Build/MMB29P) AppleWebKit/537.36 (KHTML, like Gecko) Chrome/137.0.7151.103 Mobile Safari/537.36 (compatible; Googlebot/2.1; +http://www.google.com/bot.html)"
66.249.79.206 - - [06/Jul/2025:12:06:48 -0400] "GET /items/056045272.html?srsltid=AfmBOoauzxBSHRFUlbbSgq9yJviSqRffi2Z1wjYtJhZnfRTnFSSK HTTP/1.1" 404 1251 "-" "Mozilla/5.0 (compatible; Googlebot/2.1; +http://www.google.com/bot.html)"
47.82.60.43 - - [06/Jul/2025:12:07:03 -0400] "GET /items/rjeph247/29212?key=verdict HTTP/1.1" 404 1251 "https://first-gulf.com.sa/items/rjeph247/29212?key=verdict" "Mozilla/5.0 (Windows NT 10.0; Win64; x64) AppleWebKit/537.36 (KHTML, like Gecko) Chrome/114.0.0.0 Safari/537.36 Edg/114.0.1823.43"
66.249.68.130 - - [06/Jul/2025:12:07:14 -0400] "GET /items/216005358.html?srsltid=AfmBOomxsgsbSUeylPSUovTGMpcUENdpSjR0H83web2aEwvL1puJ HTTP/1.1" 404 1251 "-" "Mozilla/5.0 (Linux; Android 6.0.1; Nexus 5X Build/MMB29P) AppleWebKit/537.36 (KHTML, like Gecko) Chrome/137.0.7151.103 Mobile Safari/537.36 (compatible; Googlebot/2.1; +http://www.google.com/bot.html)"
66.249.68.129 - - [06/Jul/2025:12:07:47 -0400] "GET /items/ehuim34/27875?key=somebody HTTP/1.1" 404 1251 "-" "Mozilla/5.0 (Linux; Android 6.0.1; Nexus 5X Build/MMB29P) AppleWebKit/537.36 (KHTML, like Gecko) Chrome/137.0.7151.103 Mobile Safari/537.36 (compatible; Googlebot/2.1; +http://www.google.com/bot.html)"
66.249.79.192 - - [06/Jul/2025:12:07:48 -0400] "GET /pcmypage?callback=product%2Fdetail%2Fbastard-cbylzqtl4drr3norbtuecccbva HTTP/1.1" 404 1251 "-" "Mozilla/5.0 (Linux; Android 6.0.1; Nexus 5X Build/MMB29P) AppleWebKit/537.36 (KHTML, like Gecko) Chrome/137.0.7151.103 Mobile Safari/537.36 (compatible; Googlebot/2.1; +http://www.google.com/bot.html)"
66.249.68.129 - - [06/Jul/2025:12:07:50 -0400] "GET /items/228017328.html?srsltid=AfmBOofjrdzlytRZsdSDGtl4KDxMHUGgPL7FoZ2do6kHyoZARfGb HTTP/1.1" 404 1251 "-" "Mozilla/5.0 (Linux; Android 6.0.1; Nexus 5X Build/MMB29P) AppleWebKit/537.36 (KHTML, like Gecko) Chrome/137.0.7151.103 Mobile Safari/537.36 (compatible; Googlebot/2.1; +http://www.google.com/bot.html)"
66.249.68.129 - - [06/Jul/2025:12:08:01 -0400] "GET /items/202010458.html?srsltid=AfmBOoqqwzXseBROsSKCKpnBEXqHkAsZh3sYpFt6OR4JRFr0dTjP HTTP/1.1" 404 1251 "-" "Mozilla/5.0 (Linux; Android 6.0.1; Nexus 5X Build/MMB29P) AppleWebKit/537.36 (KHTML, like Gecko) Chrome/137.0.7151.103 Mobile Safari/537.36 (compatible; Googlebot/2.1; +http://www.google.com/bot.html)"
66.249.68.130 - - [06/Jul/2025:12:08:12 -0400] "GET /pcmypage?callback=product/review/issyusouden-25301271-6 HTTP/1.1" 404 1251 "-" "Mozilla/5.0 (Linux; Android 6.0.1; Nexus 5X Build/MMB29P) AppleWebKit/537.36 (KHTML, like Gecko) Chrome/137.0.7151.103 Mobile Safari/537.36 (compatible; Googlebot/2.1; +http://www.google.com/bot.html)"
66.249.79.193 - - [06/Jul/2025:12:08:20 -0400] "GET /pcmypage?callback=/product%2Fdetail*sty-shop-c1-8auldl6qxd-16a7 HTTP/1.1" 404 1251 "-" "Mozilla/5.0 (Linux; Android 6.0.1; Nexus 5X Build/MMB29P) AppleWebKit/537.36 (KHTML, like Gecko) Chrome/137.0.7151.103 Mobile Safari/537.36 (compatible; Googlebot/2.1; +http://www.google.com/bot.html)"
66.249.68.129 - - [06/Jul/2025:12:08:32 -0400] "GET /product/edit/asty-shop-c2-1z2wvzhc6y-5qvj HTTP/1.1" 404 1251 "-" "Mozilla/5.0 (Linux; Android 6.0.1; Nexus 5X Build/MMB29P) AppleWebKit/537.36 (KHTML, like Gecko) Chrome/137.0.7151.103 Mobile Safari/537.36 (compatible; GoogleOther)"
66.249.68.129 - - [06/Jul/2025:12:08:34 -0400] "GET /items/iiavc214/41393?key=radiation HTTP/1.1" 404 1251 "-" "Mozilla/5.0 (Linux; Android 6.0.1; Nexus 5X Build/MMB29P) AppleWebKit/537.36 (KHTML, like Gecko) Chrome/137.0.7151.103 Mobile Safari/537.36 (compatible; GoogleOther)"
66.249.68.129 - - [06/Jul/2025:12:08:42 -0400] "GET /items/063000057.html?srsltid=AfmBOomaxGKJUwvXEICB9bsTAdQKpNYALvzINoyoagwyTWmxBD6k HTTP/1.1" 404 1251 "-" "Mozilla/5.0 (Linux; Android 6.0.1; Nexus 5X Build/MMB29P) AppleWebKit/537.36 (KHTML, like Gecko) Chrome/137.0.7151.103 Mobile Safari/537.36 (compatible; Googlebot/2.1; +http://www.google.com/bot.html)"
66.249.68.129 - - [06/Jul/2025:12:08:46 -0400] "GET /items/149022251.html?srsltid=AfmBOohyfPuqBBCKcMzpnepfZMMzBDemg8kybMa1015UG2kwQwrx HTTP/1.1" 404 1251 "-" "Mozilla/5.0 (compatible; Googlebot/2.1; +http://www.google.com/bot.html)"
66.249.68.129 - - [06/Jul/2025:12:08:48 -0400] "GET /items/261030801.html?srsltid=AfmBOosemldhAVvywrtyjceYVxGQELkng0U8VEQAqgqy4WFdvA1D HTTP/1.1" 404 1251 "-" "Mozilla/5.0 (Linux; Android 6.0.1; Nexus 5X Build/MMB29P) AppleWebKit/537.36 (KHTML, like Gecko) Chrome/137.0.7151.103 Mobile Safari/537.36 (compatible; Googlebot/2.1; +http://www.google.com/bot.html)"
66.249.79.206 - - [06/Jul/2025:12:08:56 -0400] "GET /items/oqrqz175/43336?key=application HTTP/1.1" 404 1251 "-" "Mozilla/5.0 (compatible; Googlebot/2.1; +http://www.google.com/bot.html)"
47.82.60.43 - - [06/Jul/2025:12:08:56 -0400] "GET /items/038026666.html HTTP/1.1" 404 1251 "https://first-gulf.com.sa/items/038026666.html" "Mozilla/5.0 (Windows NT 10.0; Win64; x64) AppleWebKit/537.36 (KHTML, like Gecko) Chrome/114.0.0.0 Safari/537.36 Edg/114.0.1823.43"
47.82.60.45 - - [06/Jul/2025:12:08:57 -0400] "GET /items/frlms90/217?key=occupation HTTP/1.1" 404 1251 "https://first-gulf.com.sa/items/frlms90/217?key=occupation" "Mozilla/5.0 (Windows NT 10.0; Win64; x64) AppleWebKit/537.36 (KHTML, like Gecko) Chrome/114.0.0.0 Safari/537.36 Edg/114.0.1823.43"
66.249.68.131 - - [06/Jul/2025:12:09:33 -0400] "GET /items/263008633.html?srsltid=AfmBOoqvcfDIBKaaegTvF6MUEmLSSRfVjiyS6LsNuCqs0WqGfLp1 HTTP/1.1" 404 1251 "-" "Mozilla/5.0 (Linux; Android 6.0.1; Nexus 5X Build/MMB29P) AppleWebKit/537.36 (KHTML, like Gecko) Chrome/137.0.7151.103 Mobile Safari/537.36 (compatible; Googlebot/2.1; +http://www.google.com/bot.html)"
51.68.236.94 - - [06/Jul/2025:12:09:38 -0400] "GET / HTTP/1.1" 200 1439 "-" "Mozilla/5.0 (compatible; MJ12bot/v2.0.2; http://mj12bot.com/)"
66.249.68.130 - - [06/Jul/2025:12:10:04 -0400] "GET /items/chvko86/11?key=consider HTTP/1.1" 404 1251 "-" "Mozilla/5.0 (Linux; Android 6.0.1; Nexus 5X Build/MMB29P) AppleWebKit/537.36 (KHTML, like Gecko) Chrome/137.0.7151.103 Mobile Safari/537.36 (compatible; Googlebot/2.1; +http://www.google.com/bot.html)"
66.249.79.193 - - [06/Jul/2025:12:10:33 -0400] "GET /pcmypage?callback=product/review/maido-diy-mjx-119e-1 HTTP/1.1" 404 1251 "-" "Mozilla/5.0 (compatible; Googlebot/2.1; +http://www.google.com/bot.html)"
66.249.68.129 - - [06/Jul/2025:12:10:42 -0400] "GET /items/ureez251/46204?key=shoulder HTTP/1.1" 404 1251 "-" "Mozilla/5.0 (Linux; Android 6.0.1; Nexus 5X Build/MMB29P) AppleWebKit/537.36 (KHTML, like Gecko) Chrome/137.0.7151.103 Mobile Safari/537.36 (compatible; GoogleOther)"
66.249.68.131 - - [06/Jul/2025:12:11:05 -0400] "GET /product/edit/m32442785419 HTTP/1.1" 404 1251 "-" "Mozilla/5.0 (Linux; Android 6.0.1; Nexus 5X Build/MMB29P) AppleWebKit/537.36 (KHTML, like Gecko) Chrome/137.0.7151.103 Mobile Safari/537.36 (compatible; Googlebot/2.1; +http://www.google.com/bot.html)"
66.249.68.129 - - [06/Jul/2025:12:11:06 -0400] "GET /items/197021291.html?srsltid=AfmBOozbrnRLbWmmPTyXwgReVmqppzfJCuqrzlY09v3CLERPxcvA HTTP/1.1" 404 1251 "-" "Mozilla/5.0 (Linux; Android 6.0.1; Nexus 5X Build/MMB29P) AppleWebKit/537.36 (KHTML, like Gecko) Chrome/137.0.7151.103 Mobile Safari/537.36 (compatible; Googlebot/2.1; +http://www.google.com/bot.html)"
66.249.68.130 - - [06/Jul/2025:12:11:06 -0400] "GET /items/gezdk22/21375?key=thousand HTTP/1.1" 404 1251 "-" "Mozilla/5.0 (Linux; Android 6.0.1; Nexus 5X Build/MMB29P) AppleWebKit/537.36 (KHTML, like Gecko) Chrome/137.0.7151.103 Mobile Safari/537.36 (compatible; Googlebot/2.1; +http://www.google.com/bot.html)"
66.249.68.129 - - [06/Jul/2025:12:11:21 -0400] "GET /items/008008590.html?srsltid=AfmBOobpsUGvFzRvMwOk0qPfArCjPSUzCJnbvSGhwxvZhvrTtckL HTTP/1.1" 404 1251 "-" "Mozilla/5.0 (compatible; Googlebot/2.1; +http://www.google.com/bot.html)"
66.29.146.47 - - [06/Jul/2025:12:11:49 -0400] "POST /wp-cron.php?doing_wp_cron=1751818309.3744111061096191406250 HTTP/1.1" 403 1242 "-" "WordPress/6.8; https://first-gulf.com.sa"
