172.190.142.176 - - [06/Jul/2025:19:58:20 -0400] "GET /wp-content/cong.php HTTP/1.1" 404 1251 "-" "-"
172.190.142.176 - - [06/Jul/2025:19:58:20 -0400] "GET /wp-includes/js/about.php HTTP/1.1" 404 1251 "-" "-"
172.190.142.176 - - [06/Jul/2025:19:58:20 -0400] "GET /cc.php HTTP/1.1" 404 1251 "-" "-"
172.190.142.176 - - [06/Jul/2025:19:58:20 -0400] "GET /wp-includes/IXR/about.php HTTP/1.1" 404 1251 "-" "-"
172.190.142.176 - - [06/Jul/2025:19:58:20 -0400] "GET /wp-mail.php/wp-includes/ID3/getid3s.php HTTP/1.1" 403 1242 "-" "-"
172.190.142.176 - - [06/Jul/2025:19:58:20 -0400] "GET /wp-admin/function.php HTTP/1.1" 404 1251 "-" "-"
172.190.142.176 - - [06/Jul/2025:19:58:20 -0400] "GET /wp-admin/css/colors/blue/atomlib.php HTTP/1.1" 404 1251 "-" "-"
172.190.142.176 - - [06/Jul/2025:19:58:20 -0400] "GET /wp-content/themes.php HTTP/1.1" 404 1251 "-" "-"
172.190.142.176 - - [06/Jul/2025:19:58:20 -0400] "GET /wp-content/packed.php HTTP/1.1" 404 1251 "-" "-"
172.190.142.176 - - [06/Jul/2025:19:58:20 -0400] "GET /wp-includes/js/codemirror/index.php HTTP/1.1" 404 1251 "-" "-"
172.190.142.176 - - [06/Jul/2025:19:58:20 -0400] "GET /wp-admin/includes/xmrlpc.php HTTP/1.1" 404 1251 "-" "-"
172.190.142.176 - - [06/Jul/2025:19:58:21 -0400] "GET /wp-content/themes/admin.php HTTP/1.1" 404 1251 "-" "-"
172.190.142.176 - - [06/Jul/2025:19:58:21 -0400] "GET /wp-admin/css/wp-conflg.php HTTP/1.1" 404 1251 "-" "-"
172.190.142.176 - - [06/Jul/2025:19:58:21 -0400] "GET /wp-includes/Text/Diff/about.php HTTP/1.1" 404 1251 "-" "-"
172.190.142.176 - - [06/Jul/2025:19:58:21 -0400] "GET /wp-includes/block-supports/about.php HTTP/1.1" 404 1251 "-" "-"
172.190.142.176 - - [06/Jul/2025:19:58:21 -0400] "GET /wp-admin/chosen.php HTTP/1.1" 404 1251 "-" "-"
172.190.142.176 - - [06/Jul/2025:19:58:21 -0400] "GET /wp-content/themes/file.php HTTP/1.1" 404 1251 "-" "-"
172.190.142.176 - - [06/Jul/2025:19:58:21 -0400] "GET /wp-includes/fonts/admin.php HTTP/1.1" 404 1251 "-" "-"
172.190.142.176 - - [06/Jul/2025:19:58:21 -0400] "GET /wp-admin/classwithtostring.php HTTP/1.1" 404 1251 "-" "-"
172.190.142.176 - - [06/Jul/2025:19:58:21 -0400] "GET /wp-content/upgrade/admin.php HTTP/1.1" 404 1251 "-" "-"
172.190.142.176 - - [06/Jul/2025:19:58:21 -0400] "GET /wp-admin/log.php HTTP/1.1" 404 1251 "-" "-"
172.190.142.176 - - [06/Jul/2025:19:58:21 -0400] "GET /wp-content/uploads/2024/index.php HTTP/1.1" 404 1251 "-" "-"
172.190.142.176 - - [06/Jul/2025:19:58:21 -0400] "GET /wp-admin/js/wp-conflg.php HTTP/1.1" 404 1251 "-" "-"
172.190.142.176 - - [06/Jul/2025:19:58:21 -0400] "GET /wp-content/themes/twentytwentytwo/alfa-rex.php HTTP/1.1" 404 1251 "-" "-"
172.190.142.176 - - [06/Jul/2025:19:58:21 -0400] "GET /wp-includes/style-engine/index.php HTTP/1.1" 404 1251 "-" "-"
172.190.142.176 - - [06/Jul/2025:19:58:21 -0400] "GET /wp-includes/Text/wp-conflg.php HTTP/1.1" 404 1251 "-" "-"
172.190.142.176 - - [06/Jul/2025:19:58:22 -0400] "GET /wp-content/languages/chosen.php HTTP/1.1" 404 1251 "-" "-"
172.190.142.176 - - [06/Jul/2025:19:58:22 -0400] "GET /wp-admin/network/chosen.php HTTP/1.1" 404 1251 "-" "-"
172.190.142.176 - - [06/Jul/2025:19:58:22 -0400] "GET /wp-includes/html-api/index.php HTTP/1.1" 404 1251 "-" "-"
66.249.69.2 - - [06/Jul/2025:19:58:22 -0400] "GET /items/vtabq13/1506?key=automatically HTTP/1.1" 404 1251 "-" "Mozilla/5.0 (Linux; Android 6.0.1; Nexus 5X Build/MMB29P) AppleWebKit/537.36 (KHTML, like Gecko) Chrome/137.0.7151.103 Mobile Safari/537.36 (compatible; Googlebot/2.1; +http://www.google.com/bot.html)"
114.119.143.151 - - [06/Jul/2025:19:58:55 -0400] "GET /ar/project/p12 HTTP/1.1" 404 1251 "https://first-gulf.com.sa/ar/project-category/maintenance-contracts" "Mozilla/5.0 (Linux; Android 7.0;) AppleWebKit/537.36 (KHTML, like Gecko) Mobile Safari/537.36 (compatible; PetalBot;+https://webmaster.petalsearch.com/site/petalbot)"
47.82.60.34 - - [06/Jul/2025:19:58:58 -0400] "GET /items/idzqb31/40872?key=appreciate HTTP/1.1" 404 1251 "https://www.first-gulf.com.sa/items/idzqb31/40872?key=appreciate" "Mozilla/5.0 (Windows NT 10.0; Win64; x64) AppleWebKit/537.36 (KHTML, like Gecko) Chrome/114.0.0.0 Safari/537.36 Edg/114.0.1823.43"
66.249.69.4 - - [06/Jul/2025:19:59:01 -0400] "GET /pcmypage?callback=product%2Fdetail%2Fmurauchi-dvd-4968644031117 HTTP/1.1" 404 1251 "-" "Mozilla/5.0 (compatible; Googlebot/2.1; +http://www.google.com/bot.html)"
47.82.60.21 - - [06/Jul/2025:19:59:21 -0400] "GET /items/ibvii113/20436?key=romance HTTP/1.1" 404 1251 "https://first-gulf.com.sa/items/ibvii113/20436?key=romance" "Mozilla/5.0 (Windows NT 10.0; Win64; x64) AppleWebKit/537.36 (KHTML, like Gecko) Chrome/114.0.0.0 Safari/537.36 Edg/114.0.1823.43"
47.82.60.45 - - [06/Jul/2025:19:59:35 -0400] "GET /items/crswj209/27832?key=part HTTP/1.1" 404 1251 "https://first-gulf.com.sa/items/crswj209/27832?key=part" "Mozilla/5.0 (Windows NT 10.0; Win64; x64) AppleWebKit/537.36 (KHTML, like Gecko) Chrome/114.0.0.0 Safari/537.36 Edg/114.0.1823.43"
47.82.60.13 - - [06/Jul/2025:19:59:36 -0400] "GET /items/gskbq297/9976?key=drag HTTP/1.1" 404 1251 "https://www.first-gulf.com.sa/items/gskbq297/9976?key=drag" "Mozilla/5.0 (Windows NT 10.0; Win64; x64) AppleWebKit/537.36 (KHTML, like Gecko) Chrome/114.0.0.0 Safari/537.36 Edg/114.0.1823.43"
66.249.77.131 - - [06/Jul/2025:19:59:40 -0400] "GET /items/cvxuw137/7452?key=bishop HTTP/1.1" 404 1251 "-" "Mozilla/5.0 (compatible; Googlebot/2.1; +http://www.google.com/bot.html)"
47.82.60.48 - - [06/Jul/2025:19:59:45 -0400] "GET /items/qyidy25/936?key=cop HTTP/1.1" 404 1251 "https://www.first-gulf.com.sa/items/qyidy25/936?key=cop" "Mozilla/5.0 (Windows NT 10.0; Win64; x64) AppleWebKit/537.36 (KHTML, like Gecko) Chrome/114.0.0.0 Safari/537.36 Edg/114.0.1823.43"
66.249.69.2 - - [06/Jul/2025:19:59:48 -0400] "GET /search.php?163lrkfi20410.html HTTP/1.1" 404 1251 "-" "Mozilla/5.0 (Linux; Android 6.0.1; Nexus 5X Build/MMB29P) AppleWebKit/537.36 (KHTML, like Gecko) Chrome/137.0.7151.119 Mobile Safari/537.36 (compatible; Googlebot/2.1; +http://www.google.com/bot.html)"
66.249.69.2 - - [06/Jul/2025:19:59:56 -0400] "GET /pcmypage?callback=product/review/gimmick-2399000961496m HTTP/1.1" 404 1251 "-" "Mozilla/5.0 (Linux; Android 6.0.1; Nexus 5X Build/MMB29P) AppleWebKit/537.36 (KHTML, like Gecko) Chrome/137.0.7151.103 Mobile Safari/537.36 (compatible; Googlebot/2.1; +http://www.google.com/bot.html)"
47.82.60.35 - - [06/Jul/2025:19:59:56 -0400] "GET /items/hdwpr151/8454?key=ceremony HTTP/1.1" 404 1251 "https://first-gulf.com.sa/items/hdwpr151/8454?key=ceremony" "Mozilla/5.0 (Windows NT 10.0; Win64; x64) AppleWebKit/537.36 (KHTML, like Gecko) Chrome/114.0.0.0 Safari/537.36 Edg/114.0.1823.43"
66.249.69.4 - - [06/Jul/2025:20:00:16 -0400] "GET /items/zucfy13/1502?key=maybe HTTP/1.1" 404 1251 "-" "Mozilla/5.0 (Linux; Android 6.0.1; Nexus 5X Build/MMB29P) AppleWebKit/537.36 (KHTML, like Gecko) Chrome/137.0.7151.103 Mobile Safari/537.36 (compatible; Googlebot/2.1; +http://www.google.com/bot.html)"
114.119.145.129 - - [06/Jul/2025:20:00:19 -0400] "GET /sample-page/ HTTP/1.1" 404 1251 "https://bioengineer.org?articles.view/articleNo/37918/title/Opinion--A-Wolf-in-Sheep-s-Clothing/" "Mozilla/5.0 (Linux; Android 7.0;) AppleWebKit/537.36 (KHTML, like Gecko) Mobile Safari/537.36 (compatible; PetalBot;+https://webmaster.petalsearch.com/site/petalbot)"
47.82.60.15 - - [06/Jul/2025:20:00:19 -0400] "GET /items/qimuh276/17681?key=streak HTTP/1.1" 404 1251 "https://first-gulf.com.sa/items/qimuh276/17681?key=streak" "Mozilla/5.0 (Windows NT 10.0; Win64; x64) AppleWebKit/537.36 (KHTML, like Gecko) Chrome/114.0.0.0 Safari/537.36 Edg/114.0.1823.43"
47.82.60.18 - - [06/Jul/2025:20:00:43 -0400] "GET /items/023000161.html HTTP/1.1" 404 1251 "https://first-gulf.com.sa/items/023000161.html" "Mozilla/5.0 (Windows NT 10.0; Win64; x64) AppleWebKit/537.36 (KHTML, like Gecko) Chrome/114.0.0.0 Safari/537.36 Edg/114.0.1823.43"
66.249.69.3 - - [06/Jul/2025:20:00:43 -0400] "GET /items/xozmt64/31123?key=rice HTTP/1.1" 404 1251 "-" "Mozilla/5.0 (compatible; Googlebot/2.1; +http://www.google.com/bot.html)"
47.82.60.27 - - [06/Jul/2025:20:00:44 -0400] "GET /items/gohel209/21632?key=investigator HTTP/1.1" 404 1251 "https://first-gulf.com.sa/items/gohel209/21632?key=investigator" "Mozilla/5.0 (Windows NT 10.0; Win64; x64) AppleWebKit/537.36 (KHTML, like Gecko) Chrome/114.0.0.0 Safari/537.36 Edg/114.0.1823.43"
66.249.77.129 - - [06/Jul/2025:20:00:55 -0400] "GET /pcmypage?callback=product%2Fdetail%2Fganbariya-673-3740 HTTP/1.1" 404 1251 "-" "Mozilla/5.0 (Linux; Android 6.0.1; Nexus 5X Build/MMB29P) AppleWebKit/537.36 (KHTML, like Gecko) Chrome/137.0.7151.103 Mobile Safari/537.36 (compatible; Googlebot/2.1; +http://www.google.com/bot.html)"
47.82.60.45 - - [06/Jul/2025:20:00:57 -0400] "GET /items/fedgn28/29669?key=participate HTTP/1.1" 404 1251 "https://first-gulf.com.sa/items/fedgn28/29669?key=participate" "Mozilla/5.0 (Windows NT 10.0; Win64; x64) AppleWebKit/537.36 (KHTML, like Gecko) Chrome/114.0.0.0 Safari/537.36 Edg/114.0.1823.43"
66.249.69.2 - - [06/Jul/2025:20:01:02 -0400] "GET /search.php?product/edit/moaselect-40241261 HTTP/1.1" 404 1251 "-" "Mozilla/5.0 (compatible; Googlebot/2.1; +http://www.google.com/bot.html)"
47.82.60.44 - - [06/Jul/2025:20:01:06 -0400] "GET /items/jnxro230/46043?key=deck HTTP/1.1" 404 1251 "https://first-gulf.com.sa/items/jnxro230/46043?key=deck" "Mozilla/5.0 (Windows NT 10.0; Win64; x64) AppleWebKit/537.36 (KHTML, like Gecko) Chrome/114.0.0.0 Safari/537.36 Edg/114.0.1823.43"
47.82.60.39 - - [06/Jul/2025:20:01:09 -0400] "GET /items/021000753.html HTTP/1.1" 404 1251 "https://www.first-gulf.com.sa/items/021000753.html" "Mozilla/5.0 (Windows NT 10.0; Win64; x64) AppleWebKit/537.36 (KHTML, like Gecko) Chrome/114.0.0.0 Safari/537.36 Edg/114.0.1823.43"
47.82.60.21 - - [06/Jul/2025:20:01:09 -0400] "GET /items/ehfrg21/17498?key=task HTTP/1.1" 404 1251 "https://first-gulf.com.sa/items/ehfrg21/17498?key=task" "Mozilla/5.0 (Windows NT 10.0; Win64; x64) AppleWebKit/537.36 (KHTML, like Gecko) Chrome/114.0.0.0 Safari/537.36 Edg/114.0.1823.43"
47.82.60.38 - - [06/Jul/2025:20:01:09 -0400] "GET /items/ofenj165/9138?key=kiss HTTP/1.1" 404 1251 "https://www.first-gulf.com.sa/items/ofenj165/9138?key=kiss" "Mozilla/5.0 (Windows NT 10.0; Win64; x64) AppleWebKit/537.36 (KHTML, like Gecko) Chrome/114.0.0.0 Safari/537.36 Edg/114.0.1823.43"
66.249.77.131 - - [06/Jul/2025:20:01:11 -0400] "GET /items/pstyf70/4079?key=overwhelm HTTP/1.1" 404 1251 "-" "Mozilla/5.0 (Linux; Android 6.0.1; Nexus 5X Build/MMB29P) AppleWebKit/537.36 (KHTML, like Gecko) Chrome/137.0.7151.103 Mobile Safari/537.36 (compatible; Googlebot/2.1; +http://www.google.com/bot.html)"
66.249.69.2 - - [06/Jul/2025:20:01:11 -0400] "GET /search.php?feminist/pan79/o2pt2-1601/ HTTP/1.1" 404 1251 "-" "Mozilla/5.0 (Linux; Android 6.0.1; Nexus 5X Build/MMB29P) AppleWebKit/537.36 (KHTML, like Gecko) Chrome/137.0.7151.103 Mobile Safari/537.36 (compatible; Googlebot/2.1; +http://www.google.com/bot.html)"
47.82.60.25 - - [06/Jul/2025:20:01:14 -0400] "GET /items/193019719.html HTTP/1.1" 404 1251 "https://first-gulf.com.sa/items/193019719.html" "Mozilla/5.0 (Windows NT 10.0; Win64; x64) AppleWebKit/537.36 (KHTML, like Gecko) Chrome/114.0.0.0 Safari/537.36 Edg/114.0.1823.43"
66.249.77.130 - - [06/Jul/2025:20:01:33 -0400] "GET /items/109011055.html?srsltid=AfmBOoccdtZzSyewyaPMg9g7OMOqmODYjxyymNTXMRSdP8TYO6BB HTTP/1.1" 404 1251 "-" "Mozilla/5.0 (Linux; Android 6.0.1; Nexus 5X Build/MMB29P) AppleWebKit/537.36 (KHTML, like Gecko) Chrome/137.0.7151.103 Mobile Safari/537.36 (compatible; Googlebot/2.1; +http://www.google.com/bot.html)"
47.82.60.15 - - [06/Jul/2025:20:01:38 -0400] "GET /items/uoovl214/42765?key=bill HTTP/1.1" 404 1251 "https://first-gulf.com.sa/items/uoovl214/42765?key=bill" "Mozilla/5.0 (Windows NT 10.0; Win64; x64) AppleWebKit/537.36 (KHTML, like Gecko) Chrome/114.0.0.0 Safari/537.36 Edg/114.0.1823.43"
66.249.69.2 - - [06/Jul/2025:20:01:50 -0400] "GET /pcmypage?callback=product/review/mastak-i-4516508171259 HTTP/1.1" 404 1251 "-" "Mozilla/5.0 (compatible; Googlebot/2.1; +http://www.google.com/bot.html)"
66.249.69.2 - - [06/Jul/2025:20:01:52 -0400] "GET /pcmypage?callback=product/review/seikatu-souko-item-016296-2753 HTTP/1.1" 404 1251 "-" "Mozilla/5.0 (compatible; Googlebot/2.1; +http://www.google.com/bot.html)"
66.249.69.4 - - [06/Jul/2025:20:02:06 -0400] "GET /pcmypage?callback=product%2Fdetail%2Fwebby-50793710 HTTP/1.1" 404 1251 "-" "Mozilla/5.0 (compatible; Googlebot/2.1; +http://www.google.com/bot.html)"
66.249.77.139 - - [06/Jul/2025:20:02:07 -0400] "GET /product/edit/outdoor-zousan-adytp03043-kvj0 HTTP/1.1" 404 1251 "-" "Mozilla/5.0 (compatible; Googlebot/2.1; +http://www.google.com/bot.html)"
47.82.60.8 - - [06/Jul/2025:20:02:15 -0400] "GET /items/177024813.html HTTP/1.1" 404 1251 "https://www.first-gulf.com.sa/items/177024813.html" "Mozilla/5.0 (Windows NT 10.0; Win64; x64) AppleWebKit/537.36 (KHTML, like Gecko) Chrome/114.0.0.0 Safari/537.36 Edg/114.0.1823.43"
66.249.77.138 - - [06/Jul/2025:20:02:16 -0400] "GET /items/128044424.html?srsltid=AfmBOotumvtNYStvtMQlPUfHYpyiwiMdcXp5Mo6kF2TyTRJkS9FP HTTP/1.1" 404 1251 "-" "Mozilla/5.0 (Linux; Android 6.0.1; Nexus 5X Build/MMB29P) AppleWebKit/537.36 (KHTML, like Gecko) Chrome/137.0.7151.103 Mobile Safari/537.36 (compatible; Googlebot/2.1; +http://www.google.com/bot.html)"
47.82.60.39 - - [06/Jul/2025:20:02:18 -0400] "GET /items/iltyi85/620?key=characterize HTTP/1.1" 404 1251 "https://www.first-gulf.com.sa/items/iltyi85/620?key=characterize" "Mozilla/5.0 (Windows NT 10.0; Win64; x64) AppleWebKit/537.36 (KHTML, like Gecko) Chrome/114.0.0.0 Safari/537.36 Edg/114.0.1823.43"
47.82.60.11 - - [06/Jul/2025:20:02:25 -0400] "GET /items/mugsd45/860?key=cord HTTP/1.1" 404 1251 "https://first-gulf.com.sa/items/mugsd45/860?key=cord" "Mozilla/5.0 (Windows NT 10.0; Win64; x64) AppleWebKit/537.36 (KHTML, like Gecko) Chrome/114.0.0.0 Safari/537.36 Edg/114.0.1823.43"
66.249.69.3 - - [06/Jul/2025:20:02:27 -0400] "GET /items/022017450.html?srsltid=AfmBOomvrkSAyPRtCBbdKrnwDTJKvPgVsh7gytYdPFADuKkhYSMT HTTP/1.1" 404 1251 "-" "Mozilla/5.0 (compatible; Googlebot/2.1; +http://www.google.com/bot.html)"
47.82.60.28 - - [06/Jul/2025:20:02:32 -0400] "GET /items/dpejt79/140?key=shit HTTP/1.1" 404 1251 "https://first-gulf.com.sa/items/dpejt79/140?key=shit" "Mozilla/5.0 (Windows NT 10.0; Win64; x64) AppleWebKit/537.36 (KHTML, like Gecko) Chrome/114.0.0.0 Safari/537.36 Edg/114.0.1823.43"
195.201.171.233 - - [06/Jul/2025:20:02:38 -0400] "GET / HTTP/1.1" 200 1436 "-" "Mozilla/5.0 (Linux; Android 11; Redmi Note 9 Pro Build/RKQ1.200826.002; wv) AppleWebKit/537.36 (KHTML, like Gecko) Version/4.0 Chrome/101.0.4951.61 Mobile Safari/537.36"
47.82.60.7 - - [06/Jul/2025:20:02:41 -0400] "GET /items/uqpoy197/26338?key=advertising HTTP/1.1" 404 1251 "https://first-gulf.com.sa/items/uqpoy197/26338?key=advertising" "Mozilla/5.0 (Windows NT 10.0; Win64; x64) AppleWebKit/537.36 (KHTML, like Gecko) Chrome/114.0.0.0 Safari/537.36 Edg/114.0.1823.43"
66.249.69.2 - - [06/Jul/2025:20:02:48 -0400] "GET /search.php?anything/creature45/fqk1w-44455/ HTTP/1.1" 404 1251 "-" "Mozilla/5.0 (Linux; Android 6.0.1; Nexus 5X Build/MMB29P) AppleWebKit/537.36 (KHTML, like Gecko) Chrome/137.0.7151.103 Mobile Safari/537.36 (compatible; Googlebot/2.1; +http://www.google.com/bot.html)"
66.249.77.137 - - [06/Jul/2025:20:02:49 -0400] "GET /pcmypage?callback=product/review/atorieerina-b08f79gxxm HTTP/1.1" 404 1251 "-" "Mozilla/5.0 (Linux; Android 6.0.1; Nexus 5X Build/MMB29P) AppleWebKit/537.36 (KHTML, like Gecko) Chrome/137.0.7151.103 Mobile Safari/537.36 (compatible; Googlebot/2.1; +http://www.google.com/bot.html)"
66.249.69.2 - - [06/Jul/2025:20:02:49 -0400] "GET /pcmypage?callback=product%2Fdetail%2Fe-cle-3540020100-000005092761400 HTTP/1.1" 404 1251 "-" "Mozilla/5.0 (Linux; Android 6.0.1; Nexus 5X Build/MMB29P) AppleWebKit/537.36 (KHTML, like Gecko) Chrome/137.0.7151.103 Mobile Safari/537.36 (compatible; Googlebot/2.1; +http://www.google.com/bot.html)"
47.82.60.4 - - [06/Jul/2025:20:03:00 -0400] "GET /items/267028495.html HTTP/1.1" 404 1251 "https://first-gulf.com.sa/items/267028495.html" "Mozilla/5.0 (Windows NT 10.0; Win64; x64) AppleWebKit/537.36 (KHTML, like Gecko) Chrome/114.0.0.0 Safari/537.36 Edg/114.0.1823.43"
66.249.69.3 - - [06/Jul/2025:20:03:06 -0400] "GET /pcmypage?callback=product/review/bayflow-nr6802-1 HTTP/1.1" 404 1251 "-" "Mozilla/5.0 (Linux; Android 6.0.1; Nexus 5X Build/MMB29P) AppleWebKit/537.36 (KHTML, like Gecko) Chrome/137.0.7151.103 Mobile Safari/537.36 (compatible; Googlebot/2.1; +http://www.google.com/bot.html)"
47.82.60.42 - - [06/Jul/2025:20:03:13 -0400] "GET /items/vvhlf23/150?key=screening HTTP/1.1" 404 1251 "https://first-gulf.com.sa/items/vvhlf23/150?key=screening" "Mozilla/5.0 (Windows NT 10.0; Win64; x64) AppleWebKit/537.36 (KHTML, like Gecko) Chrome/114.0.0.0 Safari/537.36 Edg/114.0.1823.43"
47.82.60.26 - - [06/Jul/2025:20:03:20 -0400] "GET /items/155019157.html HTTP/1.1" 404 1251 "https://first-gulf.com.sa/items/155019157.html" "Mozilla/5.0 (Windows NT 10.0; Win64; x64) AppleWebKit/537.36 (KHTML, like Gecko) Chrome/114.0.0.0 Safari/537.36 Edg/114.0.1823.43"
66.249.69.2 - - [06/Jul/2025:20:03:24 -0400] "GET /items/120011900.html?srsltid=AfmBOobbhAQtTGAmNTIM4E9XNFLstlFAVtBQvwtawJMzUu6df4fJ HTTP/1.1" 404 1251 "-" "Mozilla/5.0 (compatible; Googlebot/2.1; +http://www.google.com/bot.html)"
47.82.60.38 - - [06/Jul/2025:20:03:29 -0400] "GET /items/zbnyn93/1464?key=incredibly HTTP/1.1" 404 1251 "https://first-gulf.com.sa/items/zbnyn93/1464?key=incredibly" "Mozilla/5.0 (Windows NT 10.0; Win64; x64) AppleWebKit/537.36 (KHTML, like Gecko) Chrome/114.0.0.0 Safari/537.36 Edg/114.0.1823.43"
47.82.60.44 - - [06/Jul/2025:20:03:38 -0400] "GET /items/vmsei86/19225?key=rain HTTP/1.1" 404 1251 "https://first-gulf.com.sa/items/vmsei86/19225?key=rain" "Mozilla/5.0 (Windows NT 10.0; Win64; x64) AppleWebKit/537.36 (KHTML, like Gecko) Chrome/114.0.0.0 Safari/537.36 Edg/114.0.1823.43"
66.249.69.2 - - [06/Jul/2025:20:03:50 -0400] "GET /items/cynny14/2921?key=split HTTP/1.1" 404 1251 "-" "Mozilla/5.0 (Linux; Android 6.0.1; Nexus 5X Build/MMB29P) AppleWebKit/537.36 (KHTML, like Gecko) Chrome/137.0.7151.103 Mobile Safari/537.36 (compatible; Googlebot/2.1; +http://www.google.com/bot.html)"
47.82.60.47 - - [06/Jul/2025:20:03:54 -0400] "GET /items/hveth96/27301?key=enforcement HTTP/1.1" 404 1251 "https://first-gulf.com.sa/items/hveth96/27301?key=enforcement" "Mozilla/5.0 (Windows NT 10.0; Win64; x64) AppleWebKit/537.36 (KHTML, like Gecko) Chrome/114.0.0.0 Safari/537.36 Edg/114.0.1823.43"
66.249.77.138 - - [06/Jul/2025:20:03:54 -0400] "GET /items/ddojx20/31121?key=bold HTTP/1.1" 404 1251 "-" "Mozilla/5.0 (Linux; Android 6.0.1; Nexus 5X Build/MMB29P) AppleWebKit/537.36 (KHTML, like Gecko) Chrome/137.0.7151.103 Mobile Safari/537.36 (compatible; Googlebot/2.1; +http://www.google.com/bot.html)"
47.82.60.9 - - [06/Jul/2025:20:04:12 -0400] "GET /items/sawwe251/1276?key=meantime HTTP/1.1" 404 1251 "https://first-gulf.com.sa/items/sawwe251/1276?key=meantime" "Mozilla/5.0 (Windows NT 10.0; Win64; x64) AppleWebKit/537.36 (KHTML, like Gecko) Chrome/114.0.0.0 Safari/537.36 Edg/114.0.1823.43"
66.249.77.139 - - [06/Jul/2025:20:04:25 -0400] "GET /items/hbsos76/14279?key=dramatically HTTP/1.1" 404 1251 "-" "Mozilla/5.0 (Linux; Android 6.0.1; Nexus 5X Build/MMB29P) AppleWebKit/537.36 (KHTML, like Gecko) Chrome/137.0.7151.103 Mobile Safari/537.36 (compatible; Googlebot/2.1; +http://www.google.com/bot.html)"
66.249.77.137 - - [06/Jul/2025:20:04:29 -0400] "GET /items/nsqto96/38157?key=recording HTTP/1.1" 404 1251 "-" "Mozilla/5.0 (Linux; Android 6.0.1; Nexus 5X Build/MMB29P) AppleWebKit/537.36 (KHTML, like Gecko) Chrome/137.0.7151.119 Mobile Safari/537.36 (compatible; Googlebot/2.1; +http://www.google.com/bot.html)"
47.82.60.26 - - [06/Jul/2025:20:04:30 -0400] "GET /items/029001015.html HTTP/1.1" 404 1251 "https://www.first-gulf.com.sa/items/029001015.html" "Mozilla/5.0 (Windows NT 10.0; Win64; x64) AppleWebKit/537.36 (KHTML, like Gecko) Chrome/114.0.0.0 Safari/537.36 Edg/114.0.1823.43"
66.249.69.2 - - [06/Jul/2025:20:04:34 -0400] "GET /pcmypage?callback=product%2Fdetail%2Fcocodecow-r792ep HTTP/1.1" 404 1251 "-" "Mozilla/5.0 (Linux; Android 6.0.1; Nexus 5X Build/MMB29P) AppleWebKit/537.36 (KHTML, like Gecko) Chrome/137.0.7151.103 Mobile Safari/537.36 (compatible; Googlebot/2.1; +http://www.google.com/bot.html)"
54.36.148.199 - - [06/Jul/2025:20:04:41 -0400] "GET /robots.txt HTTP/1.1" 304 0 "-" "Mozilla/5.0 (compatible; AhrefsBot/7.0; +http://ahrefs.com/robot/)"
51.222.253.2 - - [06/Jul/2025:20:04:42 -0400] "GET /?sitemap148.xml HTTP/1.1" 200 1436 "-" "Mozilla/5.0 (compatible; AhrefsBot/7.0; +http://ahrefs.com/robot/)"
47.82.60.44 - - [06/Jul/2025:20:04:48 -0400] "GET /items/arpmo261/32864?key=Congress HTTP/1.1" 404 1251 "https://first-gulf.com.sa/items/arpmo261/32864?key=Congress" "Mozilla/5.0 (Windows NT 10.0; Win64; x64) AppleWebKit/537.36 (KHTML, like Gecko) Chrome/114.0.0.0 Safari/537.36 Edg/114.0.1823.43"
66.249.69.1 - - [06/Jul/2025:20:05:00 -0400] "GET /pcmypage?callback=/product%2Fdetail%2Deco-maison-ds-1315471 HTTP/1.1" 404 1251 "-" "Mozilla/5.0 (Linux; Android 6.0.1; Nexus 5X Build/MMB29P) AppleWebKit/537.36 (KHTML, like Gecko) Chrome/137.0.7151.119 Mobile Safari/537.36 (compatible; Googlebot/2.1; +http://www.google.com/bot.html)"
66.249.69.1 - - [06/Jul/2025:20:05:04 -0400] "GET /pcmypage?callback=product/review/muku-mekiki-pg_sh_a12 HTTP/1.1" 404 1251 "-" "Mozilla/5.0 (compatible; Googlebot/2.1; +http://www.google.com/bot.html)"
66.249.69.14 - - [06/Jul/2025:20:05:11 -0400] "GET /items/028042786.html?srsltid=AfmBOoyviShmKxcRsKVo4p7uWtwWXFtNos0xqKwHdokBGOmA1JnM HTTP/1.1" 404 1251 "-" "Mozilla/5.0 (Linux; Android 6.0.1; Nexus 5X Build/MMB29P) AppleWebKit/537.36 (KHTML, like Gecko) Chrome/137.0.7151.119 Mobile Safari/537.36 (compatible; Googlebot/2.1; +http://www.google.com/bot.html)"
66.249.69.14 - - [06/Jul/2025:20:05:12 -0400] "GET /items/amxdi189/4446?key=parent HTTP/1.1" 404 1251 "-" "Mozilla/5.0 (Linux; Android 6.0.1; Nexus 5X Build/MMB29P) AppleWebKit/537.36 (KHTML, like Gecko) Chrome/137.0.7151.103 Mobile Safari/537.36 (compatible; Googlebot/2.1; +http://www.google.com/bot.html)"
66.249.77.138 - - [06/Jul/2025:20:05:25 -0400] "GET /items/bijyw88/18875?key=declare HTTP/1.1" 404 1251 "-" "Mozilla/5.0 (Linux; Android 6.0.1; Nexus 5X Build/MMB29P) AppleWebKit/537.36 (KHTML, like Gecko) Chrome/137.0.7151.103 Mobile Safari/537.36 (compatible; Googlebot/2.1; +http://www.google.com/bot.html)"
47.82.60.16 - - [06/Jul/2025:20:05:30 -0400] "GET /items/repuh230/49395?key=pocket HTTP/1.1" 404 1251 "https://first-gulf.com.sa/items/repuh230/49395?key=pocket" "Mozilla/5.0 (Windows NT 10.0; Win64; x64) AppleWebKit/537.36 (KHTML, like Gecko) Chrome/114.0.0.0 Safari/537.36 Edg/114.0.1823.43"
66.249.77.137 - - [06/Jul/2025:20:05:30 -0400] "GET /pcmypage?callback=product%2Fdetail%2Fsakan8man-trus-2494077 HTTP/1.1" 404 1251 "-" "Mozilla/5.0 (Linux; Android 6.0.1; Nexus 5X Build/MMB29P) AppleWebKit/537.36 (KHTML, like Gecko) Chrome/137.0.7151.103 Mobile Safari/537.36 (compatible; Googlebot/2.1; +http://www.google.com/bot.html)"
47.82.60.13 - - [06/Jul/2025:20:05:38 -0400] "GET /items/fpiuw89/68?key=pin HTTP/1.1" 404 1251 "https://first-gulf.com.sa/items/fpiuw89/68?key=pin" "Mozilla/5.0 (Windows NT 10.0; Win64; x64) AppleWebKit/537.36 (KHTML, like Gecko) Chrome/114.0.0.0 Safari/537.36 Edg/114.0.1823.43"
66.249.77.137 - - [06/Jul/2025:20:05:54 -0400] "GET /items/192018096.html?srsltid=AfmBOokstSNnhFigspJnpjvCPlSGjbERLLcHXvPGnKJbaLNf3CSn HTTP/1.1" 404 1251 "-" "Mozilla/5.0 (Linux; Android 6.0.1; Nexus 5X Build/MMB29P) AppleWebKit/537.36 (KHTML, like Gecko) Chrome/137.0.7151.103 Mobile Safari/537.36 (compatible; Googlebot/2.1; +http://www.google.com/bot.html)"
66.249.77.137 - - [06/Jul/2025:20:05:55 -0400] "GET /items/saaab88/2535?key=traditional HTTP/1.1" 404 1251 "-" "Mozilla/5.0 (compatible; Googlebot/2.1; +http://www.google.com/bot.html)"
47.82.60.46 - - [06/Jul/2025:20:05:59 -0400] "GET /items/ztvqw200/26645?key=eyebrow HTTP/1.1" 404 1251 "https://www.first-gulf.com.sa/items/ztvqw200/26645?key=eyebrow" "Mozilla/5.0 (Windows NT 10.0; Win64; x64) AppleWebKit/537.36 (KHTML, like Gecko) Chrome/114.0.0.0 Safari/537.36 Edg/114.0.1823.43"
47.82.60.46 - - [06/Jul/2025:20:06:04 -0400] "GET /items/202023686.html HTTP/1.1" 404 1251 "https://first-gulf.com.sa/items/202023686.html" "Mozilla/5.0 (Windows NT 10.0; Win64; x64) AppleWebKit/537.36 (KHTML, like Gecko) Chrome/114.0.0.0 Safari/537.36 Edg/114.0.1823.43"
66.249.69.1 - - [06/Jul/2025:20:06:04 -0400] "GET /items/036018186.html?srsltid=AfmBOozgbWdPgouaIzPn63h0SVZQJjGmmzneFv5eMTyVyYeBw5hE HTTP/1.1" 404 1251 "-" "Mozilla/5.0 (Linux; Android 6.0.1; Nexus 5X Build/MMB29P) AppleWebKit/537.36 (KHTML, like Gecko) Chrome/137.0.7151.103 Mobile Safari/537.36 (compatible; Googlebot/2.1; +http://www.google.com/bot.html)"
47.82.60.46 - - [06/Jul/2025:20:06:13 -0400] "GET /items/uluyt125/14776?key=bolt HTTP/1.1" 404 1251 "https://first-gulf.com.sa/items/uluyt125/14776?key=bolt" "Mozilla/5.0 (Windows NT 10.0; Win64; x64) AppleWebKit/537.36 (KHTML, like Gecko) Chrome/114.0.0.0 Safari/537.36 Edg/114.0.1823.43"
66.249.69.14 - - [06/Jul/2025:20:06:33 -0400] "GET /pcmypage?callback=product/review/improve-homestyle-ds-2236026 HTTP/1.1" 404 1251 "-" "Mozilla/5.0 (Linux; Android 6.0.1; Nexus 5X Build/MMB29P) AppleWebKit/537.36 (KHTML, like Gecko) Chrome/137.0.7151.103 Mobile Safari/537.36 (compatible; Googlebot/2.1; +http://www.google.com/bot.html)"
66.249.69.1 - - [06/Jul/2025:20:06:33 -0400] "GET /items/kpjof64/29431?key=continued HTTP/1.1" 404 1251 "-" "Mozilla/5.0 (Linux; Android 6.0.1; Nexus 5X Build/MMB29P) AppleWebKit/537.36 (KHTML, like Gecko) Chrome/137.0.7151.103 Mobile Safari/537.36 (compatible; Googlebot/2.1; +http://www.google.com/bot.html)"
66.249.77.138 - - [06/Jul/2025:20:06:47 -0400] "GET /items/aiikk57/766?key=install HTTP/1.1" 404 1251 "-" "Mozilla/5.0 (Linux; Android 6.0.1; Nexus 5X Build/MMB29P) AppleWebKit/537.36 (KHTML, like Gecko) Chrome/137.0.7151.119 Mobile Safari/537.36 (compatible; Googlebot/2.1; +http://www.google.com/bot.html)"
66.249.77.139 - - [06/Jul/2025:20:07:02 -0400] "GET /items/oohop150/657?key=everything HTTP/1.1" 404 1251 "-" "Mozilla/5.0 (Linux; Android 6.0.1; Nexus 5X Build/MMB29P) AppleWebKit/537.36 (KHTML, like Gecko) Chrome/137.0.7151.119 Mobile Safari/537.36 (compatible; Googlebot/2.1; +http://www.google.com/bot.html)"
66.249.77.129 - - [06/Jul/2025:20:07:15 -0400] "GET /items/zxsti29/612?key=fiscal HTTP/1.1" 404 1251 "-" "Mozilla/5.0 (Linux; Android 6.0.1; Nexus 5X Build/MMB29P) AppleWebKit/537.36 (KHTML, like Gecko) Chrome/137.0.7151.119 Mobile Safari/537.36 (compatible; Googlebot/2.1; +http://www.google.com/bot.html)"
66.249.77.129 - - [06/Jul/2025:20:07:16 -0400] "GET /product/edit/plumegarden-ta-fence75s HTTP/1.1" 404 1251 "-" "Mozilla/5.0 (Linux; Android 6.0.1; Nexus 5X Build/MMB29P) AppleWebKit/537.36 (KHTML, like Gecko) Chrome/137.0.7151.103 Mobile Safari/537.36 (compatible; Googlebot/2.1; +http://www.google.com/bot.html)"
66.249.77.129 - - [06/Jul/2025:20:07:17 -0400] "GET /items/cuwrw154/25021?key=thinking HTTP/1.1" 404 1251 "-" "Mozilla/5.0 (Linux; Android 6.0.1; Nexus 5X Build/MMB29P) AppleWebKit/537.36 (KHTML, like Gecko) Chrome/137.0.7151.119 Mobile Safari/537.36 (compatible; Googlebot/2.1; +http://www.google.com/bot.html)"
66.249.77.129 - - [06/Jul/2025:20:07:24 -0400] "GET /items/txhdo295/22006?key=foreign HTTP/1.1" 404 1251 "-" "Mozilla/5.0 (Linux; Android 6.0.1; Nexus 5X Build/MMB29P) AppleWebKit/537.36 (KHTML, like Gecko) Chrome/137.0.7151.119 Mobile Safari/537.36 (compatible; Googlebot/2.1; +http://www.google.com/bot.html)"
66.249.77.129 - - [06/Jul/2025:20:07:24 -0400] "GET /items/241025417.html?srsltid=AfmBOoccrdRiHNcTlVBMNw3WWgzDvxAT7BrYXGKt73sfdAxbtvhO HTTP/1.1" 404 1251 "-" "Mozilla/5.0 (Linux; Android 6.0.1; Nexus 5X Build/MMB29P) AppleWebKit/537.36 (KHTML, like Gecko) Chrome/137.0.7151.103 Mobile Safari/537.36 (compatible; Googlebot/2.1; +http://www.google.com/bot.html)"
66.249.69.1 - - [06/Jul/2025:20:07:26 -0400] "GET /search.php?pcmypage?callback=product%2Fdetail%2Fakarica-ed512341 HTTP/1.1" 404 1251 "-" "Mozilla/5.0 (Linux; Android 6.0.1; Nexus 5X Build/MMB29P) AppleWebKit/537.36 (KHTML, like Gecko) Chrome/137.0.7151.119 Mobile Safari/537.36 (compatible; Googlebot/2.1; +http://www.google.com/bot.html)"
66.249.69.14 - - [06/Jul/2025:20:07:55 -0400] "GET /items/cdpui15/250?key=reminder HTTP/1.1" 404 1251 "-" "Mozilla/5.0 (Linux; Android 6.0.1; Nexus 5X Build/MMB29P) AppleWebKit/537.36 (KHTML, like Gecko) Chrome/137.0.7151.103 Mobile Safari/537.36 (compatible; Googlebot/2.1; +http://www.google.com/bot.html)"
66.249.69.14 - - [06/Jul/2025:20:08:31 -0400] "GET /items/044021280.html?srsltid=AfmBOomcrLQohtSlLQPR9T1jDezIDQsNr3n41tpZATxcYb4eZZWW HTTP/1.1" 404 1251 "-" "Mozilla/5.0 (compatible; Googlebot/2.1; +http://www.google.com/bot.html)"
66.249.69.14 - - [06/Jul/2025:20:08:31 -0400] "GET /pcmypage?callback=product/review/tuzukiya-s-i05-2669 HTTP/1.1" 404 1251 "-" "Mozilla/5.0 (compatible; Googlebot/2.1; +http://www.google.com/bot.html)"
66.249.77.130 - - [06/Jul/2025:20:08:32 -0400] "GET /items/037032307.html?srsltid=AfmBOoluwSqICoUxmJwUtgTIONmTUEQRubfb4sV7hXF7cU6E2ZBY HTTP/1.1" 404 1251 "-" "Mozilla/5.0 (Linux; Android 6.0.1; Nexus 5X Build/MMB29P) AppleWebKit/537.36 (KHTML, like Gecko) Chrome/137.0.7151.119 Mobile Safari/537.36 (compatible; Googlebot/2.1; +http://www.google.com/bot.html)"
66.249.69.14 - - [06/Jul/2025:20:09:02 -0400] "GET /items/299012243.html?srsltid=AfmBOoyrmACBDTeNTIvg9CiwDIjiYjfnvAg7YF0dm7YagR0qK9bl HTTP/1.1" 404 1251 "-" "Mozilla/5.0 (Linux; Android 6.0.1; Nexus 5X Build/MMB29P) AppleWebKit/537.36 (KHTML, like Gecko) Chrome/137.0.7151.103 Mobile Safari/537.36 (compatible; Googlebot/2.1; +http://www.google.com/bot.html)"
66.249.69.1 - - [06/Jul/2025:20:09:17 -0400] "GET /items/kxxix77/9886?key=worth HTTP/1.1" 404 1251 "-" "Mozilla/5.0 (Linux; Android 6.0.1; Nexus 5X Build/MMB29P) AppleWebKit/537.36 (KHTML, like Gecko) Chrome/137.0.7151.103 Mobile Safari/537.36 (compatible; Googlebot/2.1; +http://www.google.com/bot.html)"
66.249.77.130 - - [06/Jul/2025:20:09:20 -0400] "GET /items/tzjtl239/31394?key=nurse HTTP/1.1" 404 1251 "-" "Mozilla/5.0 (compatible; Googlebot/2.1; +http://www.google.com/bot.html)"
66.249.69.14 - - [06/Jul/2025:20:09:29 -0400] "GET /search.php?pcmypage?callback=/product%2Fdetail%2E-zoa-klaxon-itm0015817696 HTTP/1.1" 404 1251 "-" "Mozilla/5.0 (Linux; Android 6.0.1; Nexus 5X Build/MMB29P) AppleWebKit/537.36 (KHTML, like Gecko) Chrome/137.0.7151.119 Mobile Safari/537.36 (compatible; Googlebot/2.1; +http://www.google.com/bot.html)"
66.249.69.14 - - [06/Jul/2025:20:09:31 -0400] "GET /pcmypage?callback=product/review/realmoon-sdc-8141a-1 HTTP/1.1" 404 1251 "-" "Mozilla/5.0 (Linux; Android 6.0.1; Nexus 5X Build/MMB29P) AppleWebKit/537.36 (KHTML, like Gecko) Chrome/137.0.7151.103 Mobile Safari/537.36 (compatible; Googlebot/2.1; +http://www.google.com/bot.html)"
66.249.77.130 - - [06/Jul/2025:20:09:49 -0400] "GET /pcmypage?callback=product/review/hcvalor-eshop-trusco-4605002 HTTP/1.1" 404 1251 "-" "Mozilla/5.0 (Linux; Android 6.0.1; Nexus 5X Build/MMB29P) AppleWebKit/537.36 (KHTML, like Gecko) Chrome/137.0.7151.119 Mobile Safari/537.36 (compatible; Googlebot/2.1; +http://www.google.com/bot.html)"
66.249.77.129 - - [06/Jul/2025:20:09:54 -0400] "GET /items/077003087.html?srsltid=AfmBOocrxnLdyNWJwoVuSbwoEWGyJtpHApylE44qoznxI4lrywxl HTTP/1.1" 404 1251 "-" "Mozilla/5.0 (Linux; Android 6.0.1; Nexus 5X Build/MMB29P) AppleWebKit/537.36 (KHTML, like Gecko) Chrome/137.0.7151.103 Mobile Safari/537.36 (compatible; Googlebot/2.1; +http://www.google.com/bot.html)"
66.29.146.47 - - [06/Jul/2025:20:10:25 -0400] "POST /wp-cron.php?doing_wp_cron=1751847024.7719750404357910156250 HTTP/1.1" 403 1242 "-" "WordPress/6.8; https://first-gulf.com.sa"
205.210.31.138 - - [06/Jul/2025:20:10:19 -0400] "GET /wp-login.php HTTP/1.1" 200 2854 "-" "Expanse, a Palo Alto Networks company, searches across the global IPv4 space multiple times per day to identify customers&#39; presences on the Internet. If you would like to be excluded from our scans, please send IP addresses/domains to: [email protected]"
66.249.77.130 - - [06/Jul/2025:20:10:29 -0400] "GET /items/ifsvm11/1918?key=province HTTP/1.1" 404 1251 "-" "Mozilla/5.0 (Linux; Android 6.0.1; Nexus 5X Build/MMB29P) AppleWebKit/537.36 (KHTML, like Gecko) Chrome/137.0.7151.103 Mobile Safari/537.36 (compatible; Googlebot/2.1; +http://www.google.com/bot.html)"
198.235.24.161 - - [06/Jul/2025:20:10:48 -0400] "GET /wp-login.php HTTP/1.1" 200 2854 "-" "Expanse, a Palo Alto Networks company, searches across the global IPv4 space multiple times per day to identify customers&#39; presences on the Internet. If you would like to be excluded from our scans, please send IP addresses/domains to: [email protected]"
66.249.77.131 - - [06/Jul/2025:20:11:08 -0400] "GET /items/tegat167/31276?key=fill HTTP/1.1" 404 1251 "-" "Mozilla/5.0 (compatible; Googlebot/2.1; +http://www.google.com/bot.html)"
66.249.69.3 - - [06/Jul/2025:20:11:10 -0400] "GET /pcmypage?callback=product%2Fdetail%2Fsupremo-ami07112401 HTTP/1.1" 404 1251 "-" "Mozilla/5.0 (compatible; Googlebot/2.1; +http://www.google.com/bot.html)"
2001:41d0:303:4edf::1 - - [06/Jul/2025:20:11:29 -0400] "GET /wp-includes/css/dashicons.min.css HTTP/1.1" 200 35110 "-" "Mozilla/5.0 (compatible; MJ12bot/v1.4.8; http://mj12bot.com/)"
2001:41d0:303:4edf::1 - - [06/Jul/2025:20:11:31 -0400] "GET /wp-includes/css/editor-rtl.css HTTP/1.1" 200 6422 "-" "Mozilla/5.0 (compatible; MJ12bot/v1.4.8; http://mj12bot.com/)"
66.249.69.3 - - [06/Jul/2025:20:11:32 -0400] "GET /items/048019158.html?srsltid=AfmBOooobRzJTjOpuszx184INOyXDbYc5nb3ENiM2DWQa5E4s4V8 HTTP/1.1" 404 1251 "-" "Mozilla/5.0 (Linux; Android 6.0.1; Nexus 5X Build/MMB29P) AppleWebKit/537.36 (KHTML, like Gecko) Chrome/137.0.7151.103 Mobile Safari/537.36 (compatible; Googlebot/2.1; +http://www.google.com/bot.html)"
2001:41d0:303:4edf::1 - - [06/Jul/2025:20:11:33 -0400] "GET /wp-includes/css/editor-rtl.min.css HTTP/1.1" 200 5603 "-" "Mozilla/5.0 (compatible; MJ12bot/v1.4.8; http://mj12bot.com/)"
2001:41d0:303:4edf::1 - - [06/Jul/2025:20:11:35 -0400] "GET /wp-includes/css/editor.css HTTP/1.1" 200 6408 "-" "Mozilla/5.0 (compatible; MJ12bot/v1.4.8; http://mj12bot.com/)"
2001:41d0:303:4edf::1 - - [06/Jul/2025:20:11:38 -0400] "GET /wp-includes/css/editor.min.css HTTP/1.1" 200 5614 "-" "Mozilla/5.0 (compatible; MJ12bot/v1.4.8; http://mj12bot.com/)"
66.249.69.2 - - [06/Jul/2025:20:11:40 -0400] "GET /search.php?pcmypage?callback=product%2Fdetail%2Ff382060-saijo-0279_wb HTTP/1.1" 404 1251 "-" "Mozilla/5.0 (Linux; Android 6.0.1; Nexus 5X Build/MMB29P) AppleWebKit/537.36 (KHTML, like Gecko) Chrome/137.0.7151.103 Mobile Safari/537.36 (compatible; Googlebot/2.1; +http://www.google.com/bot.html)"
2001:41d0:303:4edf::1 - - [06/Jul/2025:20:11:40 -0400] "GET /wp-includes/css/jquery-ui-dialog-rtl.css HTTP/1.1" 200 1644 "-" "Mozilla/5.0 (compatible; MJ12bot/v1.4.8; http://mj12bot.com/)"
66.249.69.2 - - [06/Jul/2025:20:11:41 -0400] "GET /pcmypage?callback=product%2Fdetail%2Fjordan23-111_77054900-1 HTTP/1.1" 404 1251 "-" "Mozilla/5.0 (compatible; Googlebot/2.1; +http://www.google.com/bot.html)"
2001:41d0:303:4edf::1 - - [06/Jul/2025:20:11:42 -0400] "GET /wp-includes/css/jquery-ui-dialog-rtl.min.css HTTP/1.1" 200 1343 "-" "Mozilla/5.0 (compatible; MJ12bot/v1.4.8; http://mj12bot.com/)"
66.249.69.2 - - [06/Jul/2025:20:11:43 -0400] "GET /items/kfuqs90/2211?key=offender HTTP/1.1" 404 1251 "-" "Mozilla/5.0 (Linux; Android 6.0.1; Nexus 5X Build/MMB29P) AppleWebKit/537.36 (KHTML, like Gecko) Chrome/137.0.7151.103 Mobile Safari/537.36 (compatible; Googlebot/2.1; +http://www.google.com/bot.html)"
2001:41d0:303:4edf::1 - - [06/Jul/2025:20:11:44 -0400] "GET /wp-includes/css/jquery-ui-dialog.css HTTP/1.1" 200 1629 "-" "Mozilla/5.0 (compatible; MJ12bot/v1.4.8; http://mj12bot.com/)"
2001:41d0:303:4edf::1 - - [06/Jul/2025:20:11:47 -0400] "GET /wp-includes/css/jquery-ui-dialog.min.css HTTP/1.1" 200 1341 "-" "Mozilla/5.0 (compatible; MJ12bot/v1.4.8; http://mj12bot.com/)"
23.98.186.196 - - [06/Jul/2025:20:11:47 -0400] "GET /pcmypage?callback=product/review/gain-070101-13 HTTP/1.1" 404 1251 "-" "Mozilla/5.0 AppleWebKit/537.36 (KHTML, like Gecko); compatible; ChatGPT-User/1.0; +https://openai.com/bot"
23.98.186.198 - - [06/Jul/2025:20:11:47 -0400] "GET /items/vbyvt82/195?key=powerful HTTP/1.1" 404 1251 "-" "Mozilla/5.0 AppleWebKit/537.36 (KHTML, like Gecko); compatible; ChatGPT-User/1.0; +https://openai.com/bot"
66.249.77.130 - - [06/Jul/2025:20:11:49 -0400] "GET /pcmypage?callback=product%2Fdetail%2Fbiccamera-3660491202764 HTTP/1.1" 404 1251 "-" "Mozilla/5.0 (Linux; Android 6.0.1; Nexus 5X Build/MMB29P) AppleWebKit/537.36 (KHTML, like Gecko) Chrome/137.0.7151.103 Mobile Safari/537.36 (compatible; Googlebot/2.1; +http://www.google.com/bot.html)"
2001:41d0:303:4edf::1 - - [06/Jul/2025:20:11:49 -0400] "GET /wp-includes/css/media-views-rtl.css HTTP/1.1" 200 10085 "-" "Mozilla/5.0 (compatible; MJ12bot/v1.4.8; http://mj12bot.com/)"
2001:41d0:303:4edf::1 - - [06/Jul/2025:20:11:52 -0400] "GET /wp-includes/css/media-views-rtl.min.css HTTP/1.1" 200 8264 "-" "Mozilla/5.0 (compatible; MJ12bot/v1.4.8; http://mj12bot.com/)"
2001:41d0:303:4edf::1 - - [06/Jul/2025:20:11:54 -0400] "GET /wp-includes/css/media-views.css HTTP/1.1" 200 10072 "-" "Mozilla/5.0 (compatible; MJ12bot/v1.4.8; http://mj12bot.com/)"
2001:41d0:303:4edf::1 - - [06/Jul/2025:20:11:56 -0400] "GET /wp-includes/css/media-views.min.css HTTP/1.1" 200 8267 "-" "Mozilla/5.0 (compatible; MJ12bot/v1.4.8; http://mj12bot.com/)"
2001:41d0:303:4edf::1 - - [06/Jul/2025:20:11:58 -0400] "GET /wp-includes/css/wp-auth-check-rtl.css HTTP/1.1" 200 767 "-" "Mozilla/5.0 (compatible; MJ12bot/v1.4.8; http://mj12bot.com/)"
2001:41d0:303:4edf::1 - - [06/Jul/2025:20:12:00 -0400] "GET /wp-includes/css/wp-auth-check-rtl.min.css HTTP/1.1" 200 620 "-" "Mozilla/5.0 (compatible; MJ12bot/v1.4.8; http://mj12bot.com/)"
2001:41d0:303:4edf::1 - - [06/Jul/2025:20:12:03 -0400] "GET /wp-includes/css/wp-auth-check.css HTTP/1.1" 200 744 "-" "Mozilla/5.0 (compatible; MJ12bot/v1.4.8; http://mj12bot.com/)"
2001:41d0:303:4edf::1 - - [06/Jul/2025:20:12:05 -0400] "GET /wp-includes/css/wp-pointer.min.css HTTP/1.1" 200 799 "-" "Mozilla/5.0 (compatible; MJ12bot/v1.4.8; http://mj12bot.com/)"
2001:41d0:303:4edf::1 - - [06/Jul/2025:20:12:07 -0400] "GET /wp-includes/customize/?MA HTTP/1.1" 200 1760 "-" "Mozilla/5.0 (compatible; MJ12bot/v1.4.8; http://mj12bot.com/)"
2001:41d0:303:4edf::1 - - [06/Jul/2025:20:12:09 -0400] "GET /wp-includes/customize/?ND HTTP/1.1" 200 1721 "-" "Mozilla/5.0 (compatible; MJ12bot/v1.4.8; http://mj12bot.com/)"
2001:41d0:303:4edf::1 - - [06/Jul/2025:20:12:12 -0400] "GET /wp-includes/customize/?SA HTTP/1.1" 200 1732 "-" "Mozilla/5.0 (compatible; MJ12bot/v1.4.8; http://mj12bot.com/)"
2001:41d0:303:4edf::1 - - [06/Jul/2025:20:12:14 -0400] "GET /wp-includes/customize/class-wp-customize-background-image-control.php HTTP/1.1" 403 1242 "-" "Mozilla/5.0 (compatible; MJ12bot/v1.4.8; http://mj12bot.com/)"
2001:41d0:303:4edf::1 - - [06/Jul/2025:20:12:17 -0400] "GET /wp-includes/js/codemirror/?SA HTTP/1.1" 403 1242 "-" "Mozilla/5.0 (compatible; MJ12bot/v1.4.8; http://mj12bot.com/)"
2001:41d0:303:4edf::1 - - [06/Jul/2025:20:12:20 -0400] "GET /wp-includes/js/codemirror/csslint.js HTTP/1.1" 200 64015 "-" "Mozilla/5.0 (compatible; MJ12bot/v1.4.8; http://mj12bot.com/)"
2001:41d0:303:4edf::1 - - [06/Jul/2025:20:12:23 -0400] "GET /wp-includes/js/codemirror/esprima.js HTTP/1.1" 200 41983 "-" "Mozilla/5.0 (compatible; MJ12bot/v1.4.8; http://mj12bot.com/)"
66.249.69.4 - - [06/Jul/2025:20:12:24 -0400] "GET /items/jndzv100/9407?key=lens HTTP/1.1" 404 1251 "-" "Mozilla/5.0 (Linux; Android 6.0.1; Nexus 5X Build/MMB29P) AppleWebKit/537.36 (KHTML, like Gecko) Chrome/137.0.7151.103 Mobile Safari/537.36 (compatible; Googlebot/2.1; +http://www.google.com/bot.html)"
2001:41d0:303:4edf::1 - - [06/Jul/2025:20:12:25 -0400] "GET /wp-includes/js/codemirror/fakejshint.js HTTP/1.1" 200 445 "-" "Mozilla/5.0 (compatible; MJ12bot/v1.4.8; http://mj12bot.com/)"
2001:41d0:303:4edf::1 - - [06/Jul/2025:20:12:29 -0400] "GET /wp-includes/js/codemirror/htmlhint.js HTTP/1.1" 200 5464 "-" "Mozilla/5.0 (compatible; MJ12bot/v1.4.8; http://mj12bot.com/)"
2001:41d0:303:4edf::1 - - [06/Jul/2025:20:12:32 -0400] "GET /wp-includes/js/codemirror/jsonlint.js HTTP/1.1" 200 4517 "-" "Mozilla/5.0 (compatible; MJ12bot/v1.4.8; http://mj12bot.com/)"
66.249.77.139 - - [06/Jul/2025:20:12:32 -0400] "GET /items/zcset55/30574?key=personal HTTP/1.1" 404 1251 "-" "Mozilla/5.0 (Linux; Android 6.0.1; Nexus 5X Build/MMB29P) AppleWebKit/537.36 (KHTML, like Gecko) Chrome/137.0.7151.119 Mobile Safari/537.36 (compatible; Googlebot/2.1; +http://www.google.com/bot.html)"
66.249.69.2 - - [06/Jul/2025:20:12:34 -0400] "GET /pcmypage?callback=product/review/tuzukiya-y68-6505 HTTP/1.1" 404 1251 "-" "Mozilla/5.0 (Linux; Android 6.0.1; Nexus 5X Build/MMB29P) AppleWebKit/537.36 (KHTML, like Gecko) Chrome/137.0.7151.103 Mobile Safari/537.36 (compatible; Googlebot/2.1; +http://www.google.com/bot.html)"
2001:41d0:303:4edf::1 - - [06/Jul/2025:20:12:34 -0400] "GET /wp-includes/js/crop/?MA HTTP/1.1" 403 1242 "-" "Mozilla/5.0 (compatible; MJ12bot/v1.4.8; http://mj12bot.com/)"
2001:41d0:303:4edf::1 - - [06/Jul/2025:20:12:36 -0400] "GET /wp-includes/js/crop/?ND HTTP/1.1" 403 1242 "-" "Mozilla/5.0 (compatible; MJ12bot/v1.4.8; http://mj12bot.com/)"
2001:41d0:303:4edf::1 - - [06/Jul/2025:20:12:38 -0400] "GET /wp-includes/js/crop/?SA HTTP/1.1" 403 1242 "-" "Mozilla/5.0 (compatible; MJ12bot/v1.4.8; http://mj12bot.com/)"
2001:41d0:303:4edf::1 - - [06/Jul/2025:20:12:41 -0400] "GET /wp-includes/js/crop/cropper.css HTTP/1.1" 200 861 "-" "Mozilla/5.0 (compatible; MJ12bot/v1.4.8; http://mj12bot.com/)"
2001:41d0:303:4edf::1 - - [06/Jul/2025:20:12:43 -0400] "GET /wp-includes/js/crop/cropper.js HTTP/1.1" 200 4791 "-" "Mozilla/5.0 (compatible; MJ12bot/v1.4.8; http://mj12bot.com/)"
2001:41d0:303:4edf::1 - - [06/Jul/2025:20:12:46 -0400] "GET /wp-includes/js/dist/?MA HTTP/1.1" 403 1242 "-" "Mozilla/5.0 (compatible; MJ12bot/v1.4.8; http://mj12bot.com/)"
2001:41d0:303:4edf::1 - - [06/Jul/2025:20:12:48 -0400] "GET /wp-includes/js/dist/?ND HTTP/1.1" 403 1242 "-" "Mozilla/5.0 (compatible; MJ12bot/v1.4.8; http://mj12bot.com/)"
2001:41d0:303:4edf::1 - - [06/Jul/2025:20:12:49 -0400] "GET /wp-includes/js/dist/?SA HTTP/1.1" 403 1242 "-" "Mozilla/5.0 (compatible; MJ12bot/v1.4.8; http://mj12bot.com/)"
66.249.69.2 - - [06/Jul/2025:20:12:51 -0400] "GET /items/dhgtd94/1025?key=weapon HTTP/1.1" 404 1251 "-" "Mozilla/5.0 (compatible; Googlebot/2.1; +http://www.google.com/bot.html)"
2001:41d0:303:4edf::1 - - [06/Jul/2025:20:12:52 -0400] "GET /wp-includes/js/dist/a11y.js HTTP/1.1" 200 2309 "-" "Mozilla/5.0 (compatible; MJ12bot/v1.4.8; http://mj12bot.com/)"
2001:41d0:303:4edf::1 - - [06/Jul/2025:20:12:55 -0400] "GET /wp-includes/js/dist/a11y.min.js HTTP/1.1" 200 827 "-" "Mozilla/5.0 (compatible; MJ12bot/v1.4.8; http://mj12bot.com/)"
20.168.18.34 - - [06/Jul/2025:20:12:56 -0400] "GET /items/vbyvt82/195?key=powerful HTTP/1.1" 404 1251 "-" "Mozilla/5.0 (Macintosh; Intel Mac OS X 10_15_7) AppleWebKit/537.36 (KHTML, like Gecko) Chrome/131.0.0.0 Safari/537.36; compatible; OAI-SearchBot/1.0; +https://openai.com/searchbot"
2001:41d0:303:4edf::1 - - [06/Jul/2025:20:12:57 -0400] "GET /wp-includes/js/dist/annotations.js HTTP/1.1" 200 5819 "-" "Mozilla/5.0 (compatible; MJ12bot/v1.4.8; http://mj12bot.com/)"
2001:41d0:303:4edf::1 - - [06/Jul/2025:20:12:59 -0400] "GET /wp-includes/js/dist/annotations.min.js HTTP/1.1" 200 2064 "-" "Mozilla/5.0 (compatible; MJ12bot/v1.4.8; http://mj12bot.com/)"
66.249.77.137 - - [06/Jul/2025:20:13:00 -0400] "GET /items/126016316.html?srsltid=AfmBOouoxdFTIPrystTscKluSWhoRyQHDhjzWK426GXSM7uMovnR HTTP/1.1" 404 1251 "-" "Mozilla/5.0 (Linux; Android 6.0.1; Nexus 5X Build/MMB29P) AppleWebKit/537.36 (KHTML, like Gecko) Chrome/137.0.7151.119 Mobile Safari/537.36 (compatible; Googlebot/2.1; +http://www.google.com/bot.html)"
66.249.77.139 - - [06/Jul/2025:20:13:03 -0400] "GET /pcmypage?callback=product%2Fdetail%2Fegaos-ckec4380 HTTP/1.1" 404 1251 "-" "Mozilla/5.0 (Linux; Android 6.0.1; Nexus 5X Build/MMB29P) AppleWebKit/537.36 (KHTML, like Gecko) Chrome/137.0.7151.103 Mobile Safari/537.36 (compatible; Googlebot/2.1; +http://www.google.com/bot.html)"
2001:41d0:303:4edf::1 - - [06/Jul/2025:20:13:03 -0400] "GET /wp-includes/js/dist/api-fetch.min.js HTTP/1.1" 200 2294 "-" "Mozilla/5.0 (compatible; MJ12bot/v1.4.8; http://mj12bot.com/)"
66.249.77.137 - - [06/Jul/2025:20:13:04 -0400] "GET /items/275007701.html?srsltid=AfmBOoqklPQSqpgumTrK9oMuTscgAhPJZwzsbTCpHOJxIxp8pNLt HTTP/1.1" 404 1251 "-" "Mozilla/5.0 (Linux; Android 6.0.1; Nexus 5X Build/MMB29P) AppleWebKit/537.36 (KHTML, like Gecko) Chrome/137.0.7151.103 Mobile Safari/537.36 (compatible; Googlebot/2.1; +http://www.google.com/bot.html)"
66.249.77.138 - - [06/Jul/2025:20:13:05 -0400] "GET /items/021017491.html?srsltid=AfmBOobkdUerUOjIpsNM9QxhGlZWwbAkgjAS0uLRXNinKY7vAY4c HTTP/1.1" 404 1251 "-" "Mozilla/5.0 (Linux; Android 6.0.1; Nexus 5X Build/MMB29P) AppleWebKit/537.36 (KHTML, like Gecko) Chrome/137.0.7151.103 Mobile Safari/537.36 (compatible; Googlebot/2.1; +http://www.google.com/bot.html)"
66.249.69.2 - - [06/Jul/2025:20:13:05 -0400] "GET /pcmypage?callback=product%2Fdetail%2Faldo-youhin-23-85456-026-54 HTTP/1.1" 404 1251 "-" "Mozilla/5.0 (compatible; Googlebot/2.1; +http://www.google.com/bot.html)"
2001:41d0:303:4edf::1 - - [06/Jul/2025:20:13:06 -0400] "GET /wp-includes/js/dist/autop.js HTTP/1.1" 200 4708 "-" "Mozilla/5.0 (compatible; MJ12bot/v1.4.8; http://mj12bot.com/)"
2001:41d0:303:4edf::1 - - [06/Jul/2025:20:13:08 -0400] "GET /wp-includes/js/dist/autop.min.js HTTP/1.1" 200 2009 "-" "Mozilla/5.0 (compatible; MJ12bot/v1.4.8; http://mj12bot.com/)"
2001:41d0:303:4edf::1 - - [06/Jul/2025:20:13:10 -0400] "GET /wp-includes/js/dist/blob.js HTTP/1.1" 200 1323 "-" "Mozilla/5.0 (compatible; MJ12bot/v1.4.8; http://mj12bot.com/)"
2001:41d0:303:4edf::1 - - [06/Jul/2025:20:13:13 -0400] "GET /wp-includes/js/dist/blob.min.js HTTP/1.1" 200 505 "-" "Mozilla/5.0 (compatible; MJ12bot/v1.4.8; http://mj12bot.com/)"
2001:41d0:303:4edf::1 - - [06/Jul/2025:20:13:15 -0400] "GET /wp-includes/js/dist/block-directory.js HTTP/1.1" 200 17941 "-" "Mozilla/5.0 (compatible; MJ12bot/v1.4.8; http://mj12bot.com/)"
2001:41d0:303:4edf::1 - - [06/Jul/2025:20:13:17 -0400] "GET /wp-includes/js/dist/block-directory.min.js HTTP/1.1" 200 6702 "-" "Mozilla/5.0 (compatible; MJ12bot/v1.4.8; http://mj12bot.com/)"
2001:41d0:303:4edf::1 - - [06/Jul/2025:20:13:19 -0400] "GET /wp-includes/js/dist/block-editor.js HTTP/1.1" 200 609686 "-" "Mozilla/5.0 (compatible; MJ12bot/v1.4.8; http://mj12bot.com/)"
2001:41d0:303:4edf::1 - - [06/Jul/2025:20:13:22 -0400] "GET /wp-includes/js/dist/block-editor.min.js HTTP/1.1" 200 249308 "-" "Mozilla/5.0 (compatible; MJ12bot/v1.4.8; http://mj12bot.com/)"
66.249.77.137 - - [06/Jul/2025:20:13:22 -0400] "GET /items/bknih209/26556?key=mixture HTTP/1.1" 404 1251 "-" "Mozilla/5.0 (Linux; Android 6.0.1; Nexus 5X Build/MMB29P) AppleWebKit/537.36 (KHTML, like Gecko) Chrome/137.0.7151.103 Mobile Safari/537.36 (compatible; Googlebot/2.1; +http://www.google.com/bot.html)"
66.249.77.137 - - [06/Jul/2025:20:13:24 -0400] "GET /items/182039506.html?srsltid=AfmBOoeycLCUQonjPcMxixYSKsYbJEwAwQibcrhuJWdCzfp8qPYy HTTP/1.1" 404 1251 "-" "Mozilla/5.0 (Linux; Android 6.0.1; Nexus 5X Build/MMB29P) AppleWebKit/537.36 (KHTML, like Gecko) Chrome/137.0.7151.103 Mobile Safari/537.36 (compatible; Googlebot/2.1; +http://www.google.com/bot.html)"
2001:41d0:303:4edf::1 - - [06/Jul/2025:20:13:24 -0400] "GET /wp-includes/js/dist/block-library.js HTTP/1.1" 200 405775 "-" "Mozilla/5.0 (compatible; MJ12bot/v1.4.8; http://mj12bot.com/)"
66.249.77.137 - - [06/Jul/2025:20:13:24 -0400] "GET /items/267048077.html?srsltid=AfmBOoczzxwtykOwCMBa3T06LsGPdIvL1mVaCsB8buzTE19pTiN2 HTTP/1.1" 404 1251 "-" "Mozilla/5.0 (Linux; Android 6.0.1; Nexus 5X Build/MMB29P) AppleWebKit/537.36 (KHTML, like Gecko) Chrome/137.0.7151.103 Mobile Safari/537.36 (compatible; Googlebot/2.1; +http://www.google.com/bot.html)"
2001:41d0:303:4edf::1 - - [06/Jul/2025:20:13:26 -0400] "GET /wp-includes/js/dist/block-library.min.js HTTP/1.1" 200 205965 "-" "Mozilla/5.0 (compatible; MJ12bot/v1.4.8; http://mj12bot.com/)"
66.249.77.137 - - [06/Jul/2025:20:13:28 -0400] "GET /items/xuymv64/25777?key=talk HTTP/1.1" 404 1251 "-" "Mozilla/5.0 (compatible; Googlebot/2.1; +http://www.google.com/bot.html)"
2001:41d0:303:4edf::1 - - [06/Jul/2025:20:13:29 -0400] "GET /wp-includes/js/dist/block-serialization-default-parser.js HTTP/1.1" 200 4133 "-" "Mozilla/5.0 (compatible; MJ12bot/v1.4.8; http://mj12bot.com/)"
2001:41d0:303:4edf::1 - - [06/Jul/2025:20:13:31 -0400] "GET /wp-includes/js/dist/block-serialization-default-parser.min.js HTTP/1.1" 200 1053 "-" "Mozilla/5.0 (compatible; MJ12bot/v1.4.8; http://mj12bot.com/)"
2001:41d0:303:4edf::1 - - [06/Jul/2025:20:13:33 -0400] "GET /wp-includes/js/dist/blocks.js HTTP/1.1" 200 131235 "-" "Mozilla/5.0 (compatible; MJ12bot/v1.4.8; http://mj12bot.com/)"
2001:41d0:303:4edf::1 - - [06/Jul/2025:20:13:35 -0400] "GET /wp-includes/js/dist/blocks.min.js HTTP/1.1" 200 51107 "-" "Mozilla/5.0 (compatible; MJ12bot/v1.4.8; http://mj12bot.com/)"
2001:41d0:303:4edf::1 - - [06/Jul/2025:20:13:38 -0400] "GET /wp-includes/js/dist/commands.js HTTP/1.1" 200 41162 "-" "Mozilla/5.0 (compatible; MJ12bot/v1.4.8; http://mj12bot.com/)"
66.249.77.137 - - [06/Jul/2025:20:13:38 -0400] "GET /items/045000065.html?srsltid=AfmBOocurOipUflMzMEMjhflAfMXbIboIo8K1XAut03nL1jdodYc HTTP/1.1" 404 1251 "-" "Mozilla/5.0 (compatible; Googlebot/2.1; +http://www.google.com/bot.html)"
