109.123.242.251 - - [06/Jul/2025:18:40:07 -0400] "GET /wp-includes/js/dist/server-side-render.js HTTP/1.1" 200 3768 "-" "Mozilla/5.0 (compatible; MJ12bot/v1.4.8; http://mj12bot.com/)"
66.249.69.3 - - [06/Jul/2025:18:40:11 -0400] "GET /zhHant/product/surugaya/asty-shop-68-ij5lnieod5-0236?campaign_uid=f64d716db5e979ed2f947dbaf4296895b951ae7f HTTP/1.1" 404 1251 "-" "Mozilla/5.0 (Linux; Android 6.0.1; Nexus 5X Build/MMB29P) AppleWebKit/537.36 (KHTML, like Gecko) Chrome/137.0.7151.103 Mobile Safari/537.36 (compatible; Googlebot/2.1; +http://www.google.com/bot.html)"
109.123.242.251 - - [06/Jul/2025:18:40:12 -0400] "GET /wp-includes/js/dist/server-side-render.min.js HTTP/1.1" 200 1814 "-" "Mozilla/5.0 (compatible; MJ12bot/v1.4.8; http://mj12bot.com/)"
109.123.242.251 - - [06/Jul/2025:18:40:15 -0400] "GET /wp-includes/js/dist/shortcode.js HTTP/1.1" 200 4578 "-" "Mozilla/5.0 (compatible; MJ12bot/v1.4.8; http://mj12bot.com/)"
109.123.242.251 - - [06/Jul/2025:18:40:18 -0400] "GET /wp-includes/js/dist/shortcode.min.js HTTP/1.1" 200 1328 "-" "Mozilla/5.0 (compatible; MJ12bot/v1.4.8; http://mj12bot.com/)"
109.123.242.251 - - [06/Jul/2025:18:40:24 -0400] "GET /wp-includes/js/dist/style-engine.js HTTP/1.1" 200 10290 "-" "Mozilla/5.0 (compatible; MJ12bot/v1.4.8; http://mj12bot.com/)"
66.249.69.2 - - [06/Jul/2025:18:40:26 -0400] "GET /pcmypage?callback=product/review/biccamera-4957812497787 HTTP/1.1" 404 1251 "-" "Mozilla/5.0 (Linux; Android 6.0.1; Nexus 5X Build/MMB29P) AppleWebKit/537.36 (KHTML, like Gecko) Chrome/137.0.7151.103 Mobile Safari/537.36 (compatible; Googlebot/2.1; +http://www.google.com/bot.html)"
109.123.242.251 - - [06/Jul/2025:18:40:29 -0400] "GET /wp-includes/js/dist/style-engine.min.js HTTP/1.1" 200 1946 "-" "Mozilla/5.0 (compatible; MJ12bot/v1.4.8; http://mj12bot.com/)"
66.249.69.2 - - [06/Jul/2025:18:40:30 -0400] "GET /pcmypage?callback=product%2Fdetail%2Ffirst34-trusco-5331998 HTTP/1.1" 404 1251 "-" "Mozilla/5.0 (Linux; Android 6.0.1; Nexus 5X Build/MMB29P) AppleWebKit/537.36 (KHTML, like Gecko) Chrome/137.0.7151.103 Mobile Safari/537.36 (compatible; Googlebot/2.1; +http://www.google.com/bot.html)"
66.249.69.2 - - [06/Jul/2025:18:40:34 -0400] "GET /pcmypage?callback=/product%2Fdetail%2First34-trusco-5331998 HTTP/1.1" 404 1251 "-" "Mozilla/5.0 (Linux; Android 6.0.1; Nexus 5X Build/MMB29P) AppleWebKit/537.36 (KHTML, like Gecko) Chrome/137.0.7151.103 Mobile Safari/537.36 (compatible; Googlebot/2.1; +http://www.google.com/bot.html)"
109.123.242.251 - - [06/Jul/2025:18:40:36 -0400] "GET /wp-includes/js/dist/token-list.js HTTP/1.1" 200 1575 "-" "Mozilla/5.0 (compatible; MJ12bot/v1.4.8; http://mj12bot.com/)"
66.249.77.137 - - [06/Jul/2025:18:40:39 -0400] "GET /items/188018316.html?srsltid=AfmBOoqpzfvmTeNcynInW9afLkweafUcUQLMKK5DaekvHreVhc6M HTTP/1.1" 404 1251 "-" "Mozilla/5.0 (compatible; Googlebot/2.1; +http://www.google.com/bot.html)"
66.249.69.2 - - [06/Jul/2025:18:40:43 -0400] "GET /pcmypage?callback=/product%2Fdetail%2Autoparts-agency02-502152960 HTTP/1.1" 404 1251 "-" "Mozilla/5.0 (Linux; Android 6.0.1; Nexus 5X Build/MMB29P) AppleWebKit/537.36 (KHTML, like Gecko) Chrome/137.0.7151.103 Mobile Safari/537.36 (compatible; Googlebot/2.1; +http://www.google.com/bot.html)"
109.123.242.251 - - [06/Jul/2025:18:40:47 -0400] "GET /wp-includes/js/dist/token-list.min.js HTTP/1.1" 200 520 "-" "Mozilla/5.0 (compatible; MJ12bot/v1.4.8; http://mj12bot.com/)"
66.249.69.2 - - [06/Jul/2025:18:40:52 -0400] "GET /pcmypage?callback=product%2Fdetail%2Fhonkeya-ds-2118364 HTTP/1.1" 404 1251 "-" "Mozilla/5.0 (Linux; Android 6.0.1; Nexus 5X Build/MMB29P) AppleWebKit/537.36 (KHTML, like Gecko) Chrome/137.0.7151.103 Mobile Safari/537.36 (compatible; Googlebot/2.1; +http://www.google.com/bot.html)"
109.123.242.251 - - [06/Jul/2025:18:40:57 -0400] "GET /wp-includes/js/dist/url.js HTTP/1.1" 200 9157 "-" "Mozilla/5.0 (compatible; MJ12bot/v1.4.8; http://mj12bot.com/)"
66.249.69.2 - - [06/Jul/2025:18:40:57 -0400] "GET /pcmypage?callback=/product%2Fdetail%2Brandouroyal-kou-119 HTTP/1.1" 404 1251 "-" "Mozilla/5.0 (Linux; Android 6.0.1; Nexus 5X Build/MMB29P) AppleWebKit/537.36 (KHTML, like Gecko) Chrome/137.0.7151.103 Mobile Safari/537.36 (compatible; Googlebot/2.1; +http://www.google.com/bot.html)"
66.249.69.2 - - [06/Jul/2025:18:41:03 -0400] "GET /pcmypage?callback=product/review/hamaken-jl1-etr45bjl330c0 HTTP/1.1" 404 1251 "-" "Mozilla/5.0 (Linux; Android 6.0.1; Nexus 5X Build/MMB29P) AppleWebKit/537.36 (KHTML, like Gecko) Chrome/137.0.7151.103 Mobile Safari/537.36 (compatible; Googlebot/2.1; +http://www.google.com/bot.html)"
109.123.242.251 - - [06/Jul/2025:18:41:06 -0400] "GET /wp-includes/js/dist/url.min.js HTTP/1.1" 200 3615 "-" "Mozilla/5.0 (compatible; MJ12bot/v1.4.8; http://mj12bot.com/)"
66.249.69.2 - - [06/Jul/2025:18:41:07 -0400] "GET /pcmypage?callback=product%2Fdetail%2Fichinennet-plus-icn-tcp-001668746 HTTP/1.1" 404 1251 "-" "Mozilla/5.0 (Linux; Android 6.0.1; Nexus 5X Build/MMB29P) AppleWebKit/537.36 (KHTML, like Gecko) Chrome/137.0.7151.103 Mobile Safari/537.36 (compatible; Googlebot/2.1; +http://www.google.com/bot.html)"
66.249.69.2 - - [06/Jul/2025:18:41:08 -0400] "GET /search.php?253iix35968.html HTTP/1.1" 404 1251 "-" "Mozilla/5.0 (Linux; Android 6.0.1; Nexus 5X Build/MMB29P) AppleWebKit/537.36 (KHTML, like Gecko) Chrome/137.0.7151.103 Mobile Safari/537.36 (compatible; Googlebot/2.1; +http://www.google.com/bot.html)"
109.123.242.251 - - [06/Jul/2025:18:41:13 -0400] "GET /wp-includes/js/dist/viewport.js HTTP/1.1" 200 2999 "-" "Mozilla/5.0 (compatible; MJ12bot/v1.4.8; http://mj12bot.com/)"
66.249.69.2 - - [06/Jul/2025:18:41:16 -0400] "GET /search.php?pcmypage?callback=product%2Fdetail%2Fnova2021-01-20250114-002720 HTTP/1.1" 404 1251 "-" "Mozilla/5.0 (Linux; Android 6.0.1; Nexus 5X Build/MMB29P) AppleWebKit/537.36 (KHTML, like Gecko) Chrome/137.0.7151.103 Mobile Safari/537.36 (compatible; Googlebot/2.1; +http://www.google.com/bot.html)"
66.249.69.2 - - [06/Jul/2025:18:41:19 -0400] "GET /pcmypage?callback=/product%2Fdetail%2First23-asone-64-9376-59 HTTP/1.1" 404 1251 "-" "Mozilla/5.0 (Linux; Android 6.0.1; Nexus 5X Build/MMB29P) AppleWebKit/537.36 (KHTML, like Gecko) Chrome/137.0.7151.103 Mobile Safari/537.36 (compatible; Googlebot/2.1; +http://www.google.com/bot.html)"
109.123.242.251 - - [06/Jul/2025:18:41:19 -0400] "GET /wp-includes/js/dist/viewport.min.js HTTP/1.1" 200 901 "-" "Mozilla/5.0 (compatible; MJ12bot/v1.4.8; http://mj12bot.com/)"
66.249.69.2 - - [06/Jul/2025:18:41:25 -0400] "GET /pcmypage?callback=product/review/hirochishop-sto126-44047sl HTTP/1.1" 404 1251 "-" "Mozilla/5.0 (Linux; Android 6.0.1; Nexus 5X Build/MMB29P) AppleWebKit/537.36 (KHTML, like Gecko) Chrome/137.0.7151.103 Mobile Safari/537.36 (compatible; Googlebot/2.1; +http://www.google.com/bot.html)"
109.123.242.251 - - [06/Jul/2025:18:41:27 -0400] "GET /wp-includes/js/dist/warning.js HTTP/1.1" 200 914 "-" "Mozilla/5.0 (compatible; MJ12bot/v1.4.8; http://mj12bot.com/)"
66.249.69.2 - - [06/Jul/2025:18:41:30 -0400] "GET /zhHant/product/surugaya/venturer-unknownlondon222-1?campaign_uid=f64d716db5e979ed2f947dbaf4296895b951ae7f HTTP/1.1" 404 1251 "-" "Mozilla/5.0 (Linux; Android 6.0.1; Nexus 5X Build/MMB29P) AppleWebKit/537.36 (KHTML, like Gecko) Chrome/137.0.7151.103 Mobile Safari/537.36 (compatible; Googlebot/2.1; +http://www.google.com/bot.html)"
109.123.242.251 - - [06/Jul/2025:18:41:30 -0400] "GET /wp-includes/js/dist/warning.min.js HTTP/1.1" 200 209 "-" "Mozilla/5.0 (compatible; MJ12bot/v1.4.8; http://mj12bot.com/)"
47.82.60.15 - - [06/Jul/2025:18:41:34 -0400] "GET /items/jcfje150/40509?key=afterward HTTP/1.1" 404 1251 "https://first-gulf.com.sa/items/jcfje150/40509?key=afterward" "Mozilla/5.0 (Windows NT 10.0; Win64; x64) AppleWebKit/537.36 (KHTML, like Gecko) Chrome/114.0.0.0 Safari/537.36 Edg/114.0.1823.43"
109.123.242.251 - - [06/Jul/2025:18:41:34 -0400] "GET /wp-includes/js/dist/widgets.js HTTP/1.1" 200 11771 "-" "Mozilla/5.0 (compatible; MJ12bot/v1.4.8; http://mj12bot.com/)"
66.249.77.137 - - [06/Jul/2025:18:41:36 -0400] "GET /items/123005381.html?srsltid=AfmBOocxusnBRYLtoITqAdhqDsxufMtGPGgSsfxfzpOECJHK5O0Y HTTP/1.1" 404 1251 "-" "Mozilla/5.0 (Linux; Android 6.0.1; Nexus 5X Build/MMB29P) AppleWebKit/537.36 (KHTML, like Gecko) Chrome/137.0.7151.103 Mobile Safari/537.36 (compatible; Googlebot/2.1; +http://www.google.com/bot.html)"
109.123.242.251 - - [06/Jul/2025:18:41:37 -0400] "GET /wp-includes/js/dist/widgets.min.js HTTP/1.1" 200 6794 "-" "Mozilla/5.0 (compatible; MJ12bot/v1.4.8; http://mj12bot.com/)"
109.123.242.251 - - [06/Jul/2025:18:41:40 -0400] "GET /wp-includes/js/dist/wordcount.js HTTP/1.1" 200 3082 "-" "Mozilla/5.0 (compatible; MJ12bot/v1.4.8; http://mj12bot.com/)"
66.249.77.138 - - [06/Jul/2025:18:41:43 -0400] "GET /items/ayuup57/484?key=those HTTP/1.1" 404 1251 "-" "Mozilla/5.0 (Linux; Android 6.0.1; Nexus 5X Build/MMB29P) AppleWebKit/537.36 (KHTML, like Gecko) Chrome/137.0.7151.103 Mobile Safari/537.36 (compatible; Googlebot/2.1; +http://www.google.com/bot.html)"
109.123.242.251 - - [06/Jul/2025:18:41:44 -0400] "GET /wp-includes/js/dist/wordcount.min.js HTTP/1.1" 200 939 "-" "Mozilla/5.0 (compatible; MJ12bot/v1.4.8; http://mj12bot.com/)"
109.123.242.251 - - [06/Jul/2025:18:41:46 -0400] "GET /wp-includes/js/imgareaselect/?MA HTTP/1.1" 403 1242 "-" "Mozilla/5.0 (compatible; MJ12bot/v1.4.8; http://mj12bot.com/)"
109.123.242.251 - - [06/Jul/2025:18:41:48 -0400] "GET /wp-includes/js/imgareaselect/?ND HTTP/1.1" 403 1242 "-" "Mozilla/5.0 (compatible; MJ12bot/v1.4.8; http://mj12bot.com/)"
66.249.69.2 - - [06/Jul/2025:18:41:49 -0400] "GET /items/gniwa15/16778?key=textbook HTTP/1.1" 404 1251 "-" "Mozilla/5.0 (Linux; Android 6.0.1; Nexus 5X Build/MMB29P) AppleWebKit/537.36 (KHTML, like Gecko) Chrome/137.0.7151.103 Mobile Safari/537.36 (compatible; Googlebot/2.1; +http://www.google.com/bot.html)"
109.123.242.251 - - [06/Jul/2025:18:41:50 -0400] "GET /wp-includes/js/imgareaselect/?SA HTTP/1.1" 403 1242 "-" "Mozilla/5.0 (compatible; MJ12bot/v1.4.8; http://mj12bot.com/)"
109.123.242.251 - - [06/Jul/2025:18:41:53 -0400] "GET /wp-includes/js/imgareaselect/imgareaselect.css HTTP/1.1" 200 215 "-" "Mozilla/5.0 (compatible; MJ12bot/v1.4.8; http://mj12bot.com/)"
109.123.242.251 - - [06/Jul/2025:18:41:55 -0400] "GET /wp-includes/js/imgareaselect/jquery.imgareaselect.js HTTP/1.1" 200 9114 "-" "Mozilla/5.0 (compatible; MJ12bot/v1.4.8; http://mj12bot.com/)"
66.249.77.137 - - [06/Jul/2025:18:41:56 -0400] "GET /zhHant/product/surugaya/yumenokoya-c02-ds-2238299?campaign_uid=f64d716db5e979ed2f947dbaf4296895b951ae7f HTTP/1.1" 404 1251 "-" "Mozilla/5.0 (Linux; Android 6.0.1; Nexus 5X Build/MMB29P) AppleWebKit/537.36 (KHTML, like Gecko) Chrome/137.0.7151.103 Mobile Safari/537.36 (compatible; Googlebot/2.1; +http://www.google.com/bot.html)"
109.123.242.251 - - [06/Jul/2025:18:41:57 -0400] "GET /wp-includes/js/imgareaselect/jquery.imgareaselect.min.js HTTP/1.1" 200 3588 "-" "Mozilla/5.0 (compatible; MJ12bot/v1.4.8; http://mj12bot.com/)"
109.123.242.251 - - [06/Jul/2025:18:41:59 -0400] "GET /wp-includes/js/jcrop/?MA HTTP/1.1" 403 1242 "-" "Mozilla/5.0 (compatible; MJ12bot/v1.4.8; http://mj12bot.com/)"
47.82.60.14 - - [06/Jul/2025:18:42:01 -0400] "GET /items/142027354.html HTTP/1.1" 404 1251 "https://first-gulf.com.sa/items/142027354.html" "Mozilla/5.0 (Windows NT 10.0; Win64; x64) AppleWebKit/537.36 (KHTML, like Gecko) Chrome/114.0.0.0 Safari/537.36 Edg/114.0.1823.43"
109.123.242.251 - - [06/Jul/2025:18:42:01 -0400] "GET /wp-includes/js/jcrop/?ND HTTP/1.1" 403 1242 "-" "Mozilla/5.0 (compatible; MJ12bot/v1.4.8; http://mj12bot.com/)"
66.249.69.4 - - [06/Jul/2025:18:42:03 -0400] "GET /items/mgnxy266/44783?key=understand HTTP/1.1" 404 1251 "-" "Mozilla/5.0 (Linux; Android 6.0.1; Nexus 5X Build/MMB29P) AppleWebKit/537.36 (KHTML, like Gecko) Chrome/137.0.7151.103 Mobile Safari/537.36 (compatible; Googlebot/2.1; +http://www.google.com/bot.html)"
109.123.242.251 - - [06/Jul/2025:18:42:04 -0400] "GET /wp-includes/js/jcrop/?SA HTTP/1.1" 403 1242 "-" "Mozilla/5.0 (compatible; MJ12bot/v1.4.8; http://mj12bot.com/)"
109.123.242.251 - - [06/Jul/2025:18:42:06 -0400] "GET /wp-includes/js/jcrop/jquery.Jcrop.min.css HTTP/1.1" 200 547 "-" "Mozilla/5.0 (compatible; MJ12bot/v1.4.8; http://mj12bot.com/)"
109.123.242.251 - - [06/Jul/2025:18:42:08 -0400] "GET /wp-includes/js/jcrop/jquery.Jcrop.min.js HTTP/1.1" 200 6745 "-" "Mozilla/5.0 (compatible; MJ12bot/v1.4.8; http://mj12bot.com/)"
66.249.77.139 - - [06/Jul/2025:18:42:10 -0400] "GET /items/cqdjz35/1714?key=radiation HTTP/1.1" 404 1251 "-" "Mozilla/5.0 (Linux; Android 6.0.1; Nexus 5X Build/MMB29P) AppleWebKit/537.36 (KHTML, like Gecko) Chrome/137.0.7151.103 Mobile Safari/537.36 (compatible; Googlebot/2.1; +http://www.google.com/bot.html)"
109.123.242.251 - - [06/Jul/2025:18:42:10 -0400] "GET /wp-includes/js/jquery/?MA HTTP/1.1" 403 1242 "-" "Mozilla/5.0 (compatible; MJ12bot/v1.4.8; http://mj12bot.com/)"
118.238.254.3 - - [06/Jul/2025:18:42:12 -0400] "GET /items/jblfm80/9603?key=friendship HTTP/1.1" 404 1251 "https://www.google.com/" "Mozilla/5.0 (Windows NT 10.0; Win64; x64) AppleWebKit/537.36 (KHTML, like Gecko) Chrome/137.0.0.0 Safari/537.36"
109.123.242.251 - - [06/Jul/2025:18:42:13 -0400] "GET /wp-includes/js/jquery/?ND HTTP/1.1" 403 1242 "-" "Mozilla/5.0 (compatible; MJ12bot/v1.4.8; http://mj12bot.com/)"
109.123.242.251 - - [06/Jul/2025:18:42:14 -0400] "GET /wp-includes/js/jquery/?SA HTTP/1.1" 403 1242 "-" "Mozilla/5.0 (compatible; MJ12bot/v1.4.8; http://mj12bot.com/)"
109.123.242.251 - - [06/Jul/2025:18:42:16 -0400] "GET /wp-includes/js/jquery/jquery-migrate.js HTTP/1.1" 200 9712 "-" "Mozilla/5.0 (compatible; MJ12bot/v1.4.8; http://mj12bot.com/)"
66.249.69.3 - - [06/Jul/2025:18:42:17 -0400] "GET /product/edit/hcvalor-eshop-trusco-1757072 HTTP/1.1" 404 1251 "-" "Mozilla/5.0 (Linux; Android 6.0.1; Nexus 5X Build/MMB29P) AppleWebKit/537.36 (KHTML, like Gecko) Chrome/137.0.7151.103 Mobile Safari/537.36 (compatible; Googlebot/2.1; +http://www.google.com/bot.html)"
3.101.17.145 - - [06/Jul/2025:18:42:19 -0400] "GET /.git/config HTTP/1.1" 403 1242 "-" "Mozilla/5.0 (Windows NT 6.1; WOW64) AppleWebKit/537.36 (KHTML, like Gecko) Chrome/44.0.2403.155 Safari/537.36 OPR/31.0.1889.174"
109.123.242.251 - - [06/Jul/2025:18:42:19 -0400] "GET /wp-includes/js/jquery/jquery-migrate.min.js HTTP/1.1" 200 4678 "-" "Mozilla/5.0 (compatible; MJ12bot/v1.4.8; http://mj12bot.com/)"
109.123.242.251 - - [06/Jul/2025:18:42:21 -0400] "GET /wp-includes/js/jquery/jquery.color.min.js HTTP/1.1" 200 2641 "-" "Mozilla/5.0 (compatible; MJ12bot/v1.4.8; http://mj12bot.com/)"
109.123.242.251 - - [06/Jul/2025:18:42:23 -0400] "GET /wp-includes/js/jquery/jquery.form.js HTTP/1.1" 200 12740 "-" "Mozilla/5.0 (compatible; MJ12bot/v1.4.8; http://mj12bot.com/)"
66.249.69.2 - - [06/Jul/2025:18:42:24 -0400] "GET /items/zroyt38/677?key=tribal HTTP/1.1" 404 1251 "-" "Mozilla/5.0 (Linux; Android 6.0.1; Nexus 5X Build/MMB29P) AppleWebKit/537.36 (KHTML, like Gecko) Chrome/137.0.7151.103 Mobile Safari/537.36 (compatible; Googlebot/2.1; +http://www.google.com/bot.html)"
109.123.242.251 - - [06/Jul/2025:18:42:26 -0400] "GET /wp-includes/js/jquery/jquery.form.min.js HTTP/1.1" 200 5690 "-" "Mozilla/5.0 (compatible; MJ12bot/v1.4.8; http://mj12bot.com/)"
109.123.242.251 - - [06/Jul/2025:18:42:28 -0400] "GET /wp-includes/js/jquery/jquery.hotkeys.js HTTP/1.1" 200 1908 "-" "Mozilla/5.0 (compatible; MJ12bot/v1.4.8; http://mj12bot.com/)"
109.123.242.251 - - [06/Jul/2025:18:42:30 -0400] "GET /wp-includes/js/jquery/jquery.hotkeys.min.js HTTP/1.1" 200 870 "-" "Mozilla/5.0 (compatible; MJ12bot/v1.4.8; http://mj12bot.com/)"
47.82.60.31 - - [06/Jul/2025:18:42:31 -0400] "GET /items/097016399.html HTTP/1.1" 404 1251 "https://first-gulf.com.sa/items/097016399.html" "Mozilla/5.0 (Windows NT 10.0; Win64; x64) AppleWebKit/537.36 (KHTML, like Gecko) Chrome/114.0.0.0 Safari/537.36 Edg/114.0.1823.43"
66.249.77.137 - - [06/Jul/2025:18:42:31 -0400] "GET /items/czjnf114/17049?key=fiction HTTP/1.1" 404 1251 "-" "Mozilla/5.0 (Linux; Android 6.0.1; Nexus 5X Build/MMB29P) AppleWebKit/537.36 (KHTML, like Gecko) Chrome/137.0.7151.103 Mobile Safari/537.36 (compatible; Googlebot/2.1; +http://www.google.com/bot.html)"
109.123.242.251 - - [06/Jul/2025:18:42:35 -0400] "GET /wp-includes/js/jquery/jquery.js HTTP/1.1" 200 81316 "-" "Mozilla/5.0 (compatible; MJ12bot/v1.4.8; http://mj12bot.com/)"
109.123.242.251 - - [06/Jul/2025:18:42:40 -0400] "GET /wp-includes/js/jquery/jquery.masonry.min.js HTTP/1.1" 200 628 "-" "Mozilla/5.0 (compatible; MJ12bot/v1.4.8; http://mj12bot.com/)"
66.249.77.137 - - [06/Jul/2025:18:42:40 -0400] "GET /items/ejmoi74/863?key=harm HTTP/1.1" 404 1251 "-" "Mozilla/5.0 (Linux; Android 6.0.1; Nexus 5X Build/MMB29P) AppleWebKit/537.36 (KHTML, like Gecko) Chrome/137.0.7151.103 Mobile Safari/537.36 (compatible; Googlebot/2.1; +http://www.google.com/bot.html)"
66.249.69.2 - - [06/Jul/2025:18:42:46 -0400] "GET /pcmypage?callback=/product%2Fdetail%2Bestdo-rk-shop-4943765050032 HTTP/1.1" 404 1251 "-" "Mozilla/5.0 (Linux; Android 6.0.1; Nexus 5X Build/MMB29P) AppleWebKit/537.36 (KHTML, like Gecko) Chrome/137.0.7151.103 Mobile Safari/537.36 (compatible; Googlebot/2.1; +http://www.google.com/bot.html)"
109.123.242.251 - - [06/Jul/2025:18:42:46 -0400] "GET /wp-includes/js/jquery/jquery.min.js HTTP/1.1" 200 29744 "-" "Mozilla/5.0 (compatible; MJ12bot/v1.4.8; http://mj12bot.com/)"
66.249.77.137 - - [06/Jul/2025:18:42:51 -0400] "GET /pcmypage?callback=product%2Fdetail%2Fotentosan-10006422 HTTP/1.1" 404 1251 "-" "Mozilla/5.0 (Linux; Android 6.0.1; Nexus 5X Build/MMB29P) AppleWebKit/537.36 (KHTML, like Gecko) Chrome/137.0.7151.103 Mobile Safari/537.36 (compatible; GoogleOther)"
109.123.242.251 - - [06/Jul/2025:18:42:57 -0400] "GET /wp-includes/js/jquery/jquery.query.js HTTP/1.1" 200 1534 "-" "Mozilla/5.0 (compatible; MJ12bot/v1.4.8; http://mj12bot.com/)"
66.249.77.137 - - [06/Jul/2025:18:42:59 -0400] "GET /items/lfscr103/13318?key=disorder HTTP/1.1" 404 1251 "-" "Mozilla/5.0 (Linux; Android 6.0.1; Nexus 5X Build/MMB29P) AppleWebKit/537.36 (KHTML, like Gecko) Chrome/137.0.7151.103 Mobile Safari/537.36 (compatible; Googlebot/2.1; +http://www.google.com/bot.html)"
47.82.60.25 - - [06/Jul/2025:18:43:01 -0400] "GET /items/nvlja41/23428?key=despite HTTP/1.1" 404 1251 "https://first-gulf.com.sa/items/nvlja41/23428?key=despite" "Mozilla/5.0 (Windows NT 10.0; Win64; x64) AppleWebKit/537.36 (KHTML, like Gecko) Chrome/114.0.0.0 Safari/537.36 Edg/114.0.1823.43"
66.249.77.137 - - [06/Jul/2025:18:43:04 -0400] "GET /items/uuoxv89/47720?key=possess HTTP/1.1" 404 1251 "-" "Mozilla/5.0 (Linux; Android 6.0.1; Nexus 5X Build/MMB29P) AppleWebKit/537.36 (KHTML, like Gecko) Chrome/137.0.7151.103 Mobile Safari/537.36 (compatible; Googlebot/2.1; +http://www.google.com/bot.html)"
109.123.242.251 - - [06/Jul/2025:18:43:06 -0400] "GET /wp-includes/js/jquery/jquery.schedule.js HTTP/1.1" 200 931 "-" "Mozilla/5.0 (compatible; MJ12bot/v1.4.8; http://mj12bot.com/)"
47.82.60.45 - - [06/Jul/2025:18:43:07 -0400] "GET /items/prjim20/31499?key=administrator HTTP/1.1" 404 1251 "https://first-gulf.com.sa/items/prjim20/31499?key=administrator" "Mozilla/5.0 (Windows NT 10.0; Win64; x64) AppleWebKit/537.36 (KHTML, like Gecko) Chrome/114.0.0.0 Safari/537.36 Edg/114.0.1823.43"
66.249.69.3 - - [06/Jul/2025:18:43:11 -0400] "GET /pcmypage?callback=product/review/americanpie-4219080613 HTTP/1.1" 404 1251 "-" "Mozilla/5.0 (Linux; Android 6.0.1; Nexus 5X Build/MMB29P) AppleWebKit/537.36 (KHTML, like Gecko) Chrome/137.0.7151.103 Mobile Safari/537.36 (compatible; Googlebot/2.1; +http://www.google.com/bot.html)"
47.82.60.31 - - [06/Jul/2025:18:43:15 -0400] "GET /items/kzmuw63/678?key=auction HTTP/1.1" 404 1251 "https://first-gulf.com.sa/items/kzmuw63/678?key=auction" "Mozilla/5.0 (Windows NT 10.0; Win64; x64) AppleWebKit/537.36 (KHTML, like Gecko) Chrome/114.0.0.0 Safari/537.36 Edg/114.0.1823.43"
109.123.242.251 - - [06/Jul/2025:18:43:15 -0400] "GET /wp-includes/js/jquery/jquery.serialize-object.js HTTP/1.1" 200 390 "-" "Mozilla/5.0 (compatible; MJ12bot/v1.4.8; http://mj12bot.com/)"
66.249.77.137 - - [06/Jul/2025:18:43:17 -0400] "GET /items/zftqc169/48862?key=coffee HTTP/1.1" 404 1251 "-" "Mozilla/5.0 (Linux; Android 6.0.1; Nexus 5X Build/MMB29P) AppleWebKit/537.36 (KHTML, like Gecko) Chrome/137.0.7151.103 Mobile Safari/537.36 (compatible; Googlebot/2.1; +http://www.google.com/bot.html)"
66.249.77.137 - - [06/Jul/2025:18:43:20 -0400] "GET /items/sjpmm1/3536?key=drug HTTP/1.1" 404 1251 "-" "Mozilla/5.0 (Linux; Android 6.0.1; Nexus 5X Build/MMB29P) AppleWebKit/537.36 (KHTML, like Gecko) Chrome/137.0.7151.103 Mobile Safari/537.36 (compatible; Googlebot/2.1; +http://www.google.com/bot.html)"
47.82.60.50 - - [06/Jul/2025:18:43:20 -0400] "GET /items/116023026.html HTTP/1.1" 404 1251 "https://www.first-gulf.com.sa/items/116023026.html" "Mozilla/5.0 (Windows NT 10.0; Win64; x64) AppleWebKit/537.36 (KHTML, like Gecko) Chrome/114.0.0.0 Safari/537.36 Edg/114.0.1823.43"
109.123.242.251 - - [06/Jul/2025:18:43:23 -0400] "GET /wp-includes/js/jquery/jquery.table-hotkeys.js HTTP/1.1" 200 1048 "-" "Mozilla/5.0 (compatible; MJ12bot/v1.4.8; http://mj12bot.com/)"
66.249.77.137 - - [06/Jul/2025:18:43:26 -0400] "GET /items/xesnf198/2265?key=wear HTTP/1.1" 404 1251 "-" "Mozilla/5.0 (Linux; Android 6.0.1; Nexus 5X Build/MMB29P) AppleWebKit/537.36 (KHTML, like Gecko) Chrome/137.0.7151.103 Mobile Safari/537.36 (compatible; Googlebot/2.1; +http://www.google.com/bot.html)"
109.123.242.251 - - [06/Jul/2025:18:43:29 -0400] "GET /wp-includes/js/jquery/jquery.table-hotkeys.min.js HTTP/1.1" 200 789 "-" "Mozilla/5.0 (compatible; MJ12bot/v1.4.8; http://mj12bot.com/)"
66.249.77.137 - - [06/Jul/2025:18:43:31 -0400] "GET /items/zgdtl86/801?key=issue HTTP/1.1" 404 1251 "-" "Mozilla/5.0 (Linux; Android 6.0.1; Nexus 5X Build/MMB29P) AppleWebKit/537.36 (KHTML, like Gecko) Chrome/137.0.7151.103 Mobile Safari/537.36 (compatible; Googlebot/2.1; +http://www.google.com/bot.html)"
47.82.60.13 - - [06/Jul/2025:18:43:34 -0400] "GET /items/097033691.html HTTP/1.1" 404 1251 "https://first-gulf.com.sa/items/097033691.html" "Mozilla/5.0 (Windows NT 10.0; Win64; x64) AppleWebKit/537.36 (KHTML, like Gecko) Chrome/114.0.0.0 Safari/537.36 Edg/114.0.1823.43"
66.249.77.137 - - [06/Jul/2025:18:43:36 -0400] "GET /items/ioxzb159/40320?key=recall HTTP/1.1" 404 1251 "-" "Mozilla/5.0 (Linux; Android 6.0.1; Nexus 5X Build/MMB29P) AppleWebKit/537.36 (KHTML, like Gecko) Chrome/137.0.7151.103 Mobile Safari/537.36 (compatible; Googlebot/2.1; +http://www.google.com/bot.html)"
109.123.242.251 - - [06/Jul/2025:18:43:36 -0400] "GET /wp-includes/js/jquery/jquery.ui.touch-punch.js HTTP/1.1" 200 509 "-" "Mozilla/5.0 (compatible; MJ12bot/v1.4.8; http://mj12bot.com/)"
66.249.77.137 - - [06/Jul/2025:18:43:40 -0400] "GET /items/thcwb62/24007?key=variety HTTP/1.1" 404 1251 "-" "Mozilla/5.0 (compatible; Googlebot/2.1; +http://www.google.com/bot.html)"
109.123.242.251 - - [06/Jul/2025:18:43:40 -0400] "GET /wp-includes/js/jquery/suggest.js HTTP/1.1" 200 2224 "-" "Mozilla/5.0 (compatible; MJ12bot/v1.4.8; http://mj12bot.com/)"
47.82.60.33 - - [06/Jul/2025:18:43:43 -0400] "GET /items/034035564.html HTTP/1.1" 404 1251 "https://first-gulf.com.sa/items/034035564.html" "Mozilla/5.0 (Windows NT 10.0; Win64; x64) AppleWebKit/537.36 (KHTML, like Gecko) Chrome/114.0.0.0 Safari/537.36 Edg/114.0.1823.43"
66.249.77.137 - - [06/Jul/2025:18:43:43 -0400] "GET /items/pqngx136/40789?key=interact HTTP/1.1" 404 1251 "-" "Mozilla/5.0 (Linux; Android 6.0.1; Nexus 5X Build/MMB29P) AppleWebKit/537.36 (KHTML, like Gecko) Chrome/137.0.7151.103 Mobile Safari/537.36 (compatible; Googlebot/2.1; +http://www.google.com/bot.html)"
109.123.242.251 - - [06/Jul/2025:18:43:44 -0400] "GET /wp-includes/js/jquery/suggest.min.js HTTP/1.1" 200 1202 "-" "Mozilla/5.0 (compatible; MJ12bot/v1.4.8; http://mj12bot.com/)"
66.249.77.137 - - [06/Jul/2025:18:43:47 -0400] "GET /items/021040659.html?srsltid=AfmBOoocaztYqNzUPQSRzKSxTIWvXgtbOll07MxfP7an3Cs4qIOH HTTP/1.1" 404 1251 "-" "Mozilla/5.0 (compatible; Googlebot/2.1; +http://www.google.com/bot.html)"
109.123.242.251 - - [06/Jul/2025:18:43:47 -0400] "GET /wp-includes/js/mediaelement/?MA HTTP/1.1" 403 1242 "-" "Mozilla/5.0 (compatible; MJ12bot/v1.4.8; http://mj12bot.com/)"
109.123.242.251 - - [06/Jul/2025:18:43:49 -0400] "GET /wp-includes/js/mediaelement/?ND HTTP/1.1" 403 1242 "-" "Mozilla/5.0 (compatible; MJ12bot/v1.4.8; http://mj12bot.com/)"
47.82.60.42 - - [06/Jul/2025:18:43:50 -0400] "GET /items/mgknm127/1960?key=institutional HTTP/1.1" 404 1251 "https://first-gulf.com.sa/items/mgknm127/1960?key=institutional" "Mozilla/5.0 (Windows NT 10.0; Win64; x64) AppleWebKit/537.36 (KHTML, like Gecko) Chrome/114.0.0.0 Safari/537.36 Edg/114.0.1823.43"
66.249.69.1 - - [06/Jul/2025:18:43:51 -0400] "GET /product/edit/sakan8man-trus-4514483 HTTP/1.1" 404 1251 "-" "Mozilla/5.0 (Linux; Android 6.0.1; Nexus 5X Build/MMB29P) AppleWebKit/537.36 (KHTML, like Gecko) Chrome/137.0.7151.103 Mobile Safari/537.36 (compatible; Googlebot/2.1; +http://www.google.com/bot.html)"
109.123.242.251 - - [06/Jul/2025:18:43:51 -0400] "GET /wp-includes/js/mediaelement/?SA HTTP/1.1" 403 1242 "-" "Mozilla/5.0 (compatible; MJ12bot/v1.4.8; http://mj12bot.com/)"
109.123.242.251 - - [06/Jul/2025:18:43:53 -0400] "GET /wp-includes/js/mediaelement/mediaelement-and-player.js HTTP/1.1" 200 48100 "-" "Mozilla/5.0 (compatible; MJ12bot/v1.4.8; http://mj12bot.com/)"
66.249.77.137 - - [06/Jul/2025:18:43:53 -0400] "GET /product/edit/maido-diy-ab54809 HTTP/1.1" 404 1251 "-" "Mozilla/5.0 (Linux; Android 6.0.1; Nexus 5X Build/MMB29P) AppleWebKit/537.36 (KHTML, like Gecko) Chrome/137.0.7151.103 Mobile Safari/537.36 (compatible; Googlebot/2.1; +http://www.google.com/bot.html)"
47.82.60.46 - - [06/Jul/2025:18:43:55 -0400] "GET /items/hsrdj197/44242?key=dramatic HTTP/1.1" 404 1251 "https://first-gulf.com.sa/items/hsrdj197/44242?key=dramatic" "Mozilla/5.0 (Windows NT 10.0; Win64; x64) AppleWebKit/537.36 (KHTML, like Gecko) Chrome/114.0.0.0 Safari/537.36 Edg/114.0.1823.43"
109.123.242.251 - - [06/Jul/2025:18:43:56 -0400] "GET /wp-includes/js/mediaelement/mediaelement-and-player.min.js HTTP/1.1" 200 36433 "-" "Mozilla/5.0 (compatible; MJ12bot/v1.4.8; http://mj12bot.com/)"
66.249.77.137 - - [06/Jul/2025:18:43:56 -0400] "GET /items/evjfy42/1469?key=resume HTTP/1.1" 404 1251 "-" "Mozilla/5.0 (Linux; Android 6.0.1; Nexus 5X Build/MMB29P) AppleWebKit/537.36 (KHTML, like Gecko) Chrome/137.0.7151.103 Mobile Safari/537.36 (compatible; Googlebot/2.1; +http://www.google.com/bot.html)"
109.123.242.251 - - [06/Jul/2025:18:43:58 -0400] "GET /wp-includes/js/mediaelement/mediaelement-migrate.js HTTP/1.1" 200 1069 "-" "Mozilla/5.0 (compatible; MJ12bot/v1.4.8; http://mj12bot.com/)"
66.249.77.137 - - [06/Jul/2025:18:43:59 -0400] "GET /items/zegmx35/45742?key=secular HTTP/1.1" 404 1251 "-" "Mozilla/5.0 (Linux; Android 6.0.1; Nexus 5X Build/MMB29P) AppleWebKit/537.36 (KHTML, like Gecko) Chrome/137.0.7151.103 Mobile Safari/537.36 (compatible; Googlebot/2.1; +http://www.google.com/bot.html)"
109.123.242.251 - - [06/Jul/2025:18:44:01 -0400] "GET /wp-includes/js/mediaelement/mediaelement-migrate.min.js HTTP/1.1" 200 479 "-" "Mozilla/5.0 (compatible; MJ12bot/v1.4.8; http://mj12bot.com/)"
66.249.77.137 - - [06/Jul/2025:18:44:02 -0400] "GET /items/rapho264/27603?key=poem HTTP/1.1" 404 1251 "-" "Mozilla/5.0 (Linux; Android 6.0.1; Nexus 5X Build/MMB29P) AppleWebKit/537.36 (KHTML, like Gecko) Chrome/137.0.7151.103 Mobile Safari/537.36 (compatible; Googlebot/2.1; +http://www.google.com/bot.html)"
109.123.242.251 - - [06/Jul/2025:18:44:03 -0400] "GET /wp-includes/js/mediaelement/mediaelement.js HTTP/1.1" 200 22907 "-" "Mozilla/5.0 (compatible; MJ12bot/v1.4.8; http://mj12bot.com/)"
109.123.242.251 - - [06/Jul/2025:18:44:06 -0400] "GET /wp-includes/js/mediaelement/mediaelement.min.js HTTP/1.1" 200 17255 "-" "Mozilla/5.0 (compatible; MJ12bot/v1.4.8; http://mj12bot.com/)"
51.222.253.20 - - [06/Jul/2025:18:44:06 -0400] "GET /ar/activity/feed/ HTTP/1.1" 404 1251 "-" "Mozilla/5.0 (compatible; AhrefsBot/7.0; +http://ahrefs.com/robot/)"
47.82.60.13 - - [06/Jul/2025:18:44:06 -0400] "GET /items/vlcrk47/1082?key=intact HTTP/1.1" 404 1251 "https://first-gulf.com.sa/items/vlcrk47/1082?key=intact" "Mozilla/5.0 (Windows NT 10.0; Win64; x64) AppleWebKit/537.36 (KHTML, like Gecko) Chrome/114.0.0.0 Safari/537.36 Edg/114.0.1823.43"
109.123.242.251 - - [06/Jul/2025:18:44:09 -0400] "GET /wp-includes/js/mediaelement/mediaelementplayer-legacy.css HTTP/1.1" 200 2972 "-" "Mozilla/5.0 (compatible; MJ12bot/v1.4.8; http://mj12bot.com/)"
66.249.77.137 - - [06/Jul/2025:18:44:09 -0400] "GET /product/edit/halloc-esco-ea998xc-28 HTTP/1.1" 404 1251 "-" "Mozilla/5.0 (Linux; Android 6.0.1; Nexus 5X Build/MMB29P) AppleWebKit/537.36 (KHTML, like Gecko) Chrome/137.0.7151.103 Mobile Safari/537.36 (compatible; Googlebot/2.1; +http://www.google.com/bot.html)"
47.82.60.9 - - [06/Jul/2025:18:44:10 -0400] "GET /items/ssurf167/24932?key=peel HTTP/1.1" 404 1251 "https://first-gulf.com.sa/items/ssurf167/24932?key=peel" "Mozilla/5.0 (Windows NT 10.0; Win64; x64) AppleWebKit/537.36 (KHTML, like Gecko) Chrome/114.0.0.0 Safari/537.36 Edg/114.0.1823.43"
109.123.242.251 - - [06/Jul/2025:18:44:11 -0400] "GET /wp-includes/js/mediaelement/mediaelementplayer-legacy.min.css HTTP/1.1" 200 2394 "-" "Mozilla/5.0 (compatible; MJ12bot/v1.4.8; http://mj12bot.com/)"
109.123.242.251 - - [06/Jul/2025:18:44:13 -0400] "GET /wp-includes/js/mediaelement/mediaelementplayer.css HTTP/1.1" 200 2982 "-" "Mozilla/5.0 (compatible; MJ12bot/v1.4.8; http://mj12bot.com/)"
47.82.60.32 - - [06/Jul/2025:18:44:13 -0400] "GET /items/iophk44/29579?key=title HTTP/1.1" 404 1251 "https://first-gulf.com.sa/items/iophk44/29579?key=title" "Mozilla/5.0 (Windows NT 10.0; Win64; x64) AppleWebKit/537.36 (KHTML, like Gecko) Chrome/114.0.0.0 Safari/537.36 Edg/114.0.1823.43"
109.123.242.251 - - [06/Jul/2025:18:44:15 -0400] "GET /wp-includes/js/mediaelement/mediaelementplayer.min.css HTTP/1.1" 200 2408 "-" "Mozilla/5.0 (compatible; MJ12bot/v1.4.8; http://mj12bot.com/)"
47.82.60.18 - - [06/Jul/2025:18:44:15 -0400] "GET /items/037000609.html HTTP/1.1" 404 1251 "https://www.first-gulf.com.sa/items/037000609.html" "Mozilla/5.0 (Windows NT 10.0; Win64; x64) AppleWebKit/537.36 (KHTML, like Gecko) Chrome/114.0.0.0 Safari/537.36 Edg/114.0.1823.43"
66.249.77.137 - - [06/Jul/2025:18:44:16 -0400] "GET /items/ffzff75/360?key=supposedly HTTP/1.1" 404 1251 "-" "Mozilla/5.0 (Linux; Android 6.0.1; Nexus 5X Build/MMB29P) AppleWebKit/537.36 (KHTML, like Gecko) Chrome/137.0.7151.103 Mobile Safari/537.36 (compatible; Googlebot/2.1; +http://www.google.com/bot.html)"
109.123.242.251 - - [06/Jul/2025:18:44:17 -0400] "GET /wp-includes/js/mediaelement/mejs-controls.svg HTTP/1.1" 200 1316 "-" "Mozilla/5.0 (compatible; MJ12bot/v1.4.8; http://mj12bot.com/)"
66.249.77.137 - - [06/Jul/2025:18:44:17 -0400] "GET /items/190004116.html?srsltid=AfmBOokvyNofujuVhHFACW9HEDIDzGfRQZksmKSZRyrZV3cRmpd4 HTTP/1.1" 404 1251 "-" "Mozilla/5.0 (compatible; Googlebot/2.1; +http://www.google.com/bot.html)"
109.123.242.251 - - [06/Jul/2025:18:44:19 -0400] "GET /wp-includes/js/mediaelement/wp-mediaelement.css HTTP/1.1" 200 1132 "-" "Mozilla/5.0 (compatible; MJ12bot/v1.4.8; http://mj12bot.com/)"
109.123.242.251 - - [06/Jul/2025:18:44:21 -0400] "GET /wp-includes/js/mediaelement/wp-mediaelement.js HTTP/1.1" 200 968 "-" "Mozilla/5.0 (compatible; MJ12bot/v1.4.8; http://mj12bot.com/)"
109.123.242.251 - - [06/Jul/2025:18:44:23 -0400] "GET /wp-includes/js/mediaelement/wp-mediaelement.min.css HTTP/1.1" 200 982 "-" "Mozilla/5.0 (compatible; MJ12bot/v1.4.8; http://mj12bot.com/)"
109.123.242.251 - - [06/Jul/2025:18:44:25 -0400] "GET /wp-includes/js/mediaelement/wp-mediaelement.min.js HTTP/1.1" 200 453 "-" "Mozilla/5.0 (compatible; MJ12bot/v1.4.8; http://mj12bot.com/)"
109.123.242.251 - - [06/Jul/2025:18:44:27 -0400] "GET /wp-includes/js/mediaelement/wp-playlist.js HTTP/1.1" 200 1499 "-" "Mozilla/5.0 (compatible; MJ12bot/v1.4.8; http://mj12bot.com/)"
66.249.69.1 - - [06/Jul/2025:18:44:28 -0400] "GET /pcmypage?callback=/product%2Fdetail*uc-kaneki-10022779 HTTP/1.1" 404 1251 "-" "Mozilla/5.0 (compatible; Googlebot/2.1; +http://www.google.com/bot.html)"
47.82.60.33 - - [06/Jul/2025:18:44:29 -0400] "GET /items/wywnw127/18386?key=violate HTTP/1.1" 404 1251 "https://first-gulf.com.sa/items/wywnw127/18386?key=violate" "Mozilla/5.0 (Windows NT 10.0; Win64; x64) AppleWebKit/537.36 (KHTML, like Gecko) Chrome/114.0.0.0 Safari/537.36 Edg/114.0.1823.43"
66.249.77.137 - - [06/Jul/2025:18:44:29 -0400] "GET /items/tzsvj51/622?key=field HTTP/1.1" 404 1251 "-" "Mozilla/5.0 (Linux; Android 6.0.1; Nexus 5X Build/MMB29P) AppleWebKit/537.36 (KHTML, like Gecko) Chrome/137.0.7151.103 Mobile Safari/537.36 (compatible; Googlebot/2.1; +http://www.google.com/bot.html)"
109.123.242.251 - - [06/Jul/2025:18:44:30 -0400] "GET /wp-includes/js/mediaelement/wp-playlist.min.js HTTP/1.1" 200 1014 "-" "Mozilla/5.0 (compatible; MJ12bot/v1.4.8; http://mj12bot.com/)"
109.123.242.251 - - [06/Jul/2025:18:44:32 -0400] "GET /wp-includes/js/plupload/?MA HTTP/1.1" 403 1242 "-" "Mozilla/5.0 (compatible; MJ12bot/v1.4.8; http://mj12bot.com/)"
66.249.77.137 - - [06/Jul/2025:18:44:33 -0400] "GET /items/wnbmc296/1817?key=almost HTTP/1.1" 404 1251 "-" "Mozilla/5.0 (Linux; Android 6.0.1; Nexus 5X Build/MMB29P) AppleWebKit/537.36 (KHTML, like Gecko) Chrome/137.0.7151.103 Mobile Safari/537.36 (compatible; Googlebot/2.1; +http://www.google.com/bot.html)"
109.123.242.251 - - [06/Jul/2025:18:44:34 -0400] "GET /wp-includes/js/plupload/?ND HTTP/1.1" 403 1242 "-" "Mozilla/5.0 (compatible; MJ12bot/v1.4.8; http://mj12bot.com/)"
109.123.242.251 - - [06/Jul/2025:18:44:36 -0400] "GET /wp-includes/js/plupload/?SA HTTP/1.1" 403 1242 "-" "Mozilla/5.0 (compatible; MJ12bot/v1.4.8; http://mj12bot.com/)"
66.249.69.14 - - [06/Jul/2025:18:44:37 -0400] "GET /items/mqwtj17/35116?key=begin HTTP/1.1" 404 1251 "-" "Mozilla/5.0 (Linux; Android 6.0.1; Nexus 5X Build/MMB29P) AppleWebKit/537.36 (KHTML, like Gecko) Chrome/137.0.7151.103 Mobile Safari/537.36 (compatible; Googlebot/2.1; +http://www.google.com/bot.html)"
47.82.60.37 - - [06/Jul/2025:18:44:38 -0400] "GET /items/wpxhh140/49927?key=assess HTTP/1.1" 404 1251 "https://first-gulf.com.sa/items/wpxhh140/49927?key=assess" "Mozilla/5.0 (Windows NT 10.0; Win64; x64) AppleWebKit/537.36 (KHTML, like Gecko) Chrome/114.0.0.0 Safari/537.36 Edg/114.0.1823.43"
109.123.242.251 - - [06/Jul/2025:18:44:38 -0400] "GET /wp-includes/js/plupload/handlers.js HTTP/1.1" 200 5705 "-" "Mozilla/5.0 (compatible; MJ12bot/v1.4.8; http://mj12bot.com/)"
109.123.242.251 - - [06/Jul/2025:18:44:40 -0400] "GET /wp-includes/js/plupload/handlers.min.js HTTP/1.1" 200 3573 "-" "Mozilla/5.0 (compatible; MJ12bot/v1.4.8; http://mj12bot.com/)"
109.123.242.251 - - [06/Jul/2025:18:44:42 -0400] "GET /wp-includes/js/plupload/license.txt HTTP/1.1" 200 6451 "-" "Mozilla/5.0 (compatible; MJ12bot/v1.4.8; http://mj12bot.com/)"
66.249.77.137 - - [06/Jul/2025:18:44:44 -0400] "GET /items/gxbcn72/871?key=desert HTTP/1.1" 404 1251 "-" "Mozilla/5.0 (Linux; Android 6.0.1; Nexus 5X Build/MMB29P) AppleWebKit/537.36 (KHTML, like Gecko) Chrome/137.0.7151.103 Mobile Safari/537.36 (compatible; Googlebot/2.1; +http://www.google.com/bot.html)"
47.82.60.1 - - [06/Jul/2025:18:44:44 -0400] "GET /items/001008847.html HTTP/1.1" 404 1251 "https://first-gulf.com.sa/items/001008847.html" "Mozilla/5.0 (Windows NT 10.0; Win64; x64) AppleWebKit/537.36 (KHTML, like Gecko) Chrome/114.0.0.0 Safari/537.36 Edg/114.0.1823.43"
109.123.242.251 - - [06/Jul/2025:18:44:44 -0400] "GET /wp-includes/js/plupload/moxie.js HTTP/1.1" 200 64081 "-" "Mozilla/5.0 (compatible; MJ12bot/v1.4.8; http://mj12bot.com/)"
109.123.242.251 - - [06/Jul/2025:18:44:46 -0400] "GET /wp-includes/js/plupload/moxie.min.js HTTP/1.1" 200 26466 "-" "Mozilla/5.0 (compatible; MJ12bot/v1.4.8; http://mj12bot.com/)"
109.123.242.251 - - [06/Jul/2025:18:44:48 -0400] "GET /wp-includes/js/plupload/plupload.js HTTP/1.1" 200 16101 "-" "Mozilla/5.0 (compatible; MJ12bot/v1.4.8; http://mj12bot.com/)"
109.123.242.251 - - [06/Jul/2025:18:44:51 -0400] "GET /wp-includes/js/plupload/plupload.min.js HTTP/1.1" 200 5376 "-" "Mozilla/5.0 (compatible; MJ12bot/v1.4.8; http://mj12bot.com/)"
109.123.242.251 - - [06/Jul/2025:18:44:53 -0400] "GET /wp-includes/js/plupload/wp-plupload.js HTTP/1.1" 200 4919 "-" "Mozilla/5.0 (compatible; MJ12bot/v1.4.8; http://mj12bot.com/)"
47.82.60.12 - - [06/Jul/2025:18:44:53 -0400] "GET /items/odeoc16/6721?key=basic HTTP/1.1" 404 1251 "https://first-gulf.com.sa/items/odeoc16/6721?key=basic" "Mozilla/5.0 (Windows NT 10.0; Win64; x64) AppleWebKit/537.36 (KHTML, like Gecko) Chrome/114.0.0.0 Safari/537.36 Edg/114.0.1823.43"
109.123.242.251 - - [06/Jul/2025:18:44:55 -0400] "GET /wp-includes/js/plupload/wp-plupload.min.js HTTP/1.1" 200 2184 "-" "Mozilla/5.0 (compatible; MJ12bot/v1.4.8; http://mj12bot.com/)"
66.249.77.137 - - [06/Jul/2025:18:44:55 -0400] "GET /pcmypage?callback=product%2Fdetail%2Ftarotodenki-ers5343ba HTTP/1.1" 404 1251 "-" "Mozilla/5.0 (compatible; Googlebot/2.1; +http://www.google.com/bot.html)"
47.82.60.30 - - [06/Jul/2025:18:44:57 -0400] "GET /items/pgwsf50/89?key=chaos HTTP/1.1" 404 1251 "https://first-gulf.com.sa/items/pgwsf50/89?key=chaos" "Mozilla/5.0 (Windows NT 10.0; Win64; x64) AppleWebKit/537.36 (KHTML, like Gecko) Chrome/114.0.0.0 Safari/537.36 Edg/114.0.1823.43"
109.123.242.251 - - [06/Jul/2025:18:44:57 -0400] "GET /wp-includes/js/swfupload/?MA HTTP/1.1" 403 1242 "-" "Mozilla/5.0 (compatible; MJ12bot/v1.4.8; http://mj12bot.com/)"
109.123.242.251 - - [06/Jul/2025:18:44:59 -0400] "GET /wp-includes/js/swfupload/?ND HTTP/1.1" 403 1242 "-" "Mozilla/5.0 (compatible; MJ12bot/v1.4.8; http://mj12bot.com/)"
109.123.242.251 - - [06/Jul/2025:18:45:00 -0400] "GET /wp-includes/js/swfupload/?SA HTTP/1.1" 403 1242 "-" "Mozilla/5.0 (compatible; MJ12bot/v1.4.8; http://mj12bot.com/)"
109.123.242.251 - - [06/Jul/2025:18:45:03 -0400] "GET /wp-includes/js/swfupload/handlers.min.js HTTP/1.1" 200 484 "-" "Mozilla/5.0 (compatible; MJ12bot/v1.4.8; http://mj12bot.com/)"
109.123.242.251 - - [06/Jul/2025:18:45:05 -0400] "GET /wp-includes/pomo/?ND HTTP/1.1" 200 1026 "-" "Mozilla/5.0 (compatible; MJ12bot/v1.4.8; http://mj12bot.com/)"
109.123.242.251 - - [06/Jul/2025:18:45:07 -0400] "GET /wp-includes/pomo/?SA HTTP/1.1" 200 1032 "-" "Mozilla/5.0 (compatible; MJ12bot/v1.4.8; http://mj12bot.com/)"
109.123.242.251 - - [06/Jul/2025:18:45:09 -0400] "GET /wp-includes/rest-api/endpoints/class-wp-rest-menus-controller.php HTTP/1.1" 403 1242 "-" "Mozilla/5.0 (compatible; MJ12bot/v1.4.8; http://mj12bot.com/)"
109.123.242.251 - - [06/Jul/2025:18:45:11 -0400] "GET /wp-includes/rest-api/endpoints/class-wp-rest-navigation-fallback-controller.php HTTP/1.1" 403 1242 "-" "Mozilla/5.0 (compatible; MJ12bot/v1.4.8; http://mj12bot.com/)"
109.123.242.251 - - [06/Jul/2025:18:45:13 -0400] "GET /wp-includes/rest-api/endpoints/class-wp-rest-pattern-directory-controller.php HTTP/1.1" 403 1242 "-" "Mozilla/5.0 (compatible; MJ12bot/v1.4.8; http://mj12bot.com/)"
47.82.60.9 - - [06/Jul/2025:18:45:14 -0400] "GET /items/llljh104/30201?key=press HTTP/1.1" 404 1251 "https://first-gulf.com.sa/items/llljh104/30201?key=press" "Mozilla/5.0 (Windows NT 10.0; Win64; x64) AppleWebKit/537.36 (KHTML, like Gecko) Chrome/114.0.0.0 Safari/537.36 Edg/114.0.1823.43"
109.123.242.251 - - [06/Jul/2025:18:45:15 -0400] "GET /wp-includes/rest-api/endpoints/class-wp-rest-plugins-controller.php HTTP/1.1" 403 1242 "-" "Mozilla/5.0 (compatible; MJ12bot/v1.4.8; http://mj12bot.com/)"
109.123.242.251 - - [06/Jul/2025:18:45:18 -0400] "GET /wp-includes/rest-api/endpoints/class-wp-rest-post-statuses-controller.php HTTP/1.1" 403 1242 "-" "Mozilla/5.0 (compatible; MJ12bot/v1.4.8; http://mj12bot.com/)"
109.123.242.251 - - [06/Jul/2025:18:45:20 -0400] "GET /wp-includes/rest-api/endpoints/class-wp-rest-post-types-controller.php HTTP/1.1" 403 1242 "-" "Mozilla/5.0 (compatible; MJ12bot/v1.4.8; http://mj12bot.com/)"
47.82.60.6 - - [06/Jul/2025:18:45:22 -0400] "GET /items/qyagz239/1314?key=reminder HTTP/1.1" 404 1251 "https://first-gulf.com.sa/items/qyagz239/1314?key=reminder" "Mozilla/5.0 (Windows NT 10.0; Win64; x64) AppleWebKit/537.36 (KHTML, like Gecko) Chrome/114.0.0.0 Safari/537.36 Edg/114.0.1823.43"
109.123.242.251 - - [06/Jul/2025:18:45:22 -0400] "GET /wp-includes/rest-api/endpoints/class-wp-rest-posts-controller.php HTTP/1.1" 403 1242 "-" "Mozilla/5.0 (compatible; MJ12bot/v1.4.8; http://mj12bot.com/)"
66.249.77.138 - - [06/Jul/2025:18:45:23 -0400] "GET /items/119009343.html?srsltid=AfmBOomnczNSATdnkZIn9DKHFJRvXOPQzCZwybQSXjGR52v5Gr20 HTTP/1.1" 404 1251 "-" "Mozilla/5.0 (Linux; Android 6.0.1; Nexus 5X Build/MMB29P) AppleWebKit/537.36 (KHTML, like Gecko) Chrome/137.0.7151.103 Mobile Safari/537.36 (compatible; Googlebot/2.1; +http://www.google.com/bot.html)"
66.249.77.138 - - [06/Jul/2025:18:45:24 -0400] "GET /pcmypage?callback=product%2Fdetail%2Fegaos-rnea0268 HTTP/1.1" 404 1251 "-" "Mozilla/5.0 (Linux; Android 6.0.1; Nexus 5X Build/MMB29P) AppleWebKit/537.36 (KHTML, like Gecko) Chrome/137.0.7151.103 Mobile Safari/537.36 (compatible; Googlebot/2.1; +http://www.google.com/bot.html)"
109.123.242.251 - - [06/Jul/2025:18:45:24 -0400] "GET /wp-includes/rest-api/endpoints/class-wp-rest-revisions-controller.php HTTP/1.1" 403 1242 "-" "Mozilla/5.0 (compatible; MJ12bot/v1.4.8; http://mj12bot.com/)"
66.249.77.139 - - [06/Jul/2025:18:45:24 -0400] "GET /items/211029749.html?srsltid=AfmBOoiziyEfWYoqZfxqggGgKSuwgNhGXAlFSkD68eTJCBqmvRIg HTTP/1.1" 404 1251 "-" "Mozilla/5.0 (Linux; Android 6.0.1; Nexus 5X Build/MMB29P) AppleWebKit/537.36 (KHTML, like Gecko) Chrome/137.0.7151.103 Mobile Safari/537.36 (compatible; Googlebot/2.1; +http://www.google.com/bot.html)"
66.249.69.2 - - [06/Jul/2025:18:45:25 -0400] "GET /items/qxzdj288/31711?key=interpretation HTTP/1.1" 404 1251 "-" "Mozilla/5.0 (Linux; Android 6.0.1; Nexus 5X Build/MMB29P) AppleWebKit/537.36 (KHTML, like Gecko) Chrome/137.0.7151.103 Mobile Safari/537.36 (compatible; Googlebot/2.1; +http://www.google.com/bot.html)"
109.123.242.251 - - [06/Jul/2025:18:45:26 -0400] "GET /wp-includes/rest-api/endpoints/class-wp-rest-search-controller.php HTTP/1.1" 403 1242 "-" "Mozilla/5.0 (compatible; MJ12bot/v1.4.8; http://mj12bot.com/)"
66.249.77.138 - - [06/Jul/2025:18:45:26 -0400] "GET /items/235011859.html?srsltid=AfmBOovtzlmzAnQtVrYZa8D3VUgIEoWiH3zhzq57lk4ri68dWhXU HTTP/1.1" 404 1251 "-" "Mozilla/5.0 (Linux; Android 6.0.1; Nexus 5X Build/MMB29P) AppleWebKit/537.36 (KHTML, like Gecko) Chrome/137.0.7151.103 Mobile Safari/537.36 (compatible; Googlebot/2.1; +http://www.google.com/bot.html)"
109.123.242.251 - - [06/Jul/2025:18:45:28 -0400] "GET /wp-includes/rest-api/endpoints/class-wp-rest-settings-controller.php HTTP/1.1" 403 1242 "-" "Mozilla/5.0 (compatible; MJ12bot/v1.4.8; http://mj12bot.com/)"
109.123.242.251 - - [06/Jul/2025:18:45:30 -0400] "GET /wp-includes/rest-api/endpoints/class-wp-rest-sidebars-controller.php HTTP/1.1" 403 1242 "-" "Mozilla/5.0 (compatible; MJ12bot/v1.4.8; http://mj12bot.com/)"
109.123.242.251 - - [06/Jul/2025:18:45:32 -0400] "GET /wp-includes/rest-api/endpoints/class-wp-rest-site-health-controller.php HTTP/1.1" 403 1242 "-" "Mozilla/5.0 (compatible; MJ12bot/v1.4.8; http://mj12bot.com/)"
66.249.69.14 - - [06/Jul/2025:18:45:32 -0400] "GET /pcmypage?callback=product/review/suzukimotors-coah074 HTTP/1.1" 404 1251 "-" "Mozilla/5.0 (Linux; Android 6.0.1; Nexus 5X Build/MMB29P) AppleWebKit/537.36 (KHTML, like Gecko) Chrome/137.0.7151.103 Mobile Safari/537.36 (compatible; Googlebot/2.1; +http://www.google.com/bot.html)"
109.123.242.251 - - [06/Jul/2025:18:45:34 -0400] "GET /wp-includes/rest-api/endpoints/class-wp-rest-taxonomies-controller.php HTTP/1.1" 403 1242 "-" "Mozilla/5.0 (compatible; MJ12bot/v1.4.8; http://mj12bot.com/)"
109.123.242.251 - - [06/Jul/2025:18:45:36 -0400] "GET /wp-includes/rest-api/endpoints/class-wp-rest-template-autosaves-controller.php HTTP/1.1" 403 1242 "-" "Mozilla/5.0 (compatible; MJ12bot/v1.4.8; http://mj12bot.com/)"
109.123.242.251 - - [06/Jul/2025:18:45:37 -0400] "GET /wp-includes/rest-api/endpoints/class-wp-rest-template-revisions-controller.php HTTP/1.1" 403 1242 "-" "Mozilla/5.0 (compatible; MJ12bot/v1.4.8; http://mj12bot.com/)"
47.82.60.8 - - [06/Jul/2025:18:45:38 -0400] "GET /items/127034827.html HTTP/1.1" 404 1251 "https://first-gulf.com.sa/items/127034827.html" "Mozilla/5.0 (Windows NT 10.0; Win64; x64) AppleWebKit/537.36 (KHTML, like Gecko) Chrome/114.0.0.0 Safari/537.36 Edg/114.0.1823.43"
109.123.242.251 - - [06/Jul/2025:18:45:39 -0400] "GET /wp-includes/rest-api/endpoints/class-wp-rest-templates-controller.php HTTP/1.1" 403 1242 "-" "Mozilla/5.0 (compatible; MJ12bot/v1.4.8; http://mj12bot.com/)"
109.123.242.251 - - [06/Jul/2025:18:45:41 -0400] "GET /wp-includes/rest-api/endpoints/class-wp-rest-terms-controller.php HTTP/1.1" 403 1242 "-" "Mozilla/5.0 (compatible; MJ12bot/v1.4.8; http://mj12bot.com/)"
109.123.242.251 - - [06/Jul/2025:18:45:43 -0400] "GET /wp-includes/rest-api/endpoints/class-wp-rest-themes-controller.php HTTP/1.1" 403 1242 "-" "Mozilla/5.0 (compatible; MJ12bot/v1.4.8; http://mj12bot.com/)"
109.123.242.251 - - [06/Jul/2025:18:45:45 -0400] "GET /wp-includes/rest-api/endpoints/class-wp-rest-url-details-controller.php HTTP/1.1" 403 1242 "-" "Mozilla/5.0 (compatible; MJ12bot/v1.4.8; http://mj12bot.com/)"
109.123.242.251 - - [06/Jul/2025:18:45:47 -0400] "GET /wp-includes/rest-api/endpoints/class-wp-rest-users-controller.php HTTP/1.1" 403 1242 "-" "Mozilla/5.0 (compatible; MJ12bot/v1.4.8; http://mj12bot.com/)"
109.123.242.251 - - [06/Jul/2025:18:45:48 -0400] "GET /wp-includes/rest-api/endpoints/class-wp-rest-widget-types-controller.php HTTP/1.1" 403 1242 "-" "Mozilla/5.0 (compatible; MJ12bot/v1.4.8; http://mj12bot.com/)"
47.82.60.3 - - [06/Jul/2025:18:45:49 -0400] "GET /items/wpfbg1/1418?key=economy HTTP/1.1" 404 1251 "https://first-gulf.com.sa/items/wpfbg1/1418?key=economy" "Mozilla/5.0 (Windows NT 10.0; Win64; x64) AppleWebKit/537.36 (KHTML, like Gecko) Chrome/114.0.0.0 Safari/537.36 Edg/114.0.1823.43"
109.123.242.251 - - [06/Jul/2025:18:45:50 -0400] "GET /wp-includes/rest-api/endpoints/class-wp-rest-widgets-controller.php HTTP/1.1" 403 1242 "-" "Mozilla/5.0 (compatible; MJ12bot/v1.4.8; http://mj12bot.com/)"
109.123.242.251 - - [06/Jul/2025:18:45:52 -0400] "GET /wp-includes/rest-api/fields/?MA HTTP/1.1" 200 748 "-" "Mozilla/5.0 (compatible; MJ12bot/v1.4.8; http://mj12bot.com/)"
109.123.242.251 - - [06/Jul/2025:18:45:54 -0400] "GET /wp-includes/rest-api/fields/?ND HTTP/1.1" 200 735 "-" "Mozilla/5.0 (compatible; MJ12bot/v1.4.8; http://mj12bot.com/)"
109.123.242.251 - - [06/Jul/2025:18:45:56 -0400] "GET /wp-includes/rest-api/fields/?SA HTTP/1.1" 200 740 "-" "Mozilla/5.0 (compatible; MJ12bot/v1.4.8; http://mj12bot.com/)"
109.123.242.251 - - [06/Jul/2025:18:45:58 -0400] "GET /wp-includes/rest-api/fields/class-wp-rest-comment-meta-fields.php HTTP/1.1" 403 1242 "-" "Mozilla/5.0 (compatible; MJ12bot/v1.4.8; http://mj12bot.com/)"
109.123.242.251 - - [06/Jul/2025:18:46:00 -0400] "GET /wp-includes/rest-api/fields/class-wp-rest-meta-fields.php HTTP/1.1" 403 1242 "-" "Mozilla/5.0 (compatible; MJ12bot/v1.4.8; http://mj12bot.com/)"
109.123.242.251 - - [06/Jul/2025:18:46:01 -0400] "GET /wp-includes/rest-api/fields/class-wp-rest-post-meta-fields.php HTTP/1.1" 403 1242 "-" "Mozilla/5.0 (compatible; MJ12bot/v1.4.8; http://mj12bot.com/)"
109.123.242.251 - - [06/Jul/2025:18:46:03 -0400] "GET /wp-includes/rest-api/fields/class-wp-rest-term-meta-fields.php HTTP/1.1" 403 1242 "-" "Mozilla/5.0 (compatible; MJ12bot/v1.4.8; http://mj12bot.com/)"
109.123.242.251 - - [06/Jul/2025:18:46:05 -0400] "GET /wp-includes/rest-api/fields/class-wp-rest-user-meta-fields.php HTTP/1.1" 403 1242 "-" "Mozilla/5.0 (compatible; MJ12bot/v1.4.8; http://mj12bot.com/)"
66.249.69.1 - - [06/Jul/2025:18:46:05 -0400] "GET /pcmypage?callback=product/review/f192112-fuefuki-177-4-025 HTTP/1.1" 404 1251 "-" "Mozilla/5.0 (compatible; Googlebot/2.1; +http://www.google.com/bot.html)"
109.123.242.251 - - [06/Jul/2025:18:46:07 -0400] "GET /wp-includes/rest-api/search/?MA HTTP/1.1" 200 729 "-" "Mozilla/5.0 (compatible; MJ12bot/v1.4.8; http://mj12bot.com/)"
109.123.242.251 - - [06/Jul/2025:18:46:09 -0400] "GET /wp-includes/rest-api/search/?ND HTTP/1.1" 200 723 "-" "Mozilla/5.0 (compatible; MJ12bot/v1.4.8; http://mj12bot.com/)"
109.123.242.251 - - [06/Jul/2025:18:46:10 -0400] "GET /wp-includes/rest-api/search/?SA HTTP/1.1" 200 730 "-" "Mozilla/5.0 (compatible; MJ12bot/v1.4.8; http://mj12bot.com/)"
109.123.242.251 - - [06/Jul/2025:18:46:12 -0400] "GET /wp-includes/rest-api/search/class-wp-rest-post-format-search-handler.php HTTP/1.1" 403 1242 "-" "Mozilla/5.0 (compatible; MJ12bot/v1.4.8; http://mj12bot.com/)"
109.123.242.251 - - [06/Jul/2025:18:46:14 -0400] "GET /wp-includes/rest-api/search/class-wp-rest-post-search-handler.php HTTP/1.1" 403 1242 "-" "Mozilla/5.0 (compatible; MJ12bot/v1.4.8; http://mj12bot.com/)"
109.123.242.251 - - [06/Jul/2025:18:46:17 -0400] "GET /wp-includes/rest-api/search/class-wp-rest-search-handler.php HTTP/1.1" 403 1242 "-" "Mozilla/5.0 (compatible; MJ12bot/v1.4.8; http://mj12bot.com/)"
109.123.242.251 - - [06/Jul/2025:18:46:18 -0400] "GET /wp-includes/rest-api/search/class-wp-rest-term-search-handler.php HTTP/1.1" 403 1242 "-" "Mozilla/5.0 (compatible; MJ12bot/v1.4.8; http://mj12bot.com/)"
109.123.242.251 - - [06/Jul/2025:18:46:20 -0400] "GET /wp-includes/sitemaps/?MA HTTP/1.1" 200 1075 "-" "Mozilla/5.0 (compatible; MJ12bot/v1.4.8; http://mj12bot.com/)"
109.123.242.251 - - [06/Jul/2025:18:46:22 -0400] "GET /wp-includes/sitemaps/?ND HTTP/1.1" 200 1077 "-" "Mozilla/5.0 (compatible; MJ12bot/v1.4.8; http://mj12bot.com/)"
109.123.242.251 - - [06/Jul/2025:18:46:24 -0400] "GET /wp-includes/sitemaps/?SA HTTP/1.1" 200 1082 "-" "Mozilla/5.0 (compatible; MJ12bot/v1.4.8; http://mj12bot.com/)"
